04-04 12:06:11.963 1278 1298 D Tethering: interfaceStatusChanged wlan0, false
04-04 12:06:11.965 10696 10696 I wpa_supplicant: [NULL] 88:41:fc:54:ba:7b freq=5200 level=-30
04-04 12:06:11.965 10696 10696 I wpa_supplicant: [NULL] fc:b4:e6:4f:a8:76 freq=5180 level=-38
04-04 12:06:11.965 10696 10696 I wpa_supplicant: [NULL] 48:8d:36:d5:c1:c5 freq=5260 level=-43
04-04 12:06:11.965 10696 10696 I wpa_supplicant: [NULL] 4c:09:d4:96:08:a7 freq=5500 level=-45
04-04 12:06:11.965 10696 10696 I wpa_supplicant: [NULL] a0:b5:49:00:07:80 freq=5500 level=-45
04-04 12:06:11.965 10696 10696 I wpa_supplicant: [NULL] d4:7b:b0:bf:7e:b9 freq=5280 level=-47
04-04 12:06:11.965 10696 10696 I wpa_supplicant: [NULL] d8:fb:5e:72:56:39 freq=5500 level=-48
04-04 12:06:11.965 10696 10696 I wpa_supplicant: [NULL] d4:7b:b0:d6:08:89 freq=5500 level=-49
04-04 12:06:11.965 10696 10696 I wpa_supplicant: [NULL] b4:ee:b4:91:ac:ea freq=5560 level=-50
04-04 12:06:11.965 10696 10696 I wpa_supplicant: [NULL] 78:29:ed:51:07:79 freq=5280 level=-50
04-04 12:06:11.965 10696 10696 I wpa_supplicant: [NULL] a8:d3:f7:d9:bc:4d freq=5180 level=-51
04-04 12:06:11.965 10696 10696 I wpa_supplicant: [NULL] 7c:b7:33:1e:f7:3a freq=5500 level=-54
04-04 12:06:11.965 10696 10696 I wpa_supplicant: [NULL] b4:ee:b4:81:cf:06 freq=5180 level=-57
04-04 12:06:11.965 10696 10696 I wpa_supplicant: [NULL] e0:51:63:0a:85:08 freq=5180 level=-60
04-04 12:06:11.965 10696 10696 I wpa_supplicant: [NULL] 7c:b7:33:c5:fd:1a freq=5280 level=-60
04-04 12:06:11.965 10696 10696 I wpa_supplicant: [NULL] d8:fb:5e:97:83:59 freq=5200 level=-60
04-04 12:06:11.966 10696 10696 I wpa_supplicant: [NULL] d4:63:fe:af:d8:74 freq=5180 level=-61
04-04 12:06:11.966 10696 10696 I wpa_supplicant: [NULL] d8:fb:5e:ac:e8:c9 freq=5520 level=-63
04-04 12:06:11.966 10696 10696 I wpa_supplicant: [NULL] b4:ee:b4:82:01:3a freq=5180 level=-65
04-04 12:06:11.966 10696 10696 I wpa_supplicant: [NULL] 74:d0:2b:42:7d:e4 freq=5180 level=-65
04-04 12:06:11.966 10696 10696 I wpa_supplicant: [NULL] b4:ee:b4:d2:4c:6d freq=5180 level=-67
04-04 12:06:11.966 10696 10696 I wpa_supplicant: [NULL] 48:8d:36:d5:d8:05 freq=5320 level=-67
04-04 12:06:11.966 10696 10696 I wpa_supplicant: [NULL] e0:51:63:13:51:7b freq=5180 level=-69
04-04 12:06:11.966 10696 10696 I wpa_supplicant: [NULL] 64:66:b3:a4:21:36 freq=5240 level=-71
04-04 12:06:11.966 10696 10696 I wpa_supplicant: [NULL] b4:ee:b4:60:fb:cf freq=5560 level=-72
04-04 12:06:11.966 10696 10696 I wpa_supplicant: [NULL] 08:62:66:e7:03:2c freq=5180 level=-75
04-04 12:06:11.966 10696 10696 I wpa_supplicant: [NULL] 18:28:61:24:10:de freq=5180 level=-54
04-04 12:06:11.966 10696 10696 I wpa_supplicant: [NULL] 48:8d:36:d5:c1:ca freq=2412 level=-30
04-04 12:06:11.966 10696 10696 I wpa_supplicant: [NULL] 48:8d:36:d5:c1:cb freq=2412 level=-30
04-04 12:06:11.966 10696 10696 I wpa_supplicant: [NULL] fc:b4:e6:4f:a8:65 freq=2427 level=-33
04-04 12:06:11.966 10696 10696 I wpa_supplicant: [NULL] 78:29:ed:51:07:70 freq=2412 level=-39
04-04 12:06:11.966 10696 10696 I wpa_supplicant: [NULL] d4:7b:b0:bf:7e:b0 freq=2437 level=-40
04-04 12:06:11.966 10696 10696 I wpa_supplicant: [NULL] a8:d3:f7:d9:bc:3c freq=2412 level=-41
04-04 12:06:11.966 10696 10696 I wpa_supplicant: [NULL] a0:b5:49:00:07:89 freq=2412 level=-42
04-04 12:06:11.966 10696 10696 I wpa_supplicant: [NULL] b4:ee:b4:82:01:29 freq=2412 level=-44
04-04 12:06:11.966 10696 10696 I wpa_supplicant: [NULL] d8:fb:5e:72:56:30 freq=2457 level=-47
04-04 12:06:11.966 10696 10696 I wpa_supplicant: [NULL] 32:09:0f:fd:8f:07 freq=2427 level=-47
04-04 12:06:11.966 10696 10696 I wpa_supplicant: [NULL] 22:09:0f:fd:8f:07 freq=2427 level=-47
04-04 12:06:11.966 10696 10696 I wpa_supplicant: [NULL] 00:09:0f:fd:8f:07 freq=2427 level=-47
04-04 12:06:11.966 10696 10696 I wpa_supplicant: [NULL] 4c:09:d4:96:08:96 freq=2462 level=-48
04-04 12:06:11.966 10696 10696 I wpa_supplicant: [NULL] e0:51:63:13:51:6a freq=2412 level=-52
04-04 12:06:11.966 10696 10696 I wpa_supplicant: [NULL] 64:66:b3:a4:21:37 freq=2462 level=-53
04-04 12:06:11.966 10696 10696 I wpa_supplicant: [NULL] d4:7b:b0:d6:08:80 freq=2437 level=-54
04-04 12:06:11.966 10696 10696 I wpa_supplicant: [NULL] d4:7b:b0:30:d1:52 freq=2462 level=-54
04-04 12:06:11.966 10696 10696 I wpa_supplicant: [NULL] d8:fb:5e:97:83:50 freq=2442 level=-56
04-04 12:06:11.966 10696 10696 I wpa_supplicant: [NULL] 22:09:0f:fd:8f:00 freq=5220 level=-69
04-04 12:06:11.966 10696 10696 I wpa_supplicant: [NULL] 12:09:0f:fd:8f:00 freq=5220 level=-69
04-04 12:06:11.966 10696 10696 I wpa_supplicant: [NULL] 7c:b7:33:1e:fa:3c freq=5500 level=-79
04-04 12:06:11.966 10696 10696 I wpa_supplicant: [NULL] fc:b4:e6:60:7d:53 freq=2412 level=-71
04-04 12:06:11.966 10696 10696 I wpa_supplicant: [NULL] 7c:b7:33:9b:81:a6 freq=5180 level=-89
04-04 12:06:11.966 10696 10696 I wpa_supplicant: [NULL] fc:ec:da:2c:a4:d8 freq=5680 level=-84
04-04 12:06:11.966 10696 10696 I wpa_supplicant: [NULL] 64:00:2d:00:00:e4 freq=2412 level=-52
04-04 12:06:11.967 10696 10696 I wpa_supplicant: [NULL] 64:00:2d:00:b1:50 freq=2412 level=-63
04-04 12:06:11.967 10696 10696 D wpa_supplicant: wlan0: BSS: Start scan result update 460
04-04 12:06:11.967 10696 10696 D wpa_supplicant: BSS: Remove ID 251 BSSID b4:ee:b4:91:ac:d9 SSID 'MobileTest-24' due to no match in scan
04-04 12:06:11.967 10696 10696 D wpa_supplicant: BSS: Remove ID 247 BSSID 00:09:0f:fd:8f:00 SSID '' due to no match in scan
04-04 12:06:11.967 10696 10696 D wpa_supplicant: BSS: last_scan_res_used=53/64
04-04 12:06:11.967 10696 10696 D wpa_supplicant: wlan0: Scan-only results received
04-04 12:06:11.970 1278 1352 D WifiStateMachine: [MLHD] enter handleMediaLinkEvent SupplicantStartedState
04-04 12:06:11.970 10696 10696 D wpa_supplicant: wlan0: Radio work 'scan'@0xb78b80a8 done in 2.411499 seconds
04-04 12:06:11.970 10696 10696 D wpa_supplicant: wlan0: Control interface command 'LIST_DONGLES'
04-04 12:06:11.971 1278 1352 W ContextImpl: Calling a method in the system process without a qualified user: android.app.ContextImpl.sendBroadcast:771 com.android.server.wifi.WifiStateMachine.sendDongleScanResultsAvailableBroadcast:13976 com.android.server.wifi.WifiStateMachine.handleMediaLinkEvent:14140 com.android.server.wifi.WifiStateMachine.access$2700:253 com.android.server.wifi.WifiStateMachine$SupplicantStartedState.processMessage:8317
04-04 12:06:11.974 1278 1382 D WirelessDisplayService: getDiscoveryDongleList
04-04 12:06:11.987 10696 10696 D wpa_supplicant: Wireless event: cmd=0x8b19 len=8
04-04 12:06:11.987 10696 10696 D wpa_supplicant: RTM_NEWLINK: ifi_index=24 ifname=wlan0 wext ifi_family=0 ifi_flags=0x1003 ([UP])
04-04 12:06:11.987 10696 10696 D wpa_supplicant: wlan0: Control interface command 'BSS RANGE=0- MASK=0x29d87'
04-04 12:06:11.990 10696 10696 D wpa_supplicant: wlan0: Control interface command 'BSS RANGE=60- MASK=0x29d87'
04-04 12:06:11.993 10696 10696 D wpa_supplicant: wlan0: Control interface command 'BSS RANGE=63- MASK=0x29d87'
04-04 12:06:11.997 10696 10696 D wpa_supplicant: wlan0: Control interface command 'BSS RANGE=68- MASK=0x29d87'
04-04 12:06:12.008 10696 10696 D wpa_supplicant: wlan0: Control interface command 'BSS RANGE=71- MASK=0x29d87'
04-04 12:06:12.011 10696 10696 D wpa_supplicant: wlan0: Control interface command 'BSS RANGE=76- MASK=0x29d87'
04-04 12:06:12.014 10696 10696 D wpa_supplicant: wlan0: Control interface command 'BSS RANGE=81- MASK=0x29d87'
04-04 12:06:12.028 10696 10696 D wpa_supplicant: wlan0: Control interface command 'BSS RANGE=95- MASK=0x29d87'
04-04 12:06:12.031 10696 10696 D wpa_supplicant: wlan0: Control interface command 'BSS RANGE=107- MASK=0x29d87'
04-04 12:06:12.034 10696 10696 D wpa_supplicant: wlan0: Control interface command 'BSS RANGE=170- MASK=0x29d87'
04-04 12:06:12.036 10696 10696 D wpa_supplicant: wlan0: Control interface command 'BSS RANGE=204- MASK=0x29d87'
04-04 12:06:12.039 10696 10696 D wpa_supplicant: wlan0: Control interface command 'BSS RANGE=241- MASK=0x29d87'
04-04 12:06:12.042 10696 10696 D wpa_supplicant: wlan0: Control interface command 'BSS RANGE=254- MASK=0x29d87'
04-04 12:06:12.074 1278 1352 D WifiConfigStore: "Ernest-SGv1-5"WPA_PSK- skip by invalid rssi
04-04 12:06:12.074 1278 1352 D WifiConfigStore: "Ernest-SGv1-24"WPA_PSK- skip by invalid rssi
04-04 12:06:12.074 1278 1352 D WifiConfigStore: "Ernest-v1-24"WPA_PSK- skip by invalid rssi
04-04 12:06:12.074 1278 1352 D WifiConfigStore: "Internet-Box-krzysioSL"WPA_PSK- skip by invalid rssi
04-04 12:06:12.074 10696 10696 D wpa_supplicant: wlan0: Control interface command 'STATUS-NO_EVENTS'
04-04 12:06:12.074 10696 10696 D wpa_supplicant: EAPOL: EAP Session-Id not available
04-04 12:06:12.077 1278 1278 D WifiNotificationController: setNotificationVisible visible = true, mLowSignalNWs = 2
04-04 12:06:12.078 1278 1382 D WirelessDisplayService: getDiscoveryDongleList
04-04 12:06:12.079 2255 2255 D WifiManager: getScanResults: Base Package Name=com.google.android.gms, uid=10011
04-04 12:06:12.079 864 864 D HtcWifiTracker: onReceive(), action:android.net.wifi.SCAN_RESULTS
04-04 12:06:12.090 1278 2890 D PMS : acquireWL(fa83e33): PARTIAL_WAKE_LOCK NlpWakeLock 0x1 2255 10011 WorkSource{10011 com.google.android.gms}
04-04 12:06:12.093 2255 2831 D WifiManager: getScanResults: Base Package Name=com.google.android.gms, uid=10011
04-04 12:06:12.094 1278 2006 D PMS : acquireWL(c0835f0): PARTIAL_WAKE_LOCK CMWakeLock 0x1 2255 10011 WorkSource{10011 com.google.android.gms}
04-04 12:06:12.099 1278 4783 D PMS : releaseWL(c0835f0): PARTIAL_WAKE_LOCK CMWakeLock 0x1 WorkSource{10011 com.google.android.gms}
04-04 12:06:12.100 864 3172 D HtcAccessPoint: ssid:Ernest-SGv1-5, bssid:null, security:2, networkid:1, signIn:2
04-04 12:06:12.100 864 3172 D HtcAccessPoint: ssid:Ernest-SGv1-24, bssid:null, security:2, networkid:0, signIn:2
04-04 12:06:12.100 864 3172 D HtcAccessPoint: ssid:Ernest-v1-24, bssid:null, security:2, networkid:3, signIn:2
04-04 12:06:12.100 864 3172 D HtcAccessPoint: ssid:Internet-Box-krzysioSL, bssid:null, security:2, networkid:2, signIn:2
04-04 12:06:12.100 864 3172 D WifiManager: getScanResults: Base Package Name=com.android.settings, uid=1000
04-04 12:06:12.100 1278 1378 D PMS : releaseWL(fa83e33): PARTIAL_WAKE_LOCK NlpWakeLock 0x1 WorkSource{10011 com.google.android.gms}
04-04 12:06:12.108 864 3172 D WifiManagerWrapper: calculateSignalLevel called
04-04 12:06:12.108 864 3172 D WifiManagerWrapper: calculateSignalLevel called
04-04 12:06:12.108 864 3172 D WifiManagerWrapper: calculateSignalLevel called
04-04 12:06:12.108 864 3172 D AccessPointPreference: summary : Internet-Box-v3-5, Secured with WPA2 (WPS available)
04-04 12:06:12.108 864 3172 D WifiManagerWrapper: calculateSignalLevel called
04-04 12:06:12.109 864 3172 D WifiManagerWrapper: calculateSignalLevel called
04-04 12:06:12.109 864 3172 D WifiManagerWrapper: calculateSignalLevel called
04-04 12:06:12.111 864 3172 D AccessPointPreference: summary : AppiumAutotests, Secured with WPA2 (WPS available)
04-04 12:06:12.111 864 3172 D WifiManagerWrapper: calculateSignalLevel called
04-04 12:06:12.111 864 3172 D WifiManagerWrapper: calculateSignalLevel called
04-04 12:06:12.111 864 3172 D WifiManagerWrapper: calculateSignalLevel called
04-04 12:06:12.111 864 3172 D AccessPointPreference: summary : SGv2-Michal-2G-CH7, Secured with WPA/WPA2 (WPS available)
04-04 12:06:12.112 864 3172 D WifiManagerWrapper: calculateSignalLevel called
04-04 12:06:12.112 864 3172 D WifiManagerWrapper: calculateSignalLevel called
04-04 12:06:12.112 864 3172 D WifiManagerWrapper: calculateSignalLevel called
04-04 12:06:12.112 864 3172 D AccessPointPreference: summary : Internet-Box-v3, Secured with WPA2 (WPS available)
04-04 12:06:12.112 864 3172 D WifiManagerWrapper: calculateSignalLevel called
04-04 12:06:12.112 864 3172 D WifiManagerWrapper: calculateSignalLevel called
04-04 12:06:12.112 864 3172 D WifiManagerWrapper: calculateSignalLevel called
04-04 12:06:12.112 864 3172 D AccessPointPreference: summary : Internet-Box-krzysioSL2, Secured with WPA2 (WPS available)
04-04 12:06:12.112 864 3172 D WifiManagerWrapper: calculateSignalLevel called
04-04 12:06:12.112 864 3172 D WifiManagerWrapper: calculateSignalLevel called
04-04 12:06:12.112 864 3172 D WifiManagerWrapper: calculateSignalLevel called
04-04 12:06:12.113 864 3172 D AccessPointPreference: summary : Starlite-2.4GHz, Secured with WPA2 (WPS available)
04-04 12:06:12.113 864 3172 D WifiManagerWrapper: calculateSignalLevel called
04-04 12:06:12.113 864 3172 D WifiManagerWrapper: calculateSignalLevel called
04-04 12:06:12.113 864 3172 D WifiManagerWrapper: calculateSignalLevel called
04-04 12:06:12.113 864 3172 D AccessPointPreference: summary : Starlite-5GHz, Secured with WPA2 (WPS available)
04-04 12:06:12.113 864 3172 D WifiManagerWrapper: calculateSignalLevel called
04-04 12:06:12.113 864 3172 D WifiManagerWrapper: calculateSignalLevel called
04-04 12:06:12.113 864 3172 D WifiManagerWrapper: calculateSignalLevel called
04-04 12:06:12.113 864 3172 D AccessPointPreference: summary : AppiumPjonteczka, Secured with WPA2 (WPS available)
04-04 12:06:12.113 864 3172 D WifiManagerWrapper: calculateSignalLevel called
04-04 12:06:12.113 864 3172 D WifiManagerWrapper: calculateSignalLevel called
04-04 12:06:12.114 864 3172 D WifiManagerWrapper: calculateSignalLevel called
04-04 12:06:12.114 864 3172 D AccessPointPreference: summary : visitor-35703, Secured with WPA2
04-04 12:06:12.114 864 3172 D WifiManagerWrapper: calculateSignalLevel called
04-04 12:06:12.114 864 3172 D WifiManagerWrapper: calculateSignalLevel called
04-04 12:06:12.114 864 3172 D WifiManagerWrapper: calculateSignalLevel called
04-04 12:06:12.114 864 3172 D AccessPointPreference: summary : vestiacom_guest_5, Secured with WPA2 (WPS available)
04-04 12:06:12.114 864 3172 D WifiManagerWrapper: calculateSignalLevel called
04-04 12:06:12.114 864 3172 D WifiManagerWrapper: calculateSignalLevel called
04-04 12:06:12.114 864 3172 D WifiManagerWrapper: calculateSignalLevel called
04-04 12:06:12.114 864 3172 D AccessPointPreference: summary : wifi_main, Secured with 802.1x
04-04 12:06:12.114 864 3172 D WifiManagerWrapper: calculateSignalLevel called
04-04 12:06:12.114 864 3172 D WifiManagerWrapper: calculateSignalLevel called
04-04 12:06:12.115 864 3172 D WifiManagerWrapper: calculateSignalLevel called
04-04 12:06:12.115 864 3172 D AccessPointPreference: summary : MobileTest-24, Secured with WPA2 (WPS available)
04-04 12:06:12.115 864 3172 D WifiManagerWrapper: calculateSignalLevel called
04-04 12:06:12.115 864 3172 D WifiManagerWrapper: calculateSignalLevel called
04-04 12:06:12.115 864 3172 D WifiManagerWrapper: calculateSignalLevel called
04-04 12:06:12.115 864 3172 D AccessPointPreference: summary : Dzbanek-v1, Secured with WPA2 (WPS available)
04-04 12:06:12.115 864 3172 D WifiManagerWrapper: calculateSignalLevel called
04-04 12:06:12.115 864 3172 D WifiManagerWrapper: calculateSignalLevel called
04-04 12:06:12.115 864 3172 D WifiManagerWrapper: calculateSignalLevel called
04-04 12:06:12.116 864 3172 D AccessPointPreference: summary : IBv2-SK, Secured with WPA2 (WPS available)
04-04 12:06:12.116 864 3172 D WifiManagerWrapper: calculateSignalLevel called
04-04 12:06:12.116 864 3172 D WifiManagerWrapper: calculateSignalLevel called
04-04 12:06:12.116 864 3172 D WifiManagerWrapper: calculateSignalLevel called
04-04 12:06:12.116 864 3172 D AccessPointPreference: summary : vestiacom_izolatka_5, Secured with 802.1x
04-04 12:06:12.116 864 3172 D WifiManagerWrapper: calculateSignalLevel called
04-04 12:06:12.116 864 3172 D WifiManagerWrapper: calculateSignalLevel called
04-04 12:06:12.116 864 3172 D WifiManagerWrapper: calculateSignalLevel called
04-04 12:06:12.116 864 3172 D AccessPointPreference: summary : wifi_main, Secured with 802.1x
04-04 12:06:12.116 864 3172 D WifiManagerWrapper: calculateSignalLevel called
04-04 12:06:12.116 864 3172 D WifiManagerWrapper: calculateSignalLevel called
04-04 12:06:12.116 864 3172 D WifiManagerWrapper: calculateSignalLevel called
04-04 12:06:12.117 864 3172 D AccessPointPreference: summary : Internet-Box-Irek-5GHz, Secured with WPA/WPA2 (WPS available)
04-04 12:06:12.117 864 3172 D WifiManagerWrapper: calculateSignalLevel called
04-04 12:06:12.117 864 3172 D WifiManagerWrapper: calculateSignalLevel called
04-04 12:06:12.117 864 3172 D WifiManagerWrapper: calculateSignalLevel called
04-04 12:06:12.117 864 3172 D AccessPointPreference: summary : MobileTest-5, Secured with WPA2 (WPS available)
04-04 12:06:12.117 864 3172 D WifiManagerWrapper: calculateSignalLevel called
04-04 12:06:12.117 864 3172 D WifiManagerWrapper: calculateSignalLevel called
04-04 12:06:12.117 864 3172 D WifiManagerWrapper: calculateSignalLevel called
04-04 12:06:12.117 864 3172 D AccessPointPreference: summary : WLAN_Repeater_N263, Secured with WPA2 (WPS available)
04-04 12:06:12.117 864 3172 D WifiManagerWrapper: calculateSignalLevel called
04-04 12:06:12.118 864 3172 D WifiManagerWrapper: calculateSignalLevel called
04-04 12:06:12.118 864 3172 D WifiManagerWrapper: calculateSignalLevel called
04-04 12:06:12.118 864 3172 D AccessPointPreference: summary : Eniro, Secured with 802.1x
04-04 12:06:12.118 864 3172 D WifiManagerWrapper: calculateSignalLevel called
04-04 12:06:12.118 864 3172 D WifiManagerWrapper: calculateSignalLevel called
04-04 12:06:12.118 864 3172 D WifiManagerWrapper: calculateSignalLevel called
04-04 12:06:12.118 864 3172 D AccessPointPreference: summary : Internet-Box-Irek-5GHz, Secured with WPA/WPA2 (WPS available)
04-04 12:06:12.118 864 3172 D WifiManagerWrapper: calculateSignalLevel called
04-04 12:06:12.118 864 3172 D WifiManagerWrapper: calculateSignalLevel called
04-04 12:06:12.118 864 3172 D WifiManagerWrapper: calculateSignalLevel called
04-04 12:06:12.119 864 3172 D AccessPointPreference: summary : netia_izolatka, Secured with WPA2 (WPS available)
04-04 12:06:12.119 864 3172 D WifiManagerWrapper: calculateSignalLevel called
04-04 12:06:12.120 864 3172 D WifiManagerWrapper: calculateSignalLevel called
04-04 12:06:12.120 864 3172 D WifiManagerWrapper: calculateSignalLevel called
04-04 12:06:12.120 864 3172 D AccessPointPreference: summary : Internet-Box-IIIII, Secured with WPA2 (WPS available)
04-04 12:06:12.120 864 3172 D WifiManagerWrapper: calculateSignalLevel called
04-04 12:06:12.120 864 3172 D WifiManagerWrapper: calculateSignalLevel called
04-04 12:06:12.120 864 3172 D WifiManagerWrapper: calculateSignalLevel called
04-04 12:06:12.121 864 3172 D AccessPointPreference: summary : v1krzysio, Secured with WPA2 (WPS available)
04-04 12:06:12.121 864 3172 D WifiManagerWrapper: calculateSignalLevel called
04-04 12:06:12.121 864 3172 D WifiManagerWrapper: calculateSignalLevel called
04-04 12:06:12.121 864 3172 D WifiManagerWrapper: calculateSignalLevel called
04-04 12:06:12.121 864 3172 D AccessPointPreference: summary : v2krzysio-vlanid1, Secured with WPA2 (WPS available)
04-04 12:06:12.121 864 3172 D WifiManagerWrapper: calculateSignalLevel called
04-04 12:06:12.121 864 3172 D WifiManagerWrapper: calculateSignalLevel called
04-04 12:06:12.121 864 3172 D WifiManagerWrapper: calculateSignalLevel called
04-04 12:06:12.122 864 3172 D AccessPointPreference: summary : Ernest-sl-24, Secured with WPA2 (WPS available)
04-04 12:06:12.122 864 3172 D WifiManagerWrapper: calculateSignalLevel called
04-04 12:06:12.122 864 3172 D WifiManagerWrapper: calculateSignalLevel called
04-04 12:06:12.122 864 3172 D WifiManagerWrapper: calculateSignalLevel called
04-04 12:06:12.122 864 3172 D AccessPointPreference: summary : Internet-Box-Karol, Secured with WPA2 (WPS available)
04-04 12:06:12.122 864 3172 D WifiManagerWrapper: calculateSignalLevel called
04-04 12:06:12.122 864 3172 D WifiManagerWrapper: calculateSignalLevel called
04-04 12:06:12.122 864 3172 D WifiManagerWrapper: calculateSignalLevel called
04-04 12:06:12.123 864 3172 D AccessPointPreference: summary : Internet-Box-Starlink, Secured with WPA2 (WPS available)
04-04 12:06:12.123 864 3172 D WifiManagerWrapper: calculateSignalLevel called
04-04 12:06:12.123 864 3172 D WifiManagerWrapper: calculateSignalLevel called
04-04 12:06:12.123 864 3172 D WifiManagerWrapper: calculateSignalLevel called
04-04 12:06:12.123 864 3172 D AccessPointPreference: summary : my-00B150,
04-04 12:06:12.123 864 3172 D WifiManagerWrapper: calculateSignalLevel called
04-04 12:06:12.123 864 3172 D WifiManagerWrapper: calculateSignalLevel called
04-04 12:06:12.123 864 3172 D WifiManagerWrapper: calculateSignalLevel called
04-04 12:06:12.123 864 3172 D AccessPointPreference: summary : Internet-Box-82451, Secured with WPA2 (WPS available)
04-04 12:06:12.123 864 3172 D WifiManagerWrapper: calculateSignalLevel called
04-04 12:06:12.123 864 3172 D WifiManagerWrapper: calculateSignalLevel called
04-04 12:06:12.123 864 3172 D WifiManagerWrapper: calculateSignalLevel called
04-04 12:06:12.124 864 3172 D AccessPointPreference: summary : SL-SK, Secured with WPA2 (WPS available)
04-04 12:06:12.124 864 3172 D WifiManagerWrapper: calculateSignalLevel called
04-04 12:06:12.124 864 3172 D WifiManagerWrapper: calculateSignalLevel called
04-04 12:06:12.124 864 3172 D WifiManagerWrapper: calculateSignalLevel called
04-04 12:06:12.124 864 3172 D AccessPointPreference: summary : SGv2-Michal-5G-CH40, Secured with WPA/WPA2 (WPS available)
04-04 12:06:12.124 864 3172 D WifiManagerWrapper: calculateSignalLevel called
04-04 12:06:12.124 864 3172 D WifiManagerWrapper: calculateSignalLevel called
04-04 12:06:12.124 864 3172 D WifiManagerWrapper: calculateSignalLevel called
04-04 12:06:12.125 864 3172 D AccessPointPreference: summary : HAE-7days, Secured with WPA2 (WPS available)
04-04 12:06:12.125 864 3172 D WifiManagerWrapper: calculateSignalLevel called
04-04 12:06:12.125 864 3172 D WifiManagerWrapper: calculateSignalLevel called
04-04 12:06:12.125 864 3172 D WifiManagerWrapper: calculateSignalLevel called
04-04 12:06:12.125 864 3172 D AccessPointPreference: summary : Internet-Box-Weronika, Secured with WPA2
04-04 12:06:12.125 864 3172 D WifiManagerWrapper: calculateSignalLevel called
04-04 12:06:12.125 864 3172 D WifiManagerWrapper: calculateSignalLevel called
04-04 12:06:12.125 864 3172 D WifiManagerWrapper: calculateSignalLevel called
04-04 12:06:12.125 864 3172 D AccessPointPreference: summary : Eniro, Secured with 802.1x
04-04 12:06:12.125 864 3172 D WifiManagerWrapper: calculateSignalLevel called
04-04 12:06:12.125 864 3172 D WifiManagerWrapper: calculateSignalLevel called
04-04 12:06:12.125 864 3172 D WifiManagerWrapper: calculateSignalLevel called
04-04 12:06:12.126 864 3172 D AccessPointPreference: summary : IBv2-SK, Secured with WPA2 (WPS available)
04-04 12:06:12.126 864 3172 D WifiManagerWrapper: calculateSignalLevel called
04-04 12:06:12.126 864 3172 D WifiManagerWrapper: calculateSignalLevel called
04-04 12:06:12.126 864 3172 D WifiManagerWrapper: calculateSignalLevel called
04-04 12:06:12.126 864 3172 D AccessPointPreference: summary : netia_izolatka_5, Secured with WPA2 (WPS available)
04-04 12:06:12.126 864 3172 D WifiManagerWrapper: calculateSignalLevel called
04-04 12:06:12.126 864 3172 D WifiManagerWrapper: calculateSignalLevel called
04-04 12:06:12.126 864 3172 D WifiManagerWrapper: calculateSignalLevel called
04-04 12:06:12.127 864 3172 D AccessPointPreference: summary : v2krzysio-vlanid1, Secured with WPA2 (WPS available)
04-04 12:06:12.127 864 3172 D WifiManagerWrapper: calculateSignalLevel called
04-04 12:06:12.127 864 3172 D WifiManagerWrapper: calculateSignalLevel called
04-04 12:06:12.127 864 3172 D WifiManagerWrapper: calculateSignalLevel called
04-04 12:06:12.127 864 3172 D AccessPointPreference: summary : SGv1-Julia-5G-c6, Secured with WPA2 (WPS available)
04-04 12:06:12.127 864 3172 D WifiManagerWrapper: calculateSignalLevel called
04-04 12:06:12.127 864 3172 D WifiManagerWrapper: calculateSignalLevel called
04-04 12:06:12.128 864 3172 D WifiManagerWrapper: calculateSignalLevel called
04-04 12:06:12.128 864 3172 D AccessPointPreference: summary : monitoring_5ghz, Secured with WPA2 (WPS available)
04-04 12:06:12.128 864 3172 D WifiManagerWrapper: calculateSignalLevel called
04-04 12:06:12.128 864 3172 D WifiManagerWrapper: calculateSignalLevel called
04-04 12:06:12.128 864 3172 D WifiManagerWrapper: calculateSignalLevel called
04-04 12:06:12.129 864 3172 D AccessPointPreference: summary : Internet-Box-Artur_5GHz, Secured with WPA2 (WPS available)
04-04 12:06:12.129 864 3172 D WifiManagerWrapper: calculateSignalLevel called
04-04 12:06:12.129 864 3172 D WifiManagerWrapper: calculateSignalLevel called
04-04 12:06:12.129 864 3172 D WifiManagerWrapper: calculateSignalLevel called
04-04 12:06:12.129 864 3172 D AccessPointPreference: summary : SGv1_Irek_5Ghz, Secured with WPA2 (WPS available)
04-04 12:06:12.129 864 3172 D WifiManagerWrapper: calculateSignalLevel called
04-04 12:06:12.129 864 3172 D WifiManagerWrapper: calculateSignalLevel called
04-04 12:06:12.129 864 3172 D WifiManagerWrapper: calculateSignalLevel called
04-04 12:06:12.129 864 3172 D AccessPointPreference: summary : Internet-Box-Weronika5GHz, Secured with WPA2
04-04 12:06:12.129 864 3172 D WifiManagerWrapper: calculateSignalLevel called
04-04 12:06:12.129 864 3172 D WifiManagerWrapper: calculateSignalLevel called
04-04 12:06:12.129 864 3172 D WifiManagerWrapper: calculateSignalLevel called
04-04 12:06:12.130 864 3172 D AccessPointPreference: summary : HAE-7days, Secured with WPA2 (WPS available)
04-04 12:06:12.130 864 3172 D WifiManagerWrapper: calculateSignalLevel called
04-04 12:06:12.130 864 3172 D WifiManagerWrapper: calculateSignalLevel called
04-04 12:06:12.130 864 3172 D WifiManagerWrapper: calculateSignalLevel called
04-04 12:06:12.130 864 3172 D AccessPointPreference: summary : Internet-Box-82451_5GHz, Secured with WPA2 (WPS available)
04-04 12:06:12.130 864 3172 D WifiManagerWrapper: calculateSignalLevel called
04-04 12:06:12.130 864 3172 D WifiManagerWrapper: calculateSignalLevel called
04-04 12:06:12.130 864 3172 D WifiManagerWrapper: calculateSignalLevel called
04-04 12:06:12.130 864 3172 D AccessPointPreference: summary : v2krzysio-vlanid1, Secured with WPA2 (WPS available)
04-04 12:06:12.131 864 3172 D WifiManagerWrapper: calculateSignalLevel called
04-04 12:06:12.131 864 3172 D WifiManagerWrapper: calculateSignalLevel called
04-04 12:06:12.131 864 3172 D WifiManagerWrapper: calculateSignalLevel called
04-04 12:06:12.131 864 3172 D AccessPointPreference: summary : WLAN_Repeater_N263, Secured with WPA2 (WPS available)
04-04 12:06:12.131 864 3172 D WifiManagerWrapper: calculateSignalLevel called
04-04 12:06:12.131 864 3172 D WifiManagerWrapper: calculateSignalLevel called
04-04 12:06:12.131 864 3172 D WifiManagerWrapper: calculateSignalLevel called
04-04 12:06:12.131 864 3172 D AccessPointPreference: summary : Internet-Box-CapSel, Secured with WPA2 (WPS available)
04-04 12:06:12.131 864 3172 D WifiManagerWrapper: calculateSignalLevel called
04-04 12:06:12.131 864 3172 D WifiManagerWrapper: calculateSignalLevel called
04-04 12:06:12.131 864 3172 D WifiManagerWrapper: calculateSignalLevel called
04-04 12:06:12.132 864 3172 D AccessPointPreference: summary : Dzbanek-v1, Secured with WPA2 (WPS available)
04-04 12:06:12.132 864 3172 D WifiManagerWrapper: calculateSignalLevel called
04-04 12:06:12.132 864 3172 D WifiManagerWrapper: calculateSignalLevel called
04-04 12:06:12.132 864 3172 D WifiManagerWrapper: calculateSignalLevel called
04-04 12:06:12.132 864 3172 D AccessPointPreference: summary : Internet-Box-47068_5GHz, Secured with WPA2 (WPS available)
04-04 12:06:12.132 864 3172 D WifiManagerWrapper: calculateSignalLevel called
04-04 12:06:12.132 864 3172 D WifiManagerWrapper: calculateSignalLevel called
04-04 12:06:12.132 864 3172 D WifiManagerWrapper: calculateSignalLevel called
04-04 12:06:12.132 864 3172 D AccessPointPreference: summary : vestiacom-5g, Secured with 802.1x
04-04 12:06:12.132 864 3172 D WifiManagerWrapper: calculateSignalLevel called
04-04 12:06:12.132 864 3172 D WifiManagerWrapper: calculateSignalLevel called
04-04 12:06:12.132 864 3172 D WifiManagerWrapper: calculateSignalLevel called
04-04 12:06:12.132 864 3172 D AccessPointPreference: summary : my-0000E4,
04-04 12:06:12.133 864 3172 D WifiManagerWrapper: calculateSignalLevel called
04-04 12:06:12.133 864 3172 D WifiManagerWrapper: calculateSignalLevel called
04-04 12:06:12.133 864 3172 D WifiManagerWrapper: calculateSignalLevel called
04-04 12:06:12.133 864 3172 D AccessPointPreference: summary : v2krzysio-vlanid1, Secured with WPA2 (WPS available)
04-04 12:06:12.133 864 3172 D WifiManagerWrapper: calculateSignalLevel called
04-04 12:06:12.133 864 3172 D WifiManagerWrapper: calculateSignalLevel called
04-04 12:06:12.133 864 3172 D WifiManagerWrapper: calculateSignalLevel called
04-04 12:06:12.133 864 3172 D AccessPointPreference: summary : Ernest-sl-5, Secured with WPA2 (WPS available)
04-04 12:06:12.133 864 3172 D WifiManagerWrapper: calculateSignalLevel called
04-04 12:06:12.133 864 3172 D WifiManagerWrapper: calculateSignalLevel called
04-04 12:06:12.133 864 3172 D WifiManagerWrapper: calculateSignalLevel called
04-04 12:06:12.134 864 3172 D AccessPointPreference: summary : wb szl, Secured with WPA2
04-04 12:06:12.224 864 864 E HtcPreference: [removeAll]:before size= 45
04-04 12:06:12.224 864 864 E HtcPreference: Thread =Thread[main,5,main]
04-04 12:06:12.224 864 864 E HtcPreference: [removeAll]:after size= 0
04-04 12:06:12.224 864 864 E HtcPreference: Thread =Thread[main,5,main]
04-04 12:06:12.224 864 864 D WifiManagerWrapper: calculateSignalLevel called
04-04 12:06:12.224 864 864 E HtcPreference: [addPreference]:before size= 0
04-04 12:06:12.224 864 864 E HtcPreference: Thread =Thread[main,5,main]
04-04 12:06:12.224 864 864 E HtcPreference: [addPreference]:after size= 1
04-04 12:06:12.225 864 864 E HtcPreference: Thread =Thread[main,5,main]
04-04 12:06:12.225 864 864 D WifiManagerWrapper: calculateSignalLevel called
04-04 12:06:12.225 864 864 E HtcPreference: [addPreference]:before size= 1
04-04 12:06:12.225 864 864 E HtcPreference: Thread =Thread[main,5,main]
04-04 12:06:12.225 864 864 E HtcPreference: [addPreference]:after size= 2
04-04 12:06:12.225 864 864 E HtcPreference: Thread =Thread[main,5,main]
04-04 12:06:12.225 864 864 D WifiManagerWrapper: calculateSignalLevel called
04-04 12:06:12.225 864 864 E HtcPreference: [addPreference]:before size= 2
04-04 12:06:12.225 864 864 E HtcPreference: Thread =Thread[main,5,main]
04-04 12:06:12.225 864 864 E HtcPreference: [addPreference]:after size= 3
04-04 12:06:12.225 864 864 E HtcPreference: Thread =Thread[main,5,main]
04-04 12:06:12.225 864 864 D WifiManagerWrapper: calculateSignalLevel called
04-04 12:06:12.225 864 864 E HtcPreference: [addPreference]:before size= 3
04-04 12:06:12.225 864 864 E HtcPreference: Thread =Thread[main,5,main]
04-04 12:06:12.225 864 864 E HtcPreference: [addPreference]:after size= 4
04-04 12:06:12.225 864 864 E HtcPreference: Thread =Thread[main,5,main]
04-04 12:06:12.225 864 864 D WifiManagerWrapper: calculateSignalLevel called
04-04 12:06:12.225 864 864 E HtcPreference: [addPreference]:before size= 4
04-04 12:06:12.225 864 864 E HtcPreference: Thread =Thread[main,5,main]
04-04 12:06:12.225 864 864 E HtcPreference: [addPreference]:after size= 5
04-04 12:06:12.225 864 864 E HtcPreference: Thread =Thread[main,5,main]
04-04 12:06:12.225 864 864 D WifiManagerWrapper: calculateSignalLevel called
04-04 12:06:12.225 864 864 E HtcPreference: [addPreference]:before size= 5
04-04 12:06:12.225 864 864 E HtcPreference: Thread =Thread[main,5,main]
04-04 12:06:12.225 864 864 E HtcPreference: [addPreference]:after size= 6
04-04 12:06:12.225 864 864 E HtcPreference: Thread =Thread[main,5,main]
04-04 12:06:12.225 864 864 D WifiManagerWrapper: calculateSignalLevel called
04-04 12:06:12.225 864 864 E HtcPreference: [addPreference]:before size= 6
04-04 12:06:12.225 864 864 E HtcPreference: Thread =Thread[main,5,main]
04-04 12:06:12.225 864 864 E HtcPreference: [addPreference]:after size= 7
04-04 12:06:12.225 864 864 E HtcPreference: Thread =Thread[main,5,main]
04-04 12:06:12.225 864 864 D WifiManagerWrapper: calculateSignalLevel called
04-04 12:06:12.226 864 864 E HtcPreference: [addPreference]:before size= 7
04-04 12:06:12.226 864 864 E HtcPreference: Thread =Thread[main,5,main]
04-04 12:06:12.226 864 864 E HtcPreference: [addPreference]:after size= 8
04-04 12:06:12.226 864 864 E HtcPreference: Thread =Thread[main,5,main]
04-04 12:06:12.226 864 864 D WifiManagerWrapper: calculateSignalLevel called
04-04 12:06:12.226 864 864 E HtcPreference: [addPreference]:before size= 8
04-04 12:06:12.226 864 864 E HtcPreference: Thread =Thread[main,5,main]
04-04 12:06:12.226 864 864 E HtcPreference: [addPreference]:after size= 9
04-04 12:06:12.226 864 864 E HtcPreference: Thread =Thread[main,5,main]
04-04 12:06:12.226 864 864 D WifiManagerWrapper: calculateSignalLevel called
04-04 12:06:12.226 864 864 E HtcPreference: [addPreference]:before size= 9
04-04 12:06:12.226 864 864 E HtcPreference: Thread =Thread[main,5,main]
04-04 12:06:12.226 864 864 E HtcPreference: [addPreference]:after size= 10
04-04 12:06:12.226 864 864 E HtcPreference: Thread =Thread[main,5,main]
04-04 12:06:12.226 864 864 D WifiManagerWrapper: calculateSignalLevel called
04-04 12:06:12.226 864 864 E HtcPreference: [addPreference]:before size= 10
04-04 12:06:12.226 864 864 E HtcPreference: Thread =Thread[main,5,main]
04-04 12:06:12.226 864 864 E HtcPreference: [addPreference]:after size= 11
04-04 12:06:12.226 864 864 E HtcPreference: Thread =Thread[main,5,main]
04-04 12:06:12.226 864 864 D WifiManagerWrapper: calculateSignalLevel called
04-04 12:06:12.227 864 864 E HtcPreference: [addPreference]:before size= 11
04-04 12:06:12.227 864 864 E HtcPreference: Thread =Thread[main,5,main]
04-04 12:06:12.227 864 864 E HtcPreference: [addPreference]:after size= 12
04-04 12:06:12.227 864 864 E HtcPreference: Thread =Thread[main,5,main]
04-04 12:06:12.227 864 864 D WifiManagerWrapper: calculateSignalLevel called
04-04 12:06:12.227 864 864 E HtcPreference: [addPreference]:before size= 12
04-04 12:06:12.227 864 864 E HtcPreference: Thread =Thread[main,5,main]
04-04 12:06:12.227 864 864 E HtcPreference: [addPreference]:after size= 13
04-04 12:06:12.227 864 864 E HtcPreference: Thread =Thread[main,5,main]
04-04 12:06:12.227 864 864 D WifiManagerWrapper: calculateSignalLevel called
04-04 12:06:12.227 864 864 E HtcPreference: [addPreference]:before size= 13
04-04 12:06:12.227 864 864 E HtcPreference: Thread =Thread[main,5,main]
04-04 12:06:12.227 864 864 E HtcPreference: [addPreference]:after size= 14
04-04 12:06:12.227 864 864 E HtcPreference: Thread =Thread[main,5,main]
04-04 12:06:12.227 864 864 D WifiManagerWrapper: calculateSignalLevel called
04-04 12:06:12.227 864 864 E HtcPreference: [addPreference]:before size= 14
04-04 12:06:12.227 864 864 E HtcPreference: Thread =Thread[main,5,main]
04-04 12:06:12.227 864 864 E HtcPreference: [addPreference]:after size= 15
04-04 12:06:12.227 864 864 E HtcPreference: Thread =Thread[main,5,main]
04-04 12:06:12.227 864 864 D WifiManagerWrapper: calculateSignalLevel called
04-04 12:06:12.227 864 864 E HtcPreference: [addPreference]:before size= 15
04-04 12:06:12.228 864 864 E HtcPreference: Thread =Thread[main,5,main]
04-04 12:06:12.228 864 864 E HtcPreference: [addPreference]:after size= 16
04-04 12:06:12.228 864 864 E HtcPreference: Thread =Thread[main,5,main]
04-04 12:06:12.228 864 864 D WifiManagerWrapper: calculateSignalLevel called
04-04 12:06:12.228 864 864 E HtcPreference: [addPreference]:before size= 16
04-04 12:06:12.228 864 864 E HtcPreference: Thread =Thread[main,5,main]
04-04 12:06:12.228 864 864 E HtcPreference: [addPreference]:after size= 17
04-04 12:06:12.228 864 864 E HtcPreference: Thread =Thread[main,5,main]
04-04 12:06:12.228 864 864 D WifiManagerWrapper: calculateSignalLevel called
04-04 12:06:12.228 864 864 E HtcPreference: [addPreference]:before size= 17
04-04 12:06:12.228 864 864 E HtcPreference: Thread =Thread[main,5,main]
04-04 12:06:12.228 864 864 E HtcPreference: [addPreference]:after size= 18
04-04 12:06:12.228 864 864 E HtcPreference: Thread =Thread[main,5,main]
04-04 12:06:12.228 864 864 D WifiManagerWrapper: calculateSignalLevel called
04-04 12:06:12.228 864 864 E HtcPreference: [addPreference]:before size= 18
04-04 12:06:12.228 864 864 E HtcPreference: Thread =Thread[main,5,main]
04-04 12:06:12.228 864 864 E HtcPreference: [addPreference]:after size= 19
04-04 12:06:12.228 864 864 E HtcPreference: Thread =Thread[main,5,main]
04-04 12:06:12.228 864 864 D WifiManagerWrapper: calculateSignalLevel called
04-04 12:06:12.228 864 864 E HtcPreference: [addPreference]:before size= 19
04-04 12:06:12.228 864 864 E HtcPreference: Thread =Thread[main,5,main]
04-04 12:06:12.228 864 864 E HtcPreference: [addPreference]:after size= 20
04-04 12:06:12.228 864 864 E HtcPreference: Thread =Thread[main,5,main]
04-04 12:06:12.228 864 864 D WifiManagerWrapper: calculateSignalLevel called
04-04 12:06:12.228 864 864 E HtcPreference: [addPreference]:before size= 20
04-04 12:06:12.228 864 864 E HtcPreference: Thread =Thread[main,5,main]
04-04 12:06:12.228 864 864 E HtcPreference: [addPreference]:after size= 21
04-04 12:06:12.228 864 864 E HtcPreference: Thread =Thread[main,5,main]
04-04 12:06:12.228 864 864 D WifiManagerWrapper: calculateSignalLevel called
04-04 12:06:12.228 864 864 E HtcPreference: [addPreference]:before size= 21
04-04 12:06:12.228 864 864 E HtcPreference: Thread =Thread[main,5,main]
04-04 12:06:12.228 864 864 E HtcPreference: [addPreference]:after size= 22
04-04 12:06:12.228 864 864 E HtcPreference: Thread =Thread[main,5,main]
04-04 12:06:12.228 864 864 D WifiManagerWrapper: calculateSignalLevel called
04-04 12:06:12.229 864 864 E HtcPreference: [addPreference]:before size= 22
04-04 12:06:12.229 864 864 E HtcPreference: Thread =Thread[main,5,main]
04-04 12:06:12.229 864 864 E HtcPreference: [addPreference]:after size= 23
04-04 12:06:12.229 864 864 E HtcPreference: Thread =Thread[main,5,main]
04-04 12:06:12.229 864 864 D WifiManagerWrapper: calculateSignalLevel called
04-04 12:06:12.229 864 864 E HtcPreference: [addPreference]:before size= 23
04-04 12:06:12.229 864 864 E HtcPreference: Thread =Thread[main,5,main]
04-04 12:06:12.229 864 864 E HtcPreference: [addPreference]:after size= 24
04-04 12:06:12.229 864 864 E HtcPreference: Thread =Thread[main,5,main]
04-04 12:06:12.229 864 864 D WifiManagerWrapper: calculateSignalLevel called
04-04 12:06:12.229 864 864 E HtcPreference: [addPreference]:before size= 24
04-04 12:06:12.229 864 864 E HtcPreference: Thread =Thread[main,5,main]
04-04 12:06:12.229 864 864 E HtcPreference: [addPreference]:after size= 25
04-04 12:06:12.229 864 864 E HtcPreference: Thread =Thread[main,5,main]
04-04 12:06:12.229 864 864 D WifiManagerWrapper: calculateSignalLevel called
04-04 12:06:12.229 864 864 E HtcPreference: [addPreference]:before size= 25
04-04 12:06:12.229 864 864 E HtcPreference: Thread =Thread[main,5,main]
04-04 12:06:12.229 864 864 E HtcPreference: [addPreference]:after size= 26
04-04 12:06:12.229 864 864 E HtcPreference: Thread =Thread[main,5,main]
04-04 12:06:12.229 864 864 D WifiManagerWrapper: calculateSignalLevel called
04-04 12:06:12.229 864 864 E HtcPreference: [addPreference]:before size= 26
04-04 12:06:12.229 864 864 E HtcPreference: Thread =Thread[main,5,main]
04-04 12:06:12.229 864 864 E HtcPreference: [addPreference]:after size= 27
04-04 12:06:12.229 864 864 E HtcPreference: Thread =Thread[main,5,main]
04-04 12:06:12.229 864 864 D WifiManagerWrapper: calculateSignalLevel called
04-04 12:06:12.229 864 864 E HtcPreference: [addPreference]:before size= 27
04-04 12:06:12.229 864 864 E HtcPreference: Thread =Thread[main,5,main]
04-04 12:06:12.229 864 864 E HtcPreference: [addPreference]:after size= 28
04-04 12:06:12.229 864 864 E HtcPreference: Thread =Thread[main,5,main]
04-04 12:06:12.229 864 864 D WifiManagerWrapper: calculateSignalLevel called
04-04 12:06:12.229 864 864 E HtcPreference: [addPreference]:before size= 28
04-04 12:06:12.229 864 864 E HtcPreference: Thread =Thread[main,5,main]
04-04 12:06:12.229 864 864 E HtcPreference: [addPreference]:after size= 29
04-04 12:06:12.230 864 864 E HtcPreference: Thread =Thread[main,5,main]
04-04 12:06:12.230 864 864 D WifiManagerWrapper: calculateSignalLevel called
04-04 12:06:12.230 864 864 E HtcPreference: [addPreference]:before size= 29
04-04 12:06:12.230 864 864 E HtcPreference: Thread =Thread[main,5,main]
04-04 12:06:12.230 864 864 E HtcPreference: [addPreference]:after size= 30
04-04 12:06:12.230 864 864 E HtcPreference: Thread =Thread[main,5,main]
04-04 12:06:12.230 864 864 D WifiManagerWrapper: calculateSignalLevel called
04-04 12:06:12.230 864 864 E HtcPreference: [addPreference]:before size= 30
04-04 12:06:12.230 864 864 E HtcPreference: Thread =Thread[main,5,main]
04-04 12:06:12.230 864 864 E HtcPreference: [addPreference]:after size= 31
04-04 12:06:12.230 864 864 E HtcPreference: Thread =Thread[main,5,main]
04-04 12:06:12.230 864 864 D WifiManagerWrapper: calculateSignalLevel called
04-04 12:06:12.230 864 864 E HtcPreference: [addPreference]:before size= 31
04-04 12:06:12.230 864 864 E HtcPreference: Thread =Thread[main,5,main]
04-04 12:06:12.230 864 864 E HtcPreference: [addPreference]:after size= 32
04-04 12:06:12.230 864 864 E HtcPreference: Thread =Thread[main,5,main]
04-04 12:06:12.230 864 864 D WifiManagerWrapper: calculateSignalLevel called
04-04 12:06:12.230 864 864 E HtcPreference: [addPreference]:before size= 32
04-04 12:06:12.230 864 864 E HtcPreference: Thread =Thread[main,5,main]
04-04 12:06:12.230 864 864 E HtcPreference: [addPreference]:after size= 33
04-04 12:06:12.230 864 864 E HtcPreference: Thread =Thread[main,5,main]
04-04 12:06:12.230 864 864 D WifiManagerWrapper: calculateSignalLevel called
04-04 12:06:12.230 864 864 E HtcPreference: [addPreference]:before size= 33
04-04 12:06:12.230 864 864 E HtcPreference: Thread =Thread[main,5,main]
04-04 12:06:12.230 864 864 E HtcPreference: [addPreference]:after size= 34
04-04 12:06:12.230 864 864 E HtcPreference: Thread =Thread[main,5,main]
04-04 12:06:12.230 864 864 D WifiManagerWrapper: calculateSignalLevel called
04-04 12:06:12.230 864 864 E HtcPreference: [addPreference]:before size= 34
04-04 12:06:12.230 864 864 E HtcPreference: Thread =Thread[main,5,main]
04-04 12:06:12.230 864 864 E HtcPreference: [addPreference]:after size= 35
04-04 12:06:12.230 864 864 E HtcPreference: Thread =Thread[main,5,main]
04-04 12:06:12.230 864 864 D WifiManagerWrapper: calculateSignalLevel called
04-04 12:06:12.230 864 864 E HtcPreference: [addPreference]:before size= 35
04-04 12:06:12.230 864 864 E HtcPreference: Thread =Thread[main,5,main]
04-04 12:06:12.231 864 864 E HtcPreference: [addPreference]:after size= 36
04-04 12:06:12.231 864 864 E HtcPreference: Thread =Thread[main,5,main]
04-04 12:06:12.231 864 864 D WifiManagerWrapper: calculateSignalLevel called
04-04 12:06:12.231 864 864 E HtcPreference: [addPreference]:before size= 36
04-04 12:06:12.231 864 864 E HtcPreference: Thread =Thread[main,5,main]
04-04 12:06:12.231 864 864 E HtcPreference: [addPreference]:after size= 37
04-04 12:06:12.231 864 864 E HtcPreference: Thread =Thread[main,5,main]
04-04 12:06:12.231 864 864 D WifiManagerWrapper: calculateSignalLevel called
04-04 12:06:12.231 864 864 E HtcPreference: [addPreference]:before size= 37
04-04 12:06:12.231 864 864 E HtcPreference: Thread =Thread[main,5,main]
04-04 12:06:12.231 864 864 E HtcPreference: [addPreference]:after size= 38
04-04 12:06:12.231 864 864 E HtcPreference: Thread =Thread[main,5,main]
04-04 12:06:12.231 864 864 D WifiManagerWrapper: calculateSignalLevel called
04-04 12:06:12.231 864 864 E HtcPreference: [addPreference]:before size= 38
04-04 12:06:12.231 864 864 E HtcPreference: Thread =Thread[main,5,main]
04-04 12:06:12.231 864 864 E HtcPreference: [addPreference]:after size= 39
04-04 12:06:12.231 864 864 E HtcPreference: Thread =Thread[main,5,main]
04-04 12:06:12.231 864 864 D WifiManagerWrapper: calculateSignalLevel called
04-04 12:06:12.231 864 864 E HtcPreference: [addPreference]:before size= 39
04-04 12:06:12.231 864 864 E HtcPreference: Thread =Thread[main,5,main]
04-04 12:06:12.231 864 864 E HtcPreference: [addPreference]:after size= 40
04-04 12:06:12.231 864 864 E HtcPreference: Thread =Thread[main,5,main]
04-04 12:06:12.231 864 864 D WifiManagerWrapper: calculateSignalLevel called
04-04 12:06:12.231 864 864 E HtcPreference: [addPreference]:before size= 40
04-04 12:06:12.231 864 864 E HtcPreference: Thread =Thread[main,5,main]
04-04 12:06:12.231 864 864 E HtcPreference: [addPreference]:after size= 41
04-04 12:06:12.231 864 864 E HtcPreference: Thread =Thread[main,5,main]
04-04 12:06:12.231 864 864 D WifiManagerWrapper: calculateSignalLevel called
04-04 12:06:12.231 864 864 E HtcPreference: [addPreference]:before size= 41
04-04 12:06:12.231 864 864 E HtcPreference: Thread =Thread[main,5,main]
04-04 12:06:12.231 864 864 E HtcPreference: [addPreference]:after size= 42
04-04 12:06:12.232 864 864 E HtcPreference: Thread =Thread[main,5,main]
04-04 12:06:12.232 864 864 D WifiManagerWrapper: calculateSignalLevel called
04-04 12:06:12.232 864 864 E HtcPreference: [addPreference]:before size= 42
04-04 12:06:12.232 864 864 E HtcPreference: Thread =Thread[main,5,main]
04-04 12:06:12.232 864 864 E HtcPreference: [addPreference]:after size= 43
04-04 12:06:12.232 864 864 E HtcPreference: Thread =Thread[main,5,main]
04-04 12:06:12.232 864 864 D WifiManagerWrapper: calculateSignalLevel called
04-04 12:06:12.232 864 864 E HtcPreference: [addPreference]:before size= 43
04-04 12:06:12.232 864 864 E HtcPreference: Thread =Thread[main,5,main]
04-04 12:06:12.232 864 864 E HtcPreference: [addPreference]:after size= 44
04-04 12:06:12.232 864 864 E HtcPreference: Thread =Thread[main,5,main]
04-04 12:06:12.232 864 864 D WifiManagerWrapper: calculateSignalLevel called
04-04 12:06:12.232 864 864 E HtcPreference: [addPreference]:before size= 44
04-04 12:06:12.232 864 864 E HtcPreference: Thread =Thread[main,5,main]
04-04 12:06:12.232 864 864 E HtcPreference: [addPreference]:after size= 45
04-04 12:06:12.232 864 864 E HtcPreference: Thread =Thread[main,5,main]
04-04 12:06:12.389 1278 1328 D PMS : acquireWL(78e4769): PARTIAL_WAKE_LOCK *alarm* 0x1 1278 1000 WorkSource{10011}
04-04 12:06:12.389 1278 1328 V AlarmManager: sending alarm PendingIntent{58c95ee: PendingIntentRecord{9ec8cf7 com.google.android.gms broadcastIntent}}, i=com.google.android.intent.action.GCM_RECONNECT, t=2, cnt=1, w=579196833, Int=0
04-04 12:06:12.390 1278 1296 D DeviceIdleController: Adding AppId 10011 to temp whitelist
04-04 12:06:12.390 1278 1296 D DeviceIdleController: Setting wakelock temp whitelist to [10011]
04-04 12:06:12.390 1278 1296 D NetworkManagement: oldRule = 0, newRule=0 for uid=10011
04-04 12:06:12.390 1278 1296 D NetworkManagement: !!!!! Skipping change
04-04 12:06:12.391 1278 2890 D PMS : acquireWL(69e8a8f): PARTIAL_WAKE_LOCK GCM_CONN_ALARM 0x1 2255 10011 WorkSource{10011 com.google.android.gms}
04-04 12:06:12.392 1278 1278 D PMS : releaseWL(78e4769): PARTIAL_WAKE_LOCK *alarm* 0x1 WorkSource{10011}
04-04 12:06:12.392 2255 3218 D libc : [NET] android_getaddrinfofornetcontext+,hn 16(0x6d74616c6b2e67),sn(),hints(known),family 0,flags 1024, proc=com.google.android.gms.persistent
04-04 12:06:12.392 2255 3218 D libc : [NET] android_getaddrinfo_proxy+
04-04 12:06:12.393 2255 3218 D libc : [NET] android_getaddrinfo_proxy get netid:0
04-04 12:06:12.393 454 3219 D libc : [NET] android_getaddrinfofornetcontext+,hn 16(0x6d74616c6b2e67),sn(),hints(known),family 0,flags 1024, proc=/system/bin/netd
04-04 12:06:12.393 454 3219 D libc : [NET] android_getaddrinfo_proxy+
04-04 12:06:12.393 454 3219 D libc : [NET] android_getaddrinfo_proxy-, fd error: Success(0)
04-04 12:06:12.393 454 3219 D libc : [NET] _dns_getaddrinfo+, netid:0, mark:917504
04-04 12:06:12.394 2255 3218 D libc : [NET] android_getaddrinfo_proxy-, NODATA
04-04 12:06:12.394 2255 3218 E WakeLock: GCM_HB_ALARM release without a matched acquire!
04-04 12:06:12.394 2255 3218 W WakeLock: GCM_HB_ALARM counter does not exist
04-04 12:06:12.395 2255 3218 E WakeLock: GCM_CONN_ALARM release without a matched acquire!
04-04 12:06:12.395 1278 1646 D PMS : releaseWL(69e8a8f): PARTIAL_WAKE_LOCK GCM_CONN_ALARM 0x1 WorkSource{10011 com.google.android.gms}
04-04 12:06:12.588 1278 1326 W SensorService: D/Accel(x, y, z, t) = ( 0.0, 0.1, 9.8, 579197032ms), calendar = 1554372372, sys_time = 579197040ms
04-04 12:06:13.795 1278 1352 D WirelessDisplayService: getMirrorDisplayStatus:falsecurState:1
04-04 12:06:13.796 10696 10696 D wpa_supplicant: wlan0: Control interface command 'SET pno 0'
04-04 12:06:13.796 10696 10696 D wpa_supplicant: CTRL_IFACE SET 'pno'='0'
04-04 12:06:13.797 10696 10696 D wpa_supplicant: wlan0: Control interface command 'SCAN TYPE=ONLY'
04-04 12:06:13.797 10696 10696 D wpa_supplicant: wlan0: Setting scan request: 0.000000 sec
04-04 12:06:13.797 10696 10696 I wpa_supplicant: wpa_supplicant_scan enter
04-04 12:06:13.798 10696 10696 D wpa_supplicant: wlan0: Starting AP scan for wildcard SSID
04-04 12:06:13.798 10696 10696 D wpa_supplicant: WPS: Building WPS IE for Probe Request
04-04 12:06:13.798 10696 10696 D wpa_supplicant: WPS: * Version (hardcoded 0x10)
04-04 12:06:13.798 10696 10696 D wpa_supplicant: WPS: * Request Type
04-04 12:06:13.798 10696 10696 D wpa_supplicant: WPS: * Config Methods (4288)
04-04 12:06:13.798 10696 10696 D wpa_supplicant: WPS: * UUID-E
04-04 12:06:13.798 10696 10696 D wpa_supplicant: WPS: * Primary Device Type
04-04 12:06:13.798 10696 10696 D wpa_supplicant: WPS: * RF Bands (3)
04-04 12:06:13.798 10696 10696 D wpa_supplicant: WPS: * Association State
04-04 12:06:13.798 10696 10696 D wpa_supplicant: WPS: * Configuration Error (0)
04-04 12:06:13.798 10696 10696 D wpa_supplicant: WPS: * Device Password ID (0)
04-04 12:06:13.798 10696 10696 D wpa_supplicant: WPS: * Manufacturer
