04-04 12:07:46.291 3988 4083 D WifiManagerWrapper: calculateSignalLevel called
04-04 12:07:46.291 3988 4083 D AccessPointPreference: summary : netia_izolatka, Secured with WPA2 (WPS available)
04-04 12:07:46.291 3988 4083 D WifiManagerWrapper: calculateSignalLevel called
04-04 12:07:46.291 3988 4083 D WifiManagerWrapper: calculateSignalLevel called
04-04 12:07:46.291 3988 4083 D WifiManagerWrapper: calculateSignalLevel called
04-04 12:07:46.292 3988 4083 D AccessPointPreference: summary : Internet-Box-IIIII, Secured with WPA2 (WPS available)
04-04 12:07:46.292 3988 4083 D WifiManagerWrapper: calculateSignalLevel called
04-04 12:07:46.292 3988 4083 D WifiManagerWrapper: calculateSignalLevel called
04-04 12:07:46.292 3988 4083 D WifiManagerWrapper: calculateSignalLevel called
04-04 12:07:46.292 3988 4083 D AccessPointPreference: summary : v1krzysio, Secured with WPA2 (WPS available)
04-04 12:07:46.292 3988 4083 D WifiManagerWrapper: calculateSignalLevel called
04-04 12:07:46.292 3988 4083 D WifiManagerWrapper: calculateSignalLevel called
04-04 12:07:46.292 3988 4083 D WifiManagerWrapper: calculateSignalLevel called
04-04 12:07:46.292 3988 4083 D AccessPointPreference: summary : Ernest-sl-24, Secured with WPA2 (WPS available)
04-04 12:07:46.292 3988 4083 D WifiManagerWrapper: calculateSignalLevel called
04-04 12:07:46.292 3988 4083 D WifiManagerWrapper: calculateSignalLevel called
04-04 12:07:46.292 3988 4083 D WifiManagerWrapper: calculateSignalLevel called
04-04 12:07:46.293 3988 4083 D AccessPointPreference: summary : Internet-Box-Karol, Secured with WPA2 (WPS available)
04-04 12:07:46.293 3988 4083 D WifiManagerWrapper: calculateSignalLevel called
04-04 12:07:46.293 3988 4083 D WifiManagerWrapper: calculateSignalLevel called
04-04 12:07:46.293 3988 4083 D WifiManagerWrapper: calculateSignalLevel called
04-04 12:07:46.293 3988 4083 D AccessPointPreference: summary : SL-SK, Secured with WPA2 (WPS available)
04-04 12:07:46.293 3988 4083 D WifiManagerWrapper: calculateSignalLevel called
04-04 12:07:46.293 3988 4083 D WifiManagerWrapper: calculateSignalLevel called
04-04 12:07:46.293 3988 4083 D WifiManagerWrapper: calculateSignalLevel called
04-04 12:07:46.293 3988 4083 D AccessPointPreference: summary : Internet-Box-Starlink, Secured with WPA2 (WPS available)
04-04 12:07:46.293 3988 4083 D WifiManagerWrapper: calculateSignalLevel called
04-04 12:07:46.294 3988 4083 D WifiManagerWrapper: calculateSignalLevel called
04-04 12:07:46.294 3988 4083 D WifiManagerWrapper: calculateSignalLevel called
04-04 12:07:46.294 3988 4083 D AccessPointPreference: summary : Internet-Box-82451, Secured with WPA2 (WPS available)
04-04 12:07:46.294 3988 4083 D WifiManagerWrapper: calculateSignalLevel called
04-04 12:07:46.294 3988 4083 D WifiManagerWrapper: calculateSignalLevel called
04-04 12:07:46.294 3988 4083 D WifiManagerWrapper: calculateSignalLevel called
04-04 12:07:46.294 3988 4083 D AccessPointPreference: summary : SL-SK, Secured with WPA2 (WPS available)
04-04 12:07:46.294 3988 4083 D WifiManagerWrapper: calculateSignalLevel called
04-04 12:07:46.294 3988 4083 D WifiManagerWrapper: calculateSignalLevel called
04-04 12:07:46.294 3988 4083 D WifiManagerWrapper: calculateSignalLevel called
04-04 12:07:46.295 3988 4083 D AccessPointPreference: summary : SGv2-Michal-5G-CH40, Secured with WPA/WPA2 (WPS available)
04-04 12:07:46.295 3988 4083 D WifiManagerWrapper: calculateSignalLevel called
04-04 12:07:46.295 3988 4083 D WifiManagerWrapper: calculateSignalLevel called
04-04 12:07:46.295 3988 4083 D WifiManagerWrapper: calculateSignalLevel called
04-04 12:07:46.295 3988 4083 D AccessPointPreference: summary : HAE-7days, Secured with WPA2 (WPS available)
04-04 12:07:46.295 3988 4083 D WifiManagerWrapper: calculateSignalLevel called
04-04 12:07:46.295 3988 4083 D WifiManagerWrapper: calculateSignalLevel called
04-04 12:07:46.295 3988 4083 D WifiManagerWrapper: calculateSignalLevel called
04-04 12:07:46.295 3988 4083 D AccessPointPreference: summary : Internet-Box-Weronika, Secured with WPA2
04-04 12:07:46.295 3988 4083 D WifiManagerWrapper: calculateSignalLevel called
04-04 12:07:46.295 3988 4083 D WifiManagerWrapper: calculateSignalLevel called
04-04 12:07:46.295 3988 4083 D WifiManagerWrapper: calculateSignalLevel called
04-04 12:07:46.296 3988 4083 D AccessPointPreference: summary : Eniro, Secured with 802.1x
04-04 12:07:46.296 3988 4083 D WifiManagerWrapper: calculateSignalLevel called
04-04 12:07:46.296 3988 4083 D WifiManagerWrapper: calculateSignalLevel called
04-04 12:07:46.296 3988 4083 D WifiManagerWrapper: calculateSignalLevel called
04-04 12:07:46.296 3988 4083 D AccessPointPreference: summary : IBv2-SK, Secured with WPA2 (WPS available)
04-04 12:07:46.296 3988 4083 D WifiManagerWrapper: calculateSignalLevel called
04-04 12:07:46.296 3988 4083 D WifiManagerWrapper: calculateSignalLevel called
04-04 12:07:46.296 3988 4083 D WifiManagerWrapper: calculateSignalLevel called
04-04 12:07:46.296 3988 4083 D AccessPointPreference: summary : netia_izolatka_5, Secured with WPA2 (WPS available)
04-04 12:07:46.296 3988 4083 D WifiManagerWrapper: calculateSignalLevel called
04-04 12:07:46.296 3988 4083 D WifiManagerWrapper: calculateSignalLevel called
04-04 12:07:46.296 3988 4083 D WifiManagerWrapper: calculateSignalLevel called
04-04 12:07:46.297 3988 4083 D AccessPointPreference: summary : v2krzysio-vlanid1, Secured with WPA2 (WPS available)
04-04 12:07:46.297 3988 4083 D WifiManagerWrapper: calculateSignalLevel called
04-04 12:07:46.297 3988 4083 D WifiManagerWrapper: calculateSignalLevel called
04-04 12:07:46.297 3988 4083 D WifiManagerWrapper: calculateSignalLevel called
04-04 12:07:46.297 3988 4083 D AccessPointPreference: summary : SGv1-Julia-5G-c6, Secured with WPA2 (WPS available)
04-04 12:07:46.297 3988 4083 D WifiManagerWrapper: calculateSignalLevel called
04-04 12:07:46.297 3988 4083 D WifiManagerWrapper: calculateSignalLevel called
04-04 12:07:46.297 3988 4083 D WifiManagerWrapper: calculateSignalLevel called
04-04 12:07:46.297 3988 4083 D AccessPointPreference: summary : monitoring_5ghz, Secured with WPA2 (WPS available)
04-04 12:07:46.297 3988 4083 D WifiManagerWrapper: calculateSignalLevel called
04-04 12:07:46.297 3988 4083 D WifiManagerWrapper: calculateSignalLevel called
04-04 12:07:46.298 3988 4083 D WifiManagerWrapper: calculateSignalLevel called
04-04 12:07:46.298 3988 4083 D AccessPointPreference: summary : Internet-Box-Artur_5GHz, Secured with WPA2 (WPS available)
04-04 12:07:46.298 3988 4083 D WifiManagerWrapper: calculateSignalLevel called
04-04 12:07:46.298 3988 4083 D WifiManagerWrapper: calculateSignalLevel called
04-04 12:07:46.298 3988 4083 D WifiManagerWrapper: calculateSignalLevel called
04-04 12:07:46.298 3988 4083 D AccessPointPreference: summary : SGv1_Irek_5Ghz, Secured with WPA2 (WPS available)
04-04 12:07:46.298 3988 4083 D WifiManagerWrapper: calculateSignalLevel called
04-04 12:07:46.298 3988 4083 D WifiManagerWrapper: calculateSignalLevel called
04-04 12:07:46.298 3988 4083 D WifiManagerWrapper: calculateSignalLevel called
04-04 12:07:46.298 3988 4083 D AccessPointPreference: summary : Internet-Box-Weronika5GHz, Secured with WPA2
04-04 12:07:46.298 3988 4083 D WifiManagerWrapper: calculateSignalLevel called
04-04 12:07:46.299 3988 4083 D WifiManagerWrapper: calculateSignalLevel called
04-04 12:07:46.299 3988 4083 D WifiManagerWrapper: calculateSignalLevel called
04-04 12:07:46.299 3988 4083 D AccessPointPreference: summary : HAE-7days, Secured with WPA2 (WPS available)
04-04 12:07:46.299 3988 4083 D WifiManagerWrapper: calculateSignalLevel called
04-04 12:07:46.299 3988 4083 D WifiManagerWrapper: calculateSignalLevel called
04-04 12:07:46.299 3988 4083 D WifiManagerWrapper: calculateSignalLevel called
04-04 12:07:46.299 3988 4083 D AccessPointPreference: summary : Internet-Box-82451_5GHz, Secured with WPA2 (WPS available)
04-04 12:07:46.299 3988 4083 D WifiManagerWrapper: calculateSignalLevel called
04-04 12:07:46.299 3988 4083 D WifiManagerWrapper: calculateSignalLevel called
04-04 12:07:46.299 3988 4083 D WifiManagerWrapper: calculateSignalLevel called
04-04 12:07:46.300 3988 4083 D AccessPointPreference: summary : v2krzysio-vlanid1, Secured with WPA2 (WPS available)
04-04 12:07:46.300 3988 4083 D WifiManagerWrapper: calculateSignalLevel called
04-04 12:07:46.300 3988 4083 D WifiManagerWrapper: calculateSignalLevel called
04-04 12:07:46.300 3988 4083 D WifiManagerWrapper: calculateSignalLevel called
04-04 12:07:46.300 3988 4083 D AccessPointPreference: summary : WLAN_Repeater_N263, Secured with WPA2 (WPS available)
04-04 12:07:46.300 3988 4083 D WifiManagerWrapper: calculateSignalLevel called
04-04 12:07:46.300 3988 4083 D WifiManagerWrapper: calculateSignalLevel called
04-04 12:07:46.300 3988 4083 D WifiManagerWrapper: calculateSignalLevel called
04-04 12:07:46.300 3988 4083 D AccessPointPreference: summary : Internet-Box-CapSel, Secured with WPA2 (WPS available)
04-04 12:07:46.300 3988 4083 D WifiManagerWrapper: calculateSignalLevel called
04-04 12:07:46.300 3988 4083 D WifiManagerWrapper: calculateSignalLevel called
04-04 12:07:46.301 3988 4083 D WifiManagerWrapper: calculateSignalLevel called
04-04 12:07:46.301 3988 4083 D AccessPointPreference: summary : Dzbanek-v1, Secured with WPA2 (WPS available)
04-04 12:07:46.301 3988 4083 D WifiManagerWrapper: calculateSignalLevel called
04-04 12:07:46.301 3988 4083 D WifiManagerWrapper: calculateSignalLevel called
04-04 12:07:46.301 3988 4083 D WifiManagerWrapper: calculateSignalLevel called
04-04 12:07:46.301 3988 4083 D AccessPointPreference: summary : Internet-Box-47068_5GHz, Secured with WPA2 (WPS available)
04-04 12:07:46.301 3988 4083 D WifiManagerWrapper: calculateSignalLevel called
04-04 12:07:46.301 3988 4083 D WifiManagerWrapper: calculateSignalLevel called
04-04 12:07:46.301 3988 4083 D WifiManagerWrapper: calculateSignalLevel called
04-04 12:07:46.301 3988 4083 D AccessPointPreference: summary : vestiacom-5g, Secured with 802.1x
04-04 12:07:46.301 3988 4083 D WifiManagerWrapper: calculateSignalLevel called
04-04 12:07:46.301 3988 4083 D WifiManagerWrapper: calculateSignalLevel called
04-04 12:07:46.302 3988 4083 D WifiManagerWrapper: calculateSignalLevel called
04-04 12:07:46.302 3988 4083 D AccessPointPreference: summary : my-0000E4,
04-04 12:07:46.302 3988 4083 D WifiManagerWrapper: calculateSignalLevel called
04-04 12:07:46.302 3988 4083 D WifiManagerWrapper: calculateSignalLevel called
04-04 12:07:46.302 3988 4083 D WifiManagerWrapper: calculateSignalLevel called
04-04 12:07:46.302 3988 4083 D AccessPointPreference: summary : v2krzysio-vlanid1, Secured with WPA2 (WPS available)
04-04 12:07:46.302 3988 4083 D WifiManagerWrapper: calculateSignalLevel called
04-04 12:07:46.302 3988 4083 D WifiManagerWrapper: calculateSignalLevel called
04-04 12:07:46.302 3988 4083 D WifiManagerWrapper: calculateSignalLevel called
04-04 12:07:46.302 3988 4083 D AccessPointPreference: summary : Ernest-sl-5, Secured with WPA2 (WPS available)
04-04 12:07:46.302 3988 4083 D WifiManagerWrapper: calculateSignalLevel called
04-04 12:07:46.303 3988 4083 D WifiManagerWrapper: calculateSignalLevel called
04-04 12:07:46.303 3988 4083 D WifiManagerWrapper: calculateSignalLevel called
04-04 12:07:46.303 3988 4083 D AccessPointPreference: summary : wb szl, Secured with WPA2
04-04 12:07:46.337 3988 3997 W art : Suspending all threads took: 5.875ms
04-04 12:07:46.349 3988 3997 I art : Background partial concurrent mark sweep GC freed 69235(3MB) AllocSpace objects, 11(564KB) LOS objects, 39% free, 20MB/33MB, paused 6.793ms total 29.466ms
04-04 12:07:46.393 3988 3988 E HtcPreference: [removeAll]:before size= 40
04-04 12:07:46.393 3988 3988 E HtcPreference: Thread =Thread[main,5,main]
04-04 12:07:46.393 3988 3988 E HtcPreference: [removeAll]:after size= 0
04-04 12:07:46.393 3988 3988 E HtcPreference: Thread =Thread[main,5,main]
04-04 12:07:46.393 3988 3988 D WifiManagerWrapper: calculateSignalLevel called
04-04 12:07:46.393 3988 3988 E HtcPreference: [addPreference]:before size= 0
04-04 12:07:46.393 3988 3988 E HtcPreference: Thread =Thread[main,5,main]
04-04 12:07:46.393 3988 3988 E HtcPreference: [addPreference]:after size= 1
04-04 12:07:46.393 3988 3988 E HtcPreference: Thread =Thread[main,5,main]
04-04 12:07:46.393 3988 3988 D WifiManagerWrapper: calculateSignalLevel called
04-04 12:07:46.393 3988 3988 E HtcPreference: [addPreference]:before size= 1
04-04 12:07:46.393 3988 3988 E HtcPreference: Thread =Thread[main,5,main]
04-04 12:07:46.393 3988 3988 E HtcPreference: [addPreference]:after size= 2
04-04 12:07:46.393 3988 3988 E HtcPreference: Thread =Thread[main,5,main]
04-04 12:07:46.393 3988 3988 D WifiManagerWrapper: calculateSignalLevel called
04-04 12:07:46.393 3988 3988 E HtcPreference: [addPreference]:before size= 2
04-04 12:07:46.393 3988 3988 E HtcPreference: Thread =Thread[main,5,main]
04-04 12:07:46.393 3988 3988 E HtcPreference: [addPreference]:after size= 3
04-04 12:07:46.393 3988 3988 E HtcPreference: Thread =Thread[main,5,main]
04-04 12:07:46.393 3988 3988 D WifiManagerWrapper: calculateSignalLevel called
04-04 12:07:46.394 3988 3988 D WifiManagerWrapper: calculateSignalLevel called
04-04 12:07:46.394 3988 3988 D AccessPointPreference: summary : AppiumAutotests, Secured with WPA2 (WPS available)
04-04 12:07:46.394 3988 3988 E HtcPreference: [addPreference]:before size= 3
04-04 12:07:46.394 3988 3988 E HtcPreference: Thread =Thread[main,5,main]
04-04 12:07:46.394 3988 3988 E HtcPreference: [addPreference]:after size= 4
04-04 12:07:46.394 3988 3988 E HtcPreference: Thread =Thread[main,5,main]
04-04 12:07:46.394 3988 3988 D WifiManagerWrapper: calculateSignalLevel called
04-04 12:07:46.394 3988 3988 E HtcPreference: [addPreference]:before size= 4
04-04 12:07:46.394 3988 3988 E HtcPreference: Thread =Thread[main,5,main]
04-04 12:07:46.394 3988 3988 E HtcPreference: [addPreference]:after size= 5
04-04 12:07:46.394 3988 3988 E HtcPreference: Thread =Thread[main,5,main]
04-04 12:07:46.394 3988 3988 D WifiManagerWrapper: calculateSignalLevel called
04-04 12:07:46.394 3988 3988 E HtcPreference: [addPreference]:before size= 5
04-04 12:07:46.394 3988 3988 E HtcPreference: Thread =Thread[main,5,main]
04-04 12:07:46.394 3988 3988 E HtcPreference: [addPreference]:after size= 6
04-04 12:07:46.394 3988 3988 E HtcPreference: Thread =Thread[main,5,main]
04-04 12:07:46.394 3988 3988 D WifiManagerWrapper: calculateSignalLevel called
04-04 12:07:46.394 3988 3988 E HtcPreference: [addPreference]:before size= 6
04-04 12:07:46.394 3988 3988 E HtcPreference: Thread =Thread[main,5,main]
04-04 12:07:46.394 3988 3988 E HtcPreference: [addPreference]:after size= 7
04-04 12:07:46.394 3988 3988 E HtcPreference: Thread =Thread[main,5,main]
04-04 12:07:46.394 3988 3988 D WifiManagerWrapper: calculateSignalLevel called
04-04 12:07:46.394 3988 3988 E HtcPreference: [addPreference]:before size= 7
04-04 12:07:46.394 3988 3988 E HtcPreference: Thread =Thread[main,5,main]
04-04 12:07:46.394 3988 3988 E HtcPreference: [addPreference]:after size= 8
04-04 12:07:46.394 3988 3988 E HtcPreference: Thread =Thread[main,5,main]
04-04 12:07:46.395 3988 3988 D WifiManagerWrapper: calculateSignalLevel called
04-04 12:07:46.395 3988 3988 E HtcPreference: [addPreference]:before size= 8
04-04 12:07:46.395 3988 3988 E HtcPreference: Thread =Thread[main,5,main]
04-04 12:07:46.395 3988 3988 E HtcPreference: [addPreference]:after size= 9
04-04 12:07:46.395 3988 3988 E HtcPreference: Thread =Thread[main,5,main]
04-04 12:07:46.395 3988 3988 D WifiManagerWrapper: calculateSignalLevel called
04-04 12:07:46.395 3988 3988 E HtcPreference: [addPreference]:before size= 9
04-04 12:07:46.395 3988 3988 E HtcPreference: Thread =Thread[main,5,main]
04-04 12:07:46.395 3988 3988 E HtcPreference: [addPreference]:after size= 10
04-04 12:07:46.395 3988 3988 E HtcPreference: Thread =Thread[main,5,main]
04-04 12:07:46.395 3988 3988 D WifiManagerWrapper: calculateSignalLevel called
04-04 12:07:46.395 3988 3988 E HtcPreference: [addPreference]:before size= 10
04-04 12:07:46.395 3988 3988 E HtcPreference: Thread =Thread[main,5,main]
04-04 12:07:46.395 3988 3988 E HtcPreference: [addPreference]:after size= 11
04-04 12:07:46.395 3988 3988 E HtcPreference: Thread =Thread[main,5,main]
04-04 12:07:46.395 3988 3988 D WifiManagerWrapper: calculateSignalLevel called
04-04 12:07:46.395 3988 3988 E HtcPreference: [addPreference]:before size= 11
04-04 12:07:46.395 3988 3988 E HtcPreference: Thread =Thread[main,5,main]
04-04 12:07:46.395 3988 3988 E HtcPreference: [addPreference]:after size= 12
04-04 12:07:46.395 3988 3988 E HtcPreference: Thread =Thread[main,5,main]
04-04 12:07:46.395 3988 3988 D WifiManagerWrapper: calculateSignalLevel called
04-04 12:07:46.395 3988 3988 E HtcPreference: [addPreference]:before size= 12
04-04 12:07:46.395 3988 3988 E HtcPreference: Thread =Thread[main,5,main]
04-04 12:07:46.395 3988 3988 E HtcPreference: [addPreference]:after size= 13
04-04 12:07:46.395 3988 3988 E HtcPreference: Thread =Thread[main,5,main]
04-04 12:07:46.395 3988 3988 D WifiManagerWrapper: calculateSignalLevel called
04-04 12:07:46.395 3988 3988 E HtcPreference: [addPreference]:before size= 13
04-04 12:07:46.395 3988 3988 E HtcPreference: Thread =Thread[main,5,main]
04-04 12:07:46.395 3988 3988 E HtcPreference: [addPreference]:after size= 14
04-04 12:07:46.395 3988 3988 E HtcPreference: Thread =Thread[main,5,main]
04-04 12:07:46.395 3988 3988 D WifiManagerWrapper: calculateSignalLevel called
04-04 12:07:46.395 3988 3988 E HtcPreference: [addPreference]:before size= 14
04-04 12:07:46.395 3988 3988 E HtcPreference: Thread =Thread[main,5,main]
04-04 12:07:46.395 3988 3988 E HtcPreference: [addPreference]:after size= 15
04-04 12:07:46.395 3988 3988 E HtcPreference: Thread =Thread[main,5,main]
04-04 12:07:46.396 3988 3988 D WifiManagerWrapper: calculateSignalLevel called
04-04 12:07:46.396 3988 3988 E HtcPreference: [addPreference]:before size= 15
04-04 12:07:46.396 3988 3988 E HtcPreference: Thread =Thread[main,5,main]
04-04 12:07:46.396 3988 3988 E HtcPreference: [addPreference]:after size= 16
04-04 12:07:46.396 3988 3988 E HtcPreference: Thread =Thread[main,5,main]
04-04 12:07:46.396 3988 3988 D WifiManagerWrapper: calculateSignalLevel called
04-04 12:07:46.396 3988 3988 E HtcPreference: [addPreference]:before size= 16
04-04 12:07:46.396 3988 3988 E HtcPreference: Thread =Thread[main,5,main]
04-04 12:07:46.396 3988 3988 E HtcPreference: [addPreference]:after size= 17
04-04 12:07:46.396 3988 3988 E HtcPreference: Thread =Thread[main,5,main]
04-04 12:07:46.396 3988 3988 D WifiManagerWrapper: calculateSignalLevel called
04-04 12:07:46.396 3988 3988 E HtcPreference: [addPreference]:before size= 17
04-04 12:07:46.396 3988 3988 E HtcPreference: Thread =Thread[main,5,main]
04-04 12:07:46.396 3988 3988 E HtcPreference: [addPreference]:after size= 18
04-04 12:07:46.396 3988 3988 E HtcPreference: Thread =Thread[main,5,main]
04-04 12:07:46.396 3988 3988 D WifiManagerWrapper: calculateSignalLevel called
04-04 12:07:46.396 3988 3988 E HtcPreference: [addPreference]:before size= 18
04-04 12:07:46.396 3988 3988 E HtcPreference: Thread =Thread[main,5,main]
04-04 12:07:46.397 3988 3988 E HtcPreference: [addPreference]:after size= 19
04-04 12:07:46.397 3988 3988 E HtcPreference: Thread =Thread[main,5,main]
04-04 12:07:46.397 3988 3988 D WifiManagerWrapper: calculateSignalLevel called
04-04 12:07:46.397 3988 3988 E HtcPreference: [addPreference]:before size= 19
04-04 12:07:46.397 3988 3988 E HtcPreference: Thread =Thread[main,5,main]
04-04 12:07:46.397 3988 3988 E HtcPreference: [addPreference]:after size= 20
04-04 12:07:46.397 3988 3988 E HtcPreference: Thread =Thread[main,5,main]
04-04 12:07:46.397 3988 3988 D WifiManagerWrapper: calculateSignalLevel called
04-04 12:07:46.397 3988 3988 E HtcPreference: [addPreference]:before size= 20
04-04 12:07:46.397 3988 3988 E HtcPreference: Thread =Thread[main,5,main]
04-04 12:07:46.397 3988 3988 E HtcPreference: [addPreference]:after size= 21
04-04 12:07:46.397 3988 3988 E HtcPreference: Thread =Thread[main,5,main]
04-04 12:07:46.397 3988 3988 D WifiManagerWrapper: calculateSignalLevel called
04-04 12:07:46.397 3988 3988 E HtcPreference: [addPreference]:before size= 21
04-04 12:07:46.397 3988 3988 E HtcPreference: Thread =Thread[main,5,main]
04-04 12:07:46.397 3988 3988 E HtcPreference: [addPreference]:after size= 22
04-04 12:07:46.397 3988 3988 E HtcPreference: Thread =Thread[main,5,main]
04-04 12:07:46.397 3988 3988 D WifiManagerWrapper: calculateSignalLevel called
04-04 12:07:46.397 3988 3988 E HtcPreference: [addPreference]:before size= 22
04-04 12:07:46.397 3988 3988 E HtcPreference: Thread =Thread[main,5,main]
04-04 12:07:46.397 3988 3988 E HtcPreference: [addPreference]:after size= 23
04-04 12:07:46.397 3988 3988 E HtcPreference: Thread =Thread[main,5,main]
04-04 12:07:46.397 3988 3988 D WifiManagerWrapper: calculateSignalLevel called
04-04 12:07:46.397 3988 3988 E HtcPreference: [addPreference]:before size= 23
04-04 12:07:46.397 3988 3988 E HtcPreference: Thread =Thread[main,5,main]
04-04 12:07:46.397 3988 3988 E HtcPreference: [addPreference]:after size= 24
04-04 12:07:46.397 3988 3988 E HtcPreference: Thread =Thread[main,5,main]
04-04 12:07:46.397 3988 3988 D WifiManagerWrapper: calculateSignalLevel called
04-04 12:07:46.397 3988 3988 E HtcPreference: [addPreference]:before size= 24
04-04 12:07:46.397 3988 3988 E HtcPreference: Thread =Thread[main,5,main]
04-04 12:07:46.397 3988 3988 E HtcPreference: [addPreference]:after size= 25
04-04 12:07:46.397 3988 3988 E HtcPreference: Thread =Thread[main,5,main]
04-04 12:07:46.398 3988 3988 D WifiManagerWrapper: calculateSignalLevel called
04-04 12:07:46.398 3988 3988 E HtcPreference: [addPreference]:before size= 25
04-04 12:07:46.398 3988 3988 E HtcPreference: Thread =Thread[main,5,main]
04-04 12:07:46.398 3988 3988 E HtcPreference: [addPreference]:after size= 26
04-04 12:07:46.398 3988 3988 E HtcPreference: Thread =Thread[main,5,main]
04-04 12:07:46.398 3988 3988 D WifiManagerWrapper: calculateSignalLevel called
04-04 12:07:46.398 3988 3988 D WifiManagerWrapper: calculateSignalLevel called
04-04 12:07:46.398 3988 3988 D AccessPointPreference: summary : my-00B150,
04-04 12:07:46.398 3988 3988 E HtcPreference: [addPreference]:before size= 26
04-04 12:07:46.398 3988 3988 E HtcPreference: Thread =Thread[main,5,main]
04-04 12:07:46.398 3988 3988 E HtcPreference: [addPreference]:after size= 27
04-04 12:07:46.398 3988 3988 E HtcPreference: Thread =Thread[main,5,main]
04-04 12:07:46.398 3988 3988 D WifiManagerWrapper: calculateSignalLevel called
04-04 12:07:46.399 3988 3988 D WifiManagerWrapper: calculateSignalLevel called
04-04 12:07:46.399 3988 3988 D AccessPointPreference: summary : SGv2-Michal-2G-CH7, Secured with WPA/WPA2 (WPS available)
04-04 12:07:46.399 3988 3988 E HtcPreference: [addPreference]:before size= 27
04-04 12:07:46.399 3988 3988 E HtcPreference: Thread =Thread[main,5,main]
04-04 12:07:46.399 3988 3988 E HtcPreference: [addPreference]:after size= 28
04-04 12:07:46.399 3988 3988 E HtcPreference: Thread =Thread[main,5,main]
04-04 12:07:46.399 3988 3988 D WifiManagerWrapper: calculateSignalLevel called
04-04 12:07:46.399 3988 3988 E HtcPreference: [addPreference]:before size= 28
04-04 12:07:46.399 3988 3988 E HtcPreference: Thread =Thread[main,5,main]
04-04 12:07:46.399 3988 3988 E HtcPreference: [addPreference]:after size= 29
04-04 12:07:46.399 3988 3988 E HtcPreference: Thread =Thread[main,5,main]
04-04 12:07:46.399 3988 3988 D WifiManagerWrapper: calculateSignalLevel called
04-04 12:07:46.399 3988 3988 E HtcPreference: [addPreference]:before size= 29
04-04 12:07:46.399 3988 3988 E HtcPreference: Thread =Thread[main,5,main]
04-04 12:07:46.399 3988 3988 E HtcPreference: [addPreference]:after size= 30
04-04 12:07:46.399 3988 3988 E HtcPreference: Thread =Thread[main,5,main]
04-04 12:07:46.399 3988 3988 D WifiManagerWrapper: calculateSignalLevel called
04-04 12:07:46.399 3988 3988 E HtcPreference: [addPreference]:before size= 30
04-04 12:07:46.399 3988 3988 E HtcPreference: Thread =Thread[main,5,main]
04-04 12:07:46.399 3988 3988 E HtcPreference: [addPreference]:after size= 31
04-04 12:07:46.399 3988 3988 E HtcPreference: Thread =Thread[main,5,main]
04-04 12:07:46.399 3988 3988 D WifiManagerWrapper: calculateSignalLevel called
04-04 12:07:46.399 3988 3988 E HtcPreference: [addPreference]:before size= 31
04-04 12:07:46.399 3988 3988 E HtcPreference: Thread =Thread[main,5,main]
04-04 12:07:46.400 3988 3988 E HtcPreference: [addPreference]:after size= 32
04-04 12:07:46.400 3988 3988 E HtcPreference: Thread =Thread[main,5,main]
04-04 12:07:46.400 3988 3988 D WifiManagerWrapper: calculateSignalLevel called
04-04 12:07:46.400 3988 3988 E HtcPreference: [addPreference]:before size= 32
04-04 12:07:46.400 3988 3988 E HtcPreference: Thread =Thread[main,5,main]
04-04 12:07:46.400 3988 3988 E HtcPreference: [addPreference]:after size= 33
04-04 12:07:46.400 3988 3988 E HtcPreference: Thread =Thread[main,5,main]
04-04 12:07:46.400 3988 3988 D WifiManagerWrapper: calculateSignalLevel called
04-04 12:07:46.400 3988 3988 E HtcPreference: [addPreference]:before size= 33
04-04 12:07:46.400 3988 3988 E HtcPreference: Thread =Thread[main,5,main]
04-04 12:07:46.400 3988 3988 E HtcPreference: [addPreference]:after size= 34
04-04 12:07:46.400 3988 3988 E HtcPreference: Thread =Thread[main,5,main]
04-04 12:07:46.400 3988 3988 D WifiManagerWrapper: calculateSignalLevel called
04-04 12:07:46.400 3988 3988 E HtcPreference: [addPreference]:before size= 34
04-04 12:07:46.400 3988 3988 E HtcPreference: Thread =Thread[main,5,main]
04-04 12:07:46.400 3988 3988 E HtcPreference: [addPreference]:after size= 35
04-04 12:07:46.400 3988 3988 E HtcPreference: Thread =Thread[main,5,main]
04-04 12:07:46.400 3988 3988 D WifiManagerWrapper: calculateSignalLevel called
04-04 12:07:46.400 3988 3988 E HtcPreference: [addPreference]:before size= 35
04-04 12:07:46.400 3988 3988 E HtcPreference: Thread =Thread[main,5,main]
04-04 12:07:46.400 3988 3988 E HtcPreference: [addPreference]:after size= 36
04-04 12:07:46.400 3988 3988 E HtcPreference: Thread =Thread[main,5,main]
04-04 12:07:46.400 3988 3988 D WifiManagerWrapper: calculateSignalLevel called
04-04 12:07:46.400 3988 3988 E HtcPreference: [addPreference]:before size= 36
04-04 12:07:46.400 3988 3988 E HtcPreference: Thread =Thread[main,5,main]
04-04 12:07:46.400 3988 3988 E HtcPreference: [addPreference]:after size= 37
04-04 12:07:46.400 3988 3988 E HtcPreference: Thread =Thread[main,5,main]
04-04 12:07:46.400 3988 3988 D WifiManagerWrapper: calculateSignalLevel called
04-04 12:07:46.400 3988 3988 E HtcPreference: [addPreference]:before size= 37
04-04 12:07:46.400 3988 3988 E HtcPreference: Thread =Thread[main,5,main]
04-04 12:07:46.400 3988 3988 E HtcPreference: [addPreference]:after size= 38
04-04 12:07:46.400 3988 3988 E HtcPreference: Thread =Thread[main,5,main]
04-04 12:07:46.400 3988 3988 D WifiManagerWrapper: calculateSignalLevel called
04-04 12:07:46.400 3988 3988 E HtcPreference: [addPreference]:before size= 38
04-04 12:07:46.400 3988 3988 E HtcPreference: Thread =Thread[main,5,main]
04-04 12:07:46.400 3988 3988 E HtcPreference: [addPreference]:after size= 39
04-04 12:07:46.401 3988 3988 E HtcPreference: Thread =Thread[main,5,main]
04-04 12:07:46.401 3988 3988 D WifiManagerWrapper: calculateSignalLevel called
04-04 12:07:46.401 3988 3988 E HtcPreference: [addPreference]:before size= 39
04-04 12:07:46.401 3988 3988 E HtcPreference: Thread =Thread[main,5,main]
04-04 12:07:46.401 3988 3988 E HtcPreference: [addPreference]:after size= 40
04-04 12:07:46.401 3988 3988 E HtcPreference: Thread =Thread[main,5,main]
04-04 12:07:46.401 3988 3988 D WifiManagerWrapper: calculateSignalLevel called
04-04 12:07:46.401 3988 3988 E HtcPreference: [addPreference]:before size= 40
04-04 12:07:46.401 3988 3988 E HtcPreference: Thread =Thread[main,5,main]
04-04 12:07:46.401 3988 3988 E HtcPreference: [addPreference]:after size= 41
04-04 12:07:46.401 3988 3988 E HtcPreference: Thread =Thread[main,5,main]
04-04 12:07:46.401 3988 3988 D WifiManagerWrapper: calculateSignalLevel called
04-04 12:07:46.401 3988 3988 E HtcPreference: [addPreference]:before size= 41
04-04 12:07:46.401 3988 3988 E HtcPreference: Thread =Thread[main,5,main]
04-04 12:07:46.401 3988 3988 E HtcPreference: [addPreference]:after size= 42
04-04 12:07:46.401 3988 3988 E HtcPreference: Thread =Thread[main,5,main]
04-04 12:07:46.401 3988 3988 D WifiManagerWrapper: calculateSignalLevel called
04-04 12:07:46.401 3988 3988 E HtcPreference: [addPreference]:before size= 42
04-04 12:07:46.401 3988 3988 E HtcPreference: Thread =Thread[main,5,main]
04-04 12:07:46.401 3988 3988 E HtcPreference: [addPreference]:after size= 43
04-04 12:07:46.401 3988 3988 E HtcPreference: Thread =Thread[main,5,main]
04-04 12:07:46.708 1278 1326 W SensorService: D/Accel(x, y, z, t) = ( -0.0, 0.1, 9.8, 579291152ms), calendar = 1554372466, sys_time = 579291160ms
04-04 12:07:48.748 1278 1326 W SensorService: D/Accel(x, y, z, t) = ( 0.0, 0.1, 9.8, 579293192ms), calendar = 1554372468, sys_time = 579293200ms
04-04 12:07:50.798 1278 1326 W SensorService: D/Accel(x, y, z, t) = ( 0.0, 0.1, 9.8, 579295242ms), calendar = 1554372470, sys_time = 579295250ms
04-04 12:07:51.188 3782 3930 I appium : channel read invoked!
04-04 12:07:51.188 3782 3930 I appium : channel read: GET /wd/hub/session/a7438415-0244-4665-8e3d-3ca4e509339d
04-04 12:07:51.190 3782 3930 I appium : AppiumResponse: {"sessionId":"a7438415-0244-4665-8e3d-3ca4e509339d","status":0,"value":{}}
04-04 12:07:51.227 3782 3832 I appium : channel read invoked!
04-04 12:07:51.227 3782 3832 I appium : channel read: POST /wd/hub/session/a7438415-0244-4665-8e3d-3ca4e509339d/element
04-04 12:07:51.228 3782 3832 I appium : Find element command
04-04 12:07:51.229 3782 3832 I appium : find element command using 'xpath' with selector '//android.widget.Switch'.
04-04 12:07:51.497 3782 3832 I appium : AppiumResponse: {"sessionId":"a7438415-0244-4665-8e3d-3ca4e509339d","status":0,"value":{"ELEMENT":"c8d51045-ba16-477f-b1ca-362b3914e2ee"}}
04-04 12:07:51.626 3782 3833 I appium : channel read invoked!
04-04 12:07:51.626 3782 3833 I appium : channel read: GET /wd/hub/session/a7438415-0244-4665-8e3d-3ca4e509339d/element/c8d51045-ba16-477f-b1ca-362b3914e2ee/attribute/displayed
04-04 12:07:51.627 3782 3833 I appium : get attribute of element command
04-04 12:07:51.635 3782 3833 I appium : AppiumResponse: {"sessionId":"a7438415-0244-4665-8e3d-3ca4e509339d","status":0,"value":"true"}
04-04 12:07:51.648 3782 3834 I appium : channel read invoked!
04-04 12:07:51.648 3782 3834 I appium : channel read: GET /wd/hub/session/a7438415-0244-4665-8e3d-3ca4e509339d
04-04 12:07:51.649 3782 3834 I appium : AppiumResponse: {"sessionId":"a7438415-0244-4665-8e3d-3ca4e509339d","status":0,"value":{}}
04-04 12:07:51.668 3782 3926 I appium : channel read invoked!
04-04 12:07:51.668 3782 3926 I appium : channel read: POST /wd/hub/session/a7438415-0244-4665-8e3d-3ca4e509339d/element
04-04 12:07:51.668 3782 3926 I appium : Find element command
04-04 12:07:51.668 3782 3926 I appium : find element command using 'xpath' with selector '//android.widget.Switch'.
04-04 12:07:51.876 3782 3926 I appium : AppiumResponse: {"sessionId":"a7438415-0244-4665-8e3d-3ca4e509339d","status":0,"value":{"ELEMENT":"cf44fac6-0e34-48b5-823d-f2bb08cfa1cd"}}
04-04 12:07:52.021 3782 3927 I appium : channel read invoked!
04-04 12:07:52.022 3782 3927 I appium : channel read: GET /wd/hub/session/a7438415-0244-4665-8e3d-3ca4e509339d/element/cf44fac6-0e34-48b5-823d-f2bb08cfa1cd/attribute/checked
04-04 12:07:52.022 3782 3927 I appium : get attribute of element command
04-04 12:07:52.025 3782 3927 I appium : AppiumResponse: {"sessionId":"a7438415-0244-4665-8e3d-3ca4e509339d","status":0,"value":"true"}
04-04 12:07:52.042 3782 3928 I appium : channel read invoked!
04-04 12:07:52.042 3782 3928 I appium : channel read: GET /wd/hub/session/a7438415-0244-4665-8e3d-3ca4e509339d
04-04 12:07:52.042 3782 3928 I appium : AppiumResponse: {"sessionId":"a7438415-0244-4665-8e3d-3ca4e509339d","status":0,"value":{}}
04-04 12:07:52.066 3782 3929 I appium : channel read invoked!
04-04 12:07:52.066 3782 3929 I appium : channel read: POST /wd/hub/session/a7438415-0244-4665-8e3d-3ca4e509339d/element
04-04 12:07:52.066 3782 3929 I appium : Find element command
04-04 12:07:52.066 3782 3929 I appium : find element command using 'xpath' with selector '//android.widget.ListView'.
04-04 12:07:52.304 3782 3929 I appium : AppiumResponse: {"sessionId":"a7438415-0244-4665-8e3d-3ca4e509339d","status":0,"value":{"ELEMENT":"dc703d7c-3c5c-4207-b134-0d79a164ec84"}}
04-04 12:07:52.424 3782 3930 I appium : channel read invoked!
04-04 12:07:52.424 3782 3930 I appium : channel read: GET /wd/hub/session/a7438415-0244-4665-8e3d-3ca4e509339d/element/dc703d7c-3c5c-4207-b134-0d79a164ec84/attribute/displayed
04-04 12:07:52.425 3782 3930 I appium : get attribute of element command
04-04 12:07:52.441 3782 3930 I appium : AppiumResponse: {"sessionId":"a7438415-0244-4665-8e3d-3ca4e509339d","status":0,"value":"true"}
04-04 12:07:52.463 3782 3832 I appium : channel read invoked!
04-04 12:07:52.463 3782 3832 I appium : channel read: GET /wd/hub/session/a7438415-0244-4665-8e3d-3ca4e509339d
04-04 12:07:52.464 3782 3832 I appium : AppiumResponse: {"sessionId":"a7438415-0244-4665-8e3d-3ca4e509339d","status":0,"value":{}}
04-04 12:07:52.487 3782 3833 I appium : channel read invoked!
04-04 12:07:52.487 3782 3833 I appium : channel read: POST /wd/hub/session/a7438415-0244-4665-8e3d-3ca4e509339d/element
04-04 12:07:52.488 3782 3833 I appium : Find element command
04-04 12:07:52.489 3782 3833 I appium : find element command using 'xpath' with selector '//android.widget.ListView/android.widget.LinearLayout[1]//android.widget.TextView[2]'.
04-04 12:07:52.780 3782 3833 I appium : AppiumResponse: {"sessionId":"a7438415-0244-4665-8e3d-3ca4e509339d","status":0,"value":{"ELEMENT":"27c7b556-a962-4109-8257-16a7fbff59e0"}}
04-04 12:07:52.848 1278 1326 W SensorService: D/Accel(x, y, z, t) = ( 0.0, 0.1, 9.8, 579297292ms), calendar = 1554372472, sys_time = 579297300ms
04-04 12:07:52.924 3782 3834 I appium : channel read invoked!
04-04 12:07:52.924 3782 3834 I appium : channel read: GET /wd/hub/session/a7438415-0244-4665-8e3d-3ca4e509339d/element/27c7b556-a962-4109-8257-16a7fbff59e0/attribute/displayed
04-04 12:07:52.925 3782 3834 I appium : get attribute of element command
04-04 12:07:52.928 3782 3834 I appium : AppiumResponse: {"sessionId":"a7438415-0244-4665-8e3d-3ca4e509339d","status":0,"value":"true"}
04-04 12:07:52.946 3782 3926 I appium : channel read invoked!
04-04 12:07:52.946 3782 3926 I appium : channel read: GET /wd/hub/session/a7438415-0244-4665-8e3d-3ca4e509339d
04-04 12:07:52.947 3782 3926 I appium : AppiumResponse: {"sessionId":"a7438415-0244-4665-8e3d-3ca4e509339d","status":0,"value":{}}
04-04 12:07:52.972 3782 3927 I appium : channel read invoked!
04-04 12:07:52.972 3782 3927 I appium : channel read: POST /wd/hub/session/a7438415-0244-4665-8e3d-3ca4e509339d/element
04-04 12:07:52.973 3782 3927 I appium : Find element command
04-04 12:07:52.973 3782 3927 I appium : find element command using 'xpath' with selector '//android.widget.ListView/android.widget.LinearLayout[1]//android.widget.TextView[2]'.
04-04 12:07:53.288 3782 3927 I appium : AppiumResponse: {"sessionId":"a7438415-0244-4665-8e3d-3ca4e509339d","status":0,"value":{"ELEMENT":"6d710c31-a766-4435-9799-76d79c4b3fd1"}}
04-04 12:07:53.440 3782 3928 I appium : channel read invoked!
04-04 12:07:53.440 3782 3928 I appium : channel read: GET /wd/hub/session/a7438415-0244-4665-8e3d-3ca4e509339d/element/6d710c31-a766-4435-9799-76d79c4b3fd1/text
04-04 12:07:53.441 3782 3928 I appium : Get Text of element command
04-04 12:07:53.444 3782 3928 I appium : Get Text :Secured with WPA2 (WPS available)
04-04 12:07:53.444 3782 3928 I appium : AppiumResponse: {"sessionId":"a7438415-0244-4665-8e3d-3ca4e509339d","status":0,"value":"Secured with WPA2 (WPS available)"}
04-04 12:07:53.469 3782 3929 I appium : channel read invoked!
04-04 12:07:53.469 3782 3929 I appium : channel read: GET /wd/hub/session/a7438415-0244-4665-8e3d-3ca4e509339d
04-04 12:07:53.470 3782 3929 I appium : AppiumResponse: {"sessionId":"a7438415-0244-4665-8e3d-3ca4e509339d","status":0,"value":{}}
04-04 12:07:53.493 3782 3930 I appium : channel read invoked!
04-04 12:07:53.493 3782 3930 I appium : channel read: POST /wd/hub/session/a7438415-0244-4665-8e3d-3ca4e509339d/element
04-04 12:07:53.493 3782 3930 I appium : Find element command
04-04 12:07:53.493 3782 3930 I appium : find element command using 'xpath' with selector '//android.widget.Switch'.
04-04 12:07:53.782 3782 3930 I appium : AppiumResponse: {"sessionId":"a7438415-0244-4665-8e3d-3ca4e509339d","status":0,"value":{"ELEMENT":"ef3eea7d-3a4a-4f26-99f7-aa31b1714dd0"}}
04-04 12:07:53.925 3782 3832 I appium : channel read invoked!
04-04 12:07:53.925 3782 3832 I appium : channel read: GET /wd/hub/session/a7438415-0244-4665-8e3d-3ca4e509339d/element/ef3eea7d-3a4a-4f26-99f7-aa31b1714dd0/attribute/displayed
04-04 12:07:53.925 3782 3832 I appium : get attribute of element command
04-04 12:07:53.928 3782 3832 I appium : AppiumResponse: {"sessionId":"a7438415-0244-4665-8e3d-3ca4e509339d","status":0,"value":"true"}
04-04 12:07:53.945 3782 3833 I appium : channel read invoked!
04-04 12:07:53.945 3782 3833 I appium : channel read: GET /wd/hub/session/a7438415-0244-4665-8e3d-3ca4e509339d
04-04 12:07:53.945 3782 3833 I appium : AppiumResponse: {"sessionId":"a7438415-0244-4665-8e3d-3ca4e509339d","status":0,"value":{}}
04-04 12:07:53.966 3782 3834 I appium : channel read invoked!
04-04 12:07:53.966 3782 3834 I appium : channel read: POST /wd/hub/session/a7438415-0244-4665-8e3d-3ca4e509339d/element
04-04 12:07:53.966 3782 3834 I appium : Find element command
04-04 12:07:53.967 3782 3834 I appium : find element command using 'xpath' with selector '//android.widget.Switch'.
04-04 12:07:54.181 3782 3834 I appium : AppiumResponse: {"sessionId":"a7438415-0244-4665-8e3d-3ca4e509339d","status":0,"value":{"ELEMENT":"9b2ffea7-b5e0-46b1-9714-785ccc915bad"}}
04-04 12:07:54.681 3782 3926 I appium : channel read invoked!
04-04 12:07:54.681 3782 3926 I appium : channel read: GET /wd/hub/session/a7438415-0244-4665-8e3d-3ca4e509339d/element/9b2ffea7-b5e0-46b1-9714-785ccc915bad/attribute/checked
04-04 12:07:54.682 3782 3926 I appium : get attribute of element command
04-04 12:07:54.688 3782 3926 I appium : AppiumResponse: {"sessionId":"a7438415-0244-4665-8e3d-3ca4e509339d","status":0,"value":"true"}
04-04 12:07:54.713 3782 3927 I appium : channel read invoked!
04-04 12:07:54.713 3782 3927 I appium : channel read: GET /wd/hub/session/a7438415-0244-4665-8e3d-3ca4e509339d
04-04 12:07:54.714 3782 3927 I appium : AppiumResponse: {"sessionId":"a7438415-0244-4665-8e3d-3ca4e509339d","status":0,"value":{}}
04-04 12:07:54.743 3782 3928 I appium : channel read invoked!
04-04 12:07:54.743 3782 3928 I appium : channel read: POST /wd/hub/session/a7438415-0244-4665-8e3d-3ca4e509339d/element
04-04 12:07:54.744 3782 3928 I appium : Find element command
04-04 12:07:54.744 3782 3928 I appium : find element command using 'xpath' with selector '//android.widget.ListView'.
04-04 12:07:54.888 1278 1326 W SensorService: D/Accel(x, y, z, t) = ( 0.0, 0.1, 9.8, 579299332ms), calendar = 1554372474, sys_time = 579299340ms
04-04 12:07:55.007 3782 3928 I appium : AppiumResponse: {"sessionId":"a7438415-0244-4665-8e3d-3ca4e509339d","status":0,"value":{"ELEMENT":"c0f57a78-e1eb-464d-84bf-7ea76b806a5e"}}
04-04 12:07:55.115 3782 3929 I appium : channel read invoked!
04-04 12:07:55.115 3782 3929 I appium : channel read: GET /wd/hub/session/a7438415-0244-4665-8e3d-3ca4e509339d/element/c0f57a78-e1eb-464d-84bf-7ea76b806a5e/attribute/displayed
04-04 12:07:55.115 3782 3929 I appium : get attribute of element command
04-04 12:07:55.117 3782 3929 I appium : AppiumResponse: {"sessionId":"a7438415-0244-4665-8e3d-3ca4e509339d","status":0,"value":"true"}
04-04 12:07:55.137 3782 3930 I appium : channel read invoked!
04-04 12:07:55.137 3782 3930 I appium : channel read: POST /wd/hub/session/a7438415-0244-4665-8e3d-3ca4e509339d/elements
04-04 12:07:55.138 3782 3930 I appium : Find elements command
04-04 12:07:55.138 3782 3930 I appium : find element command using 'xpath' with selector '//android.widget.TextView[@text='AppiumPjonteczka']'.
04-04 12:07:55.170 1278 2863 D WifiDisplayAdapter: getWifiDisplayStatusLocked: result=WifiDisplayStatus{featureState=2, scanState=0, activeDisplayState=0, activeDisplay=null, displays=[], sessionInfo=WifiDisplaySessionInfo:
04-04 12:07:55.170 1278 2863 D WifiDisplayAdapter: Client/Owner: Client
04-04 12:07:55.170 1278 2863 D WifiDisplayAdapter: GroupId:
04-04 12:07:55.170 1278 2863 D WifiDisplayAdapter: Passphrase:
04-04 12:07:55.170 1278 2863 D WifiDisplayAdapter: SessionId: 0
04-04 12:07:55.170 1278 2863 D WifiDisplayAdapter: IP Address: }
04-04 12:07:55.170 1278 2863 D WirelessDisplayService: getMirrorDisplayStatus:falsecurState:1
04-04 12:07:55.170 10696 10696 D wpa_supplicant: wlan0: Control interface command 'SET pno 0'
04-04 12:07:55.170 10696 10696 D wpa_supplicant: CTRL_IFACE SET 'pno'='0'
04-04 12:07:55.171 10696 10696 D wpa_supplicant: wlan0: Control interface command 'SCAN TYPE=ONLY'
04-04 12:07:55.171 10696 10696 D wpa_supplicant: wlan0: Setting scan request: 0.000000 sec
04-04 12:07:55.171 10696 10696 I wpa_supplicant: wpa_supplicant_scan enter
04-04 12:07:55.171 10696 10696 D wpa_supplicant: wlan0: Starting AP scan for wildcard SSID
04-04 12:07:55.171 10696 10696 D wpa_supplicant: WPS: Building WPS IE for Probe Request
04-04 12:07:55.171 10696 10696 D wpa_supplicant: WPS: * Version (hardcoded 0x10)
04-04 12:07:55.171 10696 10696 D wpa_supplicant: WPS: * Request Type
04-04 12:07:55.171 10696 10696 D wpa_supplicant: WPS: * Config Methods (4288)
04-04 12:07:55.172 10696 10696 D wpa_supplicant: WPS: * UUID-E
04-04 12:07:55.172 10696 10696 D wpa_supplicant: WPS: * Primary Device Type
04-04 12:07:55.172 10696 10696 D wpa_supplicant: WPS: * RF Bands (3)
04-04 12:07:55.172 10696 10696 D wpa_supplicant: WPS: * Association State
04-04 12:07:55.172 10696 10696 D wpa_supplicant: WPS: * Configuration Error (0)
04-04 12:07:55.172 10696 10696 D wpa_supplicant: WPS: * Device Password ID (0)
04-04 12:07:55.172 10696 10696 D wpa_supplicant: WPS: * Manufacturer
04-04 12:07:55.172 10696 10696 D wpa_supplicant: WPS: * Model Name
04-04 12:07:55.172 10696 10696 D wpa_supplicant: WPS: * Model Number
04-04 12:07:55.172 10696 10696 D wpa_supplicant: WPS: * Device Name
04-04 12:07:55.172 10696 10696 D wpa_supplicant: WPS: * Version2 (0x20)
04-04 12:07:55.172 10696 10696 D wpa_supplicant: P2P: * P2P IE header
04-04 12:07:55.172 10696 10696 D wpa_supplicant: P2P: * Capability dev=25 group=00
04-04 12:07:55.172 10696 10696 D wpa_supplicant: P2P: * Listen Channel: Regulatory Class 81 Channel 11
04-04 12:07:55.172 10696 10696 D wpa_supplicant: wlan0: Add radio work 'scan'@0xb78b3630
04-04 12:07:55.172 10696 10696 D wpa_supplicant: wlan0: First radio work item in the queue - schedule start immediately
04-04 12:07:55.172 10696 10696 D wpa_supplicant: wlan0: Starting radio work 'scan'@0xb78b3630 after 0.000040 second wait
04-04 12:07:55.172 10696 10696 D wpa_supplicant: wlan0: nl80211: scan request
04-04 12:07:55.172 10696 10696 D wpa_supplicant: Scan requested (ret=0) - scan timeout 30 seconds
04-04 12:07:55.172 10696 10696 D wpa_supplicant: nl80211: Drv Event 33 (NL80211_CMD_TRIGGER_SCAN) received for wlan0
04-04 12:07:55.172 10696 10696 D wpa_supplicant: wlan0: nl80211: Scan trigger
04-04 12:07:55.172 10696 10696 D wpa_supplicant: wlan0: Event SCAN_STARTED (47) received
04-04 12:07:55.172 10696 10696 D wpa_supplicant: wlan0: Own scan request started a scan in 0.000076 seconds
04-04 12:07:55.344 3782 3930 I appium : AppiumResponse: {"sessionId":"a7438415-0244-4665-8e3d-3ca4e509339d","status":0,"value":[{"ELEMENT":"3ca460f8-35f1-4a80-add6-21ad196ec9f0"}]}
04-04 12:07:55.481 3782 3832 I appium : channel read invoked!
04-04 12:07:55.481 3782 3832 I appium : channel read: POST /wd/hub/session/a7438415-0244-4665-8e3d-3ca4e509339d/elements
04-04 12:07:55.481 3782 3832 I appium : Find elements command
04-04 12:07:55.481 3782 3832 I appium : find element command using 'xpath' with selector '//android.widget.TextView[@text='AppiumPjonteczka']'.
04-04 12:07:55.686 3782 3832 I appium : AppiumResponse: {"sessionId":"a7438415-0244-4665-8e3d-3ca4e509339d","status":0,"value":[{"ELEMENT":"b67f3799-60ba-4fb1-85ef-5df433619263"}]}
04-04 12:07:55.688 2255 25673 V NativeCrypto: SSL shutdown failed: ssl=0xb851b078: I/O error during system call, Connection timed out
04-04 12:07:55.792 3782 3833 I appium : channel read invoked!
04-04 12:07:55.792 3782 3833 I appium : channel read: GET /wd/hub/session/a7438415-0244-4665-8e3d-3ca4e509339d
04-04 12:07:55.792 3782 3833 I appium : AppiumResponse: {"sessionId":"a7438415-0244-4665-8e3d-3ca4e509339d","status":0,"value":{}}
04-04 12:07:55.817 3782 3834 I appium : channel read invoked!
04-04 12:07:55.818 3782 3834 I appium : channel read: POST /wd/hub/session/a7438415-0244-4665-8e3d-3ca4e509339d/element
04-04 12:07:55.818 3782 3834 I appium : Find element command
04-04 12:07:55.818 3782 3834 I appium : find element command using 'xpath' with selector '//android.widget.ListView'.
04-04 12:07:55.898 2255 25673 V NativeCrypto: SSL shutdown failed: ssl=0xb86951d8: I/O error during system call, Connection timed out
04-04 12:07:56.021 3782 3834 I appium : AppiumResponse: {"sessionId":"a7438415-0244-4665-8e3d-3ca4e509339d","status":0,"value":{"ELEMENT":"1150f72a-8942-4698-b86e-e0356e4df93b"}}
04-04 12:07:56.129 3782 3926 I appium : channel read invoked!
04-04 12:07:56.129 3782 3926 I appium : channel read: GET /wd/hub/session/a7438415-0244-4665-8e3d-3ca4e509339d/element/1150f72a-8942-4698-b86e-e0356e4df93b/attribute/displayed
04-04 12:07:56.129 3782 3926 I appium : get attribute of element command
04-04 12:07:56.131 3782 3926 I appium : AppiumResponse: {"sessionId":"a7438415-0244-4665-8e3d-3ca4e509339d","status":0,"value":"true"}
04-04 12:07:56.152 3782 3927 I appium : channel read invoked!
04-04 12:07:56.152 3782 3927 I appium : channel read: POST /wd/hub/session/a7438415-0244-4665-8e3d-3ca4e509339d/elements
04-04 12:07:56.152 3782 3927 I appium : Find elements command
04-04 12:07:56.152 3782 3927 I appium : find element command using 'xpath' with selector '//android.widget.TextView[@text='AppiumPjonteczka']'.
04-04 12:07:56.367 3782 3927 I appium : AppiumResponse: {"sessionId":"a7438415-0244-4665-8e3d-3ca4e509339d","status":0,"value":[{"ELEMENT":"0f6528d9-6bf6-47c4-b4f7-990cce92a137"}]}
04-04 12:07:56.470 3782 3928 I appium : channel read invoked!
04-04 12:07:56.470 3782 3928 I appium : channel read: POST /wd/hub/session/a7438415-0244-4665-8e3d-3ca4e509339d/elements
04-04 12:07:56.470 3782 3928 I appium : Find elements command
04-04 12:07:56.470 3782 3928 I appium : find element command using 'xpath' with selector '//android.widget.TextView[@text='AppiumPjonteczka']'.
04-04 12:07:56.667 3782 3928 I appium : AppiumResponse: {"sessionId":"a7438415-0244-4665-8e3d-3ca4e509339d","status":0,"value":[{"ELEMENT":"0c093dfa-2433-4ffd-97c2-b1e933fe75df"}]}
04-04 12:07:56.768 3782 3929 I appium : channel read invoked!
04-04 12:07:56.768 3782 3929 I appium : channel read: POST /wd/hub/session/a7438415-0244-4665-8e3d-3ca4e509339d/element
04-04 12:07:56.768 3782 3929 I appium : Find element command
04-04 12:07:56.768 3782 3929 I appium : find element command using 'xpath' with selector '//android.widget.TextView[@text='AppiumPjonteczka']'.
04-04 12:07:56.938 1278 1326 W SensorService: D/Accel(x, y, z, t) = ( -0.0, 0.1, 9.8, 579301382ms), calendar = 1554372476, sys_time = 579301390ms
04-04 12:07:57.001 3782 3929 I appium : AppiumResponse: {"sessionId":"a7438415-0244-4665-8e3d-3ca4e509339d","status":0,"value":{"ELEMENT":"9bb04bc0-72b5-4414-a2f3-6c5242388b16"}}
04-04 12:07:57.094 3782 3930 I appium : channel read invoked!
04-04 12:07:57.094 3782 3930 I appium : channel read: GET /wd/hub/session/a7438415-0244-4665-8e3d-3ca4e509339d/element/9bb04bc0-72b5-4414-a2f3-6c5242388b16/text
04-04 12:07:57.094 3782 3930 I appium : Get Text of element command
04-04 12:07:57.097 3782 3930 I appium : Get Text :AppiumPjonteczka
04-04 12:07:57.097 3782 3930 I appium : AppiumResponse: {"sessionId":"a7438415-0244-4665-8e3d-3ca4e509339d","status":0,"value":"AppiumPjonteczka"}
04-04 12:07:57.119 3782 3832 I appium : channel read invoked!
04-04 12:07:57.119 3782 3832 I appium : channel read: GET /wd/hub/session/a7438415-0244-4665-8e3d-3ca4e509339d/element/9bb04bc0-72b5-4414-a2f3-6c5242388b16/location
04-04 12:07:57.122 3782 3832 I appium : Element found at location (46,1028)
04-04 12:07:57.122 3782 3832 I appium : AppiumResponse: {"sessionId":"a7438415-0244-4665-8e3d-3ca4e509339d","status":0,"value":{"x":46,"y":1028}}
04-04 12:07:57.131 3782 3833 I appium : channel read invoked!
04-04 12:07:57.131 3782 3833 I appium : channel read: GET /wd/hub/session/a7438415-0244-4665-8e3d-3ca4e509339d/element/9bb04bc0-72b5-4414-a2f3-6c5242388b16/size
04-04 12:07:57.132 3782 3833 I appium : Get Size of element command
04-04 12:07:57.135 3782 3833 I appium : AppiumResponse: {"sessionId":"a7438415-0244-4665-8e3d-3ca4e509339d","status":0,"value":{"width":912,"height":77}}
04-04 12:07:57.144 3782 3834 I appium : channel read invoked!
04-04 12:07:57.144 3782 3834 I appium : channel read: POST /wd/hub/session/a7438415-0244-4665-8e3d-3ca4e509339d/element/9bb04bc0-72b5-4414-a2f3-6c5242388b16/click
04-04 12:07:57.144 3782 3834 I appium : Click element command
04-04 12:07:57.149 3023 3039 E MP-Decision: Update arg 2
04-04 12:07:57.231 3988 3988 W ResourceType: Invalid package identifier when getting bag for resource number 0x00000014
