04-04 12:05:07.435 1278 1352 D WifiStateMachine: [MLHD] enter handleMediaLinkEvent SupplicantStartedState
04-04 12:05:07.435 10696 10696 D wpa_supplicant: wlan0: Radio work 'scan'@0xb78acf40 done in 1.875989 seconds
04-04 12:05:07.435 10696 10696 D wpa_supplicant: wlan0: Control interface command 'LIST_DONGLES'
04-04 12:05:07.435 10696 10696 D wpa_supplicant: Wireless event: cmd=0x8b19 len=8
04-04 12:05:07.435 10696 10696 D wpa_supplicant: RTM_NEWLINK: ifi_index=24 ifname=wlan0 wext ifi_family=0 ifi_flags=0x1003 ([UP])
04-04 12:05:07.436 1278 1352 W ContextImpl: Calling a method in the system process without a qualified user: android.app.ContextImpl.sendBroadcast:771 com.android.server.wifi.WifiStateMachine.sendDongleScanResultsAvailableBroadcast:13976 com.android.server.wifi.WifiStateMachine.handleMediaLinkEvent:14140 com.android.server.wifi.WifiStateMachine.access$2700:253 com.android.server.wifi.WifiStateMachine$SupplicantStartedState.processMessage:8317
04-04 12:05:07.436 1278 1382 D WirelessDisplayService: getDiscoveryDongleList
04-04 12:05:07.437 10696 10696 D wpa_supplicant: wlan0: Control interface command 'BSS RANGE=0- MASK=0x29d87'
04-04 12:05:07.438 10696 10696 D wpa_supplicant: wlan0: Control interface command 'BSS RANGE=60- MASK=0x29d87'
04-04 12:05:07.440 10696 10696 D wpa_supplicant: wlan0: Control interface command 'BSS RANGE=63- MASK=0x29d87'
04-04 12:05:07.442 10696 10696 D wpa_supplicant: wlan0: Control interface command 'BSS RANGE=68- MASK=0x29d87'
04-04 12:05:07.444 10696 10696 D wpa_supplicant: wlan0: Control interface command 'BSS RANGE=71- MASK=0x29d87'
04-04 12:05:07.445 10696 10696 D wpa_supplicant: wlan0: Control interface command 'BSS RANGE=76- MASK=0x29d87'
04-04 12:05:07.447 10696 10696 D wpa_supplicant: wlan0: Control interface command 'BSS RANGE=81- MASK=0x29d87'
04-04 12:05:07.451 10696 10696 D wpa_supplicant: wlan0: Control interface command 'BSS RANGE=95- MASK=0x29d87'
04-04 12:05:07.455 10696 10696 D wpa_supplicant: wlan0: Control interface command 'BSS RANGE=107- MASK=0x29d87'
04-04 12:05:07.459 638 817 I appium : AppiumResponse: {"sessionId":"e42f59eb-4d3b-4a3e-969d-622e533298fb","status":0,"value":true}
04-04 12:05:07.460 10696 10696 D wpa_supplicant: wlan0: Control interface command 'BSS RANGE=170- MASK=0x29d87'
04-04 12:05:07.464 10696 10696 D wpa_supplicant: wlan0: Control interface command 'BSS RANGE=204- MASK=0x29d87'
04-04 12:05:07.467 10696 10696 D wpa_supplicant: wlan0: Control interface command 'BSS RANGE=237- MASK=0x29d87'
04-04 12:05:07.471 10696 10696 D wpa_supplicant: wlan0: Control interface command 'BSS RANGE=244- MASK=0x29d87'
04-04 12:05:07.488 638 818 I appium : channel read invoked!
04-04 12:05:07.488 638 818 I appium : channel read: GET /wd/hub/session/e42f59eb-4d3b-4a3e-969d-622e533298fb
04-04 12:05:07.489 638 818 I appium : AppiumResponse: {"sessionId":"e42f59eb-4d3b-4a3e-969d-622e533298fb","status":0,"value":{}}
04-04 12:05:07.506 638 819 I appium : channel read invoked!
04-04 12:05:07.506 638 819 I appium : channel read: GET /wd/hub/session/e42f59eb-4d3b-4a3e-969d-622e533298fb
04-04 12:05:07.507 638 819 I appium : AppiumResponse: {"sessionId":"e42f59eb-4d3b-4a3e-969d-622e533298fb","status":0,"value":{}}
04-04 12:05:07.508 1278 1352 D WifiConfigStore: "Ernest-SGv1-5"WPA_PSK- skip by invalid rssi
04-04 12:05:07.508 1278 1352 D WifiConfigStore: "Ernest-SGv1-24"WPA_PSK- skip by invalid rssi
04-04 12:05:07.508 1278 1352 D WifiConfigStore: "Ernest-v1-24"WPA_PSK- skip by invalid rssi
04-04 12:05:07.508 1278 1352 D WifiConfigStore: "Internet-Box-krzysioSL"WPA_PSK- skip by invalid rssi
04-04 12:05:07.509 10696 10696 D wpa_supplicant: wlan0: Control interface command 'STATUS-NO_EVENTS'
04-04 12:05:07.509 10696 10696 D wpa_supplicant: EAPOL: EAP Session-Id not available
04-04 12:05:07.511 1278 1382 D WirelessDisplayService: getDiscoveryDongleList
04-04 12:05:07.511 864 864 D HtcWifiTracker: onReceive(), action:android.net.wifi.SCAN_RESULTS
04-04 12:05:07.512 2255 2255 D WifiManager: getScanResults: Base Package Name=com.google.android.gms, uid=10011
04-04 12:05:07.514 1278 2378 D PMS : acquireWL(b814c86): PARTIAL_WAKE_LOCK NlpWakeLock 0x1 2255 10011 WorkSource{10011 com.google.android.gms}
04-04 12:05:07.515 2255 2831 D WifiManager: getScanResults: Base Package Name=com.google.android.gms, uid=10011
04-04 12:05:07.519 1278 2885 D PMS : acquireWL(1029947): PARTIAL_WAKE_LOCK CMWakeLock 0x1 2255 10011 WorkSource{10011 com.google.android.gms}
04-04 12:05:07.520 864 1587 D HtcAccessPoint: ssid:Ernest-SGv1-5, bssid:null, security:2, networkid:1, signIn:2
04-04 12:05:07.520 864 1587 D HtcAccessPoint: ssid:Ernest-SGv1-24, bssid:null, security:2, networkid:0, signIn:2
04-04 12:05:07.520 864 1587 D HtcAccessPoint: ssid:Ernest-v1-24, bssid:null, security:2, networkid:3, signIn:2
04-04 12:05:07.520 864 1587 D HtcAccessPoint: ssid:Internet-Box-krzysioSL, bssid:null, security:2, networkid:2, signIn:2
04-04 12:05:07.520 864 1587 D WifiManager: getScanResults: Base Package Name=com.android.settings, uid=1000
04-04 12:05:07.525 1278 2150 D PMS : releaseWL(b814c86): PARTIAL_WAKE_LOCK NlpWakeLock 0x1 WorkSource{10011 com.google.android.gms}
04-04 12:05:07.526 1278 2889 D PMS : releaseWL(1029947): PARTIAL_WAKE_LOCK CMWakeLock 0x1 WorkSource{10011 com.google.android.gms}
04-04 12:05:07.528 864 1587 D WifiManagerWrapper: calculateSignalLevel called
04-04 12:05:07.528 864 1587 D WifiManagerWrapper: calculateSignalLevel called
04-04 12:05:07.528 864 1587 D WifiManagerWrapper: calculateSignalLevel called
04-04 12:05:07.529 864 1587 D AccessPointPreference: summary : Internet-Box-v3-5, Secured with WPA2 (WPS available)
04-04 12:05:07.529 864 1587 D WifiManagerWrapper: calculateSignalLevel called
04-04 12:05:07.529 864 1587 D WifiManagerWrapper: calculateSignalLevel called
04-04 12:05:07.529 864 1587 D WifiManagerWrapper: calculateSignalLevel called
04-04 12:05:07.529 864 1587 D AccessPointPreference: summary : AppiumAutotests, Secured with WPA2 (WPS available)
04-04 12:05:07.529 864 1587 D WifiManagerWrapper: calculateSignalLevel called
04-04 12:05:07.529 864 1587 D WifiManagerWrapper: calculateSignalLevel called
04-04 12:05:07.529 864 1587 D WifiManagerWrapper: calculateSignalLevel called
04-04 12:05:07.530 864 1587 D AccessPointPreference: summary : SGv2-Michal-2G-CH7, Secured with WPA/WPA2 (WPS available)
04-04 12:05:07.530 864 1587 D WifiManagerWrapper: calculateSignalLevel called
04-04 12:05:07.530 864 1587 D WifiManagerWrapper: calculateSignalLevel called
04-04 12:05:07.530 864 1587 D WifiManagerWrapper: calculateSignalLevel called
04-04 12:05:07.530 864 1587 D AccessPointPreference: summary : Internet-Box-v3, Secured with WPA2 (WPS available)
04-04 12:05:07.530 864 1587 D WifiManagerWrapper: calculateSignalLevel called
04-04 12:05:07.530 864 1587 D WifiManagerWrapper: calculateSignalLevel called
04-04 12:05:07.537 864 1587 D WifiManagerWrapper: calculateSignalLevel called
04-04 12:05:07.537 864 1587 D AccessPointPreference: summary : Starlite-2.4GHz, Secured with WPA2 (WPS available)
04-04 12:05:07.537 864 1587 D WifiManagerWrapper: calculateSignalLevel called
04-04 12:05:07.537 864 1587 D WifiManagerWrapper: calculateSignalLevel called
04-04 12:05:07.537 864 1587 D WifiManagerWrapper: calculateSignalLevel called
04-04 12:05:07.538 864 1587 D AccessPointPreference: summary : Starlite-5GHz, Secured with WPA2 (WPS available)
04-04 12:05:07.538 864 1587 D WifiManagerWrapper: calculateSignalLevel called
04-04 12:05:07.538 864 1587 D WifiManagerWrapper: calculateSignalLevel called
04-04 12:05:07.539 864 1587 D WifiManagerWrapper: calculateSignalLevel called
04-04 12:05:07.540 864 1587 D AccessPointPreference: summary : AppiumPjonteczka, Secured with WPA2 (WPS available)
04-04 12:05:07.540 864 1587 D WifiManagerWrapper: calculateSignalLevel called
04-04 12:05:07.540 864 1587 D WifiManagerWrapper: calculateSignalLevel called
04-04 12:05:07.540 864 1587 D WifiManagerWrapper: calculateSignalLevel called
04-04 12:05:07.540 864 1587 D AccessPointPreference: summary : visitor-35703, Secured with WPA2
04-04 12:05:07.540 864 1587 D WifiManagerWrapper: calculateSignalLevel called
04-04 12:05:07.540 864 1587 D WifiManagerWrapper: calculateSignalLevel called
04-04 12:05:07.540 864 1587 D WifiManagerWrapper: calculateSignalLevel called
04-04 12:05:07.541 864 1587 D AccessPointPreference: summary : vestiacom_guest_5, Secured with WPA2 (WPS available)
04-04 12:05:07.542 864 1587 D WifiManagerWrapper: calculateSignalLevel called
04-04 12:05:07.542 864 1587 D WifiManagerWrapper: calculateSignalLevel called
04-04 12:05:07.542 864 1587 D WifiManagerWrapper: calculateSignalLevel called
04-04 12:05:07.542 864 1587 D AccessPointPreference: summary : wifi_main, Secured with 802.1x
04-04 12:05:07.542 864 1587 D WifiManagerWrapper: calculateSignalLevel called
04-04 12:05:07.542 864 1587 D WifiManagerWrapper: calculateSignalLevel called
04-04 12:05:07.542 864 1587 D WifiManagerWrapper: calculateSignalLevel called
04-04 12:05:07.543 864 1587 D AccessPointPreference: summary : MobileTest-24, Secured with WPA2 (WPS available)
04-04 12:05:07.543 864 1587 D WifiManagerWrapper: calculateSignalLevel called
04-04 12:05:07.543 864 1587 D WifiManagerWrapper: calculateSignalLevel called
04-04 12:05:07.544 864 1587 D WifiManagerWrapper: calculateSignalLevel called
04-04 12:05:07.544 864 1587 D AccessPointPreference: summary : Dzbanek-v1, Secured with WPA2 (WPS available)
04-04 12:05:07.544 864 1587 D WifiManagerWrapper: calculateSignalLevel called
04-04 12:05:07.544 864 1587 D WifiManagerWrapper: calculateSignalLevel called
04-04 12:05:07.544 864 1587 D WifiManagerWrapper: calculateSignalLevel called
04-04 12:05:07.544 864 1587 D AccessPointPreference: summary : IBv2-SK, Secured with WPA2 (WPS available)
04-04 12:05:07.544 864 1587 D WifiManagerWrapper: calculateSignalLevel called
04-04 12:05:07.545 864 1587 D WifiManagerWrapper: calculateSignalLevel called
04-04 12:05:07.545 864 1587 D WifiManagerWrapper: calculateSignalLevel called
04-04 12:05:07.545 864 1587 D AccessPointPreference: summary : vestiacom_izolatka_5, Secured with 802.1x
04-04 12:05:07.545 864 1587 D WifiManagerWrapper: calculateSignalLevel called
04-04 12:05:07.545 864 1587 D WifiManagerWrapper: calculateSignalLevel called
04-04 12:05:07.545 864 1587 D WifiManagerWrapper: calculateSignalLevel called
04-04 12:05:07.545 864 1587 D AccessPointPreference: summary : wifi_main, Secured with 802.1x
04-04 12:05:07.545 864 1587 D WifiManagerWrapper: calculateSignalLevel called
04-04 12:05:07.545 864 1587 D WifiManagerWrapper: calculateSignalLevel called
04-04 12:05:07.545 864 1587 D WifiManagerWrapper: calculateSignalLevel called
04-04 12:05:07.545 864 1587 D AccessPointPreference: summary : Internet-Box-Irek-5GHz, Secured with WPA/WPA2 (WPS available)
04-04 12:05:07.545 864 1587 D WifiManagerWrapper: calculateSignalLevel called
04-04 12:05:07.546 864 1587 D WifiManagerWrapper: calculateSignalLevel called
04-04 12:05:07.546 864 1587 D WifiManagerWrapper: calculateSignalLevel called
04-04 12:05:07.546 864 1587 D AccessPointPreference: summary : MobileTest-5, Secured with WPA2 (WPS available)
04-04 12:05:07.546 864 1587 D WifiManagerWrapper: calculateSignalLevel called
04-04 12:05:07.546 864 1587 D WifiManagerWrapper: calculateSignalLevel called
04-04 12:05:07.546 864 1587 D WifiManagerWrapper: calculateSignalLevel called
04-04 12:05:07.546 864 1587 D AccessPointPreference: summary : WLAN_Repeater_N263, Secured with WPA2 (WPS available)
04-04 12:05:07.546 864 1587 D WifiManagerWrapper: calculateSignalLevel called
04-04 12:05:07.546 864 1587 D WifiManagerWrapper: calculateSignalLevel called
04-04 12:05:07.546 864 1587 D WifiManagerWrapper: calculateSignalLevel called
04-04 12:05:07.547 864 1587 D AccessPointPreference: summary : Eniro, Secured with 802.1x
04-04 12:05:07.547 864 1587 D WifiManagerWrapper: calculateSignalLevel called
04-04 12:05:07.547 864 1587 D WifiManagerWrapper: calculateSignalLevel called
04-04 12:05:07.547 864 1587 D WifiManagerWrapper: calculateSignalLevel called
04-04 12:05:07.547 864 1587 D AccessPointPreference: summary : Internet-Box-Irek-5GHz, Secured with WPA/WPA2 (WPS available)
04-04 12:05:07.547 864 1587 D WifiManagerWrapper: calculateSignalLevel called
04-04 12:05:07.547 864 1587 D WifiManagerWrapper: calculateSignalLevel called
04-04 12:05:07.547 864 1587 D WifiManagerWrapper: calculateSignalLevel called
04-04 12:05:07.547 864 1587 D AccessPointPreference: summary : netia_izolatka, Secured with WPA2 (WPS available)
04-04 12:05:07.548 864 1587 D WifiManagerWrapper: calculateSignalLevel called
04-04 12:05:07.548 864 1587 D WifiManagerWrapper: calculateSignalLevel called
04-04 12:05:07.548 864 1587 D WifiManagerWrapper: calculateSignalLevel called
04-04 12:05:07.548 864 1587 D AccessPointPreference: summary : Internet-Box-IIIII, Secured with WPA2 (WPS available)
04-04 12:05:07.548 864 1587 D WifiManagerWrapper: calculateSignalLevel called
04-04 12:05:07.548 864 1587 D WifiManagerWrapper: calculateSignalLevel called
04-04 12:05:07.548 864 1587 D WifiManagerWrapper: calculateSignalLevel called
04-04 12:05:07.548 864 1587 D AccessPointPreference: summary : v1krzysio, Secured with WPA2 (WPS available)
04-04 12:05:07.548 864 1587 D WifiManagerWrapper: calculateSignalLevel called
04-04 12:05:07.548 864 1587 D WifiManagerWrapper: calculateSignalLevel called
04-04 12:05:07.548 864 1587 D WifiManagerWrapper: calculateSignalLevel called
04-04 12:05:07.549 864 1587 D AccessPointPreference: summary : v2krzysio-vlanid1, Secured with WPA2 (WPS available)
04-04 12:05:07.549 864 1587 D WifiManagerWrapper: calculateSignalLevel called
04-04 12:05:07.549 864 1587 D WifiManagerWrapper: calculateSignalLevel called
04-04 12:05:07.549 864 1587 D WifiManagerWrapper: calculateSignalLevel called
04-04 12:05:07.549 864 1587 D AccessPointPreference: summary : Ernest-sl-24, Secured with WPA2 (WPS available)
04-04 12:05:07.549 864 1587 D WifiManagerWrapper: calculateSignalLevel called
04-04 12:05:07.549 864 1587 D WifiManagerWrapper: calculateSignalLevel called
04-04 12:05:07.549 864 1587 D WifiManagerWrapper: calculateSignalLevel called
04-04 12:05:07.550 864 1587 D AccessPointPreference: summary : Internet-Box-Karol, Secured with WPA2 (WPS available)
04-04 12:05:07.550 864 1587 D WifiManagerWrapper: calculateSignalLevel called
04-04 12:05:07.550 864 1587 D WifiManagerWrapper: calculateSignalLevel called
04-04 12:05:07.550 864 1587 D WifiManagerWrapper: calculateSignalLevel called
04-04 12:05:07.550 864 1587 D AccessPointPreference: summary : SL-SK, Secured with WPA2 (WPS available)
04-04 12:05:07.550 864 1587 D WifiManagerWrapper: calculateSignalLevel called
04-04 12:05:07.550 864 1587 D WifiManagerWrapper: calculateSignalLevel called
04-04 12:05:07.550 864 1587 D WifiManagerWrapper: calculateSignalLevel called
04-04 12:05:07.550 864 1587 D AccessPointPreference: summary : Internet-Box-Starlink, Secured with WPA2 (WPS available)
04-04 12:05:07.550 864 1587 D WifiManagerWrapper: calculateSignalLevel called
04-04 12:05:07.550 864 1587 D WifiManagerWrapper: calculateSignalLevel called
04-04 12:05:07.551 864 1587 D WifiManagerWrapper: calculateSignalLevel called
04-04 12:05:07.551 864 1587 D AccessPointPreference: summary : my-00B150,
04-04 12:05:07.551 864 1587 D WifiManagerWrapper: calculateSignalLevel called
04-04 12:05:07.551 864 1587 D WifiManagerWrapper: calculateSignalLevel called
04-04 12:05:07.556 864 1587 D WifiManagerWrapper: calculateSignalLevel called
04-04 12:05:07.556 864 1587 D AccessPointPreference: summary : Internet-Box-82451, Secured with WPA2 (WPS available)
04-04 12:05:07.556 864 1587 D WifiManagerWrapper: calculateSignalLevel called
04-04 12:05:07.556 864 1587 D WifiManagerWrapper: calculateSignalLevel called
04-04 12:05:07.557 864 1587 D WifiManagerWrapper: calculateSignalLevel called
04-04 12:05:07.557 864 1587 D AccessPointPreference: summary : SL-SK, Secured with WPA2 (WPS available)
04-04 12:05:07.557 864 1587 D WifiManagerWrapper: calculateSignalLevel called
04-04 12:05:07.557 864 1587 D WifiManagerWrapper: calculateSignalLevel called
04-04 12:05:07.557 864 1587 D WifiManagerWrapper: calculateSignalLevel called
04-04 12:05:07.557 864 1587 D AccessPointPreference: summary : SGv2-Michal-5G-CH40, Secured with WPA/WPA2 (WPS available)
04-04 12:05:07.557 864 1587 D WifiManagerWrapper: calculateSignalLevel called
04-04 12:05:07.557 864 1587 D WifiManagerWrapper: calculateSignalLevel called
04-04 12:05:07.557 864 1587 D WifiManagerWrapper: calculateSignalLevel called
04-04 12:05:07.558 864 1587 D AccessPointPreference: summary : HAE-7days, Secured with WPA2 (WPS available)
04-04 12:05:07.558 864 1587 D WifiManagerWrapper: calculateSignalLevel called
04-04 12:05:07.558 864 1587 D WifiManagerWrapper: calculateSignalLevel called
04-04 12:05:07.558 864 1587 D WifiManagerWrapper: calculateSignalLevel called
04-04 12:05:07.558 864 1587 D AccessPointPreference: summary : Internet-Box-Weronika, Secured with WPA2
04-04 12:05:07.558 864 1587 D WifiManagerWrapper: calculateSignalLevel called
04-04 12:05:07.558 864 1587 D WifiManagerWrapper: calculateSignalLevel called
04-04 12:05:07.558 864 1587 D WifiManagerWrapper: calculateSignalLevel called
04-04 12:05:07.558 864 1587 D AccessPointPreference: summary : Eniro, Secured with 802.1x
04-04 12:05:07.558 864 1587 D WifiManagerWrapper: calculateSignalLevel called
04-04 12:05:07.558 864 1587 D WifiManagerWrapper: calculateSignalLevel called
04-04 12:05:07.559 864 1587 D WifiManagerWrapper: calculateSignalLevel called
04-04 12:05:07.559 864 1587 D AccessPointPreference: summary : IBv2-SK, Secured with WPA2 (WPS available)
04-04 12:05:07.559 864 1587 D WifiManagerWrapper: calculateSignalLevel called
04-04 12:05:07.559 864 1587 D WifiManagerWrapper: calculateSignalLevel called
04-04 12:05:07.559 864 1587 D WifiManagerWrapper: calculateSignalLevel called
04-04 12:05:07.559 864 1587 D AccessPointPreference: summary : netia_izolatka_5, Secured with WPA2 (WPS available)
04-04 12:05:07.559 864 1587 D WifiManagerWrapper: calculateSignalLevel called
04-04 12:05:07.559 864 1587 D WifiManagerWrapper: calculateSignalLevel called
04-04 12:05:07.559 864 1587 D WifiManagerWrapper: calculateSignalLevel called
04-04 12:05:07.560 864 1587 D AccessPointPreference: summary : v2krzysio-vlanid1, Secured with WPA2 (WPS available)
04-04 12:05:07.560 864 1587 D WifiManagerWrapper: calculateSignalLevel called
04-04 12:05:07.560 864 1587 D WifiManagerWrapper: calculateSignalLevel called
04-04 12:05:07.560 864 1587 D WifiManagerWrapper: calculateSignalLevel called
04-04 12:05:07.560 864 1587 D AccessPointPreference: summary : SGv1-Julia-5G-c6, Secured with WPA2 (WPS available)
04-04 12:05:07.560 864 1587 D WifiManagerWrapper: calculateSignalLevel called
04-04 12:05:07.560 864 1587 D WifiManagerWrapper: calculateSignalLevel called
04-04 12:05:07.560 864 1587 D WifiManagerWrapper: calculateSignalLevel called
04-04 12:05:07.560 864 1587 D AccessPointPreference: summary : monitoring_5ghz, Secured with WPA2 (WPS available)
04-04 12:05:07.560 864 1587 D WifiManagerWrapper: calculateSignalLevel called
04-04 12:05:07.561 864 1587 D WifiManagerWrapper: calculateSignalLevel called
04-04 12:05:07.561 864 1587 D WifiManagerWrapper: calculateSignalLevel called
04-04 12:05:07.561 864 1587 D AccessPointPreference: summary : Internet-Box-Artur_5GHz, Secured with WPA2 (WPS available)
04-04 12:05:07.561 864 1587 D WifiManagerWrapper: calculateSignalLevel called
04-04 12:05:07.561 864 1587 D WifiManagerWrapper: calculateSignalLevel called
04-04 12:05:07.561 864 1587 D WifiManagerWrapper: calculateSignalLevel called
04-04 12:05:07.561 864 1587 D AccessPointPreference: summary : SGv1_Irek_5Ghz, Secured with WPA2 (WPS available)
04-04 12:05:07.561 864 1587 D WifiManagerWrapper: calculateSignalLevel called
04-04 12:05:07.561 864 1587 D WifiManagerWrapper: calculateSignalLevel called
04-04 12:05:07.561 864 1587 D WifiManagerWrapper: calculateSignalLevel called
04-04 12:05:07.562 864 1587 D AccessPointPreference: summary : Internet-Box-Weronika5GHz, Secured with WPA2
04-04 12:05:07.562 864 1587 D WifiManagerWrapper: calculateSignalLevel called
04-04 12:05:07.562 864 1587 D WifiManagerWrapper: calculateSignalLevel called
04-04 12:05:07.562 864 1587 D WifiManagerWrapper: calculateSignalLevel called
04-04 12:05:07.562 864 1587 D AccessPointPreference: summary : HAE-7days, Secured with WPA2 (WPS available)
04-04 12:05:07.562 864 1587 D WifiManagerWrapper: calculateSignalLevel called
04-04 12:05:07.562 864 1587 D WifiManagerWrapper: calculateSignalLevel called
04-04 12:05:07.562 864 1587 D WifiManagerWrapper: calculateSignalLevel called
04-04 12:05:07.562 864 1587 D AccessPointPreference: summary : Internet-Box-82451_5GHz, Secured with WPA2 (WPS available)
04-04 12:05:07.562 864 1587 D WifiManagerWrapper: calculateSignalLevel called
04-04 12:05:07.562 864 1587 D WifiManagerWrapper: calculateSignalLevel called
04-04 12:05:07.562 864 1587 D WifiManagerWrapper: calculateSignalLevel called
04-04 12:05:07.563 864 1587 D AccessPointPreference: summary : v2krzysio-vlanid1, Secured with WPA2 (WPS available)
04-04 12:05:07.563 864 1587 D WifiManagerWrapper: calculateSignalLevel called
04-04 12:05:07.563 864 1587 D WifiManagerWrapper: calculateSignalLevel called
04-04 12:05:07.563 864 1587 D WifiManagerWrapper: calculateSignalLevel called
04-04 12:05:07.563 864 1587 D AccessPointPreference: summary : WLAN_Repeater_N263, Secured with WPA2 (WPS available)
04-04 12:05:07.563 864 1587 D WifiManagerWrapper: calculateSignalLevel called
04-04 12:05:07.563 864 1587 D WifiManagerWrapper: calculateSignalLevel called
04-04 12:05:07.563 864 1587 D WifiManagerWrapper: calculateSignalLevel called
04-04 12:05:07.564 864 1587 D AccessPointPreference: summary : Internet-Box-CapSel, Secured with WPA2 (WPS available)
04-04 12:05:07.564 864 1587 D WifiManagerWrapper: calculateSignalLevel called
04-04 12:05:07.564 864 1587 D WifiManagerWrapper: calculateSignalLevel called
04-04 12:05:07.564 864 1587 D WifiManagerWrapper: calculateSignalLevel called
04-04 12:05:07.564 864 1587 D AccessPointPreference: summary : Dzbanek-v1, Secured with WPA2 (WPS available)
04-04 12:05:07.564 864 1587 D WifiManagerWrapper: calculateSignalLevel called
04-04 12:05:07.564 864 1587 D WifiManagerWrapper: calculateSignalLevel called
04-04 12:05:07.564 864 1587 D WifiManagerWrapper: calculateSignalLevel called
04-04 12:05:07.564 864 1587 D AccessPointPreference: summary : Internet-Box-47068_5GHz, Secured with WPA2 (WPS available)
04-04 12:05:07.564 864 1587 D WifiManagerWrapper: calculateSignalLevel called
04-04 12:05:07.564 864 1587 D WifiManagerWrapper: calculateSignalLevel called
04-04 12:05:07.564 864 1587 D WifiManagerWrapper: calculateSignalLevel called
04-04 12:05:07.565 864 1587 D AccessPointPreference: summary : vestiacom-5g, Secured with 802.1x
04-04 12:05:07.565 864 1587 D WifiManagerWrapper: calculateSignalLevel called
04-04 12:05:07.565 864 1587 D WifiManagerWrapper: calculateSignalLevel called
04-04 12:05:07.565 864 1587 D WifiManagerWrapper: calculateSignalLevel called
04-04 12:05:07.565 864 1587 D AccessPointPreference: summary : my-0000E4,
04-04 12:05:07.565 864 1587 D WifiManagerWrapper: calculateSignalLevel called
04-04 12:05:07.565 864 1587 D WifiManagerWrapper: calculateSignalLevel called
04-04 12:05:07.565 864 1587 D WifiManagerWrapper: calculateSignalLevel called
04-04 12:05:07.565 864 1587 D AccessPointPreference: summary : v2krzysio-vlanid1, Secured with WPA2 (WPS available)
04-04 12:05:07.565 864 1587 D WifiManagerWrapper: calculateSignalLevel called
04-04 12:05:07.565 864 1587 D WifiManagerWrapper: calculateSignalLevel called
04-04 12:05:07.565 864 1587 D WifiManagerWrapper: calculateSignalLevel called
04-04 12:05:07.566 864 1587 D AccessPointPreference: summary : Ernest-sl-5, Secured with WPA2 (WPS available)
04-04 12:05:07.566 864 1587 D WifiManagerWrapper: calculateSignalLevel called
04-04 12:05:07.566 864 1587 D WifiManagerWrapper: calculateSignalLevel called
04-04 12:05:07.566 864 1587 D WifiManagerWrapper: calculateSignalLevel called
04-04 12:05:07.566 864 1587 D AccessPointPreference: summary : wb szl, Secured with WPA2
04-04 12:05:07.642 864 864 E HtcPreference: [removeAll]:before size= 44
04-04 12:05:07.642 864 864 E HtcPreference: Thread =Thread[main,5,main]
04-04 12:05:07.642 864 864 E HtcPreference: [removeAll]:after size= 0
04-04 12:05:07.642 864 864 E HtcPreference: Thread =Thread[main,5,main]
04-04 12:05:07.642 864 864 D WifiManagerWrapper: calculateSignalLevel called
04-04 12:05:07.642 864 864 E HtcPreference: [addPreference]:before size= 0
04-04 12:05:07.642 864 864 E HtcPreference: Thread =Thread[main,5,main]
04-04 12:05:07.642 864 864 E HtcPreference: [addPreference]:after size= 1
04-04 12:05:07.642 864 864 E HtcPreference: Thread =Thread[main,5,main]
04-04 12:05:07.642 864 864 D WifiManagerWrapper: calculateSignalLevel called
04-04 12:05:07.642 864 864 E HtcPreference: [addPreference]:before size= 1
04-04 12:05:07.642 864 864 E HtcPreference: Thread =Thread[main,5,main]
04-04 12:05:07.642 864 864 E HtcPreference: [addPreference]:after size= 2
04-04 12:05:07.642 864 864 E HtcPreference: Thread =Thread[main,5,main]
04-04 12:05:07.642 864 864 D WifiManagerWrapper: calculateSignalLevel called
04-04 12:05:07.642 864 864 E HtcPreference: [addPreference]:before size= 2
04-04 12:05:07.642 864 864 E HtcPreference: Thread =Thread[main,5,main]
04-04 12:05:07.642 864 864 E HtcPreference: [addPreference]:after size= 3
04-04 12:05:07.642 864 864 E HtcPreference: Thread =Thread[main,5,main]
04-04 12:05:07.642 864 864 D WifiManagerWrapper: calculateSignalLevel called
04-04 12:05:07.643 864 864 E HtcPreference: [addPreference]:before size= 3
04-04 12:05:07.643 864 864 E HtcPreference: Thread =Thread[main,5,main]
04-04 12:05:07.643 864 864 E HtcPreference: [addPreference]:after size= 4
04-04 12:05:07.643 864 864 E HtcPreference: Thread =Thread[main,5,main]
04-04 12:05:07.643 864 864 D WifiManagerWrapper: calculateSignalLevel called
04-04 12:05:07.643 864 864 E HtcPreference: [addPreference]:before size= 4
04-04 12:05:07.643 864 864 E HtcPreference: Thread =Thread[main,5,main]
04-04 12:05:07.643 864 864 E HtcPreference: [addPreference]:after size= 5
04-04 12:05:07.643 864 864 E HtcPreference: Thread =Thread[main,5,main]
04-04 12:05:07.643 864 864 D WifiManagerWrapper: calculateSignalLevel called
04-04 12:05:07.643 864 864 E HtcPreference: [addPreference]:before size= 5
04-04 12:05:07.643 864 864 E HtcPreference: Thread =Thread[main,5,main]
04-04 12:05:07.643 864 864 E HtcPreference: [addPreference]:after size= 6
04-04 12:05:07.643 864 864 E HtcPreference: Thread =Thread[main,5,main]
04-04 12:05:07.643 864 864 D WifiManagerWrapper: calculateSignalLevel called
04-04 12:05:07.643 864 864 E HtcPreference: [addPreference]:before size= 6
04-04 12:05:07.643 864 864 E HtcPreference: Thread =Thread[main,5,main]
04-04 12:05:07.643 864 864 E HtcPreference: [addPreference]:after size= 7
04-04 12:05:07.643 864 864 E HtcPreference: Thread =Thread[main,5,main]
04-04 12:05:07.643 864 864 D WifiManagerWrapper: calculateSignalLevel called
04-04 12:05:07.643 864 864 E HtcPreference: [addPreference]:before size= 7
04-04 12:05:07.643 864 864 E HtcPreference: Thread =Thread[main,5,main]
04-04 12:05:07.643 864 864 E HtcPreference: [addPreference]:after size= 8
04-04 12:05:07.643 864 864 E HtcPreference: Thread =Thread[main,5,main]
04-04 12:05:07.643 864 864 D WifiManagerWrapper: calculateSignalLevel called
04-04 12:05:07.644 864 864 E HtcPreference: [addPreference]:before size= 8
04-04 12:05:07.644 864 864 E HtcPreference: Thread =Thread[main,5,main]
04-04 12:05:07.644 864 864 E HtcPreference: [addPreference]:after size= 9
04-04 12:05:07.644 864 864 E HtcPreference: Thread =Thread[main,5,main]
04-04 12:05:07.644 864 864 D WifiManagerWrapper: calculateSignalLevel called
04-04 12:05:07.644 864 864 E HtcPreference: [addPreference]:before size= 9
04-04 12:05:07.644 864 864 E HtcPreference: Thread =Thread[main,5,main]
04-04 12:05:07.644 864 864 E HtcPreference: [addPreference]:after size= 10
04-04 12:05:07.644 864 864 E HtcPreference: Thread =Thread[main,5,main]
04-04 12:05:07.644 864 864 D WifiManagerWrapper: calculateSignalLevel called
04-04 12:05:07.644 864 864 E HtcPreference: [addPreference]:before size= 10
04-04 12:05:07.644 864 864 E HtcPreference: Thread =Thread[main,5,main]
04-04 12:05:07.644 864 864 E HtcPreference: [addPreference]:after size= 11
04-04 12:05:07.644 864 864 E HtcPreference: Thread =Thread[main,5,main]
04-04 12:05:07.644 864 864 D WifiManagerWrapper: calculateSignalLevel called
04-04 12:05:07.644 864 864 E HtcPreference: [addPreference]:before size= 11
04-04 12:05:07.644 864 864 E HtcPreference: Thread =Thread[main,5,main]
04-04 12:05:07.644 864 864 E HtcPreference: [addPreference]:after size= 12
04-04 12:05:07.645 864 864 E HtcPreference: Thread =Thread[main,5,main]
04-04 12:05:07.645 864 864 D WifiManagerWrapper: calculateSignalLevel called
04-04 12:05:07.645 864 864 E HtcPreference: [addPreference]:before size= 12
04-04 12:05:07.645 864 864 E HtcPreference: Thread =Thread[main,5,main]
04-04 12:05:07.645 864 864 E HtcPreference: [addPreference]:after size= 13
04-04 12:05:07.645 864 864 E HtcPreference: Thread =Thread[main,5,main]
04-04 12:05:07.645 864 864 D WifiManagerWrapper: calculateSignalLevel called
04-04 12:05:07.645 864 864 E HtcPreference: [addPreference]:before size= 13
04-04 12:05:07.645 864 864 E HtcPreference: Thread =Thread[main,5,main]
04-04 12:05:07.645 864 864 E HtcPreference: [addPreference]:after size= 14
04-04 12:05:07.645 864 864 E HtcPreference: Thread =Thread[main,5,main]
04-04 12:05:07.645 864 864 D WifiManagerWrapper: calculateSignalLevel called
04-04 12:05:07.645 864 864 E HtcPreference: [addPreference]:before size= 14
04-04 12:05:07.645 864 864 E HtcPreference: Thread =Thread[main,5,main]
04-04 12:05:07.645 864 864 E HtcPreference: [addPreference]:after size= 15
04-04 12:05:07.645 864 864 E HtcPreference: Thread =Thread[main,5,main]
04-04 12:05:07.645 864 864 D WifiManagerWrapper: calculateSignalLevel called
04-04 12:05:07.645 864 864 E HtcPreference: [addPreference]:before size= 15
04-04 12:05:07.645 864 864 E HtcPreference: Thread =Thread[main,5,main]
04-04 12:05:07.645 864 864 E HtcPreference: [addPreference]:after size= 16
04-04 12:05:07.645 864 864 E HtcPreference: Thread =Thread[main,5,main]
04-04 12:05:07.645 864 864 D WifiManagerWrapper: calculateSignalLevel called
04-04 12:05:07.645 864 864 E HtcPreference: [addPreference]:before size= 16
04-04 12:05:07.645 864 864 E HtcPreference: Thread =Thread[main,5,main]
04-04 12:05:07.645 864 864 E HtcPreference: [addPreference]:after size= 17
04-04 12:05:07.645 864 864 E HtcPreference: Thread =Thread[main,5,main]
04-04 12:05:07.645 864 864 D WifiManagerWrapper: calculateSignalLevel called
04-04 12:05:07.645 864 864 E HtcPreference: [addPreference]:before size= 17
04-04 12:05:07.645 864 864 E HtcPreference: Thread =Thread[main,5,main]
04-04 12:05:07.645 864 864 E HtcPreference: [addPreference]:after size= 18
04-04 12:05:07.645 864 864 E HtcPreference: Thread =Thread[main,5,main]
04-04 12:05:07.646 864 864 D WifiManagerWrapper: calculateSignalLevel called
04-04 12:05:07.646 864 864 E HtcPreference: [addPreference]:before size= 18
04-04 12:05:07.646 864 864 E HtcPreference: Thread =Thread[main,5,main]
04-04 12:05:07.646 864 864 E HtcPreference: [addPreference]:after size= 19
04-04 12:05:07.646 864 864 E HtcPreference: Thread =Thread[main,5,main]
04-04 12:05:07.646 864 864 D WifiManagerWrapper: calculateSignalLevel called
04-04 12:05:07.646 864 864 E HtcPreference: [addPreference]:before size= 19
04-04 12:05:07.646 864 864 E HtcPreference: Thread =Thread[main,5,main]
04-04 12:05:07.646 864 864 E HtcPreference: [addPreference]:after size= 20
04-04 12:05:07.646 864 864 E HtcPreference: Thread =Thread[main,5,main]
04-04 12:05:07.646 864 864 D WifiManagerWrapper: calculateSignalLevel called
04-04 12:05:07.646 864 864 E HtcPreference: [addPreference]:before size= 20
04-04 12:05:07.646 864 864 E HtcPreference: Thread =Thread[main,5,main]
04-04 12:05:07.646 864 864 E HtcPreference: [addPreference]:after size= 21
04-04 12:05:07.646 864 864 E HtcPreference: Thread =Thread[main,5,main]
04-04 12:05:07.646 864 864 D WifiManagerWrapper: calculateSignalLevel called
04-04 12:05:07.646 864 864 E HtcPreference: [addPreference]:before size= 21
04-04 12:05:07.646 864 864 E HtcPreference: Thread =Thread[main,5,main]
04-04 12:05:07.646 864 864 E HtcPreference: [addPreference]:after size= 22
04-04 12:05:07.646 864 864 E HtcPreference: Thread =Thread[main,5,main]
04-04 12:05:07.646 864 864 D WifiManagerWrapper: calculateSignalLevel called
04-04 12:05:07.646 864 864 E HtcPreference: [addPreference]:before size= 22
04-04 12:05:07.646 864 864 E HtcPreference: Thread =Thread[main,5,main]
04-04 12:05:07.646 864 864 E HtcPreference: [addPreference]:after size= 23
04-04 12:05:07.646 864 864 E HtcPreference: Thread =Thread[main,5,main]
04-04 12:05:07.646 864 864 D WifiManagerWrapper: calculateSignalLevel called
04-04 12:05:07.646 864 864 E HtcPreference: [addPreference]:before size= 23
04-04 12:05:07.646 864 864 E HtcPreference: Thread =Thread[main,5,main]
04-04 12:05:07.646 864 864 E HtcPreference: [addPreference]:after size= 24
04-04 12:05:07.646 864 864 E HtcPreference: Thread =Thread[main,5,main]
04-04 12:05:07.646 864 864 D WifiManagerWrapper: calculateSignalLevel called
04-04 12:05:07.646 864 864 E HtcPreference: [addPreference]:before size= 24
04-04 12:05:07.647 864 864 E HtcPreference: Thread =Thread[main,5,main]
04-04 12:05:07.647 864 864 E HtcPreference: [addPreference]:after size= 25
04-04 12:05:07.647 864 864 E HtcPreference: Thread =Thread[main,5,main]
04-04 12:05:07.647 864 864 D WifiManagerWrapper: calculateSignalLevel called
04-04 12:05:07.647 864 864 E HtcPreference: [addPreference]:before size= 25
04-04 12:05:07.647 864 864 E HtcPreference: Thread =Thread[main,5,main]
04-04 12:05:07.647 864 864 E HtcPreference: [addPreference]:after size= 26
04-04 12:05:07.647 864 864 E HtcPreference: Thread =Thread[main,5,main]
04-04 12:05:07.647 864 864 D WifiManagerWrapper: calculateSignalLevel called
04-04 12:05:07.647 864 864 E HtcPreference: [addPreference]:before size= 26
04-04 12:05:07.647 864 864 E HtcPreference: Thread =Thread[main,5,main]
04-04 12:05:07.647 864 864 E HtcPreference: [addPreference]:after size= 27
04-04 12:05:07.647 864 864 E HtcPreference: Thread =Thread[main,5,main]
04-04 12:05:07.647 864 864 D WifiManagerWrapper: calculateSignalLevel called
04-04 12:05:07.647 864 864 E HtcPreference: [addPreference]:before size= 27
04-04 12:05:07.647 864 864 E HtcPreference: Thread =Thread[main,5,main]
04-04 12:05:07.647 864 864 E HtcPreference: [addPreference]:after size= 28
04-04 12:05:07.647 864 864 E HtcPreference: Thread =Thread[main,5,main]
04-04 12:05:07.647 864 864 D WifiManagerWrapper: calculateSignalLevel called
04-04 12:05:07.647 864 864 E HtcPreference: [addPreference]:before size= 28
04-04 12:05:07.647 864 864 E HtcPreference: Thread =Thread[main,5,main]
04-04 12:05:07.647 864 864 E HtcPreference: [addPreference]:after size= 29
04-04 12:05:07.647 864 864 E HtcPreference: Thread =Thread[main,5,main]
04-04 12:05:07.647 864 864 D WifiManagerWrapper: calculateSignalLevel called
04-04 12:05:07.647 864 864 E HtcPreference: [addPreference]:before size= 29
04-04 12:05:07.647 864 864 E HtcPreference: Thread =Thread[main,5,main]
04-04 12:05:07.647 864 864 E HtcPreference: [addPreference]:after size= 30
04-04 12:05:07.647 864 864 E HtcPreference: Thread =Thread[main,5,main]
04-04 12:05:07.647 864 864 D WifiManagerWrapper: calculateSignalLevel called
04-04 12:05:07.647 864 864 E HtcPreference: [addPreference]:before size= 30
04-04 12:05:07.648 864 864 E HtcPreference: Thread =Thread[main,5,main]
04-04 12:05:07.648 864 864 E HtcPreference: [addPreference]:after size= 31
04-04 12:05:07.648 864 864 E HtcPreference: Thread =Thread[main,5,main]
04-04 12:05:07.648 864 864 D WifiManagerWrapper: calculateSignalLevel called
04-04 12:05:07.648 864 864 E HtcPreference: [addPreference]:before size= 31
04-04 12:05:07.648 864 864 E HtcPreference: Thread =Thread[main,5,main]
04-04 12:05:07.648 864 864 E HtcPreference: [addPreference]:after size= 32
04-04 12:05:07.648 864 864 E HtcPreference: Thread =Thread[main,5,main]
04-04 12:05:07.648 864 864 D WifiManagerWrapper: calculateSignalLevel called
04-04 12:05:07.648 864 864 E HtcPreference: [addPreference]:before size= 32
04-04 12:05:07.648 864 864 E HtcPreference: Thread =Thread[main,5,main]
04-04 12:05:07.648 864 864 E HtcPreference: [addPreference]:after size= 33
04-04 12:05:07.648 864 864 E HtcPreference: Thread =Thread[main,5,main]
04-04 12:05:07.648 864 864 D WifiManagerWrapper: calculateSignalLevel called
04-04 12:05:07.648 864 864 E HtcPreference: [addPreference]:before size= 33
04-04 12:05:07.648 864 864 E HtcPreference: Thread =Thread[main,5,main]
04-04 12:05:07.648 864 864 E HtcPreference: [addPreference]:after size= 34
04-04 12:05:07.648 864 864 E HtcPreference: Thread =Thread[main,5,main]
04-04 12:05:07.648 864 864 D WifiManagerWrapper: calculateSignalLevel called
04-04 12:05:07.648 864 864 E HtcPreference: [addPreference]:before size= 34
04-04 12:05:07.648 864 864 E HtcPreference: Thread =Thread[main,5,main]
04-04 12:05:07.648 864 864 E HtcPreference: [addPreference]:after size= 35
04-04 12:05:07.648 864 864 E HtcPreference: Thread =Thread[main,5,main]
04-04 12:05:07.648 864 864 D WifiManagerWrapper: calculateSignalLevel called
04-04 12:05:07.648 864 864 E HtcPreference: [addPreference]:before size= 35
04-04 12:05:07.648 864 864 E HtcPreference: Thread =Thread[main,5,main]
04-04 12:05:07.648 864 864 E HtcPreference: [addPreference]:after size= 36
04-04 12:05:07.648 864 864 E HtcPreference: Thread =Thread[main,5,main]
04-04 12:05:07.648 864 864 D WifiManagerWrapper: calculateSignalLevel called
04-04 12:05:07.648 864 864 E HtcPreference: [addPreference]:before size= 36
04-04 12:05:07.648 864 864 E HtcPreference: Thread =Thread[main,5,main]
04-04 12:05:07.648 864 864 E HtcPreference: [addPreference]:after size= 37
04-04 12:05:07.648 864 864 E HtcPreference: Thread =Thread[main,5,main]
04-04 12:05:07.648 864 864 D WifiManagerWrapper: calculateSignalLevel called
04-04 12:05:07.649 864 864 E HtcPreference: [addPreference]:before size= 37
04-04 12:05:07.649 864 864 E HtcPreference: Thread =Thread[main,5,main]
04-04 12:05:07.649 864 864 E HtcPreference: [addPreference]:after size= 38
04-04 12:05:07.649 864 864 E HtcPreference: Thread =Thread[main,5,main]
04-04 12:05:07.649 864 864 D WifiManagerWrapper: calculateSignalLevel called
04-04 12:05:07.649 864 864 E HtcPreference: [addPreference]:before size= 38
04-04 12:05:07.649 864 864 E HtcPreference: Thread =Thread[main,5,main]
04-04 12:05:07.649 864 864 E HtcPreference: [addPreference]:after size= 39
04-04 12:05:07.649 864 864 E HtcPreference: Thread =Thread[main,5,main]
04-04 12:05:07.649 864 864 D WifiManagerWrapper: calculateSignalLevel called
04-04 12:05:07.649 864 864 E HtcPreference: [addPreference]:before size= 39
04-04 12:05:07.649 864 864 E HtcPreference: Thread =Thread[main,5,main]
04-04 12:05:07.649 864 864 E HtcPreference: [addPreference]:after size= 40
04-04 12:05:07.649 864 864 E HtcPreference: Thread =Thread[main,5,main]
04-04 12:05:07.649 864 864 D WifiManagerWrapper: calculateSignalLevel called
04-04 12:05:07.649 864 864 E HtcPreference: [addPreference]:before size= 40
04-04 12:05:07.649 864 864 E HtcPreference: Thread =Thread[main,5,main]
04-04 12:05:07.649 864 864 E HtcPreference: [addPreference]:after size= 41
04-04 12:05:07.649 864 864 E HtcPreference: Thread =Thread[main,5,main]
04-04 12:05:07.649 864 864 D WifiManagerWrapper: calculateSignalLevel called
04-04 12:05:07.649 864 864 E HtcPreference: [addPreference]:before size= 41
04-04 12:05:07.649 864 864 E HtcPreference: Thread =Thread[main,5,main]
04-04 12:05:07.649 864 864 E HtcPreference: [addPreference]:after size= 42
04-04 12:05:07.649 864 864 E HtcPreference: Thread =Thread[main,5,main]
04-04 12:05:07.649 864 864 D WifiManagerWrapper: calculateSignalLevel called
04-04 12:05:07.649 864 864 E HtcPreference: [addPreference]:before size= 42
04-04 12:05:07.649 864 864 E HtcPreference: Thread =Thread[main,5,main]
04-04 12:05:07.649 864 864 E HtcPreference: [addPreference]:after size= 43
04-04 12:05:07.649 864 864 E HtcPreference: Thread =Thread[main,5,main]
04-04 12:05:07.649 864 864 D WifiManagerWrapper: calculateSignalLevel called
04-04 12:05:07.649 864 864 E HtcPreference: [addPreference]:before size= 43
04-04 12:05:07.649 864 864 E HtcPreference: Thread =Thread[main,5,main]
04-04 12:05:07.649 864 864 E HtcPreference: [addPreference]:after size= 44
04-04 12:05:07.650 864 864 E HtcPreference: Thread =Thread[main,5,main]
04-04 12:05:07.704 1278 1366 D WifiService: New client listening to asynchronous messages
04-04 12:05:07.805 1379 1640 W fb4a.1ar: Called user scoped provider with no viewer. ViewerContextManager was created with no ViewerContext. Using EmptyViewerContextManager to return fake logged in instance.
04-04 12:05:07.826 1379 1640 V tigonliger: tigonliger/JNI_OnLoad called
04-04 12:05:07.861 1379 1644 D libc : [NET] android_getaddrinfofornetcontext+,hn 13(0x36392e3137312e),sn(53),hints(known),family 0,flags 13, proc=com.facebook.katana
04-04 12:05:07.862 1379 1644 D libc : [NET] android_getaddrinfofornetcontext+,hn 13(0x36392e3137312e),sn(53),hints(known),family 0,flags 13, proc=com.facebook.katana
04-04 12:05:07.862 1379 1644 D libc : [NET] android_getaddrinfofornetcontext+,hn 31(0x326130333a3238),sn(53),hints(known),family 0,flags 13, proc=com.facebook.katana
04-04 12:05:07.862 1379 1644 D libc : [NET] android_getaddrinfofornetcontext+,hn 31(0x326130333a3238),sn(53),hints(known),family 0,flags 13, proc=com.facebook.katana
04-04 12:05:07.864 1379 1644 D libc : [NET] android_getaddrinfofornetcontext+,hn 11(0x33312e31332e38),sn(0),hints(known),family 0,flags 13, proc=com.facebook.katana
04-04 12:05:07.864 1379 1644 D libc : [NET] android_getaddrinfofornetcontext+,hn 11(0x33312e31332e38),sn(0),hints(known),family 0,flags 13, proc=com.facebook.katana
04-04 12:05:07.864 1379 1644 D libc : [NET] android_getaddrinfofornetcontext+,hn 10(0x33312e31332e38),sn(0),hints(known),family 0,flags 13, proc=com.facebook.katana
04-04 12:05:07.864 1379 1644 D libc : [NET] android_getaddrinfofornetcontext+,hn 10(0x33312e31332e38),sn(0),hints(known),family 0,flags 13, proc=com.facebook.katana
04-04 12:05:07.864 1379 1644 D libc : [NET] android_getaddrinfofornetcontext+,hn 34(0x326130333a3238),sn(0),hints(known),family 0,flags 13, proc=com.facebook.katana
04-04 12:05:07.865 1379 1644 D libc : [NET] android_getaddrinfofornetcontext+,hn 30(0x326130333a3238),sn(0),hints(known),family 0,flags 13, proc=com.facebook.katana
04-04 12:05:07.865 1379 1644 D libc : [NET] android_getaddrinfofornetcontext+,hn 34(0x326130333a3238),sn(0),hints(known),family 0,flags 13, proc=com.facebook.katana
04-04 12:05:07.865 1379 1644 D libc : [NET] android_getaddrinfofornetcontext+,hn 30(0x326130333a3238),sn(0),hints(known),family 0,flags 13, proc=com.facebook.katana
04-04 12:05:07.867 1379 1644 D libc : [NET] android_getaddrinfofornetcontext+,hn 14(0x38372e3234352e),sn(0),hints(known),family 0,flags 13, proc=com.facebook.katana
04-04 12:05:07.868 1379 1644 D libc : [NET] android_getaddrinfofornetcontext+,hn 12(0x37382e31312e32),sn(0),hints(known),family 0,flags 13, proc=com.facebook.katana
04-04 12:05:07.868 1379 1644 D libc : [NET] android_getaddrinfofornetcontext+,hn 13(0x3138352e36302e),sn(0),hints(known),family 0,flags 13, proc=com.facebook.katana
04-04 12:05:07.869 1379 1644 D libc : [NET] android_getaddrinfofornetcontext+,hn 14(0x38372e3234352e),sn(0),hints(known),family 0,flags 13, proc=com.facebook.katana
04-04 12:05:07.869 1379 1644 D libc : [NET] android_getaddrinfofornetcontext+,hn 11(0x33312e31332e38),sn(0),hints(known),family 0,flags 13, proc=com.facebook.katana
04-04 12:05:07.870 1379 1644 D libc : [NET] android_getaddrinfofornetcontext+,hn 11(0x33312e31332e38),sn(0),hints(known),family 0,flags 13, proc=com.facebook.katana
04-04 12:05:07.870 1379 1644 D libc : [NET] android_getaddrinfofornetcontext+,hn 11(0x33312e31332e38),sn(0),hints(known),family 0,flags 13, proc=com.facebook.katana
04-04 12:05:07.870 1379 1644 D libc : [NET] android_getaddrinfofornetcontext+,hn 10(0x33312e31332e38),sn(0),hints(known),family 0,flags 13, proc=com.facebook.katana
04-04 12:05:07.873 1379 1644 D libc : [NET] android_getaddrinfofornetcontext+,hn 7(0x302e302e302e30),sn(0),hints(known),family 0,flags 13, proc=com.facebook.katana
04-04 12:05:07.882 1379 1644 D libc : [NET] android_getaddrinfofornetcontext+,hn 9(0x3132372e302e30),sn(443),hints(known),family 0,flags 13, proc=com.facebook.katana
04-04 12:05:07.884 1379 1649 D libc : [NET] android_getaddrinfofornetcontext+,hn 16(0x6170692e666163),sn(),hints(known),family 0,flags 1024, proc=com.facebook.katana
04-04 12:05:07.884 1379 1649 D libc : [NET] android_getaddrinfo_proxy+
04-04 12:05:07.884 1379 1649 D libc : [NET] android_getaddrinfo_proxy get netid:0
04-04 12:05:07.884 454 1657 D libc : [NET] android_getaddrinfofornetcontext+,hn 16(0x6170692e666163),sn(),hints(known),family 0,flags 1024, proc=/system/bin/netd
04-04 12:05:07.884 454 1657 D libc : [NET] android_getaddrinfo_proxy+
04-04 12:05:07.884 454 1657 D libc : [NET] android_getaddrinfo_proxy-, fd error: Success(0)
04-04 12:05:07.885 454 1657 D libc : [NET] _dns_getaddrinfo+, netid:0, mark:917504
04-04 12:05:07.885 1379 1649 D libc : [NET] android_getaddrinfo_proxy-, NODATA
04-04 12:05:07.901 1379 1644 D libc : [NET] android_getaddrinfofornetcontext+,hn 9(0x3132372e302e30),sn(443),hints(known),family 0,flags 13, proc=com.facebook.katana
04-04 12:05:07.901 1379 1650 D libc : [NET] android_getaddrinfofornetcontext+,hn 18(0x622d6170692e66),sn(),hints(known),family 0,flags 1024, proc=com.facebook.katana
04-04 12:05:07.901 1379 1650 D libc : [NET] android_getaddrinfo_proxy+
04-04 12:05:07.902 1379 1650 D libc : [NET] android_getaddrinfo_proxy get netid:0
04-04 12:05:07.902 454 1660 D libc : [NET] android_getaddrinfofornetcontext+,hn 18(0x622d6170692e66),sn(),hints(known),family 0,flags 1024, proc=/system/bin/netd
04-04 12:05:07.902 1379 1644 D libc : [NET] android_getaddrinfofornetcontext+,hn 9(0x3132372e302e30),sn(443),hints(known),family 0,flags 13, proc=com.facebook.katana
04-04 12:05:07.902 454 1660 D libc : [NET] android_getaddrinfo_proxy+
04-04 12:05:07.902 454 1660 D libc : [NET] android_getaddrinfo_proxy-, fd error: Success(0)
04-04 12:05:07.903 454 1660 D libc : [NET] _dns_getaddrinfo+, netid:0, mark:917504
04-04 12:05:07.903 1379 1650 D libc : [NET] android_getaddrinfo_proxy-, NODATA
04-04 12:05:07.903 1379 1651 D libc : [NET] android_getaddrinfofornetcontext+,hn 18(0x67726170682e66),sn(),hints(known),family 0,flags 1024, proc=com.facebook.katana
04-04 12:05:07.903 1379 1651 D libc : [NET] android_getaddrinfo_proxy+
04-04 12:05:07.904 1379 1651 D libc : [NET] android_getaddrinfo_proxy get netid:0
04-04 12:05:07.904 1379 1644 D libc : [NET] android_getaddrinfofornetcontext+,hn 9(0x3132372e302e30),sn(443),hints(known),family 0,flags 13, proc=com.facebook.katana
04-04 12:05:07.904 454 1661 D libc : [NET] android_getaddrinfofornetcontext+,hn 18(0x67726170682e66),sn(),hints(known),family 0,flags 1024, proc=/system/bin/netd
04-04 12:05:07.904 454 1661 D libc : [NET] android_getaddrinfo_proxy+
04-04 12:05:07.904 454 1661 D libc : [NET] android_getaddrinfo_proxy-, fd error: Success(0)
04-04 12:05:07.904 454 1661 D libc : [NET] _dns_getaddrinfo+, netid:0, mark:917504
04-04 12:05:07.904 1379 1652 D libc : [NET] android_getaddrinfofornetcontext+,hn 20(0x622d6772617068),sn(),hints(known),family 0,flags 1024, proc=com.facebook.katana
04-04 12:05:07.904 1379 1652 D libc : [NET] android_getaddrinfo_proxy+
04-04 12:05:07.905 1379 1652 D libc : [NET] android_getaddrinfo_proxy get netid:0
04-04 12:05:07.905 1379 1651 D libc : [NET] android_getaddrinfo_proxy-, NODATA
04-04 12:05:07.905 454 1662 D libc : [NET] android_getaddrinfofornetcontext+,hn 20(0x622d6772617068),sn(),hints(known),family 0,flags 1024, proc=/system/bin/netd
04-04 12:05:07.905 454 1662 D libc : [NET] android_getaddrinfo_proxy+
04-04 12:05:07.905 454 1662 D libc : [NET] android_getaddrinfo_proxy-, fd error: Success(0)
04-04 12:05:07.905 454 1662 D libc : [NET] _dns_getaddrinfo+, netid:0, mark:917504
04-04 12:05:07.905 1379 1652 D libc : [NET] android_getaddrinfo_proxy-, NODATA
04-04 12:05:07.907 1379 1649 D libc : [NET] android_getaddrinfofornetcontext+,hn 16(0x6170692e666163),sn(),hints(known),family 0,flags 1024, proc=com.facebook.katana
04-04 12:05:07.907 1379 1649 D libc : [NET] android_getaddrinfo_proxy+
04-04 12:05:07.907 1379 1649 D libc : [NET] android_getaddrinfo_proxy get netid:0
04-04 12:05:07.907 1379 1652 D libc : [NET] android_getaddrinfofornetcontext+,hn 18(0x67726170682e66),sn(),hints(known),family 0,flags 1024, proc=com.facebook.katana
04-04 12:05:07.907 1379 1650 D libc : [NET] android_getaddrinfofornetcontext+,hn 20(0x622d6772617068),sn(),hints(known),family 0,flags 1024, proc=com.facebook.katana
04-04 12:05:07.907 1379 1652 D libc : [NET] android_getaddrinfo_proxy+
04-04 12:05:07.907 1379 1651 D libc : [NET] android_getaddrinfofornetcontext+,hn 18(0x622d6170692e66),sn(),hints(known),family 0,flags 1024, proc=com.facebook.katana
04-04 12:05:07.907 1379 1650 D libc : [NET] android_getaddrinfo_proxy+
04-04 12:05:07.907 1379 1651 D libc : [NET] android_getaddrinfo_proxy+
04-04 12:05:07.907 1379 1652 D libc : [NET] android_getaddrinfo_proxy get netid:0
04-04 12:05:07.907 1379 1650 D libc : [NET] android_getaddrinfo_proxy get netid:0
04-04 12:05:07.908 1379 1651 D libc : [NET] android_getaddrinfo_proxy get netid:0
04-04 12:05:07.914 1379 1640 V tigonliger: tigonapi/JNI_OnLoad called
