04-04 12:06:13.798 10696 10696 D wpa_supplicant: WPS: * Model Name
04-04 12:06:13.798 10696 10696 D wpa_supplicant: WPS: * Model Number
04-04 12:06:13.798 10696 10696 D wpa_supplicant: WPS: * Device Name
04-04 12:06:13.798 10696 10696 D wpa_supplicant: WPS: * Version2 (0x20)
04-04 12:06:13.798 10696 10696 D wpa_supplicant: P2P: * P2P IE header
04-04 12:06:13.798 10696 10696 D wpa_supplicant: P2P: * Capability dev=25 group=00
04-04 12:06:13.798 10696 10696 D wpa_supplicant: P2P: * Listen Channel: Regulatory Class 81 Channel 11
04-04 12:06:13.798 10696 10696 D wpa_supplicant: wlan0: Add radio work 'scan'@0xb78a8108
04-04 12:06:13.798 10696 10696 D wpa_supplicant: wlan0: First radio work item in the queue - schedule start immediately
04-04 12:06:13.798 10696 10696 D wpa_supplicant: wlan0: Starting radio work 'scan'@0xb78a8108 after 0.000078 second wait
04-04 12:06:13.798 10696 10696 D wpa_supplicant: wlan0: nl80211: scan request
04-04 12:06:13.799 10696 10696 D wpa_supplicant: Scan requested (ret=0) - scan timeout 30 seconds
04-04 12:06:13.799 10696 10696 D wpa_supplicant: nl80211: Drv Event 33 (NL80211_CMD_TRIGGER_SCAN) received for wlan0
04-04 12:06:13.799 10696 10696 D wpa_supplicant: wlan0: nl80211: Scan trigger
04-04 12:06:13.799 10696 10696 D wpa_supplicant: wlan0: Event SCAN_STARTED (47) received
04-04 12:06:13.799 10696 10696 D wpa_supplicant: wlan0: Own scan request started a scan in 0.000160 seconds
04-04 12:06:14.638 1278 1326 W SensorService: D/Accel(x, y, z, t) = ( -0.0, 0.1, 9.8, 579199082ms), calendar = 1554372374, sys_time = 579199090ms
04-04 12:06:15.071 32700 32700 W Atfwd_Sendcmd: AtCmdFwd service not published, waiting... retryCnt : 4
04-04 12:06:15.426 638 820 I appium : channel read invoked!
04-04 12:06:15.426 638 820 I appium : channel read: GET /wd/hub/session/e42f59eb-4d3b-4a3e-969d-622e533298fb
04-04 12:06:15.428 638 820 I appium : AppiumResponse: {"sessionId":"e42f59eb-4d3b-4a3e-969d-622e533298fb","status":0,"value":{}}
04-04 12:06:15.476 638 821 I appium : channel read invoked!
04-04 12:06:15.477 638 821 I appium : channel read: POST /wd/hub/session/e42f59eb-4d3b-4a3e-969d-622e533298fb/element
04-04 12:06:15.478 638 821 I appium : Find element command
04-04 12:06:15.479 638 821 I appium : find element command using 'xpath' with selector '//android.widget.Switch'.
04-04 12:06:15.731 638 821 I appium : AppiumResponse: {"sessionId":"e42f59eb-4d3b-4a3e-969d-622e533298fb","status":0,"value":{"ELEMENT":"18a8f43d-1cbf-4258-9a13-77b426084ebe"}}
04-04 12:06:15.811 638 717 I appium : channel read invoked!
04-04 12:06:15.811 638 717 I appium : channel read: GET /wd/hub/session/e42f59eb-4d3b-4a3e-969d-622e533298fb/element/18a8f43d-1cbf-4258-9a13-77b426084ebe/attribute/displayed
04-04 12:06:15.811 638 717 I appium : get attribute of element command
04-04 12:06:15.813 638 717 I appium : AppiumResponse: {"sessionId":"e42f59eb-4d3b-4a3e-969d-622e533298fb","status":0,"value":"true"}
04-04 12:06:15.829 638 718 I appium : channel read invoked!
04-04 12:06:15.829 638 718 I appium : channel read: GET /wd/hub/session/e42f59eb-4d3b-4a3e-969d-622e533298fb
04-04 12:06:15.829 638 718 I appium : AppiumResponse: {"sessionId":"e42f59eb-4d3b-4a3e-969d-622e533298fb","status":0,"value":{}}
04-04 12:06:15.841 10696 10696 D wpa_supplicant: nl80211: Drv Event 34 (NL80211_CMD_NEW_SCAN_RESULTS) received for wlan0
04-04 12:06:15.841 10696 10696 D wpa_supplicant: wlan0: nl80211: New scan results available
04-04 12:06:15.841 10696 10696 D wpa_supplicant: nl80211: Scan included frequencies: 2412 2417 2422 2427 2432 2437 2442 2447 2452 2457 2462 5180 5200 5220 5240 5260 5280 5300 5320 5500 5520 5540 5560 5580 5600 5620 5640 5660 5680 5700 5745 5765 5785 5805 5825
04-04 12:06:15.841 10696 10696 D wpa_supplicant: wlan0: Event SCAN_RESULTS (3) received
04-04 12:06:15.841 10696 10696 I wpa_supplicant: Got an original EVENT_SCAN_RESULTS
04-04 12:06:15.841 10696 10696 D wpa_supplicant: wlan0: Scan completed in 2.041877 seconds
04-04 12:06:15.841 10696 10696 D wpa_supplicant: nl80211: Received scan results (52 BSSes)
04-04 12:06:15.842 10696 10696 I wpa_supplicant: [NULL] 88:41:fc:54:ba:7b freq=5200 level=-30
04-04 12:06:15.842 10696 10696 I wpa_supplicant: [NULL] fc:b4:e6:4f:a8:76 freq=5180 level=-39
04-04 12:06:15.842 10696 10696 I wpa_supplicant: [NULL] 48:8d:36:d5:c1:c5 freq=5260 level=-44
04-04 12:06:15.842 10696 10696 I wpa_supplicant: [NULL] 4c:09:d4:96:08:a7 freq=5500 level=-45
04-04 12:06:15.842 10696 10696 I wpa_supplicant: [NULL] a0:b5:49:00:07:80 freq=5500 level=-45
04-04 12:06:15.842 10696 10696 I wpa_supplicant: [NULL] d4:7b:b0:bf:7e:b9 freq=5280 level=-47
04-04 12:06:15.842 10696 10696 I wpa_supplicant: [NULL] d8:fb:5e:72:56:39 freq=5500 level=-48
04-04 12:06:15.842 10696 10696 I wpa_supplicant: [NULL] b4:ee:b4:91:ac:ea freq=5560 level=-48
04-04 12:06:15.842 10696 10696 I wpa_supplicant: [NULL] 78:29:ed:51:07:79 freq=5280 level=-49
04-04 12:06:15.842 10696 10696 I wpa_supplicant: [NULL] d4:7b:b0:d6:08:89 freq=5500 level=-50
04-04 12:06:15.842 10696 10696 I wpa_supplicant: [NULL] a8:d3:f7:d9:bc:4d freq=5180 level=-50
04-04 12:06:15.842 10696 10696 I wpa_supplicant: [NULL] 7c:b7:33:1e:f7:3a freq=5500 level=-56
04-04 12:06:15.842 10696 10696 I wpa_supplicant: [NULL] b4:ee:b4:81:cf:06 freq=5180 level=-57
04-04 12:06:15.842 10696 10696 I wpa_supplicant: [NULL] d8:fb:5e:97:83:59 freq=5200 level=-60
04-04 12:06:15.842 1278 1298 D Tethering: interfaceLinkStateChanged wlan0, false
04-04 12:06:15.842 10696 10696 I wpa_supplicant: [NULL] 7c:b7:33:c5:fd:1a freq=5280 level=-60
04-04 12:06:15.842 10696 10696 I wpa_supplicant: [NULL] d4:63:fe:af:d8:74 freq=5180 level=-61
04-04 12:06:15.842 1278 1298 D Tethering: interfaceStatusChanged wlan0, false
04-04 12:06:15.842 10696 10696 I wpa_supplicant: [NULL] e0:51:63:0a:85:08 freq=5180 level=-61
04-04 12:06:15.842 10696 10696 I wpa_supplicant: [NULL] d8:fb:5e:ac:e8:c9 freq=5520 level=-63
04-04 12:06:15.842 10696 10696 I wpa_supplicant: [NULL] 74:d0:2b:42:7d:e4 freq=5180 level=-65
04-04 12:06:15.842 10696 10696 I wpa_supplicant: [NULL] b4:ee:b4:82:01:3a freq=5180 level=-65
04-04 12:06:15.842 10696 10696 I wpa_supplicant: [NULL] 48:8d:36:d5:d8:05 freq=5320 level=-67
04-04 12:06:15.842 10696 10696 I wpa_supplicant: [NULL] b4:ee:b4:d2:4c:6d freq=5180 level=-67
04-04 12:06:15.842 10696 10696 I wpa_supplicant: [NULL] e0:51:63:13:51:7b freq=5180 level=-68
04-04 12:06:15.842 10696 10696 I wpa_supplicant: [NULL] 64:66:b3:a4:21:36 freq=5240 level=-71
04-04 12:06:15.842 10696 10696 I wpa_supplicant: [NULL] b4:ee:b4:60:fb:cf freq=5560 level=-72
04-04 12:06:15.842 10696 10696 I wpa_supplicant: [NULL] 08:62:66:e7:03:2c freq=5180 level=-77
04-04 12:06:15.842 10696 10696 I wpa_supplicant: [NULL] 18:28:61:24:10:de freq=5180 level=-54
04-04 12:06:15.842 10696 10696 I wpa_supplicant: [NULL] 48:8d:36:d5:c1:cb freq=2412 level=-30
04-04 12:06:15.842 10696 10696 I wpa_supplicant: [NULL] fc:b4:e6:4f:a8:65 freq=2427 level=-33
04-04 12:06:15.842 10696 10696 I wpa_supplicant: [NULL] 78:29:ed:51:07:70 freq=2412 level=-39
04-04 12:06:15.842 10696 10696 I wpa_supplicant: [NULL] d4:7b:b0:bf:7e:b0 freq=2437 level=-40
04-04 12:06:15.842 10696 10696 I wpa_supplicant: [NULL] a8:d3:f7:d9:bc:3c freq=2412 level=-42
04-04 12:06:15.842 10696 10696 I wpa_supplicant: [NULL] a0:b5:49:00:07:89 freq=2412 level=-44
04-04 12:06:15.842 10696 10696 I wpa_supplicant: [NULL] b4:ee:b4:82:01:29 freq=2412 level=-44
04-04 12:06:15.842 10696 10696 I wpa_supplicant: [NULL] 22:09:0f:fd:8f:07 freq=2427 level=-47
04-04 12:06:15.842 10696 10696 I wpa_supplicant: [NULL] 32:09:0f:fd:8f:07 freq=2427 level=-47
04-04 12:06:15.842 10696 10696 I wpa_supplicant: [NULL] 00:09:0f:fd:8f:07 freq=2427 level=-47
04-04 12:06:15.842 10696 10696 I wpa_supplicant: [NULL] 88:41:fc:54:ba:7a freq=2412 level=-48
04-04 12:06:15.842 10696 10696 I wpa_supplicant: [NULL] d8:fb:5e:72:56:30 freq=2457 level=-49
04-04 12:06:15.842 10696 10696 I wpa_supplicant: [NULL] 4c:09:d4:96:08:96 freq=2462 level=-50
04-04 12:06:15.842 10696 10696 I wpa_supplicant: [NULL] e0:51:63:13:51:6a freq=2412 level=-52
04-04 12:06:15.842 10696 10696 I wpa_supplicant: [NULL] 64:66:b3:a4:21:37 freq=2462 level=-54
04-04 12:06:15.843 10696 10696 I wpa_supplicant: [NULL] d4:7b:b0:30:d1:52 freq=2462 level=-54
04-04 12:06:15.843 10696 10696 I wpa_supplicant: [NULL] 08:62:66:e7:03:28 freq=2437 level=-56
04-04 12:06:15.843 10696 10696 I wpa_supplicant: [NULL] d8:fb:5e:97:83:50 freq=2442 level=-56
04-04 12:06:15.843 10696 10696 I wpa_supplicant: [NULL] 12:09:0f:fd:8f:00 freq=5220 level=-69
04-04 12:06:15.843 10696 10696 I wpa_supplicant: [NULL] 22:09:0f:fd:8f:00 freq=5220 level=-69
04-04 12:06:15.843 10696 10696 I wpa_supplicant: [NULL] 7c:b7:33:1e:fa:3c freq=5500 level=-79
04-04 12:06:15.843 10696 10696 I wpa_supplicant: [NULL] fc:b4:e6:60:7d:53 freq=2412 level=-71
04-04 12:06:15.843 10696 10696 I wpa_supplicant: [NULL] 7c:b7:33:9b:81:a6 freq=5180 level=-89
04-04 12:06:15.843 10696 10696 I wpa_supplicant: [NULL] fc:ec:da:2c:a4:d8 freq=5680 level=-84
04-04 12:06:15.843 10696 10696 I wpa_supplicant: [NULL] 64:00:2d:00:00:e4 freq=2412 level=-52
04-04 12:06:15.843 10696 10696 D wpa_supplicant: wlan0: BSS: Start scan result update 461
04-04 12:06:15.843 10696 10696 D wpa_supplicant: BSS: Remove ID 249 BSSID e0:51:63:0a:84:f7 SSID 'Internet-Box-krzysioSL2' due to no match in scan
04-04 12:06:15.843 10696 10696 D wpa_supplicant: BSS: last_scan_res_used=52/64
04-04 12:06:15.843 10696 10696 D wpa_supplicant: wlan0: Scan-only results received
04-04 12:06:15.843 10696 10696 D wpa_supplicant: wlan0: Radio work 'scan'@0xb78a8108 done in 2.044953 seconds
04-04 12:06:15.843 10696 10696 D wpa_supplicant: Wireless event: cmd=0x8b19 len=8
04-04 12:06:15.843 10696 10696 D wpa_supplicant: RTM_NEWLINK: ifi_index=24 ifname=wlan0 wext ifi_family=0 ifi_flags=0x1003 ([UP])
04-04 12:06:15.844 1278 1352 D WifiStateMachine: [MLHD] enter handleMediaLinkEvent SupplicantStartedState
04-04 12:06:15.845 10696 10696 D wpa_supplicant: wlan0: Control interface command 'LIST_DONGLES'
04-04 12:06:15.845 1278 1352 W ContextImpl: Calling a method in the system process without a qualified user: android.app.ContextImpl.sendBroadcast:771 com.android.server.wifi.WifiStateMachine.sendDongleScanResultsAvailableBroadcast:13976 com.android.server.wifi.WifiStateMachine.handleMediaLinkEvent:14140 com.android.server.wifi.WifiStateMachine.access$2700:253 com.android.server.wifi.WifiStateMachine$SupplicantStartedState.processMessage:8317
04-04 12:06:15.845 1278 1382 D WirelessDisplayService: getDiscoveryDongleList
04-04 12:06:15.846 10696 10696 D wpa_supplicant: wlan0: Control interface command 'BSS RANGE=0- MASK=0x29d87'
04-04 12:06:15.848 10696 10696 D wpa_supplicant: wlan0: Control interface command 'BSS RANGE=60- MASK=0x29d87'
04-04 12:06:15.850 10696 10696 D wpa_supplicant: wlan0: Control interface command 'BSS RANGE=63- MASK=0x29d87'
04-04 12:06:15.851 10696 10696 D wpa_supplicant: wlan0: Control interface command 'BSS RANGE=68- MASK=0x29d87'
04-04 12:06:15.853 10696 10696 D wpa_supplicant: wlan0: Control interface command 'BSS RANGE=71- MASK=0x29d87'
04-04 12:06:15.855 10696 10696 D wpa_supplicant: wlan0: Control interface command 'BSS RANGE=76- MASK=0x29d87'
04-04 12:06:15.857 10696 10696 D wpa_supplicant: wlan0: Control interface command 'BSS RANGE=81- MASK=0x29d87'
04-04 12:06:15.858 10696 10696 D wpa_supplicant: wlan0: Control interface command 'BSS RANGE=95- MASK=0x29d87'
04-04 12:06:15.860 10696 10696 D wpa_supplicant: wlan0: Control interface command 'BSS RANGE=107- MASK=0x29d87'
04-04 12:06:15.862 10696 10696 D wpa_supplicant: wlan0: Control interface command 'BSS RANGE=170- MASK=0x29d87'
04-04 12:06:15.863 10696 10696 D wpa_supplicant: wlan0: Control interface command 'BSS RANGE=204- MASK=0x29d87'
04-04 12:06:15.864 638 719 I appium : channel read invoked!
04-04 12:06:15.864 638 719 I appium : channel read: POST /wd/hub/session/e42f59eb-4d3b-4a3e-969d-622e533298fb/element
04-04 12:06:15.865 638 719 I appium : Find element command
04-04 12:06:15.865 10696 10696 D wpa_supplicant: wlan0: Control interface command 'BSS RANGE=241- MASK=0x29d87'
04-04 12:06:15.865 638 719 I appium : find element command using 'xpath' with selector '//android.widget.Switch'.
04-04 12:06:15.866 10696 10696 D wpa_supplicant: wlan0: Control interface command 'BSS RANGE=255- MASK=0x29d87'
04-04 12:06:15.889 1278 1352 D WifiConfigStore: "Ernest-SGv1-5"WPA_PSK- skip by invalid rssi
04-04 12:06:15.889 1278 1352 D WifiConfigStore: "Ernest-SGv1-24"WPA_PSK- skip by invalid rssi
04-04 12:06:15.889 1278 1352 D WifiConfigStore: "Ernest-v1-24"WPA_PSK- skip by invalid rssi
04-04 12:06:15.889 1278 1352 D WifiConfigStore: "Internet-Box-krzysioSL"WPA_PSK- skip by invalid rssi
04-04 12:06:15.889 10696 10696 D wpa_supplicant: wlan0: Control interface command 'STATUS-NO_EVENTS'
04-04 12:06:15.889 10696 10696 D wpa_supplicant: EAPOL: EAP Session-Id not available
04-04 12:06:15.891 1278 1278 D WifiNotificationController: setNotificationVisible visible = true, mLowSignalNWs = 2
04-04 12:06:15.891 1278 1382 D WirelessDisplayService: getDiscoveryDongleList
04-04 12:06:15.892 2255 2255 D WifiManager: getScanResults: Base Package Name=com.google.android.gms, uid=10011
04-04 12:06:15.892 1278 2863 D PMS : acquireWL(952c11c): PARTIAL_WAKE_LOCK NlpWakeLock 0x1 2255 10011 WorkSource{10011 com.google.android.gms}
04-04 12:06:15.893 2255 2831 D WifiManager: getScanResults: Base Package Name=com.google.android.gms, uid=10011
04-04 12:06:15.893 864 864 D HtcWifiTracker: onReceive(), action:android.net.wifi.SCAN_RESULTS
04-04 12:06:15.900 1278 4514 D PMS : releaseWL(952c11c): PARTIAL_WAKE_LOCK NlpWakeLock 0x1 WorkSource{10011 com.google.android.gms}
04-04 12:06:15.901 864 3172 D HtcAccessPoint: ssid:Ernest-SGv1-5, bssid:null, security:2, networkid:1, signIn:2
04-04 12:06:15.902 864 3172 D HtcAccessPoint: ssid:Ernest-SGv1-24, bssid:null, security:2, networkid:0, signIn:2
04-04 12:06:15.902 864 3172 D HtcAccessPoint: ssid:Ernest-v1-24, bssid:null, security:2, networkid:3, signIn:2
04-04 12:06:15.902 864 3172 D HtcAccessPoint: ssid:Internet-Box-krzysioSL, bssid:null, security:2, networkid:2, signIn:2
04-04 12:06:15.902 864 3172 D WifiManager: getScanResults: Base Package Name=com.android.settings, uid=1000
04-04 12:06:15.905 864 3172 D WifiManagerWrapper: calculateSignalLevel called
04-04 12:06:15.905 864 3172 D WifiManagerWrapper: calculateSignalLevel called
04-04 12:06:15.905 864 3172 D WifiManagerWrapper: calculateSignalLevel called
04-04 12:06:15.905 864 3172 D AccessPointPreference: summary : Internet-Box-v3-5, Secured with WPA2 (WPS available)
04-04 12:06:15.905 864 3172 D WifiManagerWrapper: calculateSignalLevel called
04-04 12:06:15.905 864 3172 D WifiManagerWrapper: calculateSignalLevel called
04-04 12:06:15.905 864 3172 D WifiManagerWrapper: calculateSignalLevel called
04-04 12:06:15.905 864 3172 D AccessPointPreference: summary : AppiumAutotests, Secured with WPA2 (WPS available)
04-04 12:06:15.905 864 3172 D WifiManagerWrapper: calculateSignalLevel called
04-04 12:06:15.906 864 3172 D WifiManagerWrapper: calculateSignalLevel called
04-04 12:06:15.906 864 3172 D WifiManagerWrapper: calculateSignalLevel called
04-04 12:06:15.906 864 3172 D AccessPointPreference: summary : SGv2-Michal-2G-CH7, Secured with WPA/WPA2 (WPS available)
04-04 12:06:15.906 864 3172 D WifiManagerWrapper: calculateSignalLevel called
04-04 12:06:15.906 864 3172 D WifiManagerWrapper: calculateSignalLevel called
04-04 12:06:15.906 864 3172 D WifiManagerWrapper: calculateSignalLevel called
04-04 12:06:15.906 864 3172 D AccessPointPreference: summary : Internet-Box-v3, Secured with WPA2 (WPS available)
04-04 12:06:15.906 864 3172 D WifiManagerWrapper: calculateSignalLevel called
04-04 12:06:15.906 864 3172 D WifiManagerWrapper: calculateSignalLevel called
04-04 12:06:15.906 864 3172 D WifiManagerWrapper: calculateSignalLevel called
04-04 12:06:15.906 864 3172 D AccessPointPreference: summary : Internet-Box-krzysioSL2, Secured with WPA2 (WPS available)
04-04 12:06:15.907 864 3172 D WifiManagerWrapper: calculateSignalLevel called
04-04 12:06:15.907 864 3172 D WifiManagerWrapper: calculateSignalLevel called
04-04 12:06:15.907 864 3172 D WifiManagerWrapper: calculateSignalLevel called
04-04 12:06:15.907 864 3172 D AccessPointPreference: summary : Starlite-2.4GHz, Secured with WPA2 (WPS available)
04-04 12:06:15.907 864 3172 D WifiManagerWrapper: calculateSignalLevel called
04-04 12:06:15.907 864 3172 D WifiManagerWrapper: calculateSignalLevel called
04-04 12:06:15.907 864 3172 D WifiManagerWrapper: calculateSignalLevel called
04-04 12:06:15.907 864 3172 D AccessPointPreference: summary : Starlite-5GHz, Secured with WPA2 (WPS available)
04-04 12:06:15.907 864 3172 D WifiManagerWrapper: calculateSignalLevel called
04-04 12:06:15.907 864 3172 D WifiManagerWrapper: calculateSignalLevel called
04-04 12:06:15.907 864 3172 D WifiManagerWrapper: calculateSignalLevel called
04-04 12:06:15.908 864 3172 D AccessPointPreference: summary : AppiumPjonteczka, Secured with WPA2 (WPS available)
04-04 12:06:15.909 864 3172 D WifiManagerWrapper: calculateSignalLevel called
04-04 12:06:15.909 864 3172 D WifiManagerWrapper: calculateSignalLevel called
04-04 12:06:15.909 864 3172 D WifiManagerWrapper: calculateSignalLevel called
04-04 12:06:15.909 864 3172 D AccessPointPreference: summary : visitor-35703, Secured with WPA2
04-04 12:06:15.910 864 3172 D WifiManagerWrapper: calculateSignalLevel called
04-04 12:06:15.910 864 3172 D WifiManagerWrapper: calculateSignalLevel called
04-04 12:06:15.911 864 3172 D WifiManagerWrapper: calculateSignalLevel called
04-04 12:06:15.912 864 3172 D AccessPointPreference: summary : vestiacom_guest_5, Secured with WPA2 (WPS available)
04-04 12:06:15.912 864 3172 D WifiManagerWrapper: calculateSignalLevel called
04-04 12:06:15.912 864 3172 D WifiManagerWrapper: calculateSignalLevel called
04-04 12:06:15.912 864 3172 D WifiManagerWrapper: calculateSignalLevel called
04-04 12:06:15.915 864 3172 D AccessPointPreference: summary : wifi_main, Secured with 802.1x
04-04 12:06:15.917 864 3172 D WifiManagerWrapper: calculateSignalLevel called
04-04 12:06:15.917 864 3172 D WifiManagerWrapper: calculateSignalLevel called
04-04 12:06:15.917 864 3172 D WifiManagerWrapper: calculateSignalLevel called
04-04 12:06:15.918 864 3172 D AccessPointPreference: summary : MobileTest-24, Secured with WPA2 (WPS available)
04-04 12:06:15.918 864 3172 D WifiManagerWrapper: calculateSignalLevel called
04-04 12:06:15.918 864 3172 D WifiManagerWrapper: calculateSignalLevel called
04-04 12:06:15.918 864 3172 D WifiManagerWrapper: calculateSignalLevel called
04-04 12:06:15.918 864 3172 D AccessPointPreference: summary : Dzbanek-v1, Secured with WPA2 (WPS available)
04-04 12:06:15.918 864 3172 D WifiManagerWrapper: calculateSignalLevel called
04-04 12:06:15.918 864 3172 D WifiManagerWrapper: calculateSignalLevel called
04-04 12:06:15.918 864 3172 D WifiManagerWrapper: calculateSignalLevel called
04-04 12:06:15.919 864 3172 D AccessPointPreference: summary : IBv2-SK, Secured with WPA2 (WPS available)
04-04 12:06:15.919 864 3172 D WifiManagerWrapper: calculateSignalLevel called
04-04 12:06:15.919 864 3172 D WifiManagerWrapper: calculateSignalLevel called
04-04 12:06:15.919 864 3172 D WifiManagerWrapper: calculateSignalLevel called
04-04 12:06:15.919 864 3172 D AccessPointPreference: summary : vestiacom_izolatka_5, Secured with 802.1x
04-04 12:06:15.919 864 3172 D WifiManagerWrapper: calculateSignalLevel called
04-04 12:06:15.919 864 3172 D WifiManagerWrapper: calculateSignalLevel called
04-04 12:06:15.919 864 3172 D WifiManagerWrapper: calculateSignalLevel called
04-04 12:06:15.919 864 3172 D AccessPointPreference: summary : wifi_main, Secured with 802.1x
04-04 12:06:15.919 864 3172 D WifiManagerWrapper: calculateSignalLevel called
04-04 12:06:15.919 864 3172 D WifiManagerWrapper: calculateSignalLevel called
04-04 12:06:15.919 864 3172 D WifiManagerWrapper: calculateSignalLevel called
04-04 12:06:15.920 864 3172 D AccessPointPreference: summary : Internet-Box-Irek-5GHz, Secured with WPA/WPA2 (WPS available)
04-04 12:06:15.920 864 3172 D WifiManagerWrapper: calculateSignalLevel called
04-04 12:06:15.920 864 3172 D WifiManagerWrapper: calculateSignalLevel called
04-04 12:06:15.920 864 3172 D WifiManagerWrapper: calculateSignalLevel called
04-04 12:06:15.920 864 3172 D AccessPointPreference: summary : MobileTest-5, Secured with WPA2 (WPS available)
04-04 12:06:15.920 864 3172 D WifiManagerWrapper: calculateSignalLevel called
04-04 12:06:15.920 864 3172 D WifiManagerWrapper: calculateSignalLevel called
04-04 12:06:15.920 864 3172 D WifiManagerWrapper: calculateSignalLevel called
04-04 12:06:15.920 864 3172 D AccessPointPreference: summary : WLAN_Repeater_N263, Secured with WPA2 (WPS available)
04-04 12:06:15.920 864 3172 D WifiManagerWrapper: calculateSignalLevel called
04-04 12:06:15.920 864 3172 D WifiManagerWrapper: calculateSignalLevel called
04-04 12:06:15.921 864 3172 D WifiManagerWrapper: calculateSignalLevel called
04-04 12:06:15.921 864 3172 D AccessPointPreference: summary : Eniro, Secured with 802.1x
04-04 12:06:15.921 864 3172 D WifiManagerWrapper: calculateSignalLevel called
04-04 12:06:15.921 864 3172 D WifiManagerWrapper: calculateSignalLevel called
04-04 12:06:15.921 864 3172 D WifiManagerWrapper: calculateSignalLevel called
04-04 12:06:15.921 864 3172 D AccessPointPreference: summary : Internet-Box-Irek-5GHz, Secured with WPA/WPA2 (WPS available)
04-04 12:06:15.921 864 3172 D WifiManagerWrapper: calculateSignalLevel called
04-04 12:06:15.921 864 3172 D WifiManagerWrapper: calculateSignalLevel called
04-04 12:06:15.921 864 3172 D WifiManagerWrapper: calculateSignalLevel called
04-04 12:06:15.921 864 3172 D AccessPointPreference: summary : netia_izolatka, Secured with WPA2 (WPS available)
04-04 12:06:15.921 864 3172 D WifiManagerWrapper: calculateSignalLevel called
04-04 12:06:15.921 864 3172 D WifiManagerWrapper: calculateSignalLevel called
04-04 12:06:15.922 864 3172 D WifiManagerWrapper: calculateSignalLevel called
04-04 12:06:15.922 864 3172 D AccessPointPreference: summary : Internet-Box-IIIII, Secured with WPA2 (WPS available)
04-04 12:06:15.922 864 3172 D WifiManagerWrapper: calculateSignalLevel called
04-04 12:06:15.922 864 3172 D WifiManagerWrapper: calculateSignalLevel called
04-04 12:06:15.922 864 3172 D WifiManagerWrapper: calculateSignalLevel called
04-04 12:06:15.922 864 3172 D AccessPointPreference: summary : v1krzysio, Secured with WPA2 (WPS available)
04-04 12:06:15.922 864 3172 D WifiManagerWrapper: calculateSignalLevel called
04-04 12:06:15.922 864 3172 D WifiManagerWrapper: calculateSignalLevel called
04-04 12:06:15.922 864 3172 D WifiManagerWrapper: calculateSignalLevel called
04-04 12:06:15.923 864 3172 D AccessPointPreference: summary : v2krzysio-vlanid1, Secured with WPA2 (WPS available)
04-04 12:06:15.923 864 3172 D WifiManagerWrapper: calculateSignalLevel called
04-04 12:06:15.923 864 3172 D WifiManagerWrapper: calculateSignalLevel called
04-04 12:06:15.923 864 3172 D WifiManagerWrapper: calculateSignalLevel called
04-04 12:06:15.923 864 3172 D AccessPointPreference: summary : Ernest-sl-24, Secured with WPA2 (WPS available)
04-04 12:06:15.923 864 3172 D WifiManagerWrapper: calculateSignalLevel called
04-04 12:06:15.923 864 3172 D WifiManagerWrapper: calculateSignalLevel called
04-04 12:06:15.923 864 3172 D WifiManagerWrapper: calculateSignalLevel called
04-04 12:06:15.923 864 3172 D AccessPointPreference: summary : Internet-Box-Karol, Secured with WPA2 (WPS available)
04-04 12:06:15.923 864 3172 D WifiManagerWrapper: calculateSignalLevel called
04-04 12:06:15.923 864 3172 D WifiManagerWrapper: calculateSignalLevel called
04-04 12:06:15.923 864 3172 D WifiManagerWrapper: calculateSignalLevel called
04-04 12:06:15.924 864 3172 D AccessPointPreference: summary : Internet-Box-Starlink, Secured with WPA2 (WPS available)
04-04 12:06:15.924 864 3172 D WifiManagerWrapper: calculateSignalLevel called
04-04 12:06:15.924 864 3172 D WifiManagerWrapper: calculateSignalLevel called
04-04 12:06:15.924 864 3172 D WifiManagerWrapper: calculateSignalLevel called
04-04 12:06:15.924 864 3172 D AccessPointPreference: summary : my-00B150,
04-04 12:06:15.924 864 3172 D WifiManagerWrapper: calculateSignalLevel called
04-04 12:06:15.924 864 3172 D WifiManagerWrapper: calculateSignalLevel called
04-04 12:06:15.924 864 3172 D WifiManagerWrapper: calculateSignalLevel called
04-04 12:06:15.924 864 3172 D AccessPointPreference: summary : Internet-Box-82451, Secured with WPA2 (WPS available)
04-04 12:06:15.924 864 3172 D WifiManagerWrapper: calculateSignalLevel called
04-04 12:06:15.924 864 3172 D WifiManagerWrapper: calculateSignalLevel called
04-04 12:06:15.924 864 3172 D WifiManagerWrapper: calculateSignalLevel called
04-04 12:06:15.924 864 3172 D AccessPointPreference: summary : SL-SK, Secured with WPA2 (WPS available)
04-04 12:06:15.924 864 3172 D WifiManagerWrapper: calculateSignalLevel called
04-04 12:06:15.925 864 3172 D WifiManagerWrapper: calculateSignalLevel called
04-04 12:06:15.925 864 3172 D WifiManagerWrapper: calculateSignalLevel called
04-04 12:06:15.925 864 3172 D AccessPointPreference: summary : SGv2-Michal-5G-CH40, Secured with WPA/WPA2 (WPS available)
04-04 12:06:15.925 864 3172 D WifiManagerWrapper: calculateSignalLevel called
04-04 12:06:15.925 864 3172 D WifiManagerWrapper: calculateSignalLevel called
04-04 12:06:15.925 864 3172 D WifiManagerWrapper: calculateSignalLevel called
04-04 12:06:15.925 864 3172 D AccessPointPreference: summary : HAE-7days, Secured with WPA2 (WPS available)
04-04 12:06:15.925 864 3172 D WifiManagerWrapper: calculateSignalLevel called
04-04 12:06:15.925 864 3172 D WifiManagerWrapper: calculateSignalLevel called
04-04 12:06:15.925 864 3172 D WifiManagerWrapper: calculateSignalLevel called
04-04 12:06:15.925 864 3172 D AccessPointPreference: summary : Internet-Box-Weronika, Secured with WPA2
04-04 12:06:15.925 864 3172 D WifiManagerWrapper: calculateSignalLevel called
04-04 12:06:15.926 864 3172 D WifiManagerWrapper: calculateSignalLevel called
04-04 12:06:15.926 864 3172 D WifiManagerWrapper: calculateSignalLevel called
04-04 12:06:15.926 864 3172 D AccessPointPreference: summary : Eniro, Secured with 802.1x
04-04 12:06:15.926 864 3172 D WifiManagerWrapper: calculateSignalLevel called
04-04 12:06:15.926 864 3172 D WifiManagerWrapper: calculateSignalLevel called
04-04 12:06:15.926 864 3172 D WifiManagerWrapper: calculateSignalLevel called
04-04 12:06:15.928 864 3172 D AccessPointPreference: summary : IBv2-SK, Secured with WPA2 (WPS available)
04-04 12:06:15.928 864 3172 D WifiManagerWrapper: calculateSignalLevel called
04-04 12:06:15.928 864 3172 D WifiManagerWrapper: calculateSignalLevel called
04-04 12:06:15.928 864 3172 D WifiManagerWrapper: calculateSignalLevel called
04-04 12:06:15.929 864 3172 D AccessPointPreference: summary : netia_izolatka_5, Secured with WPA2 (WPS available)
04-04 12:06:15.929 864 3172 D WifiManagerWrapper: calculateSignalLevel called
04-04 12:06:15.929 864 3172 D WifiManagerWrapper: calculateSignalLevel called
04-04 12:06:15.929 864 3172 D WifiManagerWrapper: calculateSignalLevel called
04-04 12:06:15.929 864 3172 D AccessPointPreference: summary : v2krzysio-vlanid1, Secured with WPA2 (WPS available)
04-04 12:06:15.929 864 3172 D WifiManagerWrapper: calculateSignalLevel called
04-04 12:06:15.929 864 3172 D WifiManagerWrapper: calculateSignalLevel called
04-04 12:06:15.929 864 3172 D WifiManagerWrapper: calculateSignalLevel called
04-04 12:06:15.929 864 3172 D AccessPointPreference: summary : SGv1-Julia-5G-c6, Secured with WPA2 (WPS available)
04-04 12:06:15.929 864 3172 D WifiManagerWrapper: calculateSignalLevel called
04-04 12:06:15.929 864 3172 D WifiManagerWrapper: calculateSignalLevel called
04-04 12:06:15.930 864 3172 D WifiManagerWrapper: calculateSignalLevel called
04-04 12:06:15.930 864 3172 D AccessPointPreference: summary : monitoring_5ghz, Secured with WPA2 (WPS available)
04-04 12:06:15.930 864 3172 D WifiManagerWrapper: calculateSignalLevel called
04-04 12:06:15.930 864 3172 D WifiManagerWrapper: calculateSignalLevel called
04-04 12:06:15.930 864 3172 D WifiManagerWrapper: calculateSignalLevel called
04-04 12:06:15.930 864 3172 D AccessPointPreference: summary : Internet-Box-Artur_5GHz, Secured with WPA2 (WPS available)
04-04 12:06:15.930 864 3172 D WifiManagerWrapper: calculateSignalLevel called
04-04 12:06:15.930 864 3172 D WifiManagerWrapper: calculateSignalLevel called
04-04 12:06:15.930 864 3172 D WifiManagerWrapper: calculateSignalLevel called
04-04 12:06:15.930 864 3172 D AccessPointPreference: summary : SGv1_Irek_5Ghz, Secured with WPA2 (WPS available)
04-04 12:06:15.931 864 3172 D WifiManagerWrapper: calculateSignalLevel called
04-04 12:06:15.931 864 3172 D WifiManagerWrapper: calculateSignalLevel called
04-04 12:06:15.931 864 3172 D WifiManagerWrapper: calculateSignalLevel called
04-04 12:06:15.931 864 3172 D AccessPointPreference: summary : Internet-Box-Weronika5GHz, Secured with WPA2
04-04 12:06:15.931 864 3172 D WifiManagerWrapper: calculateSignalLevel called
04-04 12:06:15.931 864 3172 D WifiManagerWrapper: calculateSignalLevel called
04-04 12:06:15.931 864 3172 D WifiManagerWrapper: calculateSignalLevel called
04-04 12:06:15.931 864 3172 D AccessPointPreference: summary : HAE-7days, Secured with WPA2 (WPS available)
04-04 12:06:15.931 864 3172 D WifiManagerWrapper: calculateSignalLevel called
04-04 12:06:15.931 864 3172 D WifiManagerWrapper: calculateSignalLevel called
04-04 12:06:15.931 864 3172 D WifiManagerWrapper: calculateSignalLevel called
04-04 12:06:15.932 864 3172 D AccessPointPreference: summary : Internet-Box-82451_5GHz, Secured with WPA2 (WPS available)
04-04 12:06:15.932 864 3172 D WifiManagerWrapper: calculateSignalLevel called
04-04 12:06:15.932 864 3172 D WifiManagerWrapper: calculateSignalLevel called
04-04 12:06:15.932 864 3172 D WifiManagerWrapper: calculateSignalLevel called
04-04 12:06:15.932 864 3172 D AccessPointPreference: summary : v2krzysio-vlanid1, Secured with WPA2 (WPS available)
04-04 12:06:15.932 864 3172 D WifiManagerWrapper: calculateSignalLevel called
04-04 12:06:15.932 864 3172 D WifiManagerWrapper: calculateSignalLevel called
04-04 12:06:15.932 864 3172 D WifiManagerWrapper: calculateSignalLevel called
04-04 12:06:15.932 864 3172 D AccessPointPreference: summary : WLAN_Repeater_N263, Secured with WPA2 (WPS available)
04-04 12:06:15.932 864 3172 D WifiManagerWrapper: calculateSignalLevel called
04-04 12:06:15.932 864 3172 D WifiManagerWrapper: calculateSignalLevel called
04-04 12:06:15.932 864 3172 D WifiManagerWrapper: calculateSignalLevel called
04-04 12:06:15.933 864 3172 D AccessPointPreference: summary : Internet-Box-CapSel, Secured with WPA2 (WPS available)
04-04 12:06:15.933 864 3172 D WifiManagerWrapper: calculateSignalLevel called
04-04 12:06:15.933 864 3172 D WifiManagerWrapper: calculateSignalLevel called
04-04 12:06:15.933 864 3172 D WifiManagerWrapper: calculateSignalLevel called
04-04 12:06:15.933 864 3172 D AccessPointPreference: summary : Dzbanek-v1, Secured with WPA2 (WPS available)
04-04 12:06:15.933 864 3172 D WifiManagerWrapper: calculateSignalLevel called
04-04 12:06:15.933 864 3172 D WifiManagerWrapper: calculateSignalLevel called
04-04 12:06:15.933 864 3172 D WifiManagerWrapper: calculateSignalLevel called
04-04 12:06:15.933 864 3172 D AccessPointPreference: summary : Internet-Box-47068_5GHz, Secured with WPA2 (WPS available)
04-04 12:06:15.933 864 3172 D WifiManagerWrapper: calculateSignalLevel called
04-04 12:06:15.933 864 3172 D WifiManagerWrapper: calculateSignalLevel called
04-04 12:06:15.934 864 3172 D WifiManagerWrapper: calculateSignalLevel called
04-04 12:06:15.934 864 3172 D AccessPointPreference: summary : vestiacom-5g, Secured with 802.1x
04-04 12:06:15.934 864 3172 D WifiManagerWrapper: calculateSignalLevel called
04-04 12:06:15.934 864 3172 D WifiManagerWrapper: calculateSignalLevel called
04-04 12:06:15.934 864 3172 D WifiManagerWrapper: calculateSignalLevel called
04-04 12:06:15.934 864 3172 D AccessPointPreference: summary : my-0000E4,
04-04 12:06:15.934 864 3172 D WifiManagerWrapper: calculateSignalLevel called
04-04 12:06:15.934 864 3172 D WifiManagerWrapper: calculateSignalLevel called
04-04 12:06:15.934 864 3172 D WifiManagerWrapper: calculateSignalLevel called
04-04 12:06:15.934 864 3172 D AccessPointPreference: summary : v2krzysio-vlanid1, Secured with WPA2 (WPS available)
04-04 12:06:15.934 864 3172 D WifiManagerWrapper: calculateSignalLevel called
04-04 12:06:15.934 864 3172 D WifiManagerWrapper: calculateSignalLevel called
04-04 12:06:15.934 864 3172 D WifiManagerWrapper: calculateSignalLevel called
04-04 12:06:15.935 864 3172 D AccessPointPreference: summary : Ernest-sl-5, Secured with WPA2 (WPS available)
04-04 12:06:15.935 864 3172 D WifiManagerWrapper: calculateSignalLevel called
04-04 12:06:15.935 864 3172 D WifiManagerWrapper: calculateSignalLevel called
04-04 12:06:15.935 864 3172 D WifiManagerWrapper: calculateSignalLevel called
04-04 12:06:15.935 864 3172 D AccessPointPreference: summary : wb szl, Secured with WPA2
04-04 12:06:16.015 864 864 E HtcPreference: [removeAll]:before size= 45
04-04 12:06:16.015 864 864 E HtcPreference: Thread =Thread[main,5,main]
04-04 12:06:16.015 864 864 E HtcPreference: [removeAll]:after size= 0
04-04 12:06:16.015 864 864 E HtcPreference: Thread =Thread[main,5,main]
04-04 12:06:16.015 864 864 D WifiManagerWrapper: calculateSignalLevel called
04-04 12:06:16.015 864 864 E HtcPreference: [addPreference]:before size= 0
04-04 12:06:16.015 864 864 E HtcPreference: Thread =Thread[main,5,main]
04-04 12:06:16.015 864 864 E HtcPreference: [addPreference]:after size= 1
04-04 12:06:16.015 864 864 E HtcPreference: Thread =Thread[main,5,main]
04-04 12:06:16.015 864 864 D WifiManagerWrapper: calculateSignalLevel called
04-04 12:06:16.015 864 864 E HtcPreference: [addPreference]:before size= 1
04-04 12:06:16.015 864 864 E HtcPreference: Thread =Thread[main,5,main]
04-04 12:06:16.015 864 864 E HtcPreference: [addPreference]:after size= 2
04-04 12:06:16.015 864 864 E HtcPreference: Thread =Thread[main,5,main]
04-04 12:06:16.015 864 864 D WifiManagerWrapper: calculateSignalLevel called
04-04 12:06:16.015 864 864 E HtcPreference: [addPreference]:before size= 2
04-04 12:06:16.015 864 864 E HtcPreference: Thread =Thread[main,5,main]
04-04 12:06:16.015 864 864 E HtcPreference: [addPreference]:after size= 3
04-04 12:06:16.015 864 864 E HtcPreference: Thread =Thread[main,5,main]
04-04 12:06:16.015 864 864 D WifiManagerWrapper: calculateSignalLevel called
04-04 12:06:16.015 864 864 E HtcPreference: [addPreference]:before size= 3
04-04 12:06:16.015 864 864 E HtcPreference: Thread =Thread[main,5,main]
04-04 12:06:16.015 864 864 E HtcPreference: [addPreference]:after size= 4
04-04 12:06:16.015 864 864 E HtcPreference: Thread =Thread[main,5,main]
04-04 12:06:16.015 864 864 D WifiManagerWrapper: calculateSignalLevel called
04-04 12:06:16.015 864 864 E HtcPreference: [addPreference]:before size= 4
04-04 12:06:16.015 864 864 E HtcPreference: Thread =Thread[main,5,main]
04-04 12:06:16.015 864 864 E HtcPreference: [addPreference]:after size= 5
04-04 12:06:16.015 864 864 E HtcPreference: Thread =Thread[main,5,main]
04-04 12:06:16.015 864 864 D WifiManagerWrapper: calculateSignalLevel called
04-04 12:06:16.015 864 864 E HtcPreference: [addPreference]:before size= 5
04-04 12:06:16.015 864 864 E HtcPreference: Thread =Thread[main,5,main]
04-04 12:06:16.015 864 864 E HtcPreference: [addPreference]:after size= 6
04-04 12:06:16.015 864 864 E HtcPreference: Thread =Thread[main,5,main]
04-04 12:06:16.016 864 864 D WifiManagerWrapper: calculateSignalLevel called
04-04 12:06:16.016 864 864 E HtcPreference: [addPreference]:before size= 6
04-04 12:06:16.016 864 864 E HtcPreference: Thread =Thread[main,5,main]
04-04 12:06:16.016 864 864 E HtcPreference: [addPreference]:after size= 7
04-04 12:06:16.016 864 864 E HtcPreference: Thread =Thread[main,5,main]
04-04 12:06:16.016 864 864 D WifiManagerWrapper: calculateSignalLevel called
04-04 12:06:16.016 864 864 E HtcPreference: [addPreference]:before size= 7
04-04 12:06:16.016 864 864 E HtcPreference: Thread =Thread[main,5,main]
04-04 12:06:16.016 864 864 E HtcPreference: [addPreference]:after size= 8
04-04 12:06:16.016 864 864 E HtcPreference: Thread =Thread[main,5,main]
04-04 12:06:16.016 864 864 D WifiManagerWrapper: calculateSignalLevel called
04-04 12:06:16.016 864 864 E HtcPreference: [addPreference]:before size= 8
04-04 12:06:16.016 864 864 E HtcPreference: Thread =Thread[main,5,main]
04-04 12:06:16.016 864 864 E HtcPreference: [addPreference]:after size= 9
04-04 12:06:16.016 864 864 E HtcPreference: Thread =Thread[main,5,main]
04-04 12:06:16.016 864 864 D WifiManagerWrapper: calculateSignalLevel called
04-04 12:06:16.016 864 864 E HtcPreference: [addPreference]:before size= 9
04-04 12:06:16.016 864 864 E HtcPreference: Thread =Thread[main,5,main]
04-04 12:06:16.016 864 864 E HtcPreference: [addPreference]:after size= 10
04-04 12:06:16.016 864 864 E HtcPreference: Thread =Thread[main,5,main]
04-04 12:06:16.016 864 864 D WifiManagerWrapper: calculateSignalLevel called
04-04 12:06:16.016 864 864 E HtcPreference: [addPreference]:before size= 10
04-04 12:06:16.016 864 864 E HtcPreference: Thread =Thread[main,5,main]
04-04 12:06:16.016 864 864 E HtcPreference: [addPreference]:after size= 11
04-04 12:06:16.016 864 864 E HtcPreference: Thread =Thread[main,5,main]
04-04 12:06:16.016 864 864 D WifiManagerWrapper: calculateSignalLevel called
04-04 12:06:16.016 864 864 E HtcPreference: [addPreference]:before size= 11
04-04 12:06:16.016 864 864 E HtcPreference: Thread =Thread[main,5,main]
04-04 12:06:16.016 864 864 E HtcPreference: [addPreference]:after size= 12
04-04 12:06:16.016 864 864 E HtcPreference: Thread =Thread[main,5,main]
04-04 12:06:16.016 864 864 D WifiManagerWrapper: calculateSignalLevel called
04-04 12:06:16.016 864 864 E HtcPreference: [addPreference]:before size= 12
04-04 12:06:16.016 864 864 E HtcPreference: Thread =Thread[main,5,main]
04-04 12:06:16.017 864 864 E HtcPreference: [addPreference]:after size= 13
04-04 12:06:16.017 864 864 E HtcPreference: Thread =Thread[main,5,main]
04-04 12:06:16.017 864 864 D WifiManagerWrapper: calculateSignalLevel called
04-04 12:06:16.017 864 864 E HtcPreference: [addPreference]:before size= 13
04-04 12:06:16.017 864 864 E HtcPreference: Thread =Thread[main,5,main]
04-04 12:06:16.017 864 864 E HtcPreference: [addPreference]:after size= 14
04-04 12:06:16.017 864 864 E HtcPreference: Thread =Thread[main,5,main]
04-04 12:06:16.017 864 864 D WifiManagerWrapper: calculateSignalLevel called
04-04 12:06:16.017 864 864 E HtcPreference: [addPreference]:before size= 14
04-04 12:06:16.017 864 864 E HtcPreference: Thread =Thread[main,5,main]
04-04 12:06:16.017 864 864 E HtcPreference: [addPreference]:after size= 15
04-04 12:06:16.017 864 864 E HtcPreference: Thread =Thread[main,5,main]
04-04 12:06:16.017 864 864 D WifiManagerWrapper: calculateSignalLevel called
04-04 12:06:16.017 864 864 E HtcPreference: [addPreference]:before size= 15
04-04 12:06:16.017 864 864 E HtcPreference: Thread =Thread[main,5,main]
04-04 12:06:16.017 864 864 E HtcPreference: [addPreference]:after size= 16
04-04 12:06:16.017 864 864 E HtcPreference: Thread =Thread[main,5,main]
04-04 12:06:16.017 864 864 D WifiManagerWrapper: calculateSignalLevel called
04-04 12:06:16.017 864 864 E HtcPreference: [addPreference]:before size= 16
04-04 12:06:16.017 864 864 E HtcPreference: Thread =Thread[main,5,main]
04-04 12:06:16.017 864 864 E HtcPreference: [addPreference]:after size= 17
04-04 12:06:16.017 864 864 E HtcPreference: Thread =Thread[main,5,main]
04-04 12:06:16.017 864 864 D WifiManagerWrapper: calculateSignalLevel called
04-04 12:06:16.017 864 864 E HtcPreference: [addPreference]:before size= 17
04-04 12:06:16.017 864 864 E HtcPreference: Thread =Thread[main,5,main]
04-04 12:06:16.017 864 864 E HtcPreference: [addPreference]:after size= 18
04-04 12:06:16.017 864 864 E HtcPreference: Thread =Thread[main,5,main]
04-04 12:06:16.017 864 864 D WifiManagerWrapper: calculateSignalLevel called
04-04 12:06:16.017 864 864 E HtcPreference: [addPreference]:before size= 18
04-04 12:06:16.017 864 864 E HtcPreference: Thread =Thread[main,5,main]
04-04 12:06:16.017 864 864 E HtcPreference: [addPreference]:after size= 19
04-04 12:06:16.017 864 864 E HtcPreference: Thread =Thread[main,5,main]
04-04 12:06:16.017 864 864 D WifiManagerWrapper: calculateSignalLevel called
04-04 12:06:16.017 864 864 E HtcPreference: [addPreference]:before size= 19
04-04 12:06:16.018 864 864 E HtcPreference: Thread =Thread[main,5,main]
04-04 12:06:16.018 864 864 E HtcPreference: [addPreference]:after size= 20
04-04 12:06:16.018 864 864 E HtcPreference: Thread =Thread[main,5,main]
04-04 12:06:16.018 864 864 D WifiManagerWrapper: calculateSignalLevel called
04-04 12:06:16.018 864 864 E HtcPreference: [addPreference]:before size= 20
04-04 12:06:16.018 864 864 E HtcPreference: Thread =Thread[main,5,main]
04-04 12:06:16.018 864 864 E HtcPreference: [addPreference]:after size= 21
04-04 12:06:16.018 864 864 E HtcPreference: Thread =Thread[main,5,main]
04-04 12:06:16.018 864 864 D WifiManagerWrapper: calculateSignalLevel called
04-04 12:06:16.018 864 864 E HtcPreference: [addPreference]:before size= 21
04-04 12:06:16.018 864 864 E HtcPreference: Thread =Thread[main,5,main]
04-04 12:06:16.018 864 864 E HtcPreference: [addPreference]:after size= 22
04-04 12:06:16.018 864 864 E HtcPreference: Thread =Thread[main,5,main]
04-04 12:06:16.018 864 864 D WifiManagerWrapper: calculateSignalLevel called
04-04 12:06:16.018 864 864 E HtcPreference: [addPreference]:before size= 22
04-04 12:06:16.018 864 864 E HtcPreference: Thread =Thread[main,5,main]
04-04 12:06:16.018 864 864 E HtcPreference: [addPreference]:after size= 23
04-04 12:06:16.018 864 864 E HtcPreference: Thread =Thread[main,5,main]
04-04 12:06:16.018 864 864 D WifiManagerWrapper: calculateSignalLevel called
04-04 12:06:16.018 864 864 E HtcPreference: [addPreference]:before size= 23
04-04 12:06:16.018 864 864 E HtcPreference: Thread =Thread[main,5,main]
04-04 12:06:16.018 864 864 E HtcPreference: [addPreference]:after size= 24
04-04 12:06:16.018 864 864 E HtcPreference: Thread =Thread[main,5,main]
04-04 12:06:16.018 864 864 D WifiManagerWrapper: calculateSignalLevel called
04-04 12:06:16.018 864 864 E HtcPreference: [addPreference]:before size= 24
04-04 12:06:16.018 864 864 E HtcPreference: Thread =Thread[main,5,main]
04-04 12:06:16.018 864 864 E HtcPreference: [addPreference]:after size= 25
04-04 12:06:16.018 864 864 E HtcPreference: Thread =Thread[main,5,main]
04-04 12:06:16.018 864 864 D WifiManagerWrapper: calculateSignalLevel called
04-04 12:06:16.018 864 864 E HtcPreference: [addPreference]:before size= 25
04-04 12:06:16.018 864 864 E HtcPreference: Thread =Thread[main,5,main]
04-04 12:06:16.018 864 864 E HtcPreference: [addPreference]:after size= 26
04-04 12:06:16.018 864 864 E HtcPreference: Thread =Thread[main,5,main]
04-04 12:06:16.018 864 864 D WifiManagerWrapper: calculateSignalLevel called
04-04 12:06:16.019 864 864 E HtcPreference: [addPreference]:before size= 26
04-04 12:06:16.019 864 864 E HtcPreference: Thread =Thread[main,5,main]
04-04 12:06:16.019 864 864 E HtcPreference: [addPreference]:after size= 27
04-04 12:06:16.019 864 864 E HtcPreference: Thread =Thread[main,5,main]
04-04 12:06:16.019 864 864 D WifiManagerWrapper: calculateSignalLevel called
04-04 12:06:16.019 864 864 E HtcPreference: [addPreference]:before size= 27
04-04 12:06:16.019 864 864 E HtcPreference: Thread =Thread[main,5,main]
04-04 12:06:16.019 864 864 E HtcPreference: [addPreference]:after size= 28
04-04 12:06:16.019 864 864 E HtcPreference: Thread =Thread[main,5,main]
04-04 12:06:16.019 864 864 D WifiManagerWrapper: calculateSignalLevel called
04-04 12:06:16.019 864 864 D WifiManagerWrapper: calculateSignalLevel called
04-04 12:06:16.019 864 864 D AccessPointPreference: summary : vestiacom, Secured with 802.1x
04-04 12:06:16.019 864 864 E HtcPreference: [addPreference]:before size= 28
04-04 12:06:16.019 864 864 E HtcPreference: Thread =Thread[main,5,main]
04-04 12:06:16.019 864 864 E HtcPreference: [addPreference]:after size= 29
04-04 12:06:16.019 864 864 E HtcPreference: Thread =Thread[main,5,main]
04-04 12:06:16.020 864 864 D WifiManagerWrapper: calculateSignalLevel called
04-04 12:06:16.020 864 864 E HtcPreference: [addPreference]:before size= 29
04-04 12:06:16.020 864 864 E HtcPreference: Thread =Thread[main,5,main]
04-04 12:06:16.020 864 864 E HtcPreference: [addPreference]:after size= 30
04-04 12:06:16.020 864 864 E HtcPreference: Thread =Thread[main,5,main]
04-04 12:06:16.020 864 864 D WifiManagerWrapper: calculateSignalLevel called
04-04 12:06:16.020 864 864 E HtcPreference: [addPreference]:before size= 30
04-04 12:06:16.020 864 864 E HtcPreference: Thread =Thread[main,5,main]
04-04 12:06:16.020 864 864 E HtcPreference: [addPreference]:after size= 31
04-04 12:06:16.020 864 864 E HtcPreference: Thread =Thread[main,5,main]
04-04 12:06:16.020 864 864 D WifiManagerWrapper: calculateSignalLevel called
04-04 12:06:16.020 864 864 E HtcPreference: [addPreference]:before size= 31
04-04 12:06:16.020 864 864 E HtcPreference: Thread =Thread[main,5,main]
04-04 12:06:16.020 864 864 E HtcPreference: [addPreference]:after size= 32
04-04 12:06:16.020 864 864 E HtcPreference: Thread =Thread[main,5,main]
04-04 12:06:16.020 864 864 D WifiManagerWrapper: calculateSignalLevel called
04-04 12:06:16.020 864 864 E HtcPreference: [addPreference]:before size= 32
04-04 12:06:16.020 864 864 E HtcPreference: Thread =Thread[main,5,main]
04-04 12:06:16.020 864 864 E HtcPreference: [addPreference]:after size= 33
04-04 12:06:16.020 864 864 E HtcPreference: Thread =Thread[main,5,main]
04-04 12:06:16.020 864 864 D WifiManagerWrapper: calculateSignalLevel called
04-04 12:06:16.020 864 864 E HtcPreference: [addPreference]:before size= 33
04-04 12:06:16.020 864 864 E HtcPreference: Thread =Thread[main,5,main]
04-04 12:06:16.020 864 864 E HtcPreference: [addPreference]:after size= 34
04-04 12:06:16.020 864 864 E HtcPreference: Thread =Thread[main,5,main]
04-04 12:06:16.020 864 864 D WifiManagerWrapper: calculateSignalLevel called
04-04 12:06:16.020 864 864 E HtcPreference: [addPreference]:before size= 34
04-04 12:06:16.020 864 864 E HtcPreference: Thread =Thread[main,5,main]
04-04 12:06:16.020 864 864 E HtcPreference: [addPreference]:after size= 35
04-04 12:06:16.020 864 864 E HtcPreference: Thread =Thread[main,5,main]
04-04 12:06:16.020 864 864 D WifiManagerWrapper: calculateSignalLevel called
04-04 12:06:16.020 864 864 E HtcPreference: [addPreference]:before size= 35
04-04 12:06:16.021 864 864 E HtcPreference: Thread =Thread[main,5,main]
04-04 12:06:16.021 864 864 E HtcPreference: [addPreference]:after size= 36
04-04 12:06:16.021 864 864 E HtcPreference: Thread =Thread[main,5,main]
04-04 12:06:16.021 864 864 D WifiManagerWrapper: calculateSignalLevel called
04-04 12:06:16.021 864 864 E HtcPreference: [addPreference]:before size= 36
04-04 12:06:16.021 864 864 E HtcPreference: Thread =Thread[main,5,main]
04-04 12:06:16.021 864 864 E HtcPreference: [addPreference]:after size= 37
04-04 12:06:16.021 864 864 E HtcPreference: Thread =Thread[main,5,main]
04-04 12:06:16.021 864 864 D WifiManagerWrapper: calculateSignalLevel called
04-04 12:06:16.021 864 864 E HtcPreference: [addPreference]:before size= 37
04-04 12:06:16.021 864 864 E HtcPreference: Thread =Thread[main,5,main]
04-04 12:06:16.021 864 864 E HtcPreference: [addPreference]:after size= 38
04-04 12:06:16.021 864 864 E HtcPreference: Thread =Thread[main,5,main]
04-04 12:06:16.021 864 864 D WifiManagerWrapper: calculateSignalLevel called
04-04 12:06:16.021 864 864 E HtcPreference: [addPreference]:before size= 38
04-04 12:06:16.021 864 864 E HtcPreference: Thread =Thread[main,5,main]
04-04 12:06:16.021 864 864 E HtcPreference: [addPreference]:after size= 39
04-04 12:06:16.021 864 864 E HtcPreference: Thread =Thread[main,5,main]
04-04 12:06:16.021 864 864 D WifiManagerWrapper: calculateSignalLevel called
04-04 12:06:16.021 864 864 E HtcPreference: [addPreference]:before size= 39
04-04 12:06:16.021 864 864 E HtcPreference: Thread =Thread[main,5,main]
04-04 12:06:16.021 864 864 E HtcPreference: [addPreference]:after size= 40
04-04 12:06:16.021 864 864 E HtcPreference: Thread =Thread[main,5,main]
04-04 12:06:16.021 864 864 D WifiManagerWrapper: calculateSignalLevel called
04-04 12:06:16.021 864 864 E HtcPreference: [addPreference]:before size= 40
04-04 12:06:16.021 864 864 E HtcPreference: Thread =Thread[main,5,main]
04-04 12:06:16.021 864 864 E HtcPreference: [addPreference]:after size= 41
04-04 12:06:16.021 864 864 E HtcPreference: Thread =Thread[main,5,main]
04-04 12:06:16.021 864 864 D WifiManagerWrapper: calculateSignalLevel called
04-04 12:06:16.021 864 864 E HtcPreference: [addPreference]:before size= 41
04-04 12:06:16.021 864 864 E HtcPreference: Thread =Thread[main,5,main]
04-04 12:06:16.021 864 864 E HtcPreference: [addPreference]:after size= 42
04-04 12:06:16.021 864 864 E HtcPreference: Thread =Thread[main,5,main]
04-04 12:06:16.021 864 864 D WifiManagerWrapper: calculateSignalLevel called
04-04 12:06:16.022 864 864 E HtcPreference: [addPreference]:before size= 42
04-04 12:06:16.022 864 864 E HtcPreference: Thread =Thread[main,5,main]
04-04 12:06:16.022 864 864 E HtcPreference: [addPreference]:after size= 43
04-04 12:06:16.022 864 864 E HtcPreference: Thread =Thread[main,5,main]
04-04 12:06:16.022 864 864 D WifiManagerWrapper: calculateSignalLevel called
04-04 12:06:16.022 864 864 E HtcPreference: [addPreference]:before size= 43
04-04 12:06:16.022 864 864 E HtcPreference: Thread =Thread[main,5,main]
04-04 12:06:16.022 864 864 E HtcPreference: [addPreference]:after size= 44
