04-04 12:05:00.304 1116 1116 I CustomizationCIDLoader: add string-array item, value = 310660
04-04 12:05:00.304 1116 1116 I CustomizationCIDLoader: add string-array item, value = 310800
04-04 12:05:00.304 1116 1116 I CustomizationCIDLoader: add string-array item, value = 22801
04-04 12:05:00.304 1116 1116 I CustomizationCIDLoader: add string-array item, value = 20810
04-04 12:05:00.304 1116 1116 I CustomizationCIDLoader: add string-array item, value = 26202
04-04 12:05:00.304 1116 1116 I CustomizationCIDLoader: add string-array item, value = 20205
04-04 12:05:00.304 1116 1116 I CustomizationCIDLoader: add string-array item, value = 22210
04-04 12:05:00.304 1116 1116 I CustomizationCIDLoader: add string-array item, value = 20404
04-04 12:05:00.304 1116 1116 I CustomizationCIDLoader: add string-array item, value = 26801
04-04 12:05:00.304 1116 1116 I CustomizationCIDLoader: add string-array item, value = 21401
04-04 12:05:00.304 1116 1116 I CustomizationCIDLoader: add string-array item, value = 21418
04-04 12:05:00.305 1116 1116 I CustomizationCIDLoader: add string-array item, value = 23415
04-04 12:05:00.305 1116 1116 I CustomizationCIDLoader: add string-array item, value = 27201
04-04 12:05:00.305 1116 1116 I CustomizationCIDLoader: add string-array item, value = 22610
04-04 12:05:00.305 1116 1116 I CustomizationCIDLoader: add string-array item, value = 21404
04-04 12:05:00.305 1116 1116 I CustomizationCIDLoader: add string-array item, value = 22201
04-04 12:05:00.306 1116 1116 D MNSMapFileLoader: Parsing tag item name = 234
04-04 12:05:00.306 1116 1116 D MNSMapFileLoader: Parsing tag item name = 272
04-04 12:05:00.306 1116 1116 D MNSMapFileLoader: Parsing tag item name = 23594
04-04 12:05:00.306 1116 1116 D MNSMapFileLoader: Parsing tag item name = 204
04-04 12:05:00.306 1116 1116 D MNSMapFileLoader: Parsing tag item name = 20601
04-04 12:05:00.306 1116 1116 D MNSMapFileLoader: Parsing tag item name = 20605
04-04 12:05:00.307 1116 1116 D MNSMapFileLoader: Parsing tag item name = 20610
04-04 12:05:00.307 1116 1116 D MNSMapFileLoader: Parsing tag item name = 20620
04-04 12:05:00.307 1116 1116 D MNSMapFileLoader: Parsing tag item name = 27001
04-04 12:05:00.307 1116 1116 D MNSMapFileLoader: Parsing tag item name = 27077
04-04 12:05:00.307 1116 1116 D MNSMapFileLoader: Parsing tag item name = 27099
04-04 12:05:00.307 1116 1116 D MNSMapFileLoader: Parsing tag item name = 262
04-04 12:05:00.307 1116 1116 D MNSMapFileLoader: Parsing tag item name = 232
04-04 12:05:00.307 1116 1116 D MNSMapFileLoader: Parsing tag item name = 228
04-04 12:05:00.308 1116 1116 D MNSMapFileLoader: Parsing tag item name = 20810
04-04 12:05:00.308 1116 1116 D MNSMapFileLoader: Parsing tag item name = 20801
04-04 12:05:00.308 1116 1116 D MNSMapFileLoader: Parsing tag item name = 20820
04-04 12:05:00.308 1116 1116 D MNSMapFileLoader: Parsing tag item name = 20815
04-04 12:05:00.308 1116 1116 D MNSMapFileLoader: Parsing tag item name = 20823
04-04 12:05:00.308 1116 1116 D MNSMapFileLoader: Parsing tag item name = 20826
04-04 12:05:00.308 1116 1116 D MNSMapFileLoader: Parsing tag item name = 64700
04-04 12:05:00.308 1116 1116 D MNSMapFileLoader: Parsing tag item name = 64710
04-04 12:05:00.308 1116 1116 D MNSMapFileLoader: Parsing tag item name = 34001
04-04 12:05:00.308 1116 1116 D MNSMapFileLoader: Parsing tag item name = 22201
04-04 12:05:00.308 1116 1116 D MNSMapFileLoader: Parsing tag item name = 22210
04-04 12:05:00.308 1116 1116 D MNSMapFileLoader: Parsing tag item name = 22299
04-04 12:05:00.308 1116 1116 D MNSMapFileLoader: Parsing tag item name = 22288
04-04 12:05:00.309 1116 1116 D MNSMapFileLoader: Parsing tag item name = 238
04-04 12:05:00.309 1116 1116 D MNSMapFileLoader: Parsing tag item name = 240
04-04 12:05:00.309 1116 1116 D MNSMapFileLoader: Parsing tag item name = 242
04-04 12:05:00.309 1116 1116 D MNSMapFileLoader: Parsing tag item name = 214
04-04 12:05:00.309 1116 1116 D MNSMapFileLoader: Parsing tag item name = 268
04-04 12:05:00.309 1116 1116 D MNSMapFileLoader: Parsing tag item name = 280
04-04 12:05:00.309 1116 1116 D MNSMapFileLoader: Parsing tag item name = 20210
04-04 12:05:00.309 1116 1116 D MNSMapFileLoader: Parsing tag item name = 20209
04-04 12:05:00.309 1116 1116 D MNSMapFileLoader: Parsing tag item name = 20205
04-04 12:05:00.309 1116 1116 D MNSMapFileLoader: Parsing tag item name = 20201
04-04 12:05:00.309 1116 1116 D MNSMapFileLoader: Parsing tag item name = 250
04-04 12:05:00.309 1116 1116 D MNSMapFileLoader: Parsing tag item name = 25012
04-04 12:05:00.309 1116 1116 D MNSMapFileLoader: Parsing tag item name = 25007
04-04 12:05:00.309 1116 1116 D MNSMapFileLoader: Parsing tag item name = 25017
04-04 12:05:00.310 1116 1116 D MNSMapFileLoader: Parsing tag item name = 28301
04-04 12:05:00.310 1116 1116 D MNSMapFileLoader: Parsing tag item name = 28310
04-04 12:05:00.310 1116 1116 D MNSMapFileLoader: Parsing tag item name = 28305
04-04 12:05:00.310 1116 1116 D MNSMapFileLoader: Parsing tag item name = 40102
04-04 12:05:00.310 1116 1116 D MNSMapFileLoader: Parsing tag item name = 40101
04-04 12:05:00.310 1116 1116 D MNSMapFileLoader: Parsing tag item name = 25020
04-04 12:05:00.310 1116 1116 D MNSMapFileLoader: Parsing tag item name = 25002
04-04 12:05:00.310 1116 1116 D MNSMapFileLoader: Parsing tag item name = 25099
04-04 12:05:00.310 1116 1116 D MNSMapFileLoader: Parsing tag item name = 25001
04-04 12:05:00.310 1116 1116 D MNSMapFileLoader: Parsing tag item name = 25011
04-04 12:05:00.310 1116 1116 D MNSMapFileLoader: Parsing tag item name = 28310
04-04 12:05:00.310 1116 1116 D MNSMapFileLoader: Parsing tag item name = 25701
04-04 12:05:00.310 1116 1116 D MNSMapFileLoader: Parsing tag item name = 25702
04-04 12:05:00.311 1116 1116 D MNSMapFileLoader: Parsing tag item name = 40101
04-04 12:05:00.311 1116 1116 D MNSMapFileLoader: Parsing tag item name = 40102
04-04 12:05:00.311 1116 1116 D MNSMapFileLoader: Parsing tag item name = 28305
04-04 12:05:00.311 1116 1116 D MNSMapFileLoader: Parsing tag item name = 28301
04-04 12:05:00.311 1116 1116 D MNSMapFileLoader: Parsing tag item name = 25039
04-04 12:05:00.311 1116 1116 D MNSMapFileLoader: Parsing tag item name = 218
04-04 12:05:00.311 1116 1116 D MNSMapFileLoader: Parsing tag item name = 278
04-04 12:05:00.311 1116 1116 D MNSMapFileLoader: Parsing tag item name = 297
04-04 12:05:00.311 1116 1116 D MNSMapFileLoader: Parsing tag item name = 294
04-04 12:05:00.311 1116 1116 D MNSMapFileLoader: Parsing tag item name = 276
04-04 12:05:00.311 1116 1116 D MNSMapFileLoader: Parsing tag item name = 257
04-04 12:05:00.311 1116 1116 D MNSMapFileLoader: Parsing tag item name = 420
04-04 12:05:00.312 1116 1116 D MNSMapFileLoader: Parsing tag item name = 424
04-04 12:05:00.312 1116 1116 D MNSMapFileLoader: Parsing tag item name = 65510
04-04 12:05:00.312 1116 1116 D MNSMapFileLoader: Parsing tag item name = 65501
04-04 12:05:00.312 1116 1116 D MNSMapFileLoader: Parsing tag item name = 65502
04-04 12:05:00.312 1116 1116 D MNSMapFileLoader: Parsing tag item name = 65507
04-04 12:05:00.312 1116 1116 D MNSMapFileLoader: Parsing tag item name = 286
04-04 12:05:00.312 1116 1116 D MNSMapFileLoader: Parsing tag item name = 255
04-04 12:05:00.312 1116 1116 D MNSMapFileLoader: Parsing tag item name = 425
04-04 12:05:00.312 1116 1116 D MNSMapFileLoader: Parsing tag item name = 63102
04-04 12:05:00.312 1116 1116 D MNSMapFileLoader: Parsing tag item name = 61603
04-04 12:05:00.312 1116 1116 D MNSMapFileLoader: Parsing tag item name = 61605
04-04 12:05:00.312 1116 1116 D MNSMapFileLoader: Parsing tag item name = 65201
04-04 12:05:00.312 1116 1116 D MNSMapFileLoader: Parsing tag item name = 65202
04-04 12:05:00.313 1116 1116 D MNSMapFileLoader: Parsing tag item name = 62401
04-04 12:05:00.313 1116 1116 D MNSMapFileLoader: Parsing tag item name = 62402
04-04 12:05:00.313 1116 1116 D MNSMapFileLoader: Parsing tag item name = 63901
04-04 12:05:00.313 1116 1116 D MNSMapFileLoader: Parsing tag item name = 63002
04-04 12:05:00.313 1116 1116 D MNSMapFileLoader: Parsing tag item name = 63089
04-04 12:05:00.313 1116 1116 D MNSMapFileLoader: Parsing tag item name = 62803
04-04 12:05:00.313 1116 1116 D MNSMapFileLoader: Parsing tag item name = 63902
04-04 12:05:00.313 1116 1116 D MNSMapFileLoader: Parsing tag item name = 63903
04-04 12:05:00.313 1116 1116 D MNSMapFileLoader: Parsing tag item name = 63905
04-04 12:05:00.313 1116 1116 D MNSMapFileLoader: Parsing tag item name = 65101
04-04 12:05:00.313 1116 1116 D MNSMapFileLoader: Parsing tag item name = 64601
04-04 12:05:00.313 1116 1116 D MNSMapFileLoader: Parsing tag item name = 64602
04-04 12:05:00.313 1116 1116 D MNSMapFileLoader: Parsing tag item name = 64603
04-04 12:05:00.314 1116 1116 D MNSMapFileLoader: Parsing tag item name = 65001
04-04 12:05:00.314 1116 1116 D MNSMapFileLoader: Parsing tag item name = 65010
04-04 12:05:00.314 1116 1116 D MNSMapFileLoader: Parsing tag item name = 61701
04-04 12:05:00.314 1116 1116 D MNSMapFileLoader: Parsing tag item name = 61710
04-04 12:05:00.314 1116 1116 D MNSMapFileLoader: Parsing tag item name = 64301
04-04 12:05:00.314 1116 1116 D MNSMapFileLoader: Parsing tag item name = 64304
04-04 12:05:00.314 1116 1116 D MNSMapFileLoader: Parsing tag item name = 64901
04-04 12:05:00.314 1116 1116 D MNSMapFileLoader: Parsing tag item name = 64903
04-04 12:05:00.314 1116 1116 D MNSMapFileLoader: Parsing tag item name = 62120
04-04 12:05:00.314 1116 1116 D MNSMapFileLoader: Parsing tag item name = 62130
04-04 12:05:00.314 1116 1116 D MNSMapFileLoader: Parsing tag item name = 62150
04-04 12:05:00.314 1116 1116 D MNSMapFileLoader: Parsing tag item name = 62160
04-04 12:05:00.315 1116 1116 D MNSMapFileLoader: Parsing tag item name = 62901
04-04 12:05:00.315 1116 1116 D MNSMapFileLoader: Parsing tag item name = 62907
04-04 12:05:00.315 1116 1116 D MNSMapFileLoader: Parsing tag item name = 62910
04-04 12:05:00.315 1116 1116 D MNSMapFileLoader: Parsing tag item name = 63510
04-04 12:05:00.315 1116 1116 D MNSMapFileLoader: Parsing tag item name = 63513
04-04 12:05:00.315 1116 1116 D MNSMapFileLoader: Parsing tag item name = 63301
04-04 12:05:00.315 1116 1116 D MNSMapFileLoader: Parsing tag item name = 63401
04-04 12:05:00.315 1116 1116 D MNSMapFileLoader: Parsing tag item name = 63402
04-04 12:05:00.315 1116 1116 D MNSMapFileLoader: Parsing tag item name = 65310
04-04 12:05:00.315 1116 1116 D MNSMapFileLoader: Parsing tag item name = 64002
04-04 12:05:00.315 1116 1116 D MNSMapFileLoader: Parsing tag item name = 64003
04-04 12:05:00.315 1116 1116 D MNSMapFileLoader: Parsing tag item name = 64004
04-04 12:05:00.316 1116 1116 D MNSMapFileLoader: Parsing tag item name = 64005
04-04 12:05:00.316 1116 1116 D MNSMapFileLoader: Parsing tag item name = 64101
04-04 12:05:00.316 1116 1116 D MNSMapFileLoader: Parsing tag item name = 64110
04-04 12:05:00.316 1116 1116 D MNSMapFileLoader: Parsing tag item name = 64111
04-04 12:05:00.316 1116 1116 D MNSMapFileLoader: Parsing tag item name = 64122
04-04 12:05:00.316 1116 1116 D MNSMapFileLoader: Parsing tag item name = 64501
04-04 12:05:00.316 1116 1116 D MNSMapFileLoader: Parsing tag item name = 64502
04-04 12:05:00.316 1116 1116 D MNSMapFileLoader: Parsing tag item name = 64804
04-04 12:05:00.316 1116 1116 D MNSMapFileLoader: Parsing tag item name = 62001
04-04 12:05:00.316 1116 1116 D MNSMapFileLoader: Parsing tag item name = 62002
04-04 12:05:00.316 1116 1116 D MNSMapFileLoader: Parsing tag item name = 62003
04-04 12:05:00.316 1116 1116 D MNSMapFileLoader: Parsing tag item name = 61202
04-04 12:05:00.317 1116 1116 D MNSMapFileLoader: Parsing tag item name = 61203
04-04 12:05:00.317 1116 1116 D MNSMapFileLoader: Parsing tag item name = 61203
04-04 12:05:00.317 1116 1116 D MNSMapFileLoader: Parsing tag item name = 61204
04-04 12:05:00.317 1116 1116 D MNSMapFileLoader: Parsing tag item name = 61205
04-04 12:05:00.317 1116 1116 D MNSMapFileLoader: Parsing tag item name = 61206
04-04 12:05:00.317 1116 1116 D MNSMapFileLoader: Parsing tag item name = 61701
04-04 12:05:00.317 1116 1116 D MNSMapFileLoader: Parsing tag item name = 61710
04-04 12:05:00.317 1116 1116 D MNSMapFileLoader: Parsing tag item name = 260
04-04 12:05:00.317 1116 1116 D MNSMapFileLoader: Parsing tag item name = 248
04-04 12:05:00.317 1116 1116 D MNSMapFileLoader: Parsing tag item name = 226
04-04 12:05:00.317 1116 1116 D MNSMapFileLoader: Parsing tag item name = 259
04-04 12:05:00.318 1116 1116 D MNSMapFileLoader: Parsing tag item name = 293
04-04 12:05:00.318 1116 1116 D MNSMapFileLoader: Parsing tag item name = 220
04-04 12:05:00.318 1116 1116 D MNSMapFileLoader: Parsing tag item name = 219
04-04 12:05:00.318 1116 1116 D MNSMapFileLoader: Parsing tag item name = 284
04-04 12:05:00.318 1116 1116 D MNSMapFileLoader: Parsing tag item name = 230
04-04 12:05:00.318 1116 1116 D MNSMapFileLoader: Parsing tag item name = 231
04-04 12:05:00.318 1116 1116 D MNSMapFileLoader: Parsing tag item name = 216
04-04 12:05:00.318 1116 1116 D MNSMapFileLoader: Parsing tag item name = 246
04-04 12:05:00.318 1116 1116 D MNSMapFileLoader: Parsing tag item name = 247
04-04 12:05:00.319 1116 1116 E BaseLoader: parseConfig error:java.io.FileNotFoundException: /system/customize/spn_map.xml: open failed: ENOENT (No such file or directory)
04-04 12:05:00.321 1116 1116 E BaseLoader: parseConfig error:java.lang.NullPointerException: Attempt to invoke virtual method 'boolean java.lang.String.equals(java.lang.Object)' on a null object reference
04-04 12:05:00.323 1116 1197 D CustomizationMNSLoader: full path : /system/customize/MNS/250.xml
04-04 12:05:00.323 1116 1197 D CustomizationMNSLoader: Parsing tag category name = system
04-04 12:05:00.324 1116 1197 D CustomizationMNSLoader: Parsing tag category name = application
04-04 12:05:00.328 864 973 D AccessPointPreference: summary : AppiumPjonteczka, Secured with WPA2
04-04 12:05:00.332 864 864 E HtcPreference: [removeAll]:before size= 43
04-04 12:05:00.332 864 864 E HtcPreference: Thread =Thread[main,5,main]
04-04 12:05:00.332 864 864 E HtcPreference: [removeAll]:after size= 0
04-04 12:05:00.333 864 864 E HtcPreference: Thread =Thread[main,5,main]
04-04 12:05:00.333 864 864 D WifiManagerWrapper: calculateSignalLevel called
04-04 12:05:00.333 864 864 E HtcPreference: [addPreference]:before size= 0
04-04 12:05:00.333 864 864 E HtcPreference: Thread =Thread[main,5,main]
04-04 12:05:00.333 864 864 E HtcPreference: [addPreference]:after size= 1
04-04 12:05:00.333 864 864 E HtcPreference: Thread =Thread[main,5,main]
04-04 12:05:00.333 864 864 D WifiManagerWrapper: calculateSignalLevel called
04-04 12:05:00.333 864 864 E HtcPreference: [addPreference]:before size= 1
04-04 12:05:00.333 864 864 E HtcPreference: Thread =Thread[main,5,main]
04-04 12:05:00.333 864 864 E HtcPreference: [addPreference]:after size= 2
04-04 12:05:00.333 864 864 E HtcPreference: Thread =Thread[main,5,main]
04-04 12:05:00.333 864 864 D WifiManagerWrapper: calculateSignalLevel called
04-04 12:05:00.333 864 864 E HtcPreference: [addPreference]:before size= 2
04-04 12:05:00.333 864 864 E HtcPreference: Thread =Thread[main,5,main]
04-04 12:05:00.333 864 864 E HtcPreference: [addPreference]:after size= 3
04-04 12:05:00.333 864 864 E HtcPreference: Thread =Thread[main,5,main]
04-04 12:05:00.333 864 864 D WifiManagerWrapper: calculateSignalLevel called
04-04 12:05:00.333 864 864 E HtcPreference: [addPreference]:before size= 3
04-04 12:05:00.333 864 864 E HtcPreference: Thread =Thread[main,5,main]
04-04 12:05:00.333 864 864 E HtcPreference: [addPreference]:after size= 4
04-04 12:05:00.333 864 864 E HtcPreference: Thread =Thread[main,5,main]
04-04 12:05:00.333 864 864 D WifiManagerWrapper: calculateSignalLevel called
04-04 12:05:00.333 864 864 E HtcPreference: [addPreference]:before size= 4
04-04 12:05:00.333 864 864 E HtcPreference: Thread =Thread[main,5,main]
04-04 12:05:00.333 864 864 E HtcPreference: [addPreference]:after size= 5
04-04 12:05:00.333 864 864 E HtcPreference: Thread =Thread[main,5,main]
04-04 12:05:00.333 864 864 D WifiManagerWrapper: calculateSignalLevel called
04-04 12:05:00.333 864 864 E HtcPreference: [addPreference]:before size= 5
04-04 12:05:00.334 864 864 E HtcPreference: Thread =Thread[main,5,main]
04-04 12:05:00.334 864 864 E HtcPreference: [addPreference]:after size= 6
04-04 12:05:00.334 864 864 E HtcPreference: Thread =Thread[main,5,main]
04-04 12:05:00.334 864 864 D WifiManagerWrapper: calculateSignalLevel called
04-04 12:05:00.334 864 864 E HtcPreference: [addPreference]:before size= 6
04-04 12:05:00.334 864 864 E HtcPreference: Thread =Thread[main,5,main]
04-04 12:05:00.334 864 864 E HtcPreference: [addPreference]:after size= 7
04-04 12:05:00.334 864 864 E HtcPreference: Thread =Thread[main,5,main]
04-04 12:05:00.334 864 864 D WifiManagerWrapper: calculateSignalLevel called
04-04 12:05:00.334 864 864 E HtcPreference: [addPreference]:before size= 7
04-04 12:05:00.334 864 864 E HtcPreference: Thread =Thread[main,5,main]
04-04 12:05:00.334 864 864 E HtcPreference: [addPreference]:after size= 8
04-04 12:05:00.334 864 864 E HtcPreference: Thread =Thread[main,5,main]
04-04 12:05:00.334 864 864 D WifiManagerWrapper: calculateSignalLevel called
04-04 12:05:00.334 864 864 E HtcPreference: [addPreference]:before size= 8
04-04 12:05:00.334 864 864 E HtcPreference: Thread =Thread[main,5,main]
04-04 12:05:00.334 864 864 E HtcPreference: [addPreference]:after size= 9
04-04 12:05:00.334 864 864 E HtcPreference: Thread =Thread[main,5,main]
04-04 12:05:00.334 864 864 D WifiManagerWrapper: calculateSignalLevel called
04-04 12:05:00.334 864 864 E HtcPreference: [addPreference]:before size= 9
04-04 12:05:00.334 864 864 E HtcPreference: Thread =Thread[main,5,main]
04-04 12:05:00.334 864 864 E HtcPreference: [addPreference]:after size= 10
04-04 12:05:00.334 864 864 E HtcPreference: Thread =Thread[main,5,main]
04-04 12:05:00.334 864 864 D WifiManagerWrapper: calculateSignalLevel called
04-04 12:05:00.334 864 864 E HtcPreference: [addPreference]:before size= 10
04-04 12:05:00.334 864 864 E HtcPreference: Thread =Thread[main,5,main]
04-04 12:05:00.334 864 864 E HtcPreference: [addPreference]:after size= 11
04-04 12:05:00.334 864 864 E HtcPreference: Thread =Thread[main,5,main]
04-04 12:05:00.334 864 864 D WifiManagerWrapper: calculateSignalLevel called
04-04 12:05:00.335 864 864 E HtcPreference: [addPreference]:before size= 11
04-04 12:05:00.335 864 864 E HtcPreference: Thread =Thread[main,5,main]
04-04 12:05:00.335 864 864 E HtcPreference: [addPreference]:after size= 12
04-04 12:05:00.335 864 864 E HtcPreference: Thread =Thread[main,5,main]
04-04 12:05:00.335 1185 1185 W System : ClassLoader referenced unknown path: /system/priv-app/FlexNet/lib/arm
04-04 12:05:00.335 864 864 D WifiManagerWrapper: calculateSignalLevel called
04-04 12:05:00.335 864 864 E HtcPreference: [addPreference]:before size= 12
04-04 12:05:00.335 864 864 E HtcPreference: Thread =Thread[main,5,main]
04-04 12:05:00.335 864 864 E HtcPreference: [addPreference]:after size= 13
04-04 12:05:00.335 864 864 E HtcPreference: Thread =Thread[main,5,main]
04-04 12:05:00.335 864 864 D WifiManagerWrapper: calculateSignalLevel called
04-04 12:05:00.335 864 864 E HtcPreference: [addPreference]:before size= 13
04-04 12:05:00.335 864 864 E HtcPreference: Thread =Thread[main,5,main]
04-04 12:05:00.335 864 864 E HtcPreference: [addPreference]:after size= 14
04-04 12:05:00.335 864 864 E HtcPreference: Thread =Thread[main,5,main]
04-04 12:05:00.335 864 864 D WifiManagerWrapper: calculateSignalLevel called
04-04 12:05:00.335 864 864 E HtcPreference: [addPreference]:before size= 14
04-04 12:05:00.335 864 864 E HtcPreference: Thread =Thread[main,5,main]
04-04 12:05:00.335 864 864 E HtcPreference: [addPreference]:after size= 15
04-04 12:05:00.335 864 864 E HtcPreference: Thread =Thread[main,5,main]
04-04 12:05:00.335 864 864 D WifiManagerWrapper: calculateSignalLevel called
04-04 12:05:00.335 864 864 E HtcPreference: [addPreference]:before size= 15
04-04 12:05:00.335 864 864 E HtcPreference: Thread =Thread[main,5,main]
04-04 12:05:00.335 864 864 E HtcPreference: [addPreference]:after size= 16
04-04 12:05:00.335 864 864 E HtcPreference: Thread =Thread[main,5,main]
04-04 12:05:00.335 864 864 D WifiManagerWrapper: calculateSignalLevel called
04-04 12:05:00.335 864 864 E HtcPreference: [addPreference]:before size= 16
04-04 12:05:00.335 864 864 E HtcPreference: Thread =Thread[main,5,main]
04-04 12:05:00.335 864 864 E HtcPreference: [addPreference]:after size= 17
04-04 12:05:00.335 864 864 E HtcPreference: Thread =Thread[main,5,main]
04-04 12:05:00.335 864 864 D WifiManagerWrapper: calculateSignalLevel called
04-04 12:05:00.336 864 864 E HtcPreference: [addPreference]:before size= 17
04-04 12:05:00.336 864 864 E HtcPreference: Thread =Thread[main,5,main]
04-04 12:05:00.336 864 864 E HtcPreference: [addPreference]:after size= 18
04-04 12:05:00.336 864 864 E HtcPreference: Thread =Thread[main,5,main]
04-04 12:05:00.336 864 864 D WifiManagerWrapper: calculateSignalLevel called
04-04 12:05:00.336 864 864 E HtcPreference: [addPreference]:before size= 18
04-04 12:05:00.336 864 864 E HtcPreference: Thread =Thread[main,5,main]
04-04 12:05:00.336 864 864 E HtcPreference: [addPreference]:after size= 19
04-04 12:05:00.336 864 864 E HtcPreference: Thread =Thread[main,5,main]
04-04 12:05:00.336 864 864 D WifiManagerWrapper: calculateSignalLevel called
04-04 12:05:00.336 864 864 E HtcPreference: [addPreference]:before size= 19
04-04 12:05:00.336 864 864 E HtcPreference: Thread =Thread[main,5,main]
04-04 12:05:00.336 864 864 E HtcPreference: [addPreference]:after size= 20
04-04 12:05:00.336 864 864 E HtcPreference: Thread =Thread[main,5,main]
04-04 12:05:00.336 864 864 D WifiManagerWrapper: calculateSignalLevel called
04-04 12:05:00.336 864 864 E HtcPreference: [addPreference]:before size= 20
04-04 12:05:00.336 864 864 E HtcPreference: Thread =Thread[main,5,main]
04-04 12:05:00.336 864 864 E HtcPreference: [addPreference]:after size= 21
04-04 12:05:00.336 864 864 E HtcPreference: Thread =Thread[main,5,main]
04-04 12:05:00.336 864 864 D WifiManagerWrapper: calculateSignalLevel called
04-04 12:05:00.336 864 864 E HtcPreference: [addPreference]:before size= 21
04-04 12:05:00.336 864 864 E HtcPreference: Thread =Thread[main,5,main]
04-04 12:05:00.336 864 864 E HtcPreference: [addPreference]:after size= 22
04-04 12:05:00.336 864 864 E HtcPreference: Thread =Thread[main,5,main]
04-04 12:05:00.336 864 864 D WifiManagerWrapper: calculateSignalLevel called
04-04 12:05:00.336 864 864 E HtcPreference: [addPreference]:before size= 22
04-04 12:05:00.336 864 864 E HtcPreference: Thread =Thread[main,5,main]
04-04 12:05:00.337 864 864 E HtcPreference: [addPreference]:after size= 23
04-04 12:05:00.337 864 864 E HtcPreference: Thread =Thread[main,5,main]
04-04 12:05:00.337 864 864 D WifiManagerWrapper: calculateSignalLevel called
04-04 12:05:00.337 864 864 E HtcPreference: [addPreference]:before size= 23
04-04 12:05:00.337 864 864 E HtcPreference: Thread =Thread[main,5,main]
04-04 12:05:00.337 864 864 E HtcPreference: [addPreference]:after size= 24
04-04 12:05:00.337 864 864 E HtcPreference: Thread =Thread[main,5,main]
04-04 12:05:00.337 864 864 D WifiManagerWrapper: calculateSignalLevel called
04-04 12:05:00.337 864 864 E HtcPreference: [addPreference]:before size= 24
04-04 12:05:00.337 864 864 E HtcPreference: Thread =Thread[main,5,main]
04-04 12:05:00.337 864 864 E HtcPreference: [addPreference]:after size= 25
04-04 12:05:00.337 864 864 E HtcPreference: Thread =Thread[main,5,main]
04-04 12:05:00.337 864 864 D WifiManagerWrapper: calculateSignalLevel called
04-04 12:05:00.337 864 864 E HtcPreference: [addPreference]:before size= 25
04-04 12:05:00.337 864 864 E HtcPreference: Thread =Thread[main,5,main]
04-04 12:05:00.337 864 864 E HtcPreference: [addPreference]:after size= 26
04-04 12:05:00.337 864 864 E HtcPreference: Thread =Thread[main,5,main]
04-04 12:05:00.337 864 864 D WifiManagerWrapper: calculateSignalLevel called
04-04 12:05:00.337 864 864 E HtcPreference: [addPreference]:before size= 26
04-04 12:05:00.337 864 864 E HtcPreference: Thread =Thread[main,5,main]
04-04 12:05:00.337 864 864 E HtcPreference: [addPreference]:after size= 27
04-04 12:05:00.337 864 864 E HtcPreference: Thread =Thread[main,5,main]
04-04 12:05:00.337 864 864 D WifiManagerWrapper: calculateSignalLevel called
04-04 12:05:00.337 864 864 E HtcPreference: [addPreference]:before size= 27
04-04 12:05:00.337 864 864 E HtcPreference: Thread =Thread[main,5,main]
04-04 12:05:00.337 864 864 E HtcPreference: [addPreference]:after size= 28
04-04 12:05:00.337 864 864 E HtcPreference: Thread =Thread[main,5,main]
04-04 12:05:00.337 864 864 D WifiManagerWrapper: calculateSignalLevel called
04-04 12:05:00.337 864 864 E HtcPreference: [addPreference]:before size= 28
04-04 12:05:00.337 864 864 E HtcPreference: Thread =Thread[main,5,main]
04-04 12:05:00.337 864 864 E HtcPreference: [addPreference]:after size= 29
04-04 12:05:00.338 864 864 E HtcPreference: Thread =Thread[main,5,main]
04-04 12:05:00.338 864 864 D WifiManagerWrapper: calculateSignalLevel called
04-04 12:05:00.338 864 864 E HtcPreference: [addPreference]:before size= 29
04-04 12:05:00.338 864 864 E HtcPreference: Thread =Thread[main,5,main]
04-04 12:05:00.338 864 864 E HtcPreference: [addPreference]:after size= 30
04-04 12:05:00.338 864 864 E HtcPreference: Thread =Thread[main,5,main]
04-04 12:05:00.338 864 864 D WifiManagerWrapper: calculateSignalLevel called
04-04 12:05:00.338 864 864 E HtcPreference: [addPreference]:before size= 30
04-04 12:05:00.338 864 864 E HtcPreference: Thread =Thread[main,5,main]
04-04 12:05:00.338 864 864 E HtcPreference: [addPreference]:after size= 31
04-04 12:05:00.338 864 864 E HtcPreference: Thread =Thread[main,5,main]
04-04 12:05:00.338 864 864 D WifiManagerWrapper: calculateSignalLevel called
04-04 12:05:00.338 864 864 E HtcPreference: [addPreference]:before size= 31
04-04 12:05:00.338 864 864 E HtcPreference: Thread =Thread[main,5,main]
04-04 12:05:00.338 864 864 E HtcPreference: [addPreference]:after size= 32
04-04 12:05:00.338 864 864 E HtcPreference: Thread =Thread[main,5,main]
04-04 12:05:00.338 864 864 D WifiManagerWrapper: calculateSignalLevel called
04-04 12:05:00.338 864 864 E HtcPreference: [addPreference]:before size= 32
04-04 12:05:00.338 864 864 E HtcPreference: Thread =Thread[main,5,main]
04-04 12:05:00.338 864 864 E HtcPreference: [addPreference]:after size= 33
04-04 12:05:00.338 864 864 E HtcPreference: Thread =Thread[main,5,main]
04-04 12:05:00.338 864 864 D WifiManagerWrapper: calculateSignalLevel called
04-04 12:05:00.338 864 864 E HtcPreference: [addPreference]:before size= 33
04-04 12:05:00.338 864 864 E HtcPreference: Thread =Thread[main,5,main]
04-04 12:05:00.338 864 864 E HtcPreference: [addPreference]:after size= 34
04-04 12:05:00.338 864 864 E HtcPreference: Thread =Thread[main,5,main]
04-04 12:05:00.338 864 864 D WifiManagerWrapper: calculateSignalLevel called
04-04 12:05:00.338 864 864 E HtcPreference: [addPreference]:before size= 34
04-04 12:05:00.338 864 864 E HtcPreference: Thread =Thread[main,5,main]
04-04 12:05:00.338 864 864 E HtcPreference: [addPreference]:after size= 35
04-04 12:05:00.338 864 864 E HtcPreference: Thread =Thread[main,5,main]
04-04 12:05:00.338 864 864 D WifiManagerWrapper: calculateSignalLevel called
04-04 12:05:00.338 864 864 E HtcPreference: [addPreference]:before size= 35
04-04 12:05:00.339 864 864 E HtcPreference: Thread =Thread[main,5,main]
04-04 12:05:00.339 864 864 E HtcPreference: [addPreference]:after size= 36
04-04 12:05:00.339 864 864 E HtcPreference: Thread =Thread[main,5,main]
04-04 12:05:00.339 864 864 D WifiManagerWrapper: calculateSignalLevel called
04-04 12:05:00.339 864 864 E HtcPreference: [addPreference]:before size= 36
04-04 12:05:00.339 864 864 E HtcPreference: Thread =Thread[main,5,main]
04-04 12:05:00.339 864 864 E HtcPreference: [addPreference]:after size= 37
04-04 12:05:00.339 864 864 E HtcPreference: Thread =Thread[main,5,main]
04-04 12:05:00.339 864 864 D WifiManagerWrapper: calculateSignalLevel called
04-04 12:05:00.339 864 864 E HtcPreference: [addPreference]:before size= 37
04-04 12:05:00.339 864 864 E HtcPreference: Thread =Thread[main,5,main]
04-04 12:05:00.339 864 864 E HtcPreference: [addPreference]:after size= 38
04-04 12:05:00.339 864 864 E HtcPreference: Thread =Thread[main,5,main]
04-04 12:05:00.339 864 864 D WifiManagerWrapper: calculateSignalLevel called
04-04 12:05:00.339 864 864 E HtcPreference: [addPreference]:before size= 38
04-04 12:05:00.339 864 864 E HtcPreference: Thread =Thread[main,5,main]
04-04 12:05:00.339 864 864 E HtcPreference: [addPreference]:after size= 39
04-04 12:05:00.339 864 864 E HtcPreference: Thread =Thread[main,5,main]
04-04 12:05:00.339 864 864 D WifiManagerWrapper: calculateSignalLevel called
04-04 12:05:00.339 864 864 E HtcPreference: [addPreference]:before size= 39
04-04 12:05:00.339 864 864 E HtcPreference: Thread =Thread[main,5,main]
04-04 12:05:00.339 864 864 E HtcPreference: [addPreference]:after size= 40
04-04 12:05:00.339 864 864 E HtcPreference: Thread =Thread[main,5,main]
04-04 12:05:00.339 864 864 D WifiManagerWrapper: calculateSignalLevel called
04-04 12:05:00.339 864 864 E HtcPreference: [addPreference]:before size= 40
04-04 12:05:00.339 864 864 E HtcPreference: Thread =Thread[main,5,main]
04-04 12:05:00.339 864 864 E HtcPreference: [addPreference]:after size= 41
04-04 12:05:00.339 864 864 E HtcPreference: Thread =Thread[main,5,main]
04-04 12:05:00.339 864 864 D WifiManagerWrapper: calculateSignalLevel called
04-04 12:05:00.339 864 864 E HtcPreference: [addPreference]:before size= 41
04-04 12:05:00.339 864 864 E HtcPreference: Thread =Thread[main,5,main]
04-04 12:05:00.339 864 864 E HtcPreference: [addPreference]:after size= 42
04-04 12:05:00.340 864 864 E HtcPreference: Thread =Thread[main,5,main]
04-04 12:05:00.340 864 864 D WifiManagerWrapper: calculateSignalLevel called
04-04 12:05:00.340 864 864 E HtcPreference: [addPreference]:before size= 42
04-04 12:05:00.340 864 864 E HtcPreference: Thread =Thread[main,5,main]
04-04 12:05:00.340 864 864 E HtcPreference: [addPreference]:after size= 43
04-04 12:05:00.340 864 864 E HtcPreference: Thread =Thread[main,5,main]
04-04 12:05:00.341 1116 1197 D CustomizationMNSLoader: Parsing tag category name = ulog_policy
04-04 12:05:00.341 1116 1197 D CustomizationMNSLoader: Parsing tag category name = force_change
04-04 12:05:00.344 1116 1197 D CustomizationMNSLoader: full path : /system/customize/MNS/20601.xml
04-04 12:05:00.344 1116 1197 D CustomizationMNSLoader: Parsing tag category name = system
04-04 12:05:00.345 1116 1197 D CustomizationMNSLoader: Parsing tag category name = application
04-04 12:05:00.357 1116 1197 D CustomizationMNSLoader: Parsing tag category name = ulog_policy
04-04 12:05:00.357 1116 1197 D CustomizationMNSLoader: Parsing tag category name = force_change
04-04 12:05:00.359 1116 1197 D CustomizationMNSLoader: full path : /system/customize/MNS/63102.xml
04-04 12:05:00.360 1116 1197 D CustomizationMNSLoader: Parsing tag category name = system
04-04 12:05:00.360 1116 1197 D CustomizationMNSLoader: Parsing tag category name = application
04-04 12:05:00.372 1185 1198 D FlexNetRA: ActionA>android.intent.action.ANY_DATA_STATE
04-04 12:05:00.374 1116 1197 D CustomizationMNSLoader: Parsing tag category name = ulog_policy
04-04 12:05:00.374 1116 1197 D CustomizationMNSLoader: Parsing tag category name = force_change
04-04 12:05:00.376 1116 1197 D CustomizationMNSLoader: full path : /system/customize/MNS/240.xml
04-04 12:05:00.377 1116 1197 D CustomizationMNSLoader: Parsing tag category name = system
04-04 12:05:00.378 1116 1197 D CustomizationMNSLoader: Parsing tag category name = application
04-04 12:05:00.384 1278 2890 I ActivityManager: Start proc 1199:com.htc.updater/u0a30 for broadcast com.htc.updater/.download.DownloadReceiver
04-04 12:05:00.385 1278 2890 I ActivityManager: Killing 26497:android.process.media/u0a3 (adj 15): empty #17
04-04 12:05:00.385 1278 2890 D Process : killProcessQuiet, pid=26497
04-04 12:05:00.385 1278 2890 D Process : com.android.server.am.ProcessRecord.kill:577 com.android.server.am.ActivityManagerService.updateOomAdjLocked:20194 com.android.server.am.ActivityManagerService.trimApplications:20479
04-04 12:05:00.393 1116 1197 D CustomizationMNSLoader: Parsing tag category name = ulog_policy
04-04 12:05:00.393 1116 1197 D CustomizationMNSLoader: Parsing tag category name = force_change
04-04 12:05:00.395 1116 1197 D CustomizationMNSLoader: full path : /system/customize/MNS/20810.xml
04-04 12:05:00.395 1116 1197 D CustomizationMNSLoader: Parsing tag category name = system
04-04 12:05:00.396 864 973 D HtcAccessPoint: ssid:Ernest-SGv1-5, bssid:null, security:2, networkid:1, signIn:2
04-04 12:05:00.396 864 973 D HtcAccessPoint: ssid:Ernest-SGv1-24, bssid:null, security:2, networkid:0, signIn:2
04-04 12:05:00.396 1116 1197 D CustomizationMNSLoader: Parsing tag category name = application
04-04 12:05:00.396 864 973 D HtcAccessPoint: ssid:Ernest-v1-24, bssid:null, security:2, networkid:3, signIn:2
04-04 12:05:00.396 864 973 D HtcAccessPoint: ssid:Internet-Box-krzysioSL, bssid:null, security:2, networkid:2, signIn:2
04-04 12:05:00.396 864 973 D WifiManager: getScanResults: Base Package Name=com.android.settings, uid=1000
04-04 12:05:00.413 1116 1197 D CustomizationMNSLoader: Parsing tag category name = ulog_policy
04-04 12:05:00.413 1116 1197 D CustomizationMNSLoader: Parsing tag category name = force_change
04-04 12:05:00.415 1116 1197 D CustomizationMNSLoader: full path : /system/customize/MNS/268.xml
04-04 12:05:00.415 1116 1197 D CustomizationMNSLoader: Parsing tag category name = system
04-04 12:05:00.416 1116 1197 D CustomizationMNSLoader: Parsing tag category name = application
04-04 12:05:00.418 1278 2889 I ActivityManager: Recipient 26497
04-04 12:05:00.428 1116 1197 D CustomizationMNSLoader: Parsing tag category name = ulog_policy
04-04 12:05:00.428 1116 1197 D CustomizationMNSLoader: Parsing tag category name = force_change
04-04 12:05:00.431 1116 1197 D CustomizationMNSLoader: full path : /system/customize/MNS/238.xml
04-04 12:05:00.432 1116 1197 D CustomizationMNSLoader: Parsing tag category name = system
04-04 12:05:00.433 1116 1197 D CustomizationMNSLoader: Parsing tag category name = application
04-04 12:05:00.444 1116 1197 D CustomizationMNSLoader: Parsing tag category name = ulog_policy
04-04 12:05:00.444 1116 1197 D CustomizationMNSLoader: Parsing tag category name = force_change
04-04 12:05:00.446 1116 1197 D CustomizationMNSLoader: full path : /system/customize/MNS/260.xml
04-04 12:05:00.446 1116 1197 D CustomizationMNSLoader: Parsing tag category name = system
04-04 12:05:00.447 1116 1197 D CustomizationMNSLoader: Parsing tag category name = application
04-04 12:05:00.460 1116 1197 D CustomizationMNSLoader: Parsing tag category name = ulog_policy
04-04 12:05:00.461 1116 1197 D CustomizationMNSLoader: Parsing tag category name = force_change
04-04 12:05:00.462 1116 1197 D CustomizationMNSLoader: full path : /system/customize/MNS/218.xml
04-04 12:05:00.462 1116 1197 D CustomizationMNSLoader: Parsing tag category name = system
04-04 12:05:00.463 1116 1197 D CustomizationMNSLoader: Parsing tag category name = application
04-04 12:05:00.476 1116 1197 D CustomizationMNSLoader: Parsing tag category name = ulog_policy
04-04 12:05:00.476 1116 1197 D CustomizationMNSLoader: Parsing tag category name = force_change
04-04 12:05:00.478 1116 1197 D CustomizationMNSLoader: full path : /system/customize/MNS/22201.xml
04-04 12:05:00.479 1116 1197 D CustomizationMNSLoader: Parsing tag category name = system
04-04 12:05:00.480 1116 1197 D CustomizationMNSLoader: Parsing tag category name = application
04-04 12:05:00.489 795 806 D MdProvGlob: remove item 101 (p2d17in864) for 15:android.intent.action.ANY_DATA_STATE
04-04 12:05:00.490 1141 1178 D MdScDataSum: [da1.2.] summary 118:p3 ignore
04-04 12:05:00.494 1116 1197 D CustomizationMNSLoader: Parsing tag category name = ulog_policy
04-04 12:05:00.494 864 973 D WifiManagerWrapper: calculateSignalLevel called
04-04 12:05:00.494 864 973 D WifiManagerWrapper: calculateSignalLevel called
04-04 12:05:00.494 864 973 D WifiManagerWrapper: calculateSignalLevel called
04-04 12:05:00.494 1116 1197 D CustomizationMNSLoader: Parsing tag category name = force_change
04-04 12:05:00.494 864 973 D AccessPointPreference: summary : Internet-Box-v3-5, Secured with WPA2 (WPS available)
04-04 12:05:00.494 864 973 D WifiManagerWrapper: calculateSignalLevel called
04-04 12:05:00.494 864 973 D WifiManagerWrapper: calculateSignalLevel called
04-04 12:05:00.494 864 973 D WifiManagerWrapper: calculateSignalLevel called
04-04 12:05:00.495 864 973 D AccessPointPreference: summary : AppiumAutotests, Secured with WPA2 (WPS available)
04-04 12:05:00.495 864 973 D WifiManagerWrapper: calculateSignalLevel called
04-04 12:05:00.495 864 973 D WifiManagerWrapper: calculateSignalLevel called
04-04 12:05:00.495 864 973 D WifiManagerWrapper: calculateSignalLevel called
04-04 12:05:00.495 864 973 D AccessPointPreference: summary : SGv2-Michal-2G-CH7, Secured with WPA/WPA2 (WPS available)
04-04 12:05:00.496 864 973 D WifiManagerWrapper: calculateSignalLevel called
04-04 12:05:00.496 864 973 D WifiManagerWrapper: calculateSignalLevel called
04-04 12:05:00.496 864 973 D WifiManagerWrapper: calculateSignalLevel called
04-04 12:05:00.496 864 973 D AccessPointPreference: summary : Internet-Box-v3, Secured with WPA2 (WPS available)
04-04 12:05:00.496 864 973 D WifiManagerWrapper: calculateSignalLevel called
04-04 12:05:00.496 1116 1197 D CustomizationMNSLoader: full path : /system/customize/MNS/231.xml
04-04 12:05:00.496 864 973 D WifiManagerWrapper: calculateSignalLevel called
04-04 12:05:00.496 864 973 D WifiManagerWrapper: calculateSignalLevel called
04-04 12:05:00.496 1116 1197 D CustomizationMNSLoader: Parsing tag category name = system
04-04 12:05:00.497 1116 1197 D CustomizationMNSLoader: Parsing tag category name = application
04-04 12:05:00.498 864 973 D AccessPointPreference: summary : Starlite-2.4GHz, Secured with WPA2 (WPS available)
04-04 12:05:00.498 864 973 D WifiManagerWrapper: calculateSignalLevel called
04-04 12:05:00.498 864 973 D WifiManagerWrapper: calculateSignalLevel called
04-04 12:05:00.498 864 973 D WifiManagerWrapper: calculateSignalLevel called
04-04 12:05:00.499 864 973 D AccessPointPreference: summary : Starlite-5GHz, Secured with WPA2 (WPS available)
04-04 12:05:00.499 864 973 D WifiManagerWrapper: calculateSignalLevel called
04-04 12:05:00.500 864 973 D WifiManagerWrapper: calculateSignalLevel called
04-04 12:05:00.500 864 973 D WifiManagerWrapper: calculateSignalLevel called
04-04 12:05:00.501 864 973 D AccessPointPreference: summary : AppiumPjonteczka, Secured with WPA2
04-04 12:05:00.501 864 973 D WifiManagerWrapper: calculateSignalLevel called
04-04 12:05:00.502 864 973 D WifiManagerWrapper: calculateSignalLevel called
04-04 12:05:00.502 864 973 D WifiManagerWrapper: calculateSignalLevel called
04-04 12:05:00.502 864 973 D AccessPointPreference: summary : visitor-35703, Secured with WPA2
04-04 12:05:00.502 864 973 D WifiManagerWrapper: calculateSignalLevel called
04-04 12:05:00.502 864 973 D WifiManagerWrapper: calculateSignalLevel called
04-04 12:05:00.502 864 973 D WifiManagerWrapper: calculateSignalLevel called
04-04 12:05:00.502 864 973 D AccessPointPreference: summary : vestiacom_guest_5, Secured with WPA2 (WPS available)
04-04 12:05:00.502 864 973 D WifiManagerWrapper: calculateSignalLevel called
04-04 12:05:00.502 864 973 D WifiManagerWrapper: calculateSignalLevel called
04-04 12:05:00.502 864 973 D WifiManagerWrapper: calculateSignalLevel called
04-04 12:05:00.503 864 973 D AccessPointPreference: summary : wifi_main, Secured with 802.1x
04-04 12:05:00.503 864 973 D WifiManagerWrapper: calculateSignalLevel called
04-04 12:05:00.503 864 973 D WifiManagerWrapper: calculateSignalLevel called
04-04 12:05:00.503 864 973 D WifiManagerWrapper: calculateSignalLevel called
04-04 12:05:00.509 1185 1198 D FlexNetS: updateSvcAllowedInSettings:false
04-04 12:05:00.510 1185 1198 D FlexNetRA: ActionA>android.intent.action.ANY_DATA_STATE
04-04 12:05:00.514 1116 1197 D CustomizationMNSLoader: Parsing tag category name = ulog_policy
04-04 12:05:00.514 1185 1198 D FlexNetS: updateSvcAllowedInSettings:false
04-04 12:05:00.514 1185 1198 D FlexNetRA: ActionA>android.intent.action.ANY_DATA_STATE
04-04 12:05:00.514 1116 1197 D CustomizationMNSLoader: Parsing tag category name = force_change
04-04 12:05:00.516 864 973 D AccessPointPreference: summary : MobileTest-24, Secured with WPA2 (WPS available)
04-04 12:05:00.516 864 973 D WifiManagerWrapper: calculateSignalLevel called
04-04 12:05:00.516 864 973 D WifiManagerWrapper: calculateSignalLevel called
04-04 12:05:00.516 864 973 D WifiManagerWrapper: calculateSignalLevel called
04-04 12:05:00.517 864 973 D AccessPointPreference: summary : Dzbanek-v1, Secured with WPA2 (WPS available)
04-04 12:05:00.517 864 973 D WifiManagerWrapper: calculateSignalLevel called
04-04 12:05:00.517 864 973 D WifiManagerWrapper: calculateSignalLevel called
04-04 12:05:00.517 864 973 D WifiManagerWrapper: calculateSignalLevel called
04-04 12:05:00.517 1116 1197 D CustomizationMNSLoader: full path : /system/customize/MNS/219.xml
04-04 12:05:00.517 864 973 D AccessPointPreference: summary : IBv2-SK, Secured with WPA2 (WPS available)
04-04 12:05:00.518 1116 1197 D CustomizationMNSLoader: Parsing tag category name = system
04-04 12:05:00.518 864 973 D WifiManagerWrapper: calculateSignalLevel called
04-04 12:05:00.518 864 973 D WifiManagerWrapper: calculateSignalLevel called
04-04 12:05:00.518 864 973 D WifiManagerWrapper: calculateSignalLevel called
04-04 12:05:00.519 864 973 D AccessPointPreference: summary : vestiacom_izolatka_5, Secured with 802.1x
04-04 12:05:00.519 864 973 D WifiManagerWrapper: calculateSignalLevel called
04-04 12:05:00.519 864 973 D WifiManagerWrapper: calculateSignalLevel called
04-04 12:05:00.519 864 973 D WifiManagerWrapper: calculateSignalLevel called
04-04 12:05:00.519 1116 1197 D CustomizationMNSLoader: Parsing tag category name = application
04-04 12:05:00.519 864 973 D AccessPointPreference: summary : wifi_main, Secured with 802.1x
04-04 12:05:00.519 864 973 D WifiManagerWrapper: calculateSignalLevel called
04-04 12:05:00.519 864 973 D WifiManagerWrapper: calculateSignalLevel called
04-04 12:05:00.519 864 973 D WifiManagerWrapper: calculateSignalLevel called
04-04 12:05:00.522 1185 1198 D FlexNetS: updateSvcAllowedInSettings:false
04-04 12:05:00.522 1185 1198 D FlexNetRA: ActionA>android.intent.action.ANY_DATA_STATE
04-04 12:05:00.524 1141 1178 W Settings: Setting data_roaming has moved from android.provider.Settings.Secure to android.provider.Settings.Global.
04-04 12:05:00.525 1141 1178 W MdUtils : fail to get data roaming -
04-04 12:05:00.525 1141 1178 W MdUtils : android.provider.Settings$SettingNotFoundException: data_roaming
04-04 12:05:00.525 1141 1178 W MdUtils : at android.provider.Settings$Secure.getIntForUser(Settings.java:4652)
04-04 12:05:00.525 1141 1178 W MdUtils : at android.provider.Settings$Secure.getInt(Settings.java:4637)
04-04 12:05:00.525 1141 1178 W MdUtils : at com.htc.mobiledata.e.a(HtcMobileDataUtils.java:794)
04-04 12:05:00.525 1141 1178 W MdUtils : at com.htc.mobiledata.services.bc.a(SvcpDataSummary.java:262)
04-04 12:05:00.525 1141 1178 W MdUtils : at com.htc.apputil.z.b(RequestThreadManager.java:1135)
04-04 12:05:00.525 1141 1178 W MdUtils : at com.htc.apputil.z.a(RequestThreadManager.java:15)
04-04 12:05:00.525 1141 1178 W MdUtils : at com.htc.apputil.ae.a(RequestThreadManager.java:1529)
04-04 12:05:00.525 1141 1178 W MdUtils : at com.htc.apputil.z.b(RequestThreadManager.java:1135)
04-04 12:05:00.525 1141 1178 W MdUtils : at com.htc.apputil.z.a(RequestThreadManager.java:1195)
04-04 12:05:00.525 1141 1178 W MdUtils : at com.htc.apputil.z.a(RequestThreadManager.java:15)
04-04 12:05:00.525 1141 1178 W MdUtils : at com.htc.apputil.aa.handleMessage(RequestThreadManager.java:1005)
04-04 12:05:00.525 1141 1178 W MdUtils : at android.os.Handler.dispatchMessage(Handler.java:102)
04-04 12:05:00.525 1141 1178 W MdUtils : at android.os.Looper.loop(Looper.java:168)
04-04 12:05:00.525 1141 1178 W MdUtils : at android.os.HandlerThread.run(HandlerThread.java:61)
04-04 12:05:00.529 864 973 D AccessPointPreference: summary : Internet-Box-Irek-5GHz, Secured with WPA/WPA2 (WPS available)
04-04 12:05:00.529 864 973 D WifiManagerWrapper: calculateSignalLevel called
04-04 12:05:00.529 864 973 D WifiManagerWrapper: calculateSignalLevel called
04-04 12:05:00.529 1185 1198 D FlexNetS: updateSvcAllowedInSettings:false
04-04 12:05:00.529 864 973 D WifiManagerWrapper: calculateSignalLevel called
04-04 12:05:00.529 1185 1198 D FlexNetRA: ActionA>android.intent.action.ANY_DATA_STATE
04-04 12:05:00.529 864 973 D AccessPointPreference: summary : MobileTest-5, Secured with WPA2 (WPS available)
04-04 12:05:00.529 864 973 D WifiManagerWrapper: calculateSignalLevel called
04-04 12:05:00.529 864 973 D WifiManagerWrapper: calculateSignalLevel called
04-04 12:05:00.530 1141 1178 D TelephonyManager: getDataEnabled: retVal=true
04-04 12:05:00.532 864 973 D WifiManagerWrapper: calculateSignalLevel called
04-04 12:05:00.533 864 973 D AccessPointPreference: summary : WLAN_Repeater_N263, Secured with WPA2 (WPS available)
04-04 12:05:00.533 864 973 D WifiManagerWrapper: calculateSignalLevel called
04-04 12:05:00.533 864 973 D WifiManagerWrapper: calculateSignalLevel called
04-04 12:05:00.533 864 973 D WifiManagerWrapper: calculateSignalLevel called
04-04 12:05:00.534 864 973 D AccessPointPreference: summary : Eniro, Secured with 802.1x
04-04 12:05:00.534 864 973 D WifiManagerWrapper: calculateSignalLevel called
04-04 12:05:00.534 864 973 D WifiManagerWrapper: calculateSignalLevel called
04-04 12:05:00.534 864 973 D WifiManagerWrapper: calculateSignalLevel called
04-04 12:05:00.534 864 973 D AccessPointPreference: summary : Internet-Box-Irek-5GHz, Secured with WPA/WPA2 (WPS available)
04-04 12:05:00.535 1185 1198 D FlexNetS: updateSvcAllowedInSettings:false
04-04 12:05:00.535 1185 1198 D FlexNetRA: ActionA>android.intent.action.ANY_DATA_STATE
04-04 12:05:00.536 1116 1197 D CustomizationMNSLoader: Parsing tag category name = ulog_policy
04-04 12:05:00.537 1116 1197 D CustomizationMNSLoader: Parsing tag category name = force_change
04-04 12:05:00.537 1199 1199 W System : ClassLoader referenced unknown path: /system/priv-app/Updater/lib/arm
04-04 12:05:00.539 1116 1197 D CustomizationMNSLoader: full path : /system/customize/MNS/226.xml
04-04 12:05:00.539 1116 1197 D CustomizationMNSLoader: Parsing tag category name = system
04-04 12:05:00.540 1116 1197 D CustomizationMNSLoader: Parsing tag category name = application
04-04 12:05:00.540 864 973 D WifiManagerWrapper: calculateSignalLevel called
04-04 12:05:00.540 864 973 D WifiManagerWrapper: calculateSignalLevel called
04-04 12:05:00.540 864 973 D WifiManagerWrapper: calculateSignalLevel called
04-04 12:05:00.541 1185 1198 D FlexNetS: updateSvcAllowedInSettings:false
04-04 12:05:00.541 864 973 D AccessPointPreference: summary : netia_izolatka, Secured with WPA2 (WPS available)
04-04 12:05:00.541 864 973 D WifiManagerWrapper: calculateSignalLevel called
04-04 12:05:00.541 864 973 D WifiManagerWrapper: calculateSignalLevel called
04-04 12:05:00.541 1185 1198 D FlexNetRA: ActionA>android.intent.action.ANY_DATA_STATE
04-04 12:05:00.541 864 973 D WifiManagerWrapper: calculateSignalLevel called
04-04 12:05:00.542 864 973 D AccessPointPreference: summary : Internet-Box-IIIII, Secured with WPA2 (WPS available)
04-04 12:05:00.544 1185 1198 D FlexNetS: updateSvcAllowedInSettings:false
04-04 12:05:00.544 1185 1198 D FlexNetRA: ActionA>android.intent.action.ANY_DATA_STATE
04-04 12:05:00.545 864 973 D WifiManagerWrapper: calculateSignalLevel called
04-04 12:05:00.545 864 973 D WifiManagerWrapper: calculateSignalLevel called
04-04 12:05:00.545 864 973 D WifiManagerWrapper: calculateSignalLevel called
04-04 12:05:00.547 864 973 D AccessPointPreference: summary : v1krzysio, Secured with WPA2 (WPS available)
04-04 12:05:00.547 864 973 D WifiManagerWrapper: calculateSignalLevel called
04-04 12:05:00.547 864 973 D WifiManagerWrapper: calculateSignalLevel called
04-04 12:05:00.547 864 973 D WifiManagerWrapper: calculateSignalLevel called
04-04 12:05:00.548 864 973 D AccessPointPreference: summary : v2krzysio-vlanid1, Secured with WPA2 (WPS available)
04-04 12:05:00.548 864 973 D WifiManagerWrapper: calculateSignalLevel called
04-04 12:05:00.548 864 973 D WifiManagerWrapper: calculateSignalLevel called
04-04 12:05:00.548 864 973 D WifiManagerWrapper: calculateSignalLevel called
04-04 12:05:00.548 864 973 D AccessPointPreference: summary : Internet-Box-Karol, Secured with WPA2 (WPS available)
04-04 12:05:00.548 1185 1198 D FlexNetS: updateSvcAllowedInSettings:false
04-04 12:05:00.548 864 973 D WifiManagerWrapper: calculateSignalLevel called
04-04 12:05:00.548 864 973 D WifiManagerWrapper: calculateSignalLevel called
04-04 12:05:00.548 864 973 D WifiManagerWrapper: calculateSignalLevel called
04-04 12:05:00.548 1185 1198 D FlexNetRA: ActionA>android.intent.action.ANY_DATA_STATE
04-04 12:05:00.548 864 973 D AccessPointPreference: summary : Internet-Box-Starlink, Secured with WPA2 (WPS available)
04-04 12:05:00.548 864 973 D WifiManagerWrapper: calculateSignalLevel called
04-04 12:05:00.548 864 973 D WifiManagerWrapper: calculateSignalLevel called
04-04 12:05:00.548 864 973 D WifiManagerWrapper: calculateSignalLevel called
04-04 12:05:00.549 864 973 D AccessPointPreference: summary : my-00B150,
04-04 12:05:00.549 864 973 D WifiManagerWrapper: calculateSignalLevel called
04-04 12:05:00.549 864 973 D WifiManagerWrapper: calculateSignalLevel called
04-04 12:05:00.549 864 973 D WifiManagerWrapper: calculateSignalLevel called
