04-04 12:04:59.537 864 973 D AccessPointPreference: summary : my-00B150,
04-04 12:04:59.537 864 973 D WifiManagerWrapper: calculateSignalLevel called
04-04 12:04:59.538 864 973 D WifiManagerWrapper: calculateSignalLevel called
04-04 12:04:59.538 864 973 D WifiManagerWrapper: calculateSignalLevel called
04-04 12:04:59.538 864 973 D AccessPointPreference: summary : Internet-Box-82451, Secured with WPA2 (WPS available)
04-04 12:04:59.538 864 973 D WifiManagerWrapper: calculateSignalLevel called
04-04 12:04:59.538 864 973 D WifiManagerWrapper: calculateSignalLevel called
04-04 12:04:59.538 864 973 D WifiManagerWrapper: calculateSignalLevel called
04-04 12:04:59.538 864 973 D AccessPointPreference: summary : SL-SK, Secured with WPA2 (WPS available)
04-04 12:04:59.538 864 973 D WifiManagerWrapper: calculateSignalLevel called
04-04 12:04:59.538 864 973 D WifiManagerWrapper: calculateSignalLevel called
04-04 12:04:59.538 864 973 D WifiManagerWrapper: calculateSignalLevel called
04-04 12:04:59.539 864 973 D AccessPointPreference: summary : SGv2-Michal-5G-CH40, Secured with WPA/WPA2 (WPS available)
04-04 12:04:59.539 864 973 D WifiManagerWrapper: calculateSignalLevel called
04-04 12:04:59.539 864 973 D WifiManagerWrapper: calculateSignalLevel called
04-04 12:04:59.539 864 973 D WifiManagerWrapper: calculateSignalLevel called
04-04 12:04:59.539 864 973 D AccessPointPreference: summary : HAE-7days, Secured with WPA2 (WPS available)
04-04 12:04:59.540 864 973 D WifiManagerWrapper: calculateSignalLevel called
04-04 12:04:59.540 864 973 D WifiManagerWrapper: calculateSignalLevel called
04-04 12:04:59.540 864 973 D WifiManagerWrapper: calculateSignalLevel called
04-04 12:04:59.540 864 973 D AccessPointPreference: summary : Internet-Box-Weronika, Secured with WPA2
04-04 12:04:59.540 864 973 D WifiManagerWrapper: calculateSignalLevel called
04-04 12:04:59.540 864 973 D WifiManagerWrapper: calculateSignalLevel called
04-04 12:04:59.540 864 973 D WifiManagerWrapper: calculateSignalLevel called
04-04 12:04:59.540 864 973 D AccessPointPreference: summary : Eniro, Secured with 802.1x
04-04 12:04:59.540 864 973 D WifiManagerWrapper: calculateSignalLevel called
04-04 12:04:59.540 864 973 D WifiManagerWrapper: calculateSignalLevel called
04-04 12:04:59.540 864 973 D WifiManagerWrapper: calculateSignalLevel called
04-04 12:04:59.541 864 973 D AccessPointPreference: summary : IBv2-SK, Secured with WPA2 (WPS available)
04-04 12:04:59.541 864 973 D WifiManagerWrapper: calculateSignalLevel called
04-04 12:04:59.541 864 973 D WifiManagerWrapper: calculateSignalLevel called
04-04 12:04:59.541 864 973 D WifiManagerWrapper: calculateSignalLevel called
04-04 12:04:59.541 864 973 D AccessPointPreference: summary : netia_izolatka_5, Secured with WPA2 (WPS available)
04-04 12:04:59.541 864 973 D WifiManagerWrapper: calculateSignalLevel called
04-04 12:04:59.541 864 973 D WifiManagerWrapper: calculateSignalLevel called
04-04 12:04:59.541 864 973 D WifiManagerWrapper: calculateSignalLevel called
04-04 12:04:59.541 864 973 D AccessPointPreference: summary : v2krzysio-vlanid1, Secured with WPA2 (WPS available)
04-04 12:04:59.541 864 973 D WifiManagerWrapper: calculateSignalLevel called
04-04 12:04:59.542 864 973 D WifiManagerWrapper: calculateSignalLevel called
04-04 12:04:59.542 864 973 D WifiManagerWrapper: calculateSignalLevel called
04-04 12:04:59.542 864 973 D AccessPointPreference: summary : SGv1-Julia-5G-c6, Secured with WPA2 (WPS available)
04-04 12:04:59.543 1278 1367 D PMS : acquireWL(eab4970): PARTIAL_WAKE_LOCK ConnectivityService 0x1 1278 1000 null
04-04 12:04:59.543 1278 1367 D CSLegacyTypeTracker: Sending DISCONNECTED broadcast for type 1 NetworkAgentInfo [WIFI () - 167] isDefaultNetwork=true
04-04 12:04:59.544 1278 1367 D ConnectivityService: sendStickyBroadcast: action=android.net.conn.CONNECTIVITY_CHANGE
04-04 12:04:59.546 1278 1301 D Tethering: Tethering got CONNECTIVITY_ACTION
04-04 12:04:59.547 1278 1301 D Tethering: TetherMasterSM: InitialState processMessage what=UPSTREAM_CHANGED
04-04 12:04:59.547 1278 1337 V NetworkPolicy: ensureActiveMobilePolicyLocked()
04-04 12:04:59.547 1596 1596 D DATA_ICON: updateConnectivity android.net.conn.CONNECTIVITY_CHANGE Type:{}/Status:0/Validated:{}
04-04 12:04:59.550 1278 1278 D WirelessDisplayService: [WFDERR][1] ConnectivityReceiver: mCurNetworkInterfacewlan0
04-04 12:04:59.550 1278 1278 D WirelessDisplayService: [WFDERR][1] ConnectivityReceiver: receiver wifi disconnected, wait20000sec
04-04 12:04:59.551 1278 1382 D WifiDisplayAdapter: getWifiDisplayStatusLocked: result=WifiDisplayStatus{featureState=2, scanState=0, activeDisplayState=0, activeDisplay=null, displays=[], sessionInfo=WifiDisplaySessionInfo:
04-04 12:04:59.551 1278 1382 D WifiDisplayAdapter: Client/Owner: Client
04-04 12:04:59.551 1278 1382 D WifiDisplayAdapter: GroupId:
04-04 12:04:59.551 1278 1382 D WifiDisplayAdapter: Passphrase:
04-04 12:04:59.551 1278 1382 D WifiDisplayAdapter: SessionId: 0
04-04 12:04:59.551 1278 1382 D WifiDisplayAdapter: IP Address: }
04-04 12:04:59.551 1278 1382 D WirelessDisplayService: getMirrorDisplayStatus:falsecurState:1
04-04 12:04:59.551 10696 10696 D wpa_supplicant: wlan0: Control interface command 'SET pno 0'
04-04 12:04:59.551 10696 10696 D wpa_supplicant: CTRL_IFACE SET 'pno'='0'
04-04 12:04:59.552 1278 4784 D PMS : acquireWL(b2a956e): PARTIAL_WAKE_LOCK NlpWakeLock 0x1 2255 10011 WorkSource{10011 com.google.android.gms}
04-04 12:04:59.552 1596 1596 D DATA_ICON: dataConnected: false/false
04-04 12:04:59.552 1596 1596 D StatusBar.NetworkController: dumpIcon[(gone) stat_sys_5signal_null|null (gone) stat_sys_no_sim F]
04-04 12:04:59.552 10696 10696 D wpa_supplicant: wlan0: Control interface command 'SCAN TYPE=ONLY'
04-04 12:04:59.552 10696 10696 D wpa_supplicant: Pending scan scheduled - reject new request
04-04 12:04:59.554 1278 2890 D PMS : releaseWL(b2a956e): PARTIAL_WAKE_LOCK NlpWakeLock 0x1 WorkSource{10011 com.google.android.gms}
04-04 12:04:59.556 19130 19130 I Router : WiFi state changed, trying to disable router
04-04 12:04:59.558 1278 1337 V NetworkPolicy: updateNetworkEnabledLocked()
04-04 12:04:59.558 1278 1337 V NetworkPolicy: updateNetworkRulesLocked()
04-04 12:04:59.558 1278 1337 D NetworkManagement: isBandwidthControlEnabled: doneSignal.getCount()= 0
04-04 12:04:59.560 864 973 D WifiManagerWrapper: calculateSignalLevel called
04-04 12:04:59.560 864 973 D WifiManagerWrapper: calculateSignalLevel called
04-04 12:04:59.560 864 973 D WifiManagerWrapper: calculateSignalLevel called
04-04 12:04:59.560 864 973 D AccessPointPreference: summary : monitoring_5ghz, Secured with WPA2 (WPS available)
04-04 12:04:59.560 864 973 D WifiManagerWrapper: calculateSignalLevel called
04-04 12:04:59.561 864 973 D WifiManagerWrapper: calculateSignalLevel called
04-04 12:04:59.561 864 973 D WifiManagerWrapper: calculateSignalLevel called
04-04 12:04:59.561 864 973 D AccessPointPreference: summary : Internet-Box-Artur_5GHz, Secured with WPA2 (WPS available)
04-04 12:04:59.561 864 973 D WifiManagerWrapper: calculateSignalLevel called
04-04 12:04:59.561 864 973 D WifiManagerWrapper: calculateSignalLevel called
04-04 12:04:59.561 864 973 D WifiManagerWrapper: calculateSignalLevel called
04-04 12:04:59.562 864 973 D AccessPointPreference: summary : SGv1_Irek_5Ghz, Secured with WPA2 (WPS available)
04-04 12:04:59.562 864 973 D WifiManagerWrapper: calculateSignalLevel called
04-04 12:04:59.567 1278 1278 D htcCheckinService: ConnectivityReceiver - onReceive() - original mNetworkConnected = true
04-04 12:04:59.567 1278 1278 D htcCheckinService: ConnectivityReceiver - onReceive() - new mNetworkConnected = false
04-04 12:04:59.572 2095 2095 I ConnectivityHelper: [onReceive] WIFI(1): DISCONNECTED
04-04 12:04:59.573 1278 2863 D WifiService: releaseMulticastLock pid=19130, uid=12785
04-04 12:04:59.573 1278 2863 D WifiService: removeMulticasterLocked
04-04 12:04:59.574 10696 10696 D wpa_supplicant: wlan0: Control interface command 'DRIVER RXFILTER-STOP'
04-04 12:04:59.574 10696 10696 D wpa_supplicant: wpa_driver_nl80211_driver_cmd RXFILTER-STOP len = 0, 4096
04-04 12:04:59.577 864 864 D HtcWifiTracker: onReceive(), action:android.net.conn.CONNECTIVITY_CHANGE
04-04 12:04:59.577 10696 10696 D wpa_supplicant: wlan0: Control interface command 'DRIVER RXFILTER-REMOVE 2'
04-04 12:04:59.577 10696 10696 D wpa_supplicant: wpa_driver_nl80211_driver_cmd RXFILTER-REMOVE 2 len = 0, 4096
04-04 12:04:59.577 10696 10696 D wpa_supplicant: wlan0: Control interface command 'DRIVER RXFILTER-START'
04-04 12:04:59.577 10696 10696 D wpa_supplicant: wpa_driver_nl80211_driver_cmd RXFILTER-START len = 0, 4096
04-04 12:04:59.578 1278 1278 W ContextImpl: Calling a method in the system process without a qualified user: android.app.ContextImpl.startService:1229 android.content.ContextWrapper.startService:581 com.htc.checkinprovider.htcCheckinService$ConnectivityReceiver.onReceive:2758 android.app.LoadedApk$ReceiverDispatcher$Args.run:915 android.os.Handler.handleCallback:739
04-04 12:04:59.579 1278 1278 D com.qualcomm.location.LocationService: onReceive
04-04 12:04:59.579 1278 1278 D com.qualcomm.location.LocationService: got connectivity action
04-04 12:04:59.579 1278 1278 D com.qualcomm.location.LocationService: broadcast - no network connections
04-04 12:04:59.579 1278 1278 D com.qualcomm.location.LocationService: Connectivity status : mWifiConnectivity - false; mWwanConnectivity - false
04-04 12:04:59.579 1278 1278 D com.qualcomm.location.LocationService: Sending msg: 4 arg1:0 arg2:1
04-04 12:04:59.579 1278 1278 D PMS : acquireWL(1d38c9c): PARTIAL_WAKE_LOCK LocationService 0x1 1278 1000 null
04-04 12:04:59.581 1278 1278 I HtcMessageUploader.UploadMessageService: onCreate()
04-04 12:04:59.586 864 973 D WifiManagerWrapper: calculateSignalLevel called
04-04 12:04:59.586 864 973 D WifiManagerWrapper: calculateSignalLevel called
04-04 12:04:59.587 864 973 D AccessPointPreference: summary : Internet-Box-Weronika5GHz, Secured with WPA2
04-04 12:04:59.587 864 973 D WifiManagerWrapper: calculateSignalLevel called
04-04 12:04:59.587 864 973 D WifiManagerWrapper: calculateSignalLevel called
04-04 12:04:59.588 864 973 D WifiManagerWrapper: calculateSignalLevel called
04-04 12:04:59.588 864 973 D AccessPointPreference: summary : HAE-7days, Secured with WPA2 (WPS available)
04-04 12:04:59.588 864 973 D WifiManagerWrapper: calculateSignalLevel called
04-04 12:04:59.588 864 973 D WifiManagerWrapper: calculateSignalLevel called
04-04 12:04:59.589 864 973 D WifiManagerWrapper: calculateSignalLevel called
04-04 12:04:59.589 1278 1278 D com.qualcomm.location.LocationService: getAGpsConnectionInfo connType - 4
04-04 12:04:59.589 1278 1278 D com.qualcomm.location.LocationService: updateNetworkState connTyp: 4 unavailable info: NetworkInfo Type: WIFI Subtype: NetworkState: DISCONNECTED DetailedState: , roaming: false, failover: false, isAvailable: true info.getType():1
04-04 12:04:59.591 864 973 D AccessPointPreference: summary : Internet-Box-82451_5GHz, Secured with WPA2 (WPS available)
04-04 12:04:59.591 864 973 D WifiManagerWrapper: calculateSignalLevel called
04-04 12:04:59.591 864 973 D WifiManagerWrapper: calculateSignalLevel called
04-04 12:04:59.591 864 973 D WifiManagerWrapper: calculateSignalLevel called
04-04 12:04:59.591 864 973 D AccessPointPreference: summary : v2krzysio-vlanid1, Secured with WPA2 (WPS available)
04-04 12:04:59.591 864 973 D WifiManagerWrapper: calculateSignalLevel called
04-04 12:04:59.591 864 973 D WifiManagerWrapper: calculateSignalLevel called
04-04 12:04:59.592 864 973 D WifiManagerWrapper: calculateSignalLevel called
04-04 12:04:59.592 864 973 D AccessPointPreference: summary : WLAN_Repeater_N263, Secured with WPA2 (WPS available)
04-04 12:04:59.592 864 973 D WifiManagerWrapper: calculateSignalLevel called
04-04 12:04:59.592 864 973 D WifiManagerWrapper: calculateSignalLevel called
04-04 12:04:59.592 864 973 D WifiManagerWrapper: calculateSignalLevel called
04-04 12:04:59.592 864 973 D AccessPointPreference: summary : Internet-Box-CapSel, Secured with WPA2 (WPS available)
04-04 12:04:59.593 864 973 D WifiManagerWrapper: calculateSignalLevel called
04-04 12:04:59.593 864 973 D WifiManagerWrapper: calculateSignalLevel called
04-04 12:04:59.593 864 973 D WifiManagerWrapper: calculateSignalLevel called
04-04 12:04:59.593 864 973 D AccessPointPreference: summary : Dzbanek-v1, Secured with WPA2 (WPS available)
04-04 12:04:59.593 864 973 D WifiManagerWrapper: calculateSignalLevel called
04-04 12:04:59.593 864 973 D WifiManagerWrapper: calculateSignalLevel called
04-04 12:04:59.593 864 973 D WifiManagerWrapper: calculateSignalLevel called
04-04 12:04:59.594 864 973 D AccessPointPreference: summary : Internet-Box-47068_5GHz, Secured with WPA2 (WPS available)
04-04 12:04:59.594 864 973 D WifiManagerWrapper: calculateSignalLevel called
04-04 12:04:59.594 864 973 D WifiManagerWrapper: calculateSignalLevel called
04-04 12:04:59.594 864 973 D WifiManagerWrapper: calculateSignalLevel called
04-04 12:04:59.594 864 973 D AccessPointPreference: summary : vestiacom-5g, Secured with 802.1x
04-04 12:04:59.594 864 973 D WifiManagerWrapper: calculateSignalLevel called
04-04 12:04:59.594 864 973 D WifiManagerWrapper: calculateSignalLevel called
04-04 12:04:59.594 864 973 D WifiManagerWrapper: calculateSignalLevel called
04-04 12:04:59.594 864 973 D AccessPointPreference: summary : my-0000E4,
04-04 12:04:59.594 864 973 D WifiManagerWrapper: calculateSignalLevel called
04-04 12:04:59.594 864 973 D WifiManagerWrapper: calculateSignalLevel called
04-04 12:04:59.594 864 973 D WifiManagerWrapper: calculateSignalLevel called
04-04 12:04:59.595 864 973 D AccessPointPreference: summary : v2krzysio-vlanid1, Secured with WPA2 (WPS available)
04-04 12:04:59.595 864 973 D WifiManagerWrapper: calculateSignalLevel called
04-04 12:04:59.595 864 973 D WifiManagerWrapper: calculateSignalLevel called
04-04 12:04:59.595 864 973 D WifiManagerWrapper: calculateSignalLevel called
04-04 12:04:59.595 864 973 D AccessPointPreference: summary : Ernest-sl-5, Secured with WPA2 (WPS available)
04-04 12:04:59.595 864 973 D WifiManagerWrapper: calculateSignalLevel called
04-04 12:04:59.595 864 973 D WifiManagerWrapper: calculateSignalLevel called
04-04 12:04:59.595 864 973 D WifiManagerWrapper: calculateSignalLevel called
04-04 12:04:59.596 864 973 D AccessPointPreference: summary : wb szl, Secured with WPA2
04-04 12:04:59.598 1596 1790 D NetworkController.WifiSignalController: Change in state from: connected=false,enabled=true,level=4,inetCondition=1,iconGroup=IconGroup(Wi-Fi Icons),activityIn=false,activityOut=false,rssi=-38,lastModified=04-04 12:04:59,ssid=null
04-04 12:04:59.598 1596 1790 D NetworkController.WifiSignalController: to: connected=false,enabled=true,level=4,inetCondition=0,iconGroup=IconGroup(Wi-Fi Icons),activityIn=false,activityOut=false,rssi=-38,lastModified=04-04 12:04:59,ssid=null
04-04 12:04:59.603 1278 1278 D PMS : releaseWL(1d38c9c): PARTIAL_WAKE_LOCK LocationService 0x1 null
04-04 12:04:59.606 1141 1141 W System : ClassLoader referenced unknown path: /system/priv-app/HtcMobileData/lib/arm
04-04 12:04:59.606 1278 1157 I HtcMessageUploader.UploadMessageService: <>>>>WISPrService start isConnected = false <<<<< action = android.net.conn.CONNECTIVITY_CHANGE
04-04 12:04:59.636 864 1161 D WISPrService: HtcCaptivePortalLogin 3>
04-04 12:04:59.636 864 1161 D WISPrService: wifi connected:false
04-04 12:04:59.637 864 1161 W ContextImpl: Calling a method in the system process without a qualified user: android.app.ContextImpl.startService:1229 android.content.ContextWrapper.startService:581 com.android.settings.wifi.WISPrService.onHandleIntent:277 android.app.IntentService$ServiceHandler.handleMessage:66 android.os.Handler.dispatchMessage:102
04-04 12:04:59.648 1278 1646 I ActivityManager: Start proc 1162:com.htc.captiveportallogin/u0a68 for service com.htc.captiveportallogin/.CaptivePortalPoolingService
04-04 12:04:59.659 454 982 E Netd : netlink response contains error (No such file or directory)
04-04 12:04:59.668 1126 1126 W System : ClassLoader referenced unknown path: /data/app/com.htc.Weather-2/lib/arm
04-04 12:04:59.698 864 864 E HtcPreference: [removeAll]:before size= 43
04-04 12:04:59.698 864 864 E HtcPreference: Thread =Thread[main,5,main]
04-04 12:04:59.698 864 864 E HtcPreference: [removeAll]:after size= 0
04-04 12:04:59.698 864 864 E HtcPreference: Thread =Thread[main,5,main]
04-04 12:04:59.698 864 864 D WifiManagerWrapper: calculateSignalLevel called
04-04 12:04:59.698 864 864 E HtcPreference: [addPreference]:before size= 0
04-04 12:04:59.698 864 864 E HtcPreference: Thread =Thread[main,5,main]
04-04 12:04:59.698 864 864 E HtcPreference: [addPreference]:after size= 1
04-04 12:04:59.699 864 864 E HtcPreference: Thread =Thread[main,5,main]
04-04 12:04:59.699 864 864 D WifiManagerWrapper: calculateSignalLevel called
04-04 12:04:59.699 864 864 E HtcPreference: [addPreference]:before size= 1
04-04 12:04:59.699 864 864 E HtcPreference: Thread =Thread[main,5,main]
04-04 12:04:59.699 864 864 E HtcPreference: [addPreference]:after size= 2
04-04 12:04:59.699 864 864 E HtcPreference: Thread =Thread[main,5,main]
04-04 12:04:59.699 864 864 D WifiManagerWrapper: calculateSignalLevel called
04-04 12:04:59.699 864 864 E HtcPreference: [addPreference]:before size= 2
04-04 12:04:59.699 864 864 E HtcPreference: Thread =Thread[main,5,main]
04-04 12:04:59.699 864 864 E HtcPreference: [addPreference]:after size= 3
04-04 12:04:59.699 864 864 E HtcPreference: Thread =Thread[main,5,main]
04-04 12:04:59.699 864 864 D WifiManagerWrapper: calculateSignalLevel called
04-04 12:04:59.699 864 864 E HtcPreference: [addPreference]:before size= 3
04-04 12:04:59.699 864 864 E HtcPreference: Thread =Thread[main,5,main]
04-04 12:04:59.699 864 864 E HtcPreference: [addPreference]:after size= 4
04-04 12:04:59.699 864 864 E HtcPreference: Thread =Thread[main,5,main]
04-04 12:04:59.699 864 864 D WifiManagerWrapper: calculateSignalLevel called
04-04 12:04:59.699 864 864 E HtcPreference: [addPreference]:before size= 4
04-04 12:04:59.699 864 864 E HtcPreference: Thread =Thread[main,5,main]
04-04 12:04:59.699 864 864 E HtcPreference: [addPreference]:after size= 5
04-04 12:04:59.699 864 864 E HtcPreference: Thread =Thread[main,5,main]
04-04 12:04:59.699 864 864 D WifiManagerWrapper: calculateSignalLevel called
04-04 12:04:59.699 864 864 E HtcPreference: [addPreference]:before size= 5
04-04 12:04:59.699 864 864 E HtcPreference: Thread =Thread[main,5,main]
04-04 12:04:59.699 864 864 E HtcPreference: [addPreference]:after size= 6
04-04 12:04:59.699 864 864 E HtcPreference: Thread =Thread[main,5,main]
04-04 12:04:59.699 864 864 D WifiManagerWrapper: calculateSignalLevel called
04-04 12:04:59.699 864 864 E HtcPreference: [addPreference]:before size= 6
04-04 12:04:59.699 864 864 E HtcPreference: Thread =Thread[main,5,main]
04-04 12:04:59.699 864 864 E HtcPreference: [addPreference]:after size= 7
04-04 12:04:59.699 864 864 E HtcPreference: Thread =Thread[main,5,main]
04-04 12:04:59.699 864 864 D WifiManagerWrapper: calculateSignalLevel called
04-04 12:04:59.699 864 864 E HtcPreference: [addPreference]:before size= 7
04-04 12:04:59.700 864 864 E HtcPreference: Thread =Thread[main,5,main]
04-04 12:04:59.700 864 864 E HtcPreference: [addPreference]:after size= 8
04-04 12:04:59.700 864 864 E HtcPreference: Thread =Thread[main,5,main]
04-04 12:04:59.700 864 864 D WifiManagerWrapper: calculateSignalLevel called
04-04 12:04:59.700 864 864 E HtcPreference: [addPreference]:before size= 8
04-04 12:04:59.700 864 864 E HtcPreference: Thread =Thread[main,5,main]
04-04 12:04:59.700 864 864 E HtcPreference: [addPreference]:after size= 9
04-04 12:04:59.700 864 864 E HtcPreference: Thread =Thread[main,5,main]
04-04 12:04:59.700 864 864 D WifiManagerWrapper: calculateSignalLevel called
04-04 12:04:59.700 864 864 E HtcPreference: [addPreference]:before size= 9
04-04 12:04:59.700 864 864 E HtcPreference: Thread =Thread[main,5,main]
04-04 12:04:59.700 864 864 E HtcPreference: [addPreference]:after size= 10
04-04 12:04:59.700 864 864 E HtcPreference: Thread =Thread[main,5,main]
04-04 12:04:59.700 864 864 D WifiManagerWrapper: calculateSignalLevel called
04-04 12:04:59.700 864 864 E HtcPreference: [addPreference]:before size= 10
04-04 12:04:59.700 864 864 E HtcPreference: Thread =Thread[main,5,main]
04-04 12:04:59.700 864 864 E HtcPreference: [addPreference]:after size= 11
04-04 12:04:59.700 864 864 E HtcPreference: Thread =Thread[main,5,main]
04-04 12:04:59.700 864 864 D WifiManagerWrapper: calculateSignalLevel called
04-04 12:04:59.700 864 864 E HtcPreference: [addPreference]:before size= 11
04-04 12:04:59.700 864 864 E HtcPreference: Thread =Thread[main,5,main]
04-04 12:04:59.700 864 864 E HtcPreference: [addPreference]:after size= 12
04-04 12:04:59.700 864 864 E HtcPreference: Thread =Thread[main,5,main]
04-04 12:04:59.700 864 864 D WifiManagerWrapper: calculateSignalLevel called
04-04 12:04:59.700 864 864 E HtcPreference: [addPreference]:before size= 12
04-04 12:04:59.700 864 864 E HtcPreference: Thread =Thread[main,5,main]
04-04 12:04:59.700 864 864 E HtcPreference: [addPreference]:after size= 13
04-04 12:04:59.700 864 864 E HtcPreference: Thread =Thread[main,5,main]
04-04 12:04:59.700 864 864 D WifiManagerWrapper: calculateSignalLevel called
04-04 12:04:59.700 864 864 E HtcPreference: [addPreference]:before size= 13
04-04 12:04:59.700 864 864 E HtcPreference: Thread =Thread[main,5,main]
04-04 12:04:59.700 864 864 E HtcPreference: [addPreference]:after size= 14
04-04 12:04:59.700 864 864 E HtcPreference: Thread =Thread[main,5,main]
04-04 12:04:59.700 864 864 D WifiManagerWrapper: calculateSignalLevel called
04-04 12:04:59.701 864 864 E HtcPreference: [addPreference]:before size= 14
04-04 12:04:59.701 864 864 E HtcPreference: Thread =Thread[main,5,main]
04-04 12:04:59.701 864 864 E HtcPreference: [addPreference]:after size= 15
04-04 12:04:59.701 864 864 E HtcPreference: Thread =Thread[main,5,main]
04-04 12:04:59.701 864 864 D WifiManagerWrapper: calculateSignalLevel called
04-04 12:04:59.701 864 864 E HtcPreference: [addPreference]:before size= 15
04-04 12:04:59.701 864 864 E HtcPreference: Thread =Thread[main,5,main]
04-04 12:04:59.701 864 864 E HtcPreference: [addPreference]:after size= 16
04-04 12:04:59.701 864 864 E HtcPreference: Thread =Thread[main,5,main]
04-04 12:04:59.701 864 864 D WifiManagerWrapper: calculateSignalLevel called
04-04 12:04:59.701 864 864 E HtcPreference: [addPreference]:before size= 16
04-04 12:04:59.701 864 864 E HtcPreference: Thread =Thread[main,5,main]
04-04 12:04:59.701 864 864 E HtcPreference: [addPreference]:after size= 17
04-04 12:04:59.701 864 864 E HtcPreference: Thread =Thread[main,5,main]
04-04 12:04:59.701 864 864 D WifiManagerWrapper: calculateSignalLevel called
04-04 12:04:59.701 864 864 E HtcPreference: [addPreference]:before size= 17
04-04 12:04:59.701 864 864 E HtcPreference: Thread =Thread[main,5,main]
04-04 12:04:59.701 864 864 E HtcPreference: [addPreference]:after size= 18
04-04 12:04:59.701 864 864 E HtcPreference: Thread =Thread[main,5,main]
04-04 12:04:59.701 864 864 D WifiManagerWrapper: calculateSignalLevel called
04-04 12:04:59.701 864 864 E HtcPreference: [addPreference]:before size= 18
04-04 12:04:59.701 864 864 E HtcPreference: Thread =Thread[main,5,main]
04-04 12:04:59.701 864 864 E HtcPreference: [addPreference]:after size= 19
04-04 12:04:59.701 864 864 E HtcPreference: Thread =Thread[main,5,main]
04-04 12:04:59.701 864 864 D WifiManagerWrapper: calculateSignalLevel called
04-04 12:04:59.701 864 864 E HtcPreference: [addPreference]:before size= 19
04-04 12:04:59.701 864 864 E HtcPreference: Thread =Thread[main,5,main]
04-04 12:04:59.701 864 864 E HtcPreference: [addPreference]:after size= 20
04-04 12:04:59.701 864 864 E HtcPreference: Thread =Thread[main,5,main]
04-04 12:04:59.701 864 864 D WifiManagerWrapper: calculateSignalLevel called
04-04 12:04:59.701 864 864 E HtcPreference: [addPreference]:before size= 20
04-04 12:04:59.701 864 864 E HtcPreference: Thread =Thread[main,5,main]
04-04 12:04:59.701 864 864 E HtcPreference: [addPreference]:after size= 21
04-04 12:04:59.702 864 864 E HtcPreference: Thread =Thread[main,5,main]
04-04 12:04:59.702 864 864 D WifiManagerWrapper: calculateSignalLevel called
04-04 12:04:59.702 864 864 E HtcPreference: [addPreference]:before size= 21
04-04 12:04:59.702 864 864 E HtcPreference: Thread =Thread[main,5,main]
04-04 12:04:59.702 864 864 E HtcPreference: [addPreference]:after size= 22
04-04 12:04:59.702 864 864 E HtcPreference: Thread =Thread[main,5,main]
04-04 12:04:59.702 864 864 D WifiManagerWrapper: calculateSignalLevel called
04-04 12:04:59.702 864 864 E HtcPreference: [addPreference]:before size= 22
04-04 12:04:59.702 864 864 E HtcPreference: Thread =Thread[main,5,main]
04-04 12:04:59.702 864 864 E HtcPreference: [addPreference]:after size= 23
04-04 12:04:59.702 864 864 E HtcPreference: Thread =Thread[main,5,main]
04-04 12:04:59.702 864 864 D WifiManagerWrapper: calculateSignalLevel called
04-04 12:04:59.702 864 864 E HtcPreference: [addPreference]:before size= 23
04-04 12:04:59.702 864 864 E HtcPreference: Thread =Thread[main,5,main]
04-04 12:04:59.702 864 864 E HtcPreference: [addPreference]:after size= 24
04-04 12:04:59.702 864 864 E HtcPreference: Thread =Thread[main,5,main]
04-04 12:04:59.702 864 864 D WifiManagerWrapper: calculateSignalLevel called
04-04 12:04:59.702 864 864 E HtcPreference: [addPreference]:before size= 24
04-04 12:04:59.702 864 864 E HtcPreference: Thread =Thread[main,5,main]
04-04 12:04:59.702 864 864 E HtcPreference: [addPreference]:after size= 25
04-04 12:04:59.703 864 864 E HtcPreference: Thread =Thread[main,5,main]
04-04 12:04:59.703 864 864 D WifiManagerWrapper: calculateSignalLevel called
04-04 12:04:59.703 864 864 E HtcPreference: [addPreference]:before size= 25
04-04 12:04:59.703 864 864 E HtcPreference: Thread =Thread[main,5,main]
04-04 12:04:59.703 864 864 E HtcPreference: [addPreference]:after size= 26
04-04 12:04:59.703 864 864 E HtcPreference: Thread =Thread[main,5,main]
04-04 12:04:59.703 864 864 D WifiManagerWrapper: calculateSignalLevel called
04-04 12:04:59.703 864 864 E HtcPreference: [addPreference]:before size= 26
04-04 12:04:59.703 864 864 E HtcPreference: Thread =Thread[main,5,main]
04-04 12:04:59.703 864 864 E HtcPreference: [addPreference]:after size= 27
04-04 12:04:59.703 864 864 E HtcPreference: Thread =Thread[main,5,main]
04-04 12:04:59.703 864 864 D WifiManagerWrapper: calculateSignalLevel called
04-04 12:04:59.703 864 864 E HtcPreference: [addPreference]:before size= 27
04-04 12:04:59.703 864 864 E HtcPreference: Thread =Thread[main,5,main]
04-04 12:04:59.703 864 864 E HtcPreference: [addPreference]:after size= 28
04-04 12:04:59.703 864 864 E HtcPreference: Thread =Thread[main,5,main]
04-04 12:04:59.703 864 864 D WifiManagerWrapper: calculateSignalLevel called
04-04 12:04:59.703 864 864 E HtcPreference: [addPreference]:before size= 28
04-04 12:04:59.703 864 864 E HtcPreference: Thread =Thread[main,5,main]
04-04 12:04:59.703 864 864 E HtcPreference: [addPreference]:after size= 29
04-04 12:04:59.703 864 864 E HtcPreference: Thread =Thread[main,5,main]
04-04 12:04:59.703 864 864 D WifiManagerWrapper: calculateSignalLevel called
04-04 12:04:59.703 864 864 E HtcPreference: [addPreference]:before size= 29
04-04 12:04:59.703 864 864 E HtcPreference: Thread =Thread[main,5,main]
04-04 12:04:59.703 864 864 E HtcPreference: [addPreference]:after size= 30
04-04 12:04:59.703 864 864 E HtcPreference: Thread =Thread[main,5,main]
04-04 12:04:59.703 864 864 D WifiManagerWrapper: calculateSignalLevel called
04-04 12:04:59.703 864 864 E HtcPreference: [addPreference]:before size= 30
04-04 12:04:59.703 864 864 E HtcPreference: Thread =Thread[main,5,main]
04-04 12:04:59.703 864 864 E HtcPreference: [addPreference]:after size= 31
04-04 12:04:59.703 864 864 E HtcPreference: Thread =Thread[main,5,main]
04-04 12:04:59.703 864 864 D WifiManagerWrapper: calculateSignalLevel called
04-04 12:04:59.704 864 864 E HtcPreference: [addPreference]:before size= 31
04-04 12:04:59.704 864 864 E HtcPreference: Thread =Thread[main,5,main]
04-04 12:04:59.704 864 864 E HtcPreference: [addPreference]:after size= 32
04-04 12:04:59.704 864 864 E HtcPreference: Thread =Thread[main,5,main]
04-04 12:04:59.704 864 864 D WifiManagerWrapper: calculateSignalLevel called
04-04 12:04:59.704 864 864 E HtcPreference: [addPreference]:before size= 32
04-04 12:04:59.704 864 864 E HtcPreference: Thread =Thread[main,5,main]
04-04 12:04:59.704 864 864 E HtcPreference: [addPreference]:after size= 33
04-04 12:04:59.704 864 864 E HtcPreference: Thread =Thread[main,5,main]
04-04 12:04:59.704 864 864 D WifiManagerWrapper: calculateSignalLevel called
04-04 12:04:59.704 864 864 E HtcPreference: [addPreference]:before size= 33
04-04 12:04:59.704 864 864 E HtcPreference: Thread =Thread[main,5,main]
04-04 12:04:59.704 864 864 E HtcPreference: [addPreference]:after size= 34
04-04 12:04:59.704 864 864 E HtcPreference: Thread =Thread[main,5,main]
04-04 12:04:59.704 864 864 D WifiManagerWrapper: calculateSignalLevel called
04-04 12:04:59.704 864 864 E HtcPreference: [addPreference]:before size= 34
04-04 12:04:59.704 864 864 E HtcPreference: Thread =Thread[main,5,main]
04-04 12:04:59.704 864 864 E HtcPreference: [addPreference]:after size= 35
04-04 12:04:59.704 864 864 E HtcPreference: Thread =Thread[main,5,main]
04-04 12:04:59.704 864 864 D WifiManagerWrapper: calculateSignalLevel called
04-04 12:04:59.704 864 864 E HtcPreference: [addPreference]:before size= 35
04-04 12:04:59.704 864 864 E HtcPreference: Thread =Thread[main,5,main]
04-04 12:04:59.704 864 864 E HtcPreference: [addPreference]:after size= 36
04-04 12:04:59.704 864 864 E HtcPreference: Thread =Thread[main,5,main]
04-04 12:04:59.704 864 864 D WifiManagerWrapper: calculateSignalLevel called
04-04 12:04:59.704 864 864 E HtcPreference: [addPreference]:before size= 36
04-04 12:04:59.704 864 864 E HtcPreference: Thread =Thread[main,5,main]
04-04 12:04:59.704 864 864 E HtcPreference: [addPreference]:after size= 37
04-04 12:04:59.704 864 864 E HtcPreference: Thread =Thread[main,5,main]
04-04 12:04:59.704 864 864 D WifiManagerWrapper: calculateSignalLevel called
04-04 12:04:59.704 864 864 E HtcPreference: [addPreference]:before size= 37
04-04 12:04:59.705 864 864 E HtcPreference: Thread =Thread[main,5,main]
04-04 12:04:59.705 864 864 E HtcPreference: [addPreference]:after size= 38
04-04 12:04:59.705 864 864 E HtcPreference: Thread =Thread[main,5,main]
04-04 12:04:59.705 864 864 D WifiManagerWrapper: calculateSignalLevel called
04-04 12:04:59.705 864 864 E HtcPreference: [addPreference]:before size= 38
04-04 12:04:59.705 864 864 E HtcPreference: Thread =Thread[main,5,main]
04-04 12:04:59.705 864 864 E HtcPreference: [addPreference]:after size= 39
04-04 12:04:59.705 864 864 E HtcPreference: Thread =Thread[main,5,main]
04-04 12:04:59.705 864 864 D WifiManagerWrapper: calculateSignalLevel called
04-04 12:04:59.705 864 864 E HtcPreference: [addPreference]:before size= 39
04-04 12:04:59.705 864 864 E HtcPreference: Thread =Thread[main,5,main]
04-04 12:04:59.705 864 864 E HtcPreference: [addPreference]:after size= 40
04-04 12:04:59.705 864 864 E HtcPreference: Thread =Thread[main,5,main]
04-04 12:04:59.705 864 864 D WifiManagerWrapper: calculateSignalLevel called
04-04 12:04:59.705 864 864 E HtcPreference: [addPreference]:before size= 40
04-04 12:04:59.705 864 864 E HtcPreference: Thread =Thread[main,5,main]
04-04 12:04:59.705 864 864 E HtcPreference: [addPreference]:after size= 41
04-04 12:04:59.705 864 864 E HtcPreference: Thread =Thread[main,5,main]
04-04 12:04:59.705 864 864 D WifiManagerWrapper: calculateSignalLevel called
04-04 12:04:59.705 864 864 E HtcPreference: [addPreference]:before size= 41
04-04 12:04:59.705 864 864 E HtcPreference: Thread =Thread[main,5,main]
04-04 12:04:59.705 864 864 E HtcPreference: [addPreference]:after size= 42
04-04 12:04:59.705 864 864 E HtcPreference: Thread =Thread[main,5,main]
04-04 12:04:59.705 864 864 D WifiManagerWrapper: calculateSignalLevel called
04-04 12:04:59.705 864 864 E HtcPreference: [addPreference]:before size= 42
04-04 12:04:59.705 864 864 E HtcPreference: Thread =Thread[main,5,main]
04-04 12:04:59.705 864 864 E HtcPreference: [addPreference]:after size= 43
04-04 12:04:59.705 864 864 E HtcPreference: Thread =Thread[main,5,main]
04-04 12:04:59.721 864 973 D HtcAccessPoint: ssid:Ernest-SGv1-5, bssid:null, security:2, networkid:1, signIn:2
04-04 12:04:59.721 864 973 D HtcAccessPoint: ssid:Ernest-SGv1-24, bssid:null, security:2, networkid:0, signIn:2
04-04 12:04:59.721 864 973 D HtcAccessPoint: ssid:Ernest-v1-24, bssid:null, security:2, networkid:3, signIn:2
04-04 12:04:59.721 864 973 D HtcAccessPoint: ssid:Internet-Box-krzysioSL, bssid:null, security:2, networkid:2, signIn:2
04-04 12:04:59.721 864 973 D WifiManager: getScanResults: Base Package Name=com.android.settings, uid=1000
04-04 12:04:59.726 864 973 D WifiManagerWrapper: calculateSignalLevel called
04-04 12:04:59.726 864 973 D WifiManagerWrapper: calculateSignalLevel called
04-04 12:04:59.726 864 973 D WifiManagerWrapper: calculateSignalLevel called
04-04 12:04:59.727 864 973 D AccessPointPreference: summary : Internet-Box-v3-5, Secured with WPA2 (WPS available)
04-04 12:04:59.727 864 973 D WifiManagerWrapper: calculateSignalLevel called
04-04 12:04:59.727 864 973 D WifiManagerWrapper: calculateSignalLevel called
04-04 12:04:59.727 864 973 D WifiManagerWrapper: calculateSignalLevel called
04-04 12:04:59.732 864 973 D AccessPointPreference: summary : AppiumAutotests, Secured with WPA2 (WPS available)
04-04 12:04:59.732 864 973 D WifiManagerWrapper: calculateSignalLevel called
04-04 12:04:59.732 864 973 D WifiManagerWrapper: calculateSignalLevel called
04-04 12:04:59.733 864 973 D WifiManagerWrapper: calculateSignalLevel called
04-04 12:04:59.733 864 973 D AccessPointPreference: summary : SGv2-Michal-2G-CH7, Secured with WPA/WPA2 (WPS available)
04-04 12:04:59.733 864 973 D WifiManagerWrapper: calculateSignalLevel called
04-04 12:04:59.733 864 973 D WifiManagerWrapper: calculateSignalLevel called
04-04 12:04:59.733 864 973 D WifiManagerWrapper: calculateSignalLevel called
04-04 12:04:59.733 864 973 D AccessPointPreference: summary : Internet-Box-v3, Secured with WPA2 (WPS available)
04-04 12:04:59.733 864 973 D WifiManagerWrapper: calculateSignalLevel called
04-04 12:04:59.733 864 973 D WifiManagerWrapper: calculateSignalLevel called
04-04 12:04:59.733 864 973 D WifiManagerWrapper: calculateSignalLevel called
04-04 12:04:59.734 864 973 D AccessPointPreference: summary : Starlite-2.4GHz, Secured with WPA2 (WPS available)
04-04 12:04:59.734 864 973 D WifiManagerWrapper: calculateSignalLevel called
04-04 12:04:59.734 864 973 D WifiManagerWrapper: calculateSignalLevel called
04-04 12:04:59.734 864 973 D WifiManagerWrapper: calculateSignalLevel called
04-04 12:04:59.734 864 973 D AccessPointPreference: summary : Starlite-5GHz, Secured with WPA2 (WPS available)
04-04 12:04:59.734 864 973 D WifiManagerWrapper: calculateSignalLevel called
04-04 12:04:59.734 864 973 D WifiManagerWrapper: calculateSignalLevel called
04-04 12:04:59.734 864 973 D WifiManagerWrapper: calculateSignalLevel called
04-04 12:04:59.754 1162 1162 W System : ClassLoader referenced unknown path: /system/priv-app/HtcCaptivePortalLogin/lib/arm
04-04 12:04:59.759 864 973 D AccessPointPreference: summary : AppiumPjonteczka, Connected
04-04 12:04:59.759 864 973 D WifiManagerWrapper: calculateSignalLevel called
04-04 12:04:59.760 864 973 D WifiManagerWrapper: calculateSignalLevel called
04-04 12:04:59.760 864 973 D WifiManagerWrapper: calculateSignalLevel called
04-04 12:04:59.763 864 973 D AccessPointPreference: summary : visitor-35703, Secured with WPA2
04-04 12:04:59.763 864 973 D WifiManagerWrapper: calculateSignalLevel called
04-04 12:04:59.763 864 973 D WifiManagerWrapper: calculateSignalLevel called
04-04 12:04:59.763 864 973 D WifiManagerWrapper: calculateSignalLevel called
04-04 12:04:59.764 864 973 D AccessPointPreference: summary : vestiacom_guest_5, Secured with WPA2 (WPS available)
04-04 12:04:59.764 864 973 D WifiManagerWrapper: calculateSignalLevel called
04-04 12:04:59.764 864 973 D WifiManagerWrapper: calculateSignalLevel called
04-04 12:04:59.764 864 973 D WifiManagerWrapper: calculateSignalLevel called
04-04 12:04:59.764 864 973 D AccessPointPreference: summary : wifi_main, Secured with 802.1x
04-04 12:04:59.764 864 973 D WifiManagerWrapper: calculateSignalLevel called
04-04 12:04:59.764 864 973 D WifiManagerWrapper: calculateSignalLevel called
04-04 12:04:59.764 864 973 D WifiManagerWrapper: calculateSignalLevel called
04-04 12:04:59.765 864 973 D AccessPointPreference: summary : MobileTest-24, Secured with WPA2 (WPS available)
04-04 12:04:59.765 864 973 D WifiManagerWrapper: calculateSignalLevel called
04-04 12:04:59.765 864 973 D WifiManagerWrapper: calculateSignalLevel called
04-04 12:04:59.765 864 973 D WifiManagerWrapper: calculateSignalLevel called
04-04 12:04:59.765 864 973 D AccessPointPreference: summary : Dzbanek-v1, Secured with WPA2 (WPS available)
04-04 12:04:59.765 864 973 D WifiManagerWrapper: calculateSignalLevel called
04-04 12:04:59.765 864 973 D WifiManagerWrapper: calculateSignalLevel called
04-04 12:04:59.765 864 973 D WifiManagerWrapper: calculateSignalLevel called
04-04 12:04:59.766 864 973 D AccessPointPreference: summary : IBv2-SK, Secured with WPA2 (WPS available)
04-04 12:04:59.766 864 973 D WifiManagerWrapper: calculateSignalLevel called
04-04 12:04:59.766 864 973 D WifiManagerWrapper: calculateSignalLevel called
04-04 12:04:59.766 864 973 D WifiManagerWrapper: calculateSignalLevel called
04-04 12:04:59.766 864 973 D AccessPointPreference: summary : vestiacom_izolatka_5, Secured with 802.1x
04-04 12:04:59.766 864 973 D WifiManagerWrapper: calculateSignalLevel called
04-04 12:04:59.766 864 973 D WifiManagerWrapper: calculateSignalLevel called
04-04 12:04:59.766 864 973 D WifiManagerWrapper: calculateSignalLevel called
04-04 12:04:59.767 864 973 D AccessPointPreference: summary : wifi_main, Secured with 802.1x
04-04 12:04:59.767 864 973 D WifiManagerWrapper: calculateSignalLevel called
04-04 12:04:59.767 864 973 D WifiManagerWrapper: calculateSignalLevel called
04-04 12:04:59.767 864 973 D WifiManagerWrapper: calculateSignalLevel called
04-04 12:04:59.784 1126 1126 D HtcNLPSwitchReceiver: onReceive(): android.net.wifi.STATE_CHANGE
04-04 12:04:59.789 1162 1179 D CaptivePortalPoolingService: onHandleIntent ==>true,false,false,true
04-04 12:04:59.789 1162 1179 D CaptivePortalPoolingService: mode>2
04-04 12:04:59.789 1162 1179 D CaptivePortalPoolingService: cancelNotification>>
04-04 12:04:59.796 1126 1126 D HtcWrapCustomizationManager: [ACC][RR] Method:getCustomizationReader
04-04 12:04:59.796 1126 1126 D HtcWrapCustomizationManager: [ACC][RR] Method:getCustomizationReader
04-04 12:04:59.797 864 973 D AccessPointPreference: summary : Internet-Box-Irek-5GHz, Secured with WPA/WPA2 (WPS available)
04-04 12:04:59.797 864 973 D WifiManagerWrapper: calculateSignalLevel called
04-04 12:04:59.798 864 973 D WifiManagerWrapper: calculateSignalLevel called
04-04 12:04:59.798 864 973 D WifiManagerWrapper: calculateSignalLevel called
04-04 12:04:59.799 864 973 D AccessPointPreference: summary : MobileTest-5, Secured with WPA2 (WPS available)
04-04 12:04:59.799 1278 1295 D GpsLocationProvider: receive broadcast intent, action: android.net.conn.CONNECTIVITY_CHANGE
04-04 12:04:59.799 864 973 D WifiManagerWrapper: calculateSignalLevel called
04-04 12:04:59.799 864 973 D WifiManagerWrapper: calculateSignalLevel called
04-04 12:04:59.799 864 973 D WifiManagerWrapper: calculateSignalLevel called
04-04 12:04:59.799 864 973 D AccessPointPreference: summary : WLAN_Repeater_N263, Secured with WPA2 (WPS available)
04-04 12:04:59.800 864 973 D WifiManagerWrapper: calculateSignalLevel called
04-04 12:04:59.801 864 973 D WifiManagerWrapper: calculateSignalLevel called
04-04 12:04:59.801 864 973 D WifiManagerWrapper: calculateSignalLevel called
04-04 12:04:59.804 864 973 D AccessPointPreference: summary : Eniro, Secured with 802.1x
04-04 12:04:59.805 864 973 D WifiManagerWrapper: calculateSignalLevel called
04-04 12:04:59.805 864 973 D WifiManagerWrapper: calculateSignalLevel called
04-04 12:04:59.805 864 973 D WifiManagerWrapper: calculateSignalLevel called
04-04 12:04:59.807 1278 1295 D PMS : acquireWL(bdad688): PARTIAL_WAKE_LOCK GpsLocationProvider 0x1 1278 1000 null
04-04 12:04:59.807 1278 1295 D GpsLocationProvider: [handleMessage] UPDATE_NETWORK_STATE
04-04 12:04:59.807 1278 1295 D GpsLocationProvider: updateNetworkState unavailable info: NetworkInfo Type: WIFI Subtype: NetworkState: DISCONNECTED DetailedState: , roaming: false, failover: false, isAvailable: true
04-04 12:04:59.807 1278 1295 D GpsLocationProvider: Skipped network state update because AGPS-RIL in GPS HAL is not supported
04-04 12:04:59.807 1278 1295 D PMS : releaseWL(bdad688): PARTIAL_WAKE_LOCK GpsLocationProvider 0x1 null
04-04 12:04:59.809 864 973 D AccessPointPreference: summary : Internet-Box-Irek-5GHz, Secured with WPA/WPA2 (WPS available)
04-04 12:04:59.809 864 973 D WifiManagerWrapper: calculateSignalLevel called
04-04 12:04:59.809 864 973 D WifiManagerWrapper: calculateSignalLevel called
04-04 12:04:59.809 864 973 D WifiManagerWrapper: calculateSignalLevel called
04-04 12:04:59.809 864 973 D AccessPointPreference: summary : netia_izolatka, Secured with WPA2 (WPS available)
04-04 12:04:59.809 864 973 D WifiManagerWrapper: calculateSignalLevel called
04-04 12:04:59.809 864 973 D WifiManagerWrapper: calculateSignalLevel called
04-04 12:04:59.809 864 973 D WifiManagerWrapper: calculateSignalLevel called
04-04 12:04:59.810 864 973 D AccessPointPreference: summary : Internet-Box-IIIII, Secured with WPA2 (WPS available)
04-04 12:04:59.814 864 973 D WifiManagerWrapper: calculateSignalLevel called
04-04 12:04:59.814 864 973 D WifiManagerWrapper: calculateSignalLevel called
04-04 12:04:59.814 864 973 D WifiManagerWrapper: calculateSignalLevel called
04-04 12:04:59.815 864 973 D AccessPointPreference: summary : v1krzysio, Secured with WPA2 (WPS available)
04-04 12:04:59.815 864 973 D WifiManagerWrapper: calculateSignalLevel called
04-04 12:04:59.815 864 973 D WifiManagerWrapper: calculateSignalLevel called
04-04 12:04:59.815 864 973 D WifiManagerWrapper: calculateSignalLevel called
04-04 12:04:59.817 864 973 D AccessPointPreference: summary : v2krzysio-vlanid1, Secured with WPA2 (WPS available)
04-04 12:04:59.817 864 973 D WifiManagerWrapper: calculateSignalLevel called
04-04 12:04:59.817 864 973 D WifiManagerWrapper: calculateSignalLevel called
04-04 12:04:59.817 864 973 D WifiManagerWrapper: calculateSignalLevel called
04-04 12:04:59.825 864 973 D AccessPointPreference: summary : Internet-Box-Karol, Secured with WPA2 (WPS available)
04-04 12:04:59.825 864 973 D WifiManagerWrapper: calculateSignalLevel called
04-04 12:04:59.825 864 973 D WifiManagerWrapper: calculateSignalLevel called
04-04 12:04:59.825 864 973 D WifiManagerWrapper: calculateSignalLevel called
04-04 12:04:59.825 864 973 D AccessPointPreference: summary : Internet-Box-Starlink, Secured with WPA2 (WPS available)
04-04 12:04:59.825 864 973 D WifiManagerWrapper: calculateSignalLevel called
04-04 12:04:59.825 864 973 D WifiManagerWrapper: calculateSignalLevel called
04-04 12:04:59.826 864 973 D WifiManagerWrapper: calculateSignalLevel called
04-04 12:04:59.826 864 973 D AccessPointPreference: summary : my-00B150,
04-04 12:04:59.826 864 973 D WifiManagerWrapper: calculateSignalLevel called
04-04 12:04:59.826 864 973 D WifiManagerWrapper: calculateSignalLevel called
04-04 12:04:59.826 864 973 D WifiManagerWrapper: calculateSignalLevel called
04-04 12:04:59.826 864 973 D AccessPointPreference: summary : Internet-Box-82451, Secured with WPA2 (WPS available)
04-04 12:04:59.826 864 973 D WifiManagerWrapper: calculateSignalLevel called
04-04 12:04:59.826 864 973 D WifiManagerWrapper: calculateSignalLevel called
04-04 12:04:59.826 864 973 D WifiManagerWrapper: calculateSignalLevel called
04-04 12:04:59.827 864 973 D AccessPointPreference: summary : SL-SK, Secured with WPA2 (WPS available)
04-04 12:04:59.827 864 973 D WifiManagerWrapper: calculateSignalLevel called
04-04 12:04:59.827 864 973 D WifiManagerWrapper: calculateSignalLevel called
04-04 12:04:59.827 864 973 D WifiManagerWrapper: calculateSignalLevel called
04-04 12:04:59.827 864 973 D AccessPointPreference: summary : SGv2-Michal-5G-CH40, Secured with WPA/WPA2 (WPS available)
04-04 12:04:59.827 864 973 D WifiManagerWrapper: calculateSignalLevel called
04-04 12:04:59.827 864 973 D WifiManagerWrapper: calculateSignalLevel called
04-04 12:04:59.828 864 973 D WifiManagerWrapper: calculateSignalLevel called
04-04 12:04:59.828 864 973 D AccessPointPreference: summary : HAE-7days, Secured with WPA2 (WPS available)
04-04 12:04:59.828 864 973 D WifiManagerWrapper: calculateSignalLevel called
04-04 12:04:59.828 864 973 D WifiManagerWrapper: calculateSignalLevel called
04-04 12:04:59.828 864 973 D WifiManagerWrapper: calculateSignalLevel called
04-04 12:04:59.831 864 973 D AccessPointPreference: summary : Internet-Box-Weronika, Secured with WPA2
04-04 12:04:59.845 1126 1126 D HtcNLPSwitchReceiver: onReceive(): AutoNavi NLP package not installed!
04-04 12:04:59.846 1278 2889 I ActivityManager: Killing 26485:com.android.chrome/u0a91 (adj 15): empty #17
04-04 12:04:59.846 1278 2889 D Process : killProcessQuiet, pid=26485
04-04 12:04:59.847 1278 2889 D Process : com.android.server.am.ProcessRecord.kill:577 com.android.server.am.ActivityManagerService.updateOomAdjLocked:20194 com.android.server.am.BroadcastQueue.processCurBroadcastLocked:265
04-04 12:04:59.855 864 973 D WifiManagerWrapper: calculateSignalLevel called
04-04 12:04:59.855 864 973 D WifiManagerWrapper: calculateSignalLevel called
04-04 12:04:59.855 864 973 D WifiManagerWrapper: calculateSignalLevel called
04-04 12:04:59.856 864 973 D AccessPointPreference: summary : Eniro, Secured with 802.1x
04-04 12:04:59.856 864 973 D WifiManagerWrapper: calculateSignalLevel called
04-04 12:04:59.856 864 973 D WifiManagerWrapper: calculateSignalLevel called
04-04 12:04:59.856 864 973 D WifiManagerWrapper: calculateSignalLevel called
04-04 12:04:59.856 864 973 D AccessPointPreference: summary : IBv2-SK, Secured with WPA2 (WPS available)
04-04 12:04:59.856 864 973 D WifiManagerWrapper: calculateSignalLevel called
04-04 12:04:59.856 864 973 D WifiManagerWrapper: calculateSignalLevel called
04-04 12:04:59.856 864 973 D WifiManagerWrapper: calculateSignalLevel called
04-04 12:04:59.859 864 973 D AccessPointPreference: summary : netia_izolatka_5, Secured with WPA2 (WPS available)
04-04 12:04:59.859 864 973 D WifiManagerWrapper: calculateSignalLevel called
04-04 12:04:59.859 864 973 D WifiManagerWrapper: calculateSignalLevel called
04-04 12:04:59.859 864 973 D WifiManagerWrapper: calculateSignalLevel called
04-04 12:04:59.860 1278 2863 I ActivityManager: Recipient 26485
04-04 12:04:59.860 864 973 D AccessPointPreference: summary : v2krzysio-vlanid1, Secured with WPA2 (WPS available)
04-04 12:04:59.860 864 973 D WifiManagerWrapper: calculateSignalLevel called
04-04 12:04:59.860 864 973 D WifiManagerWrapper: calculateSignalLevel called
04-04 12:04:59.861 864 973 D WifiManagerWrapper: calculateSignalLevel called
04-04 12:04:59.862 864 973 D AccessPointPreference: summary : SGv1-Julia-5G-c6, Secured with WPA2 (WPS available)
04-04 12:04:59.862 864 973 D WifiManagerWrapper: calculateSignalLevel called
04-04 12:04:59.863 864 973 D WifiManagerWrapper: calculateSignalLevel called
04-04 12:04:59.863 864 973 D WifiManagerWrapper: calculateSignalLevel called
04-04 12:04:59.863 864 973 D AccessPointPreference: summary : monitoring_5ghz, Secured with WPA2 (WPS available)
04-04 12:04:59.863 864 973 D WifiManagerWrapper: calculateSignalLevel called
04-04 12:04:59.863 864 973 D WifiManagerWrapper: calculateSignalLevel called
04-04 12:04:59.864 864 973 D WifiManagerWrapper: calculateSignalLevel called
04-04 12:04:59.864 864 973 D AccessPointPreference: summary : Internet-Box-Artur_5GHz, Secured with WPA2 (WPS available)
04-04 12:04:59.864 864 973 D WifiManagerWrapper: calculateSignalLevel called
04-04 12:04:59.864 864 973 D WifiManagerWrapper: calculateSignalLevel called
04-04 12:04:59.864 864 973 D WifiManagerWrapper: calculateSignalLevel called
04-04 12:04:59.866 864 973 D AccessPointPreference: summary : SGv1_Irek_5Ghz, Secured with WPA2 (WPS available)
04-04 12:04:59.866 864 973 D WifiManagerWrapper: calculateSignalLevel called
04-04 12:04:59.866 864 973 D WifiManagerWrapper: calculateSignalLevel called
04-04 12:04:59.866 864 973 D WifiManagerWrapper: calculateSignalLevel called
04-04 12:04:59.867 864 973 D AccessPointPreference: summary : Internet-Box-Weronika5GHz, Secured with WPA2
04-04 12:04:59.867 864 973 D WifiManagerWrapper: calculateSignalLevel called
04-04 12:04:59.867 864 973 D WifiManagerWrapper: calculateSignalLevel called
04-04 12:04:59.867 864 973 D WifiManagerWrapper: calculateSignalLevel called
04-04 12:04:59.867 864 973 D AccessPointPreference: summary : HAE-7days, Secured with WPA2 (WPS available)
04-04 12:04:59.867 864 973 D WifiManagerWrapper: calculateSignalLevel called
04-04 12:04:59.867 864 973 D WifiManagerWrapper: calculateSignalLevel called
04-04 12:04:59.867 864 973 D WifiManagerWrapper: calculateSignalLevel called
04-04 12:04:59.868 864 973 D AccessPointPreference: summary : Internet-Box-82451_5GHz, Secured with WPA2 (WPS available)
04-04 12:04:59.868 864 973 D WifiManagerWrapper: calculateSignalLevel called
04-04 12:04:59.868 864 973 D WifiManagerWrapper: calculateSignalLevel called
04-04 12:04:59.868 864 973 D WifiManagerWrapper: calculateSignalLevel called
04-04 12:04:59.868 864 973 D AccessPointPreference: summary : v2krzysio-vlanid1, Secured with WPA2 (WPS available)
