04-04 12:05:00.549 864 973 D AccessPointPreference: summary : Internet-Box-82451, Secured with WPA2 (WPS available)
04-04 12:05:00.549 864 973 D WifiManagerWrapper: calculateSignalLevel called
04-04 12:05:00.549 864 973 D WifiManagerWrapper: calculateSignalLevel called
04-04 12:05:00.549 864 973 D WifiManagerWrapper: calculateSignalLevel called
04-04 12:05:00.549 864 973 D AccessPointPreference: summary : SL-SK, Secured with WPA2 (WPS available)
04-04 12:05:00.549 864 973 D WifiManagerWrapper: calculateSignalLevel called
04-04 12:05:00.551 864 973 D WifiManagerWrapper: calculateSignalLevel called
04-04 12:05:00.551 864 973 D WifiManagerWrapper: calculateSignalLevel called
04-04 12:05:00.551 864 973 D AccessPointPreference: summary : SGv2-Michal-5G-CH40, Secured with WPA/WPA2 (WPS available)
04-04 12:05:00.551 864 973 D WifiManagerWrapper: calculateSignalLevel called
04-04 12:05:00.551 864 973 D WifiManagerWrapper: calculateSignalLevel called
04-04 12:05:00.551 864 973 D WifiManagerWrapper: calculateSignalLevel called
04-04 12:05:00.552 864 973 D AccessPointPreference: summary : HAE-7days, Secured with WPA2 (WPS available)
04-04 12:05:00.552 864 973 D WifiManagerWrapper: calculateSignalLevel called
04-04 12:05:00.552 864 973 D WifiManagerWrapper: calculateSignalLevel called
04-04 12:05:00.552 864 973 D WifiManagerWrapper: calculateSignalLevel called
04-04 12:05:00.553 864 973 D AccessPointPreference: summary : Internet-Box-Weronika, Secured with WPA2
04-04 12:05:00.553 864 973 D WifiManagerWrapper: calculateSignalLevel called
04-04 12:05:00.554 1116 1197 D CustomizationMNSLoader: Parsing tag category name = ulog_policy
04-04 12:05:00.555 1116 1197 D CustomizationMNSLoader: Parsing tag category name = force_change
04-04 12:05:00.555 864 973 D WifiManagerWrapper: calculateSignalLevel called
04-04 12:05:00.555 864 973 D WifiManagerWrapper: calculateSignalLevel called
04-04 12:05:00.555 1185 1198 D FlexNetS: updateSvcAllowedInSettings:false
04-04 12:05:00.555 1185 1198 D FlexNetRA: ActionA>android.intent.action.ANY_DATA_STATE
04-04 12:05:00.556 864 973 D AccessPointPreference: summary : Eniro, Secured with 802.1x
04-04 12:05:00.556 864 973 D WifiManagerWrapper: calculateSignalLevel called
04-04 12:05:00.557 1116 1197 D CustomizationMNSLoader: full path : /system/customize/MNS/248.xml
04-04 12:05:00.557 1116 1197 D CustomizationMNSLoader: Parsing tag category name = system
04-04 12:05:00.558 1116 1197 D CustomizationMNSLoader: Parsing tag category name = application
04-04 12:05:00.559 864 973 D WifiManagerWrapper: calculateSignalLevel called
04-04 12:05:00.559 864 973 D WifiManagerWrapper: calculateSignalLevel called
04-04 12:05:00.560 1185 1198 D FlexNetS: updateSvcAllowedInSettings:false
04-04 12:05:00.561 864 973 D AccessPointPreference: summary : IBv2-SK, Secured with WPA2 (WPS available)
04-04 12:05:00.561 864 973 D WifiManagerWrapper: calculateSignalLevel called
04-04 12:05:00.561 864 973 D WifiManagerWrapper: calculateSignalLevel called
04-04 12:05:00.561 864 973 D WifiManagerWrapper: calculateSignalLevel called
04-04 12:05:00.561 864 973 D AccessPointPreference: summary : netia_izolatka_5, Secured with WPA2 (WPS available)
04-04 12:05:00.561 864 973 D WifiManagerWrapper: calculateSignalLevel called
04-04 12:05:00.561 864 973 D WifiManagerWrapper: calculateSignalLevel called
04-04 12:05:00.561 864 973 D WifiManagerWrapper: calculateSignalLevel called
04-04 12:05:00.565 864 973 D AccessPointPreference: summary : v2krzysio-vlanid1, Secured with WPA2 (WPS available)
04-04 12:05:00.565 864 973 D WifiManagerWrapper: calculateSignalLevel called
04-04 12:05:00.565 864 973 D WifiManagerWrapper: calculateSignalLevel called
04-04 12:05:00.565 864 973 D WifiManagerWrapper: calculateSignalLevel called
04-04 12:05:00.565 864 973 D AccessPointPreference: summary : SGv1-Julia-5G-c6, Secured with WPA2 (WPS available)
04-04 12:05:00.565 864 973 D WifiManagerWrapper: calculateSignalLevel called
04-04 12:05:00.566 864 973 D WifiManagerWrapper: calculateSignalLevel called
04-04 12:05:00.566 864 973 D WifiManagerWrapper: calculateSignalLevel called
04-04 12:05:00.572 1116 1197 D CustomizationMNSLoader: Parsing tag category name = ulog_policy
04-04 12:05:00.573 1116 1197 D CustomizationMNSLoader: Parsing tag category name = force_change
04-04 12:05:00.574 1141 1178 W Settings: Setting data_roaming has moved from android.provider.Settings.Secure to android.provider.Settings.Global.
04-04 12:05:00.574 1116 1197 D CustomizationMNSLoader: full path : /system/customize/MNS/204.xml
04-04 12:05:00.575 1116 1197 D CustomizationMNSLoader: Parsing tag category name = system
04-04 12:05:00.575 1141 1178 W MdUtils : fail to get data roaming -
04-04 12:05:00.575 1141 1178 W MdUtils : android.provider.Settings$SettingNotFoundException: data_roaming
04-04 12:05:00.575 1141 1178 W MdUtils : at android.provider.Settings$Secure.getIntForUser(Settings.java:4652)
04-04 12:05:00.575 1141 1178 W MdUtils : at android.provider.Settings$Secure.getInt(Settings.java:4637)
04-04 12:05:00.575 1141 1178 W MdUtils : at com.htc.mobiledata.e.a(HtcMobileDataUtils.java:794)
04-04 12:05:00.575 1141 1178 W MdUtils : at com.htc.mobiledata.services.bc.a(SvcpDataSummary.java:262)
04-04 12:05:00.575 1141 1178 W MdUtils : at com.htc.apputil.z.b(RequestThreadManager.java:1135)
04-04 12:05:00.575 1141 1178 W MdUtils : at com.htc.apputil.z.a(RequestThreadManager.java:15)
04-04 12:05:00.575 1141 1178 W MdUtils : at com.htc.apputil.ae.a(RequestThreadManager.java:1529)
04-04 12:05:00.575 1141 1178 W MdUtils : at com.htc.apputil.z.b(RequestThreadManager.java:1135)
04-04 12:05:00.575 1141 1178 W MdUtils : at com.htc.apputil.z.a(RequestThreadManager.java:1195)
04-04 12:05:00.575 1141 1178 W MdUtils : at com.htc.apputil.z.a(RequestThreadManager.java:15)
04-04 12:05:00.575 1141 1178 W MdUtils : at com.htc.apputil.aa.handleMessage(RequestThreadManager.java:1005)
04-04 12:05:00.575 1141 1178 W MdUtils : at android.os.Handler.dispatchMessage(Handler.java:102)
04-04 12:05:00.575 1141 1178 W MdUtils : at android.os.Looper.loop(Looper.java:168)
04-04 12:05:00.575 1141 1178 W MdUtils : at android.os.HandlerThread.run(HandlerThread.java:61)
04-04 12:05:00.576 1116 1197 D CustomizationMNSLoader: Parsing tag category name = application
04-04 12:05:00.579 864 973 D AccessPointPreference: summary : monitoring_5ghz, Secured with WPA2 (WPS available)
04-04 12:05:00.579 864 973 D WifiManagerWrapper: calculateSignalLevel called
04-04 12:05:00.579 864 973 D WifiManagerWrapper: calculateSignalLevel called
04-04 12:05:00.579 864 973 D WifiManagerWrapper: calculateSignalLevel called
04-04 12:05:00.581 864 973 D AccessPointPreference: summary : Internet-Box-Artur_5GHz, Secured with WPA2 (WPS available)
04-04 12:05:00.581 864 973 D WifiManagerWrapper: calculateSignalLevel called
04-04 12:05:00.581 864 973 D WifiManagerWrapper: calculateSignalLevel called
04-04 12:05:00.581 864 973 D WifiManagerWrapper: calculateSignalLevel called
04-04 12:05:00.581 1141 1178 D TelephonyManager: getDataEnabled: retVal=true
04-04 12:05:00.583 864 973 D AccessPointPreference: summary : SGv1_Irek_5Ghz, Secured with WPA2 (WPS available)
04-04 12:05:00.583 864 973 D WifiManagerWrapper: calculateSignalLevel called
04-04 12:05:00.584 864 973 D WifiManagerWrapper: calculateSignalLevel called
04-04 12:05:00.584 864 973 D WifiManagerWrapper: calculateSignalLevel called
04-04 12:05:00.584 864 973 D AccessPointPreference: summary : Internet-Box-Weronika5GHz, Secured with WPA2
04-04 12:05:00.584 864 973 D WifiManagerWrapper: calculateSignalLevel called
04-04 12:05:00.584 864 973 D WifiManagerWrapper: calculateSignalLevel called
04-04 12:05:00.584 864 973 D WifiManagerWrapper: calculateSignalLevel called
04-04 12:05:00.584 864 973 D AccessPointPreference: summary : HAE-7days, Secured with WPA2 (WPS available)
04-04 12:05:00.584 864 973 D WifiManagerWrapper: calculateSignalLevel called
04-04 12:05:00.584 864 973 D WifiManagerWrapper: calculateSignalLevel called
04-04 12:05:00.584 864 973 D WifiManagerWrapper: calculateSignalLevel called
04-04 12:05:00.585 864 973 D AccessPointPreference: summary : Internet-Box-82451_5GHz, Secured with WPA2 (WPS available)
04-04 12:05:00.585 864 973 D WifiManagerWrapper: calculateSignalLevel called
04-04 12:05:00.585 864 973 D WifiManagerWrapper: calculateSignalLevel called
04-04 12:05:00.585 864 973 D WifiManagerWrapper: calculateSignalLevel called
04-04 12:05:00.585 864 973 D AccessPointPreference: summary : v2krzysio-vlanid1, Secured with WPA2 (WPS available)
04-04 12:05:00.585 864 973 D WifiManagerWrapper: calculateSignalLevel called
04-04 12:05:00.585 864 973 D WifiManagerWrapper: calculateSignalLevel called
04-04 12:05:00.585 864 973 D WifiManagerWrapper: calculateSignalLevel called
04-04 12:05:00.585 864 973 D AccessPointPreference: summary : WLAN_Repeater_N263, Secured with WPA2 (WPS available)
04-04 12:05:00.585 864 973 D WifiManagerWrapper: calculateSignalLevel called
04-04 12:05:00.586 864 973 D WifiManagerWrapper: calculateSignalLevel called
04-04 12:05:00.586 864 973 D WifiManagerWrapper: calculateSignalLevel called
04-04 12:05:00.589 864 973 D AccessPointPreference: summary : Internet-Box-CapSel, Secured with WPA2 (WPS available)
04-04 12:05:00.589 864 973 D WifiManagerWrapper: calculateSignalLevel called
04-04 12:05:00.589 864 973 D WifiManagerWrapper: calculateSignalLevel called
04-04 12:05:00.589 864 973 D WifiManagerWrapper: calculateSignalLevel called
04-04 12:05:00.589 864 973 D AccessPointPreference: summary : Dzbanek-v1, Secured with WPA2 (WPS available)
04-04 12:05:00.589 864 973 D WifiManagerWrapper: calculateSignalLevel called
04-04 12:05:00.589 864 973 D WifiManagerWrapper: calculateSignalLevel called
04-04 12:05:00.590 864 973 D WifiManagerWrapper: calculateSignalLevel called
04-04 12:05:00.590 864 973 D AccessPointPreference: summary : Internet-Box-47068_5GHz, Secured with WPA2 (WPS available)
04-04 12:05:00.590 864 973 D WifiManagerWrapper: calculateSignalLevel called
04-04 12:05:00.590 864 973 D WifiManagerWrapper: calculateSignalLevel called
04-04 12:05:00.590 864 973 D WifiManagerWrapper: calculateSignalLevel called
04-04 12:05:00.590 864 973 D AccessPointPreference: summary : vestiacom-5g, Secured with 802.1x
04-04 12:05:00.590 864 973 D WifiManagerWrapper: calculateSignalLevel called
04-04 12:05:00.590 864 973 D WifiManagerWrapper: calculateSignalLevel called
04-04 12:05:00.590 864 973 D WifiManagerWrapper: calculateSignalLevel called
04-04 12:05:00.590 864 973 D AccessPointPreference: summary : my-0000E4,
04-04 12:05:00.590 864 973 D WifiManagerWrapper: calculateSignalLevel called
04-04 12:05:00.590 1116 1197 D CustomizationMNSLoader: Parsing tag category name = ulog_policy
04-04 12:05:00.590 864 973 D WifiManagerWrapper: calculateSignalLevel called
04-04 12:05:00.591 864 973 D WifiManagerWrapper: calculateSignalLevel called
04-04 12:05:00.591 1116 1197 D CustomizationMNSLoader: Parsing tag category name = CustomAppInstaller
04-04 12:05:00.591 1116 1197 D CustomizationMNSLoader: Parsing tag category name = force_change
04-04 12:05:00.591 864 973 D AccessPointPreference: summary : v2krzysio-vlanid1, Secured with WPA2 (WPS available)
04-04 12:05:00.591 864 973 D WifiManagerWrapper: calculateSignalLevel called
04-04 12:05:00.591 864 973 D WifiManagerWrapper: calculateSignalLevel called
04-04 12:05:00.591 864 973 D WifiManagerWrapper: calculateSignalLevel called
04-04 12:05:00.592 864 973 D AccessPointPreference: summary : Ernest-sl-5, Secured with WPA2 (WPS available)
04-04 12:05:00.592 864 973 D WifiManagerWrapper: calculateSignalLevel called
04-04 12:05:00.592 864 973 D WifiManagerWrapper: calculateSignalLevel called
04-04 12:05:00.592 864 973 D WifiManagerWrapper: calculateSignalLevel called
04-04 12:05:00.592 864 973 D AccessPointPreference: summary : wb szl, Secured with WPA2
04-04 12:05:00.593 1116 1197 D CustomizationMNSLoader: full path : /system/customize/MNS/247.xml
04-04 12:05:00.593 1116 1197 D CustomizationMNSLoader: Parsing tag category name = system
04-04 12:05:00.594 1116 1197 D CustomizationMNSLoader: Parsing tag category name = application
04-04 12:05:00.606 1278 2885 I ActivityManager: Killing 26548:com.android.shell/2000 (adj 15): empty #17
04-04 12:05:00.606 1278 2885 D Process : killProcessQuiet, pid=26548
04-04 12:05:00.606 1278 2885 D Process : com.android.server.am.ProcessRecord.kill:577 com.android.server.am.ActivityManagerService.updateOomAdjLocked:20194 com.android.server.am.ActivityManagerService.removeContentProvider:10348
04-04 12:05:00.607 1116 1197 D CustomizationMNSLoader: Parsing tag category name = ulog_policy
04-04 12:05:00.608 1116 1197 D CustomizationMNSLoader: Parsing tag category name = force_change
04-04 12:05:00.610 1116 1197 D CustomizationMNSLoader: full path : /system/customize/MNS/234.xml
04-04 12:05:00.610 1116 1197 D CustomizationMNSLoader: Parsing tag category name = system
04-04 12:05:00.611 1116 1197 D CustomizationMNSLoader: Parsing tag category name = application
04-04 12:05:00.615 1278 1289 I ActivityManager: Recipient 26548
04-04 12:05:00.624 1116 1197 D CustomizationMNSLoader: Parsing tag category name = ulog_policy
04-04 12:05:00.624 1116 1197 D CustomizationMNSLoader: Parsing tag category name = force_change
04-04 12:05:00.626 1116 1197 D CustomizationMNSLoader: full path : /system/customize/MNS/246.xml
04-04 12:05:00.627 1116 1197 D CustomizationMNSLoader: Parsing tag category name = system
04-04 12:05:00.628 1116 1197 D CustomizationMNSLoader: Parsing tag category name = application
04-04 12:05:00.641 1116 1197 D CustomizationMNSLoader: Parsing tag category name = ulog_policy
04-04 12:05:00.641 1116 1197 D CustomizationMNSLoader: Parsing tag category name = force_change
04-04 12:05:00.642 1116 1197 D CustomizationMNSLoader: full path : /system/customize/MNS/20201.xml
04-04 12:05:00.643 1116 1197 D CustomizationMNSLoader: Parsing tag category name = system
04-04 12:05:00.644 1116 1197 D CustomizationMNSLoader: Parsing tag category name = application
04-04 12:05:00.652 864 864 E HtcPreference: [removeAll]:before size= 43
04-04 12:05:00.652 864 973 D HtcWifiTracker: connection info-SSID: , BSSID: 00:00:00:00:00:00, Supplicant state: SCANNING, RSSI: -127, Link speed: -1Mbps, Frequency: -1MHz, Net ID: -1, Metered hint: false, score: 0
04-04 12:05:00.652 864 864 E HtcPreference: Thread =Thread[main,5,main]
04-04 12:05:00.652 864 864 E HtcPreference: [removeAll]:after size= 0
04-04 12:05:00.652 864 864 E HtcPreference: Thread =Thread[main,5,main]
04-04 12:05:00.652 864 864 D WifiManagerWrapper: calculateSignalLevel called
04-04 12:05:00.652 864 864 E HtcPreference: [addPreference]:before size= 0
04-04 12:05:00.652 864 864 E HtcPreference: Thread =Thread[main,5,main]
04-04 12:05:00.652 864 864 E HtcPreference: [addPreference]:after size= 1
04-04 12:05:00.652 864 864 E HtcPreference: Thread =Thread[main,5,main]
04-04 12:05:00.652 864 864 D WifiManagerWrapper: calculateSignalLevel called
04-04 12:05:00.652 864 864 E HtcPreference: [addPreference]:before size= 1
04-04 12:05:00.653 864 864 E HtcPreference: Thread =Thread[main,5,main]
04-04 12:05:00.653 864 864 E HtcPreference: [addPreference]:after size= 2
04-04 12:05:00.653 864 864 E HtcPreference: Thread =Thread[main,5,main]
04-04 12:05:00.653 864 864 D WifiManagerWrapper: calculateSignalLevel called
04-04 12:05:00.653 864 864 E HtcPreference: [addPreference]:before size= 2
04-04 12:05:00.653 864 864 E HtcPreference: Thread =Thread[main,5,main]
04-04 12:05:00.653 864 864 E HtcPreference: [addPreference]:after size= 3
04-04 12:05:00.653 864 864 E HtcPreference: Thread =Thread[main,5,main]
04-04 12:05:00.653 864 864 D WifiManagerWrapper: calculateSignalLevel called
04-04 12:05:00.653 864 864 E HtcPreference: [addPreference]:before size= 3
04-04 12:05:00.653 864 864 E HtcPreference: Thread =Thread[main,5,main]
04-04 12:05:00.653 864 864 E HtcPreference: [addPreference]:after size= 4
04-04 12:05:00.653 864 864 E HtcPreference: Thread =Thread[main,5,main]
04-04 12:05:00.653 864 864 D WifiManagerWrapper: calculateSignalLevel called
04-04 12:05:00.653 864 864 E HtcPreference: [addPreference]:before size= 4
04-04 12:05:00.653 864 864 E HtcPreference: Thread =Thread[main,5,main]
04-04 12:05:00.653 864 864 E HtcPreference: [addPreference]:after size= 5
04-04 12:05:00.653 864 864 E HtcPreference: Thread =Thread[main,5,main]
04-04 12:05:00.653 864 864 D WifiManagerWrapper: calculateSignalLevel called
04-04 12:05:00.653 864 864 E HtcPreference: [addPreference]:before size= 5
04-04 12:05:00.653 864 864 E HtcPreference: Thread =Thread[main,5,main]
04-04 12:05:00.653 864 864 E HtcPreference: [addPreference]:after size= 6
04-04 12:05:00.653 864 864 E HtcPreference: Thread =Thread[main,5,main]
04-04 12:05:00.653 864 864 D WifiManagerWrapper: calculateSignalLevel called
04-04 12:05:00.653 864 864 E HtcPreference: [addPreference]:before size= 6
04-04 12:05:00.653 864 864 E HtcPreference: Thread =Thread[main,5,main]
04-04 12:05:00.653 864 864 E HtcPreference: [addPreference]:after size= 7
04-04 12:05:00.653 864 864 E HtcPreference: Thread =Thread[main,5,main]
04-04 12:05:00.653 864 864 D WifiManagerWrapper: calculateSignalLevel called
04-04 12:05:00.653 864 864 E HtcPreference: [addPreference]:before size= 7
04-04 12:05:00.653 864 864 E HtcPreference: Thread =Thread[main,5,main]
04-04 12:05:00.653 864 864 E HtcPreference: [addPreference]:after size= 8
04-04 12:05:00.653 864 864 E HtcPreference: Thread =Thread[main,5,main]
04-04 12:05:00.653 864 864 D WifiManagerWrapper: calculateSignalLevel called
04-04 12:05:00.653 864 864 E HtcPreference: [addPreference]:before size= 8
04-04 12:05:00.654 864 864 E HtcPreference: Thread =Thread[main,5,main]
04-04 12:05:00.655 864 864 E HtcPreference: [addPreference]:after size= 9
04-04 12:05:00.655 864 864 E HtcPreference: Thread =Thread[main,5,main]
04-04 12:05:00.655 864 864 D WifiManagerWrapper: calculateSignalLevel called
04-04 12:05:00.655 864 864 E HtcPreference: [addPreference]:before size= 9
04-04 12:05:00.655 864 864 E HtcPreference: Thread =Thread[main,5,main]
04-04 12:05:00.655 864 864 E HtcPreference: [addPreference]:after size= 10
04-04 12:05:00.655 864 864 E HtcPreference: Thread =Thread[main,5,main]
04-04 12:05:00.655 864 864 D WifiManagerWrapper: calculateSignalLevel called
04-04 12:05:00.655 864 864 E HtcPreference: [addPreference]:before size= 10
04-04 12:05:00.655 864 864 E HtcPreference: Thread =Thread[main,5,main]
04-04 12:05:00.655 864 864 E HtcPreference: [addPreference]:after size= 11
04-04 12:05:00.655 864 864 E HtcPreference: Thread =Thread[main,5,main]
04-04 12:05:00.655 864 864 D WifiManagerWrapper: calculateSignalLevel called
04-04 12:05:00.655 864 864 E HtcPreference: [addPreference]:before size= 11
04-04 12:05:00.655 864 864 E HtcPreference: Thread =Thread[main,5,main]
04-04 12:05:00.655 864 864 E HtcPreference: [addPreference]:after size= 12
04-04 12:05:00.655 864 864 E HtcPreference: Thread =Thread[main,5,main]
04-04 12:05:00.655 864 864 D WifiManagerWrapper: calculateSignalLevel called
04-04 12:05:00.655 864 864 E HtcPreference: [addPreference]:before size= 12
04-04 12:05:00.655 864 864 E HtcPreference: Thread =Thread[main,5,main]
04-04 12:05:00.655 864 864 E HtcPreference: [addPreference]:after size= 13
04-04 12:05:00.655 864 864 E HtcPreference: Thread =Thread[main,5,main]
04-04 12:05:00.655 864 864 D WifiManagerWrapper: calculateSignalLevel called
04-04 12:05:00.655 864 864 E HtcPreference: [addPreference]:before size= 13
04-04 12:05:00.655 864 864 E HtcPreference: Thread =Thread[main,5,main]
04-04 12:05:00.655 864 864 E HtcPreference: [addPreference]:after size= 14
04-04 12:05:00.655 864 864 E HtcPreference: Thread =Thread[main,5,main]
04-04 12:05:00.655 864 864 D WifiManagerWrapper: calculateSignalLevel called
04-04 12:05:00.655 864 864 E HtcPreference: [addPreference]:before size= 14
04-04 12:05:00.656 864 864 E HtcPreference: Thread =Thread[main,5,main]
04-04 12:05:00.656 864 864 E HtcPreference: [addPreference]:after size= 15
04-04 12:05:00.656 864 864 E HtcPreference: Thread =Thread[main,5,main]
04-04 12:05:00.656 864 864 D WifiManagerWrapper: calculateSignalLevel called
04-04 12:05:00.656 864 864 E HtcPreference: [addPreference]:before size= 15
04-04 12:05:00.656 864 864 E HtcPreference: Thread =Thread[main,5,main]
04-04 12:05:00.656 864 864 E HtcPreference: [addPreference]:after size= 16
04-04 12:05:00.656 864 864 E HtcPreference: Thread =Thread[main,5,main]
04-04 12:05:00.656 864 864 D WifiManagerWrapper: calculateSignalLevel called
04-04 12:05:00.656 864 864 E HtcPreference: [addPreference]:before size= 16
04-04 12:05:00.656 864 864 E HtcPreference: Thread =Thread[main,5,main]
04-04 12:05:00.656 864 864 E HtcPreference: [addPreference]:after size= 17
04-04 12:05:00.656 864 864 E HtcPreference: Thread =Thread[main,5,main]
04-04 12:05:00.656 864 864 D WifiManagerWrapper: calculateSignalLevel called
04-04 12:05:00.656 864 864 E HtcPreference: [addPreference]:before size= 17
04-04 12:05:00.656 864 864 E HtcPreference: Thread =Thread[main,5,main]
04-04 12:05:00.656 864 864 E HtcPreference: [addPreference]:after size= 18
04-04 12:05:00.656 864 864 E HtcPreference: Thread =Thread[main,5,main]
04-04 12:05:00.656 864 864 D WifiManagerWrapper: calculateSignalLevel called
04-04 12:05:00.656 864 864 E HtcPreference: [addPreference]:before size= 18
04-04 12:05:00.656 864 864 E HtcPreference: Thread =Thread[main,5,main]
04-04 12:05:00.656 864 864 E HtcPreference: [addPreference]:after size= 19
04-04 12:05:00.656 864 864 E HtcPreference: Thread =Thread[main,5,main]
04-04 12:05:00.656 864 864 D WifiManagerWrapper: calculateSignalLevel called
04-04 12:05:00.656 864 864 E HtcPreference: [addPreference]:before size= 19
04-04 12:05:00.656 864 864 E HtcPreference: Thread =Thread[main,5,main]
04-04 12:05:00.656 864 864 E HtcPreference: [addPreference]:after size= 20
04-04 12:05:00.656 864 864 E HtcPreference: Thread =Thread[main,5,main]
04-04 12:05:00.656 864 864 D WifiManagerWrapper: calculateSignalLevel called
04-04 12:05:00.656 864 864 E HtcPreference: [addPreference]:before size= 20
04-04 12:05:00.656 864 864 E HtcPreference: Thread =Thread[main,5,main]
04-04 12:05:00.656 864 864 E HtcPreference: [addPreference]:after size= 21
04-04 12:05:00.656 864 864 E HtcPreference: Thread =Thread[main,5,main]
04-04 12:05:00.656 864 864 D WifiManagerWrapper: calculateSignalLevel called
04-04 12:05:00.656 864 864 E HtcPreference: [addPreference]:before size= 21
04-04 12:05:00.656 864 864 E HtcPreference: Thread =Thread[main,5,main]
04-04 12:05:00.657 864 864 E HtcPreference: [addPreference]:after size= 22
04-04 12:05:00.657 864 864 E HtcPreference: Thread =Thread[main,5,main]
04-04 12:05:00.657 864 864 D WifiManagerWrapper: calculateSignalLevel called
04-04 12:05:00.657 864 864 E HtcPreference: [addPreference]:before size= 22
04-04 12:05:00.657 864 864 E HtcPreference: Thread =Thread[main,5,main]
04-04 12:05:00.657 864 864 E HtcPreference: [addPreference]:after size= 23
04-04 12:05:00.657 864 864 E HtcPreference: Thread =Thread[main,5,main]
04-04 12:05:00.657 864 864 D WifiManagerWrapper: calculateSignalLevel called
04-04 12:05:00.657 864 864 E HtcPreference: [addPreference]:before size= 23
04-04 12:05:00.657 864 864 E HtcPreference: Thread =Thread[main,5,main]
04-04 12:05:00.657 864 864 E HtcPreference: [addPreference]:after size= 24
04-04 12:05:00.657 1116 1197 D CustomizationMNSLoader: Parsing tag category name = ulog_policy
04-04 12:05:00.657 864 864 E HtcPreference: Thread =Thread[main,5,main]
04-04 12:05:00.657 864 864 D WifiManagerWrapper: calculateSignalLevel called
04-04 12:05:00.657 864 864 E HtcPreference: [addPreference]:before size= 24
04-04 12:05:00.657 864 864 E HtcPreference: Thread =Thread[main,5,main]
04-04 12:05:00.657 864 864 E HtcPreference: [addPreference]:after size= 25
04-04 12:05:00.657 864 864 E HtcPreference: Thread =Thread[main,5,main]
04-04 12:05:00.657 864 864 D WifiManagerWrapper: calculateSignalLevel called
04-04 12:05:00.657 1116 1197 D CustomizationMNSLoader: Parsing tag category name = force_change
04-04 12:05:00.657 864 864 E HtcPreference: [addPreference]:before size= 25
04-04 12:05:00.657 864 864 E HtcPreference: Thread =Thread[main,5,main]
04-04 12:05:00.657 864 864 E HtcPreference: [addPreference]:after size= 26
04-04 12:05:00.657 864 864 E HtcPreference: Thread =Thread[main,5,main]
04-04 12:05:00.657 864 864 D WifiManagerWrapper: calculateSignalLevel called
04-04 12:05:00.657 864 864 E HtcPreference: [addPreference]:before size= 26
04-04 12:05:00.657 864 864 E HtcPreference: Thread =Thread[main,5,main]
04-04 12:05:00.657 864 864 E HtcPreference: [addPreference]:after size= 27
04-04 12:05:00.657 864 864 E HtcPreference: Thread =Thread[main,5,main]
04-04 12:05:00.657 864 864 D WifiManagerWrapper: calculateSignalLevel called
04-04 12:05:00.657 864 864 E HtcPreference: [addPreference]:before size= 27
04-04 12:05:00.657 864 864 E HtcPreference: Thread =Thread[main,5,main]
04-04 12:05:00.657 864 864 E HtcPreference: [addPreference]:after size= 28
04-04 12:05:00.657 864 864 E HtcPreference: Thread =Thread[main,5,main]
04-04 12:05:00.657 864 864 D WifiManagerWrapper: calculateSignalLevel called
04-04 12:05:00.658 864 864 E HtcPreference: [addPreference]:before size= 28
04-04 12:05:00.658 864 864 E HtcPreference: Thread =Thread[main,5,main]
04-04 12:05:00.658 864 864 E HtcPreference: [addPreference]:after size= 29
04-04 12:05:00.658 864 864 E HtcPreference: Thread =Thread[main,5,main]
04-04 12:05:00.658 864 864 D WifiManagerWrapper: calculateSignalLevel called
04-04 12:05:00.658 864 864 E HtcPreference: [addPreference]:before size= 29
04-04 12:05:00.658 864 864 E HtcPreference: Thread =Thread[main,5,main]
04-04 12:05:00.658 864 864 E HtcPreference: [addPreference]:after size= 30
04-04 12:05:00.658 864 864 E HtcPreference: Thread =Thread[main,5,main]
04-04 12:05:00.658 864 864 D WifiManagerWrapper: calculateSignalLevel called
04-04 12:05:00.658 864 864 E HtcPreference: [addPreference]:before size= 30
04-04 12:05:00.658 864 864 E HtcPreference: Thread =Thread[main,5,main]
04-04 12:05:00.658 864 864 E HtcPreference: [addPreference]:after size= 31
04-04 12:05:00.658 864 864 E HtcPreference: Thread =Thread[main,5,main]
04-04 12:05:00.658 864 864 D WifiManagerWrapper: calculateSignalLevel called
04-04 12:05:00.658 864 864 E HtcPreference: [addPreference]:before size= 31
04-04 12:05:00.658 864 864 E HtcPreference: Thread =Thread[main,5,main]
04-04 12:05:00.658 864 864 E HtcPreference: [addPreference]:after size= 32
04-04 12:05:00.658 864 864 E HtcPreference: Thread =Thread[main,5,main]
04-04 12:05:00.658 864 864 D WifiManagerWrapper: calculateSignalLevel called
04-04 12:05:00.658 864 864 E HtcPreference: [addPreference]:before size= 32
04-04 12:05:00.658 864 864 E HtcPreference: Thread =Thread[main,5,main]
04-04 12:05:00.658 864 864 E HtcPreference: [addPreference]:after size= 33
04-04 12:05:00.658 864 864 E HtcPreference: Thread =Thread[main,5,main]
04-04 12:05:00.658 864 864 D WifiManagerWrapper: calculateSignalLevel called
04-04 12:05:00.658 864 864 E HtcPreference: [addPreference]:before size= 33
04-04 12:05:00.658 864 864 E HtcPreference: Thread =Thread[main,5,main]
04-04 12:05:00.658 864 864 E HtcPreference: [addPreference]:after size= 34
04-04 12:05:00.658 864 864 E HtcPreference: Thread =Thread[main,5,main]
04-04 12:05:00.658 864 864 D WifiManagerWrapper: calculateSignalLevel called
04-04 12:05:00.658 864 864 E HtcPreference: [addPreference]:before size= 34
04-04 12:05:00.658 864 864 E HtcPreference: Thread =Thread[main,5,main]
04-04 12:05:00.658 864 864 E HtcPreference: [addPreference]:after size= 35
04-04 12:05:00.658 864 864 E HtcPreference: Thread =Thread[main,5,main]
04-04 12:05:00.658 864 864 D WifiManagerWrapper: calculateSignalLevel called
04-04 12:05:00.659 864 864 E HtcPreference: [addPreference]:before size= 35
04-04 12:05:00.659 864 864 E HtcPreference: Thread =Thread[main,5,main]
04-04 12:05:00.659 864 864 E HtcPreference: [addPreference]:after size= 36
04-04 12:05:00.659 864 864 E HtcPreference: Thread =Thread[main,5,main]
04-04 12:05:00.659 864 864 D WifiManagerWrapper: calculateSignalLevel called
04-04 12:05:00.659 864 864 E HtcPreference: [addPreference]:before size= 36
04-04 12:05:00.659 864 864 E HtcPreference: Thread =Thread[main,5,main]
04-04 12:05:00.659 864 864 E HtcPreference: [addPreference]:after size= 37
04-04 12:05:00.659 864 864 E HtcPreference: Thread =Thread[main,5,main]
04-04 12:05:00.659 864 864 D WifiManagerWrapper: calculateSignalLevel called
04-04 12:05:00.659 864 864 E HtcPreference: [addPreference]:before size= 37
04-04 12:05:00.659 864 864 E HtcPreference: Thread =Thread[main,5,main]
04-04 12:05:00.659 864 864 E HtcPreference: [addPreference]:after size= 38
04-04 12:05:00.659 864 864 E HtcPreference: Thread =Thread[main,5,main]
04-04 12:05:00.659 864 864 D WifiManagerWrapper: calculateSignalLevel called
04-04 12:05:00.659 864 864 E HtcPreference: [addPreference]:before size= 38
04-04 12:05:00.659 864 864 E HtcPreference: Thread =Thread[main,5,main]
04-04 12:05:00.659 1116 1197 D CustomizationMNSLoader: full path : /system/customize/MNS/262.xml
04-04 12:05:00.659 864 864 E HtcPreference: [addPreference]:after size= 39
04-04 12:05:00.659 864 864 E HtcPreference: Thread =Thread[main,5,main]
04-04 12:05:00.659 864 864 D WifiManagerWrapper: calculateSignalLevel called
04-04 12:05:00.659 864 864 E HtcPreference: [addPreference]:before size= 39
04-04 12:05:00.659 864 864 E HtcPreference: Thread =Thread[main,5,main]
04-04 12:05:00.659 864 864 E HtcPreference: [addPreference]:after size= 40
04-04 12:05:00.659 864 864 E HtcPreference: Thread =Thread[main,5,main]
04-04 12:05:00.659 864 864 D WifiManagerWrapper: calculateSignalLevel called
04-04 12:05:00.659 864 864 E HtcPreference: [addPreference]:before size= 40
04-04 12:05:00.659 864 864 E HtcPreference: Thread =Thread[main,5,main]
04-04 12:05:00.659 1116 1197 D CustomizationMNSLoader: Parsing tag category name = system
04-04 12:05:00.659 864 864 E HtcPreference: [addPreference]:after size= 41
04-04 12:05:00.659 864 864 E HtcPreference: Thread =Thread[main,5,main]
04-04 12:05:00.659 864 864 D WifiManagerWrapper: calculateSignalLevel called
04-04 12:05:00.659 864 864 E HtcPreference: [addPreference]:before size= 41
04-04 12:05:00.659 864 864 E HtcPreference: Thread =Thread[main,5,main]
04-04 12:05:00.659 864 864 E HtcPreference: [addPreference]:after size= 42
04-04 12:05:00.659 864 864 E HtcPreference: Thread =Thread[main,5,main]
04-04 12:05:00.660 864 864 D WifiManagerWrapper: calculateSignalLevel called
04-04 12:05:00.660 864 864 E HtcPreference: [addPreference]:before size= 42
04-04 12:05:00.660 864 864 E HtcPreference: Thread =Thread[main,5,main]
04-04 12:05:00.660 864 864 E HtcPreference: [addPreference]:after size= 43
04-04 12:05:00.660 864 864 E HtcPreference: Thread =Thread[main,5,main]
04-04 12:05:00.660 1116 1197 D CustomizationMNSLoader: Parsing tag category name = application
04-04 12:05:00.675 1116 1197 D CustomizationMNSLoader: Parsing tag category name = ulog_policy
04-04 12:05:00.675 1116 1197 D CustomizationMNSLoader: Parsing tag category name = force_change
04-04 12:05:00.677 1116 1197 D CustomizationMNSLoader: full path : /system/customize/MNS/228.xml
04-04 12:05:00.678 1116 1197 D CustomizationMNSLoader: Parsing tag category name = system
04-04 12:05:00.678 1116 1197 D CustomizationMNSLoader: Parsing tag category name = application
04-04 12:05:00.691 1116 1197 D CustomizationMNSLoader: Parsing tag category name = ulog_policy
04-04 12:05:00.691 1116 1197 D CustomizationMNSLoader: Parsing tag category name = force_change
04-04 12:05:00.693 1116 1197 D CustomizationMNSLoader: full path : /system/customize/MNS/420.xml
04-04 12:05:00.693 1116 1197 D CustomizationMNSLoader: Parsing tag category name = system
04-04 12:05:00.694 1116 1197 D CustomizationMNSLoader: Parsing tag category name = application
04-04 12:05:00.699 1278 2863 I ActivityManager: Killing 26565:com.android.externalstorage/u0a56 (adj 15): empty #17
04-04 12:05:00.699 1278 2863 D Process : killProcessQuiet, pid=26565
04-04 12:05:00.700 1278 2863 D Process : com.android.server.am.ProcessRecord.kill:577 com.android.server.am.ActivityManagerService.updateOomAdjLocked:20194 com.android.server.am.ActivityManagerService.updateOomAdjLocked:20032
04-04 12:05:00.708 1116 1197 D CustomizationMNSLoader: Parsing tag category name = ulog_policy
04-04 12:05:00.708 1116 1197 D CustomizationMNSLoader: Parsing tag category name = force_change
04-04 12:05:00.710 1116 1197 D CustomizationMNSLoader: full path : /system/customize/MNS/20210.xml
04-04 12:05:00.710 1116 1197 D CustomizationMNSLoader: Parsing tag category name = system
04-04 12:05:00.710 1278 4784 I ActivityManager: Recipient 26565
04-04 12:05:00.711 1116 1197 D CustomizationMNSLoader: Parsing tag category name = application
04-04 12:05:00.725 1116 1197 D CustomizationMNSLoader: Parsing tag category name = ulog_policy
04-04 12:05:00.726 1116 1197 D CustomizationMNSLoader: Parsing tag category name = force_change
04-04 12:05:00.726 1199 1199 V UpdaterAPK | DownloadService: Service onStart
04-04 12:05:00.727 1199 1215 V UpdaterAPK | DownloadService: Updating for startId 1
04-04 12:05:00.728 1116 1197 D CustomizationMNSLoader: full path : /system/customize/MNS/65507.xml
04-04 12:05:00.728 1116 1197 D CustomizationMNSLoader: Parsing tag category name = system
04-04 12:05:00.729 1116 1197 D CustomizationMNSLoader: Parsing tag category name = application
04-04 12:05:00.735 1199 1215 V UpdaterAPK | DownloadProvider: starting query, database is not null; projection is null; selection is null; selectionArgs is null; sort is null.
04-04 12:05:00.737 1199 1215 V UpdaterAPK | DownloadProvider: created cursor android.database.sqlite.SQLiteCursor@e196a20 on behalf of 1199
04-04 12:05:00.742 1116 1197 D CustomizationMNSLoader: Parsing tag category name = ulog_policy
04-04 12:05:00.743 1116 1197 D CustomizationMNSLoader: Parsing tag category name = force_change
04-04 12:05:00.744 1116 1197 D CustomizationMNSLoader: full path : /system/customize/MNS/242.xml
04-04 12:05:00.744 1116 1197 D CustomizationMNSLoader: Parsing tag category name = system
04-04 12:05:00.745 1116 1197 D CustomizationMNSLoader: Parsing tag category name = application
04-04 12:05:00.756 1116 1197 D CustomizationMNSLoader: Parsing tag category name = ulog_policy
04-04 12:05:00.756 1116 1197 D CustomizationMNSLoader: Parsing tag category name = force_change
04-04 12:05:00.758 1116 1197 D CustomizationMNSLoader: full path : /system/customize/MNS/65510.xml
04-04 12:05:00.759 1116 1197 D CustomizationMNSLoader: Parsing tag category name = system
04-04 12:05:00.760 1116 1197 D CustomizationMNSLoader: Parsing tag category name = application
04-04 12:05:00.760 1199 1199 V UpdaterAPK | DownloadService: Service onDestroy
04-04 12:05:00.760 1199 1215 V UpdaterAPK | DownloadService: Nothing left; stopped
04-04 12:05:00.763 1185 1198 D FlexNetR: ActionS>android.net.conn.CONNECTIVITY_CHANGE
04-04 12:05:00.773 1116 1197 D CustomizationMNSLoader: Parsing tag category name = ulog_policy
04-04 12:05:00.773 1116 1197 D CustomizationMNSLoader: Parsing tag category name = force_change
04-04 12:05:00.774 1278 2885 I ActivityManager: Start proc 1217:com.google.android.setupwizard/u0a46 for broadcast com.google.android.setupwizard/.carrier.MobileConnectivityChangeReceiver
04-04 12:05:00.775 1278 2885 I ActivityManager: Killing 26581:com.google.android.apps.docs/u0a87 (adj 15): empty #17
04-04 12:05:00.775 1278 2885 D Process : killProcessQuiet, pid=26581
04-04 12:05:00.775 1278 2885 D Process : com.android.server.am.ProcessRecord.kill:577 com.android.server.am.ActivityManagerService.updateOomAdjLocked:20194 com.android.server.am.ActivityManagerService.trimApplications:20479
04-04 12:05:00.776 1116 1197 D CustomizationMNSLoader: full path : /system/customize/MNS/284.xml
04-04 12:05:00.776 1116 1197 D CustomizationMNSLoader: Parsing tag category name = system
04-04 12:05:00.778 1116 1197 D CustomizationMNSLoader: Parsing tag category name = application
04-04 12:05:00.793 1116 1197 D CustomizationMNSLoader: Parsing tag category name = ulog_policy
04-04 12:05:00.793 1116 1197 D CustomizationMNSLoader: Parsing tag category name = force_change
04-04 12:05:00.795 1278 2150 I ActivityManager: Recipient 26581
04-04 12:05:00.795 1116 1197 D CustomizationMNSLoader: full path : /system/customize/MNS/20205.xml
04-04 12:05:00.796 1116 1197 D CustomizationMNSLoader: Parsing tag category name = system
04-04 12:05:00.797 1116 1197 D CustomizationMNSLoader: Parsing tag category name = application
04-04 12:05:00.809 1116 1197 D CustomizationMNSLoader: Parsing tag category name = ulog_policy
04-04 12:05:00.809 1116 1197 D CustomizationMNSLoader: Parsing tag category name = force_change
04-04 12:05:00.811 1116 1197 D CustomizationMNSLoader: full path : /system/customize/MNS/280.xml
04-04 12:05:00.811 1116 1197 D CustomizationMNSLoader: Parsing tag category name = system
04-04 12:05:00.812 1116 1197 D CustomizationMNSLoader: Parsing tag category name = application
04-04 12:05:00.823 1116 1197 D CustomizationMNSLoader: Parsing tag category name = ulog_policy
04-04 12:05:00.823 1116 1197 D CustomizationMNSLoader: Parsing tag category name = force_change
04-04 12:05:00.825 1116 1197 D CustomizationMNSLoader: full path : /system/customize/MNS/220.xml
04-04 12:05:00.826 1116 1197 D CustomizationMNSLoader: Parsing tag category name = system
04-04 12:05:00.826 1116 1197 D CustomizationMNSLoader: Parsing tag category name = application
04-04 12:05:00.839 1116 1197 D CustomizationMNSLoader: Parsing tag category name = ulog_policy
04-04 12:05:00.839 1116 1197 D CustomizationMNSLoader: Parsing tag category name = force_change
04-04 12:05:00.840 1116 1197 D CustomizationMNSLoader: full path : /system/customize/MNS/286.xml
04-04 12:05:00.841 1116 1197 D CustomizationMNSLoader: Parsing tag category name = system
04-04 12:05:00.842 1116 1197 D CustomizationMNSLoader: Parsing tag category name = application
04-04 12:05:00.855 1116 1197 D CustomizationMNSLoader: Parsing tag category name = ulog_policy
04-04 12:05:00.855 1116 1197 D CustomizationMNSLoader: Parsing tag category name = force_change
04-04 12:05:00.857 1116 1197 D CustomizationMNSLoader: full path : /system/customize/MNS/65501.xml
04-04 12:05:00.857 1116 1197 D CustomizationMNSLoader: Parsing tag category name = system
04-04 12:05:00.858 1116 1197 D CustomizationMNSLoader: Parsing tag category name = application
04-04 12:05:00.872 1116 1197 D CustomizationMNSLoader: Parsing tag category name = ulog_policy
04-04 12:05:00.872 1116 1197 D CustomizationMNSLoader: Parsing tag category name = force_change
04-04 12:05:00.874 1116 1197 D CustomizationMNSLoader: full path : /system/customize/MNS/230.xml
04-04 12:05:00.874 1116 1197 D CustomizationMNSLoader: Parsing tag category name = system
04-04 12:05:00.875 1116 1197 D CustomizationMNSLoader: Parsing tag category name = application
04-04 12:05:00.879 1278 1328 D PMS : acquireWL(dc1fed2): PARTIAL_WAKE_LOCK *alarm* 0x1 1278 1000 WorkSource{10011}
04-04 12:05:00.879 1278 1328 V AlarmManager: sending alarm PendingIntent{fa9aba3: PendingIntentRecord{9ec8cf7 com.google.android.gms broadcastIntent}}, i=com.google.android.intent.action.GCM_RECONNECT, t=2, cnt=1, w=579125323, Int=0
04-04 12:05:00.889 1116 1197 D CustomizationMNSLoader: Parsing tag category name = ulog_policy
04-04 12:05:00.890 1116 1197 D CustomizationMNSLoader: Parsing tag category name = force_change
04-04 12:05:00.892 1116 1197 D CustomizationMNSLoader: full path : /system/customize/MNS/216.xml
04-04 12:05:00.892 1116 1197 D CustomizationMNSLoader: Parsing tag category name = system
04-04 12:05:00.893 1217 1217 W System : ClassLoader referenced unknown path: /system/priv-app/SetupWizard/lib/arm
04-04 12:05:00.893 1116 1197 D CustomizationMNSLoader: Parsing tag category name = application
04-04 12:05:00.906 1116 1197 D CustomizationMNSLoader: Parsing tag category name = ulog_policy
04-04 12:05:00.906 1116 1197 D CustomizationMNSLoader: Parsing tag category name = force_change
04-04 12:05:00.909 1116 1197 D CustomizationMNSLoader: full path : /system/customize/MNS/65502.xml
04-04 12:05:00.911 1116 1197 D CustomizationMNSLoader: Parsing tag category name = system
04-04 12:05:00.912 1116 1197 D CustomizationMNSLoader: Parsing tag category name = application
04-04 12:05:00.925 1116 1197 D CustomizationMNSLoader: Parsing tag category name = ulog_policy
04-04 12:05:00.925 1116 1197 D CustomizationMNSLoader: Parsing tag category name = force_change
04-04 12:05:00.930 1116 1197 D CustomizationMNSLoader: full path : /system/customize/MNS/22288.xml
04-04 12:05:00.930 1116 1197 D CustomizationMNSLoader: Parsing tag category name = system
04-04 12:05:00.931 1116 1197 D CustomizationMNSLoader: Parsing tag category name = application
04-04 12:05:00.945 1116 1197 D CustomizationMNSLoader: Parsing tag category name = ulog_policy
04-04 12:05:00.945 1116 1197 D CustomizationMNSLoader: Parsing tag category name = force_change
04-04 12:05:00.948 1116 1197 D CustomizationMNSLoader: full path : /system/customize/MNS/293.xml
04-04 12:05:00.948 1116 1197 D CustomizationMNSLoader: Parsing tag category name = system
04-04 12:05:00.949 1116 1197 D CustomizationMNSLoader: Parsing tag category name = application
04-04 12:05:00.962 1116 1197 D CustomizationMNSLoader: Parsing tag category name = ulog_policy
04-04 12:05:00.963 1116 1197 D CustomizationMNSLoader: Parsing tag category name = force_change
04-04 12:05:00.965 1116 1197 D CustomizationMNSLoader: full path : /system/customize/MNS/425.xml
04-04 12:05:00.965 1116 1197 D CustomizationMNSLoader: Parsing tag category name = system
04-04 12:05:00.966 1116 1197 D CustomizationMNSLoader: Parsing tag category name = application
04-04 12:05:00.978 1278 1326 W SensorService: D/Accel(x, y, z, t) = ( 0.0, 0.1, 9.8, 579125422ms), calendar = 1554372300, sys_time = 579125430ms
04-04 12:05:00.983 1116 1197 D CustomizationMNSLoader: Parsing tag category name = ulog_policy
04-04 12:05:00.983 1116 1197 D CustomizationMNSLoader: Parsing tag category name = force_change
04-04 12:05:00.985 1116 1197 D CustomizationMNSLoader: full path : /system/customize/MNS/255.xml
04-04 12:05:00.985 1116 1197 D CustomizationMNSLoader: Parsing tag category name = system
04-04 12:05:00.986 1116 1197 D CustomizationMNSLoader: Parsing tag category name = application
04-04 12:05:00.999 1116 1197 D CustomizationMNSLoader: Parsing tag category name = ulog_policy
04-04 12:05:00.999 1116 1197 D CustomizationMNSLoader: Parsing tag category name = force_change
04-04 12:05:01.001 1116 1197 D CustomizationMNSLoader: full path : /system/customize/MNS/214.xml
04-04 12:05:01.001 1116 1197 D CustomizationMNSLoader: Parsing tag category name = system
04-04 12:05:01.002 1116 1197 D CustomizationMNSLoader: Parsing tag category name = application
04-04 12:05:01.014 1116 1197 D CustomizationMNSLoader: Parsing tag category name = ulog_policy
04-04 12:05:01.014 1116 1197 D CustomizationMNSLoader: Parsing tag category name = CustomAppInstaller
04-04 12:05:01.015 1116 1197 D CustomizationMNSLoader: Parsing tag category name = force_change
04-04 12:05:01.016 1116 1197 D CustomizationMNSLoader: full path : /system/customize/MNS/232.xml
04-04 12:05:01.017 1116 1197 D CustomizationMNSLoader: Parsing tag category name = system
04-04 12:05:01.017 1278 2891 I ActivityManager: Start proc 1236:android.process.media/u0a3 for broadcast com.android.providers.downloads/.DownloadReceiver
04-04 12:05:01.018 1116 1197 D CustomizationMNSLoader: Parsing tag category name = application
04-04 12:05:01.019 1278 2891 I ActivityManager: Killing 26516:com.google.android.apps.photos/u0a131 (adj 15): empty #17
04-04 12:05:01.019 1278 2891 D Process : killProcessQuiet, pid=26516
04-04 12:05:01.019 1278 2891 D Process : com.android.server.am.ProcessRecord.kill:577 com.android.server.am.ActivityManagerService.updateOomAdjLocked:20194 com.android.server.am.ActivityManagerService.trimApplications:20479
04-04 12:05:01.024 1217 1217 I SetupWizard.LoggingHelper: Connected to Google Play Services.
04-04 12:05:01.034 1116 1197 D CustomizationMNSLoader: Parsing tag category name = ulog_policy
04-04 12:05:01.034 1116 1197 D CustomizationMNSLoader: Parsing tag category name = force_change
04-04 12:05:01.041 1278 2006 I ActivityManager: Recipient 26516
04-04 12:05:01.049 1116 1116 E ActTriggerJNI: open library fail.
04-04 12:05:01.078 1217 1233 I SetupWizard.FrpHelper: FRP status: supported: false, challengeRequired: false
04-04 12:05:01.086 1236 1236 W System : ClassLoader referenced unknown path: /system/priv-app/DownloadProvider/lib/arm
04-04 12:05:01.091 1236 1236 W System : ClassLoader referenced unknown path: /system/priv-app/MediaProvider/lib/arm
04-04 12:05:01.157 2172 2172 I Joe : onReceive
04-04 12:05:01.181 1126 1126 D AutoSettingApp: check appDataAccessible = true
04-04 12:05:01.187 1126 1264 D AutoSettingApp: receiver - intent: android.net.conn.CONNECTIVITY_CHANGE
04-04 12:05:01.195 1278 2006 I ActivityManager: Start proc 1265:com.htc.android.worldclock/u0a39 for broadcast com.htc.android.worldclock/.worldclock.WorldClockReceiver
04-04 12:05:01.199 1278 2889 I ActivityManager: Killing 27042:com.google.android.tts/u0a103 (adj 15): empty #17
04-04 12:05:01.199 1278 2889 D Process : killProcessQuiet, pid=27042
04-04 12:05:01.199 1278 2889 D Process : com.android.server.am.ProcessRecord.kill:577 com.android.server.am.ActivityManagerService.updateOomAdjLocked:20194 com.android.server.am.ActivityManagerService.updateOomAdjLocked:20032
04-04 12:05:01.203 1126 1264 D Log4jHelper: filename: /data/user/0/com.htc.Weather/files/weatherlog/weather.log
04-04 12:05:01.223 1278 1646 I ActivityManager: Recipient 27042
04-04 12:05:01.248 1126 1264 D AutoSettingApp: Util - no network available! active network = null
04-04 12:05:01.249 1126 1264 W Settings: Setting device_provisioned has moved from android.provider.Settings.System to android.provider.Settings.Global, returning read-only value.
04-04 12:05:01.258 1278 1646 W ActivityManager: Scheduling restart of crashed service com.google.android.tts/.service.GoogleTTSService in 1000ms
04-04 12:05:01.280 1126 1126 D AutoSettingApp: service - onCreate()
04-04 12:05:01.300 1126 1126 D AutoSettingApp: AccuWeatherAddressProvider - Dump USE_ADMIN_AS_CITY_SET start
04-04 12:05:01.301 1126 1126 D AutoSettingApp: AccuWeatherAddressProvider - country: ru
04-04 12:05:01.301 1126 1126 D AutoSettingApp: AccuWeatherAddressProvider - country: jp
04-04 12:05:01.301 1126 1126 D AutoSettingApp: AccuWeatherAddressProvider - country: tw
04-04 12:05:01.301 1126 1126 D AutoSettingApp: AccuWeatherAddressProvider - Dump USE_ADMIN_AS_CITY_SET end
04-04 12:05:01.315 1265 1265 W System : ClassLoader referenced unknown path: /data/app/com.htc.android.worldclock-1/lib/arm
04-04 12:05:01.316 1126 1126 D AutoSettingApp: Util - no network available! active network = null
04-04 12:05:01.316 1126 1126 D AutoSettingApp: Util - isAllowedToUseNetwork true, before Android M
04-04 12:05:01.318 1126 1126 D AutoSettingApp: service - onStartCommand() action: com.htc.app.autosetting.cancellocationupdate
04-04 12:05:01.329 1126 1279 D AutoSettingApp: service - Handler - handle: CANCEL_LOCATION
04-04 12:05:01.336 1126 1279 D AutoSettingApp: service - mHandler: cancel location update
04-04 12:05:01.337 1126 1279 D AutoSettingApp: service - changes count: 0
04-04 12:05:01.338 1126 1279 D AutoSettingApp: service - Handler - handle: CANCEL_GPS_LOCATION
04-04 12:05:01.339 1126 1279 D AutoSettingApp: service - mHandler: cancel location update - GPS
04-04 12:05:01.368 1265 1265 I WorldClock.Global: getAndroidSdkPlatform = 23
04-04 12:05:01.372 1864 1864 D AutoSettingHSP: receiver - onReceive() isWeatherAppMigrate is true
04-04 12:05:01.383 1278 4514 I ActivityManager: Start proc 1291:com.google.android.apps.photos/u0a131 for broadcast com.google.android.apps.photos/.actionqueue.impl.SystemReceiver
04-04 12:05:01.423 1291 1291 W ResourceType: ResTable_typeSpec entry count inconsistent: given 1318, previously 1358
04-04 12:05:01.446 638 819 I appium : AppiumResponse: {"sessionId":"e42f59eb-4d3b-4a3e-969d-622e533298fb","status":0,"value":{"ELEMENT":"c15f1e7d-89a9-4347-974d-2c6a759fcbc1"}}
04-04 12:05:01.549 638 820 I appium : channel read invoked!
04-04 12:05:01.549 638 820 I appium : channel read: GET /wd/hub/session/e42f59eb-4d3b-4a3e-969d-622e533298fb/element/c15f1e7d-89a9-4347-974d-2c6a759fcbc1/attribute/displayed
04-04 12:05:01.549 638 820 I appium : get attribute of element command
04-04 12:05:01.551 638 820 I appium : AppiumResponse: {"sessionId":"e42f59eb-4d3b-4a3e-969d-622e533298fb","status":0,"value":"true"}
04-04 12:05:01.570 638 821 I appium : channel read invoked!
04-04 12:05:01.570 638 821 I appium : channel read: GET /wd/hub/session/e42f59eb-4d3b-4a3e-969d-622e533298fb/element/85718cca-d854-4133-acea-1f98554be224/text
04-04 12:05:01.571 638 821 I appium : Get Text of element command
04-04 12:05:01.576 638 821 I appium : Get Text :Secured with WPA2 (WPS available)
04-04 12:05:01.576 638 821 I appium : AppiumResponse: {"sessionId":"e42f59eb-4d3b-4a3e-969d-622e533298fb","status":0,"value":"Secured with WPA2 (WPS available)"}
04-04 12:05:01.590 1278 1289 I ActivityManager: Start proc 1341:com.duapps.recorder/u0a2789 for broadcast com.duapps.recorder/com.dianxinos.notify.ui.NotifyUIReceiver
04-04 12:05:01.591 1278 1289 I ActivityManager: Killing 27100:com.google.android.webview:webview_service/u0a117 (adj 15): empty #17
04-04 12:05:01.591 1278 1289 D Process : killProcessQuiet, pid=27100
04-04 12:05:01.591 1278 1289 D Process : com.android.server.am.ProcessRecord.kill:577 com.android.server.am.ActivityManagerService.updateOomAdjLocked:20194 com.android.server.am.ActivityManagerService.trimApplications:20479
04-04 12:05:01.592 638 717 I appium : channel read invoked!
