04-04 12:04:51.874 864 973 D WifiManagerWrapper: calculateSignalLevel called
04-04 12:04:51.874 864 973 D AccessPointPreference: summary : Internet-Box-47068_5GHz, Secured with WPA2 (WPS available)
04-04 12:04:51.874 864 973 D WifiManagerWrapper: calculateSignalLevel called
04-04 12:04:51.874 864 973 D WifiManagerWrapper: calculateSignalLevel called
04-04 12:04:51.874 864 973 D WifiManagerWrapper: calculateSignalLevel called
04-04 12:04:51.875 864 973 D AccessPointPreference: summary : vestiacom-5g, Secured with 802.1x
04-04 12:04:51.875 864 973 D WifiManagerWrapper: calculateSignalLevel called
04-04 12:04:51.875 864 973 D WifiManagerWrapper: calculateSignalLevel called
04-04 12:04:51.875 864 973 D WifiManagerWrapper: calculateSignalLevel called
04-04 12:04:51.875 864 973 D AccessPointPreference: summary : my-0000E4,
04-04 12:04:51.875 864 973 D WifiManagerWrapper: calculateSignalLevel called
04-04 12:04:51.875 864 973 D WifiManagerWrapper: calculateSignalLevel called
04-04 12:04:51.875 864 973 D WifiManagerWrapper: calculateSignalLevel called
04-04 12:04:51.875 864 973 D AccessPointPreference: summary : v2krzysio-vlanid1, Secured with WPA2 (WPS available)
04-04 12:04:51.875 864 973 D WifiManagerWrapper: calculateSignalLevel called
04-04 12:04:51.875 864 973 D WifiManagerWrapper: calculateSignalLevel called
04-04 12:04:51.875 864 973 D WifiManagerWrapper: calculateSignalLevel called
04-04 12:04:51.876 864 973 D AccessPointPreference: summary : Ernest-sl-5, Secured with WPA2 (WPS available)
04-04 12:04:51.876 864 973 D WifiManagerWrapper: calculateSignalLevel called
04-04 12:04:51.876 864 973 D WifiManagerWrapper: calculateSignalLevel called
04-04 12:04:51.876 864 973 D WifiManagerWrapper: calculateSignalLevel called
04-04 12:04:51.876 864 973 D AccessPointPreference: summary : wb szl, Secured with WPA2
04-04 12:04:51.947 864 864 E HtcPreference: [removeAll]:before size= 41
04-04 12:04:51.947 864 864 E HtcPreference: Thread =Thread[main,5,main]
04-04 12:04:51.947 864 864 E HtcPreference: [removeAll]:after size= 0
04-04 12:04:51.947 864 864 E HtcPreference: Thread =Thread[main,5,main]
04-04 12:04:51.947 864 864 D WifiManagerWrapper: calculateSignalLevel called
04-04 12:04:51.947 864 864 E HtcPreference: [addPreference]:before size= 0
04-04 12:04:51.947 864 864 E HtcPreference: Thread =Thread[main,5,main]
04-04 12:04:51.947 864 864 E HtcPreference: [addPreference]:after size= 1
04-04 12:04:51.947 864 864 E HtcPreference: Thread =Thread[main,5,main]
04-04 12:04:51.947 864 864 D WifiManagerWrapper: calculateSignalLevel called
04-04 12:04:51.947 864 864 E HtcPreference: [addPreference]:before size= 1
04-04 12:04:51.947 864 864 E HtcPreference: Thread =Thread[main,5,main]
04-04 12:04:51.947 864 864 E HtcPreference: [addPreference]:after size= 2
04-04 12:04:51.947 864 864 E HtcPreference: Thread =Thread[main,5,main]
04-04 12:04:51.947 864 864 D WifiManagerWrapper: calculateSignalLevel called
04-04 12:04:51.947 864 864 E HtcPreference: [addPreference]:before size= 2
04-04 12:04:51.947 864 864 E HtcPreference: Thread =Thread[main,5,main]
04-04 12:04:51.947 864 864 E HtcPreference: [addPreference]:after size= 3
04-04 12:04:51.948 864 864 E HtcPreference: Thread =Thread[main,5,main]
04-04 12:04:51.948 864 864 D WifiManagerWrapper: calculateSignalLevel called
04-04 12:04:51.948 864 864 D WifiManagerWrapper: calculateSignalLevel called
04-04 12:04:51.948 864 864 D AccessPointPreference: summary : visitor-35703, Secured with WPA2
04-04 12:04:51.948 864 864 E HtcPreference: [addPreference]:before size= 3
04-04 12:04:51.948 864 864 E HtcPreference: Thread =Thread[main,5,main]
04-04 12:04:51.948 864 864 E HtcPreference: [addPreference]:after size= 4
04-04 12:04:51.948 864 864 E HtcPreference: Thread =Thread[main,5,main]
04-04 12:04:51.948 864 864 D WifiManagerWrapper: calculateSignalLevel called
04-04 12:04:51.948 864 864 E HtcPreference: [addPreference]:before size= 4
04-04 12:04:51.948 864 864 E HtcPreference: Thread =Thread[main,5,main]
04-04 12:04:51.948 864 864 E HtcPreference: [addPreference]:after size= 5
04-04 12:04:51.948 864 864 E HtcPreference: Thread =Thread[main,5,main]
04-04 12:04:51.948 864 864 D WifiManagerWrapper: calculateSignalLevel called
04-04 12:04:51.948 864 864 E HtcPreference: [addPreference]:before size= 5
04-04 12:04:51.949 864 864 E HtcPreference: Thread =Thread[main,5,main]
04-04 12:04:51.949 864 864 E HtcPreference: [addPreference]:after size= 6
04-04 12:04:51.949 864 864 E HtcPreference: Thread =Thread[main,5,main]
04-04 12:04:51.949 864 864 D WifiManagerWrapper: calculateSignalLevel called
04-04 12:04:51.949 864 864 E HtcPreference: [addPreference]:before size= 6
04-04 12:04:51.949 864 864 E HtcPreference: Thread =Thread[main,5,main]
04-04 12:04:51.949 864 864 E HtcPreference: [addPreference]:after size= 7
04-04 12:04:51.949 864 864 E HtcPreference: Thread =Thread[main,5,main]
04-04 12:04:51.949 864 864 D WifiManagerWrapper: calculateSignalLevel called
04-04 12:04:51.949 864 864 E HtcPreference: [addPreference]:before size= 7
04-04 12:04:51.949 864 864 E HtcPreference: Thread =Thread[main,5,main]
04-04 12:04:51.949 864 864 E HtcPreference: [addPreference]:after size= 8
04-04 12:04:51.949 864 864 E HtcPreference: Thread =Thread[main,5,main]
04-04 12:04:51.949 864 864 D WifiManagerWrapper: calculateSignalLevel called
04-04 12:04:51.949 864 864 E HtcPreference: [addPreference]:before size= 8
04-04 12:04:51.949 864 864 E HtcPreference: Thread =Thread[main,5,main]
04-04 12:04:51.949 864 864 E HtcPreference: [addPreference]:after size= 9
04-04 12:04:51.949 864 864 E HtcPreference: Thread =Thread[main,5,main]
04-04 12:04:51.949 864 864 D WifiManagerWrapper: calculateSignalLevel called
04-04 12:04:51.949 864 864 E HtcPreference: [addPreference]:before size= 9
04-04 12:04:51.949 864 864 E HtcPreference: Thread =Thread[main,5,main]
04-04 12:04:51.949 864 864 E HtcPreference: [addPreference]:after size= 10
04-04 12:04:51.949 864 864 E HtcPreference: Thread =Thread[main,5,main]
04-04 12:04:51.949 864 864 D WifiManagerWrapper: calculateSignalLevel called
04-04 12:04:51.949 864 864 E HtcPreference: [addPreference]:before size= 10
04-04 12:04:51.949 864 864 E HtcPreference: Thread =Thread[main,5,main]
04-04 12:04:51.949 864 864 E HtcPreference: [addPreference]:after size= 11
04-04 12:04:51.949 864 864 E HtcPreference: Thread =Thread[main,5,main]
04-04 12:04:51.949 864 864 D WifiManagerWrapper: calculateSignalLevel called
04-04 12:04:51.949 864 864 E HtcPreference: [addPreference]:before size= 11
04-04 12:04:51.949 864 864 E HtcPreference: Thread =Thread[main,5,main]
04-04 12:04:51.949 864 864 E HtcPreference: [addPreference]:after size= 12
04-04 12:04:51.949 864 864 E HtcPreference: Thread =Thread[main,5,main]
04-04 12:04:51.950 864 864 D WifiManagerWrapper: calculateSignalLevel called
04-04 12:04:51.950 864 864 E HtcPreference: [addPreference]:before size= 12
04-04 12:04:51.950 864 864 E HtcPreference: Thread =Thread[main,5,main]
04-04 12:04:51.950 864 864 E HtcPreference: [addPreference]:after size= 13
04-04 12:04:51.950 864 864 E HtcPreference: Thread =Thread[main,5,main]
04-04 12:04:51.950 864 864 D WifiManagerWrapper: calculateSignalLevel called
04-04 12:04:51.950 864 864 E HtcPreference: [addPreference]:before size= 13
04-04 12:04:51.950 864 864 E HtcPreference: Thread =Thread[main,5,main]
04-04 12:04:51.950 864 864 E HtcPreference: [addPreference]:after size= 14
04-04 12:04:51.950 864 864 E HtcPreference: Thread =Thread[main,5,main]
04-04 12:04:51.950 864 864 D WifiManagerWrapper: calculateSignalLevel called
04-04 12:04:51.950 864 864 E HtcPreference: [addPreference]:before size= 14
04-04 12:04:51.950 864 864 E HtcPreference: Thread =Thread[main,5,main]
04-04 12:04:51.950 864 864 E HtcPreference: [addPreference]:after size= 15
04-04 12:04:51.950 864 864 E HtcPreference: Thread =Thread[main,5,main]
04-04 12:04:51.950 864 864 D WifiManagerWrapper: calculateSignalLevel called
04-04 12:04:51.950 864 864 E HtcPreference: [addPreference]:before size= 15
04-04 12:04:51.950 864 864 E HtcPreference: Thread =Thread[main,5,main]
04-04 12:04:51.950 864 864 E HtcPreference: [addPreference]:after size= 16
04-04 12:04:51.950 864 864 E HtcPreference: Thread =Thread[main,5,main]
04-04 12:04:51.950 864 864 D WifiManagerWrapper: calculateSignalLevel called
04-04 12:04:51.950 864 864 E HtcPreference: [addPreference]:before size= 16
04-04 12:04:51.950 864 864 E HtcPreference: Thread =Thread[main,5,main]
04-04 12:04:51.950 864 864 E HtcPreference: [addPreference]:after size= 17
04-04 12:04:51.950 864 864 E HtcPreference: Thread =Thread[main,5,main]
04-04 12:04:51.950 864 864 D WifiManagerWrapper: calculateSignalLevel called
04-04 12:04:51.950 864 864 E HtcPreference: [addPreference]:before size= 17
04-04 12:04:51.950 864 864 E HtcPreference: Thread =Thread[main,5,main]
04-04 12:04:51.951 864 864 E HtcPreference: [addPreference]:after size= 18
04-04 12:04:51.951 864 864 E HtcPreference: Thread =Thread[main,5,main]
04-04 12:04:51.951 864 864 D WifiManagerWrapper: calculateSignalLevel called
04-04 12:04:51.951 864 864 E HtcPreference: [addPreference]:before size= 18
04-04 12:04:51.951 864 864 E HtcPreference: Thread =Thread[main,5,main]
04-04 12:04:51.951 864 864 E HtcPreference: [addPreference]:after size= 19
04-04 12:04:51.951 864 864 E HtcPreference: Thread =Thread[main,5,main]
04-04 12:04:51.951 864 864 D WifiManagerWrapper: calculateSignalLevel called
04-04 12:04:51.951 864 864 E HtcPreference: [addPreference]:before size= 19
04-04 12:04:51.951 864 864 E HtcPreference: Thread =Thread[main,5,main]
04-04 12:04:51.951 864 864 E HtcPreference: [addPreference]:after size= 20
04-04 12:04:51.951 864 864 E HtcPreference: Thread =Thread[main,5,main]
04-04 12:04:51.951 864 864 D WifiManagerWrapper: calculateSignalLevel called
04-04 12:04:51.951 864 864 E HtcPreference: [addPreference]:before size= 20
04-04 12:04:51.951 864 864 E HtcPreference: Thread =Thread[main,5,main]
04-04 12:04:51.951 864 864 E HtcPreference: [addPreference]:after size= 21
04-04 12:04:51.951 864 864 E HtcPreference: Thread =Thread[main,5,main]
04-04 12:04:51.951 864 864 D WifiManagerWrapper: calculateSignalLevel called
04-04 12:04:51.951 864 864 E HtcPreference: [addPreference]:before size= 21
04-04 12:04:51.951 864 864 E HtcPreference: Thread =Thread[main,5,main]
04-04 12:04:51.951 864 864 E HtcPreference: [addPreference]:after size= 22
04-04 12:04:51.951 864 864 E HtcPreference: Thread =Thread[main,5,main]
04-04 12:04:51.951 864 864 D WifiManagerWrapper: calculateSignalLevel called
04-04 12:04:51.951 864 864 E HtcPreference: [addPreference]:before size= 22
04-04 12:04:51.951 864 864 E HtcPreference: Thread =Thread[main,5,main]
04-04 12:04:51.951 864 864 E HtcPreference: [addPreference]:after size= 23
04-04 12:04:51.951 864 864 E HtcPreference: Thread =Thread[main,5,main]
04-04 12:04:51.951 864 864 D WifiManagerWrapper: calculateSignalLevel called
04-04 12:04:51.951 864 864 E HtcPreference: [addPreference]:before size= 23
04-04 12:04:51.951 864 864 E HtcPreference: Thread =Thread[main,5,main]
04-04 12:04:51.951 864 864 E HtcPreference: [addPreference]:after size= 24
04-04 12:04:51.951 864 864 E HtcPreference: Thread =Thread[main,5,main]
04-04 12:04:51.951 864 864 D WifiManagerWrapper: calculateSignalLevel called
04-04 12:04:51.951 864 864 E HtcPreference: [addPreference]:before size= 24
04-04 12:04:51.951 864 864 E HtcPreference: Thread =Thread[main,5,main]
04-04 12:04:51.951 864 864 E HtcPreference: [addPreference]:after size= 25
04-04 12:04:51.952 864 864 E HtcPreference: Thread =Thread[main,5,main]
04-04 12:04:51.952 864 864 D WifiManagerWrapper: calculateSignalLevel called
04-04 12:04:51.952 864 864 E HtcPreference: [addPreference]:before size= 25
04-04 12:04:51.952 864 864 E HtcPreference: Thread =Thread[main,5,main]
04-04 12:04:51.952 864 864 E HtcPreference: [addPreference]:after size= 26
04-04 12:04:51.952 864 864 E HtcPreference: Thread =Thread[main,5,main]
04-04 12:04:51.952 864 864 D WifiManagerWrapper: calculateSignalLevel called
04-04 12:04:51.952 864 864 E HtcPreference: [addPreference]:before size= 26
04-04 12:04:51.952 864 864 E HtcPreference: Thread =Thread[main,5,main]
04-04 12:04:51.952 864 864 E HtcPreference: [addPreference]:after size= 27
04-04 12:04:51.952 864 864 E HtcPreference: Thread =Thread[main,5,main]
04-04 12:04:51.952 864 864 D WifiManagerWrapper: calculateSignalLevel called
04-04 12:04:51.952 864 864 E HtcPreference: [addPreference]:before size= 27
04-04 12:04:51.952 864 864 E HtcPreference: Thread =Thread[main,5,main]
04-04 12:04:51.952 864 864 E HtcPreference: [addPreference]:after size= 28
04-04 12:04:51.952 864 864 E HtcPreference: Thread =Thread[main,5,main]
04-04 12:04:51.952 864 864 D WifiManagerWrapper: calculateSignalLevel called
04-04 12:04:51.952 864 864 E HtcPreference: [addPreference]:before size= 28
04-04 12:04:51.952 864 864 E HtcPreference: Thread =Thread[main,5,main]
04-04 12:04:51.952 864 864 E HtcPreference: [addPreference]:after size= 29
04-04 12:04:51.952 864 864 E HtcPreference: Thread =Thread[main,5,main]
04-04 12:04:51.952 864 864 D WifiManagerWrapper: calculateSignalLevel called
04-04 12:04:51.952 864 864 E HtcPreference: [addPreference]:before size= 29
04-04 12:04:51.952 864 864 E HtcPreference: Thread =Thread[main,5,main]
04-04 12:04:51.952 864 864 E HtcPreference: [addPreference]:after size= 30
04-04 12:04:51.952 864 864 E HtcPreference: Thread =Thread[main,5,main]
04-04 12:04:51.952 864 864 D WifiManagerWrapper: calculateSignalLevel called
04-04 12:04:51.952 864 864 E HtcPreference: [addPreference]:before size= 30
04-04 12:04:51.952 864 864 E HtcPreference: Thread =Thread[main,5,main]
04-04 12:04:51.952 864 864 E HtcPreference: [addPreference]:after size= 31
04-04 12:04:51.952 864 864 E HtcPreference: Thread =Thread[main,5,main]
04-04 12:04:51.952 864 864 D WifiManagerWrapper: calculateSignalLevel called
04-04 12:04:51.952 864 864 E HtcPreference: [addPreference]:before size= 31
04-04 12:04:51.952 864 864 E HtcPreference: Thread =Thread[main,5,main]
04-04 12:04:51.952 864 864 E HtcPreference: [addPreference]:after size= 32
04-04 12:04:51.952 864 864 E HtcPreference: Thread =Thread[main,5,main]
04-04 12:04:51.953 864 864 D WifiManagerWrapper: calculateSignalLevel called
04-04 12:04:51.953 864 864 E HtcPreference: [addPreference]:before size= 32
04-04 12:04:51.953 864 864 E HtcPreference: Thread =Thread[main,5,main]
04-04 12:04:51.953 864 864 E HtcPreference: [addPreference]:after size= 33
04-04 12:04:51.953 864 864 E HtcPreference: Thread =Thread[main,5,main]
04-04 12:04:51.953 864 864 D WifiManagerWrapper: calculateSignalLevel called
04-04 12:04:51.953 864 864 E HtcPreference: [addPreference]:before size= 33
04-04 12:04:51.953 864 864 E HtcPreference: Thread =Thread[main,5,main]
04-04 12:04:51.953 864 864 E HtcPreference: [addPreference]:after size= 34
04-04 12:04:51.953 864 864 E HtcPreference: Thread =Thread[main,5,main]
04-04 12:04:51.953 864 864 D WifiManagerWrapper: calculateSignalLevel called
04-04 12:04:51.953 864 864 E HtcPreference: [addPreference]:before size= 34
04-04 12:04:51.953 864 864 E HtcPreference: Thread =Thread[main,5,main]
04-04 12:04:51.953 864 864 E HtcPreference: [addPreference]:after size= 35
04-04 12:04:51.953 864 864 E HtcPreference: Thread =Thread[main,5,main]
04-04 12:04:51.953 864 864 D WifiManagerWrapper: calculateSignalLevel called
04-04 12:04:51.953 864 864 E HtcPreference: [addPreference]:before size= 35
04-04 12:04:51.953 864 864 E HtcPreference: Thread =Thread[main,5,main]
04-04 12:04:51.953 864 864 E HtcPreference: [addPreference]:after size= 36
04-04 12:04:51.953 864 864 E HtcPreference: Thread =Thread[main,5,main]
04-04 12:04:51.953 864 864 D WifiManagerWrapper: calculateSignalLevel called
04-04 12:04:51.953 864 864 D WifiManagerWrapper: calculateSignalLevel called
04-04 12:04:51.954 864 864 D AccessPointPreference: summary : Internet-Box-Starlink, Secured with WPA2 (WPS available)
04-04 12:04:51.954 864 864 E HtcPreference: [addPreference]:before size= 36
04-04 12:04:51.954 864 864 E HtcPreference: Thread =Thread[main,5,main]
04-04 12:04:51.954 864 864 E HtcPreference: [addPreference]:after size= 37
04-04 12:04:51.954 864 864 E HtcPreference: Thread =Thread[main,5,main]
04-04 12:04:51.954 864 864 D WifiManagerWrapper: calculateSignalLevel called
04-04 12:04:51.954 864 864 E HtcPreference: [addPreference]:before size= 37
04-04 12:04:51.954 864 864 E HtcPreference: Thread =Thread[main,5,main]
04-04 12:04:51.954 864 864 E HtcPreference: [addPreference]:after size= 38
04-04 12:04:51.954 864 864 E HtcPreference: Thread =Thread[main,5,main]
04-04 12:04:51.954 864 864 D WifiManagerWrapper: calculateSignalLevel called
04-04 12:04:51.954 864 864 E HtcPreference: [addPreference]:before size= 38
04-04 12:04:51.954 864 864 E HtcPreference: Thread =Thread[main,5,main]
04-04 12:04:51.954 864 864 E HtcPreference: [addPreference]:after size= 39
04-04 12:04:51.954 864 864 E HtcPreference: Thread =Thread[main,5,main]
04-04 12:04:51.954 864 864 D WifiManagerWrapper: calculateSignalLevel called
04-04 12:04:51.954 864 864 E HtcPreference: [addPreference]:before size= 39
04-04 12:04:51.954 864 864 E HtcPreference: Thread =Thread[main,5,main]
04-04 12:04:51.954 864 864 E HtcPreference: [addPreference]:after size= 40
04-04 12:04:51.954 864 864 E HtcPreference: Thread =Thread[main,5,main]
04-04 12:04:51.954 864 864 D WifiManagerWrapper: calculateSignalLevel called
04-04 12:04:51.954 864 864 E HtcPreference: [addPreference]:before size= 40
04-04 12:04:51.954 864 864 E HtcPreference: Thread =Thread[main,5,main]
04-04 12:04:51.954 864 864 E HtcPreference: [addPreference]:after size= 41
04-04 12:04:51.954 864 864 E HtcPreference: Thread =Thread[main,5,main]
04-04 12:04:51.954 864 864 D WifiManagerWrapper: calculateSignalLevel called
04-04 12:04:51.954 864 864 E HtcPreference: [addPreference]:before size= 41
04-04 12:04:51.954 864 864 E HtcPreference: Thread =Thread[main,5,main]
04-04 12:04:51.954 864 864 E HtcPreference: [addPreference]:after size= 42
04-04 12:04:51.954 864 864 E HtcPreference: Thread =Thread[main,5,main]
04-04 12:04:51.955 864 864 D WifiManagerWrapper: calculateSignalLevel called
04-04 12:04:51.955 864 864 E HtcPreference: [addPreference]:before size= 42
04-04 12:04:51.955 864 864 E HtcPreference: Thread =Thread[main,5,main]
04-04 12:04:51.955 864 864 E HtcPreference: [addPreference]:after size= 43
04-04 12:04:51.955 864 864 E HtcPreference: Thread =Thread[main,5,main]
04-04 12:04:52.235 10696 10696 D wpa_supplicant: wlan0: Control interface command 'SIGNAL_POLL'
04-04 12:04:52.250 10696 10696 I wpa_supplicant: environment dirty rate=0 [0][0][0]
04-04 12:04:52.251 1278 1352 D WifiStateMachine: fetchRssiLinkSpeedAndFrequencyNative abnormalRssiCnt = 0
04-04 12:04:52.251 1278 1352 D WifiStateMachine: fetchRssiLinkSpeedAndFrequencyNative rssi=-38 linkspeed=433 freq=5180
04-04 12:04:52.251 1278 1352 E HtcWifiRssiMonitor: newrssi =-38 , oldRssi= -38
04-04 12:04:52.688 454 974 E NetlinkEvent: NetlinkEvent::FindParam(): Parameter 'TIME_NS' not found
04-04 12:04:52.688 454 974 E NetlinkEvent: NetlinkEvent::FindParam(): Parameter 'UID' not found
04-04 12:04:52.798 1278 1326 W SensorService: D/Accel(x, y, z, t) = ( 0.0, 0.1, 9.8, 579117242ms), calendar = 1554372292, sys_time = 579117250ms
04-04 12:04:53.782 1278 1352 D WirelessDisplayService: getMirrorDisplayStatus:falsecurState:1
04-04 12:04:53.783 1278 1352 D WifiStateMachine: starting scan for "AppiumPjonteczka"WPA_PSK with 5180
04-04 12:04:53.783 10696 10696 D wpa_supplicant: wlan0: Control interface command 'SCAN TYPE=ONLY freq=5180'
04-04 12:04:53.783 10696 10696 D wpa_supplicant: wlan0: Setting scan request: 0.000000 sec
04-04 12:04:53.784 10696 10696 I wpa_supplicant: wpa_supplicant_scan enter
04-04 12:04:53.784 10696 10696 D wpa_supplicant: wlan0: Starting AP scan for wildcard SSID
04-04 12:04:53.784 10696 10696 D wpa_supplicant: WPS: Building WPS IE for Probe Request
04-04 12:04:53.784 10696 10696 D wpa_supplicant: WPS: * Version (hardcoded 0x10)
04-04 12:04:53.784 10696 10696 D wpa_supplicant: WPS: * Request Type
04-04 12:04:53.784 10696 10696 D wpa_supplicant: WPS: * Config Methods (4288)
04-04 12:04:53.784 10696 10696 D wpa_supplicant: WPS: * UUID-E
04-04 12:04:53.784 10696 10696 D wpa_supplicant: WPS: * Primary Device Type
04-04 12:04:53.784 10696 10696 D wpa_supplicant: WPS: * RF Bands (3)
04-04 12:04:53.784 10696 10696 D wpa_supplicant: WPS: * Association State
04-04 12:04:53.784 10696 10696 D wpa_supplicant: WPS: * Configuration Error (0)
04-04 12:04:53.785 10696 10696 D wpa_supplicant: WPS: * Device Password ID (0)
04-04 12:04:53.785 10696 10696 D wpa_supplicant: WPS: * Manufacturer
04-04 12:04:53.785 10696 10696 D wpa_supplicant: WPS: * Model Name
04-04 12:04:53.785 10696 10696 D wpa_supplicant: WPS: * Model Number
04-04 12:04:53.785 10696 10696 D wpa_supplicant: WPS: * Device Name
04-04 12:04:53.785 10696 10696 D wpa_supplicant: WPS: * Version2 (0x20)
04-04 12:04:53.785 10696 10696 D wpa_supplicant: P2P: * P2P IE header
04-04 12:04:53.785 10696 10696 D wpa_supplicant: P2P: * Capability dev=25 group=00
04-04 12:04:53.785 10696 10696 D wpa_supplicant: P2P: * Listen Channel: Regulatory Class 81 Channel 11
04-04 12:04:53.785 10696 10696 D wpa_supplicant: wlan0: Limit manual scan to specified channels
04-04 12:04:53.785 10696 10696 D wpa_supplicant: wlan0: Add radio work 'scan'@0xb78acf40
04-04 12:04:53.786 10696 10696 D wpa_supplicant: wlan0: First radio work item in the queue - schedule start immediately
04-04 12:04:53.786 10696 10696 D wpa_supplicant: wlan0: Starting radio work 'scan'@0xb78acf40 after 0.000237 second wait
04-04 12:04:53.786 10696 10696 D wpa_supplicant: wlan0: nl80211: scan request
04-04 12:04:53.793 10696 10696 D wpa_supplicant: Scan requested (ret=0) - scan timeout 30 seconds
04-04 12:04:53.794 10696 10696 D wpa_supplicant: nl80211: Drv Event 33 (NL80211_CMD_TRIGGER_SCAN) received for wlan0
04-04 12:04:53.794 10696 10696 D wpa_supplicant: wlan0: nl80211: Scan trigger
04-04 12:04:53.794 10696 10696 D wpa_supplicant: wlan0: Event SCAN_STARTED (47) received
04-04 12:04:53.794 10696 10696 D wpa_supplicant: wlan0: Own scan request started a scan in 0.000505 seconds
04-04 12:04:53.809 1278 1036 D HtcWifiDataStallTracker: mIsWifiConnected true mIsDhcpActive false supplicantStateCOMPLETED mOldWifiDisplayStatus 0mIsRoutingComplete true
04-04 12:04:53.873 10696 10696 D wpa_supplicant: nl80211: Drv Event 34 (NL80211_CMD_NEW_SCAN_RESULTS) received for wlan0
04-04 12:04:53.873 10696 10696 D wpa_supplicant: wlan0: nl80211: New scan results available
04-04 12:04:53.873 10696 10696 D wpa_supplicant: nl80211: Scan included frequencies: 5180
04-04 12:04:53.873 10696 10696 D wpa_supplicant: wlan0: Event SCAN_RESULTS (3) received
04-04 12:04:53.873 10696 10696 I wpa_supplicant: Got an original EVENT_SCAN_RESULTS
04-04 12:04:53.873 10696 10696 D wpa_supplicant: wlan0: Scan completed in 0.078843 seconds
04-04 12:04:53.873 10696 10696 D wpa_supplicant: nl80211: Associated on 5180 MHz
04-04 12:04:53.873 10696 10696 D wpa_supplicant: nl80211: Associated with fc:b4:e6:4f:a8:76
04-04 12:04:53.874 10696 10696 D wpa_supplicant: nl80211: Received scan results (51 BSSes)
04-04 12:04:53.876 1278 1298 D Tethering: interfaceLinkStateChanged wlan0, true
04-04 12:04:53.876 1278 1298 D Tethering: interfaceStatusChanged wlan0, true
04-04 12:04:53.876 10696 10696 D wpa_supplicant: nl80211: Scan results indicate BSS status with fc:b4:e6:4f:a8:76 as associated
04-04 12:04:53.877 10696 10696 D wpa_supplicant: wlan0: BSS: Start scan result update 450
04-04 12:04:53.877 10696 10696 D wpa_supplicant: BSS: last_scan_res_used=51/64
04-04 12:04:53.877 10696 10696 D wpa_supplicant: wlan0: Scan-only results received
04-04 12:04:53.879 1278 1352 D WifiStateMachine: [MLHD] enter handleMediaLinkEvent SupplicantStartedState
04-04 12:04:53.880 10696 10696 D wpa_supplicant: wlan0: Radio work 'scan'@0xb78acf40 done in 0.094446 seconds
04-04 12:04:53.880 10696 10696 D wpa_supplicant: wlan0: Control interface command 'LIST_DONGLES'
04-04 12:04:53.880 10696 10696 D wpa_supplicant: Wireless event: cmd=0x8b19 len=8
04-04 12:04:53.881 10696 10696 D wpa_supplicant: RTM_NEWLINK: ifi_index=24 ifname=wlan0 wext ifi_family=0 ifi_flags=0x11043 ([UP][RUNNING][LOWER_UP])
04-04 12:04:53.882 1278 1352 W ContextImpl: Calling a method in the system process without a qualified user: android.app.ContextImpl.sendBroadcast:771 com.android.server.wifi.WifiStateMachine.sendDongleScanResultsAvailableBroadcast:13976 com.android.server.wifi.WifiStateMachine.handleMediaLinkEvent:14140 com.android.server.wifi.WifiStateMachine.access$2700:253 com.android.server.wifi.WifiStateMachine$SupplicantStartedState.processMessage:8317
04-04 12:04:53.883 1278 1382 D WirelessDisplayService: getDiscoveryDongleList
04-04 12:04:53.884 10696 10696 D wpa_supplicant: wlan0: Control interface command 'BSS RANGE=0- MASK=0x29d87'
04-04 12:04:53.886 10696 10696 D wpa_supplicant: wlan0: Control interface command 'BSS RANGE=60- MASK=0x29d87'
04-04 12:04:53.890 10696 10696 D wpa_supplicant: wlan0: Control interface command 'BSS RANGE=63- MASK=0x29d87'
04-04 12:04:53.893 10696 10696 D wpa_supplicant: wlan0: Control interface command 'BSS RANGE=68- MASK=0x29d87'
04-04 12:04:53.895 10696 10696 D wpa_supplicant: wlan0: Control interface command 'BSS RANGE=71- MASK=0x29d87'
04-04 12:04:53.898 10696 10696 D wpa_supplicant: wlan0: Control interface command 'BSS RANGE=76- MASK=0x29d87'
04-04 12:04:53.901 10696 10696 D wpa_supplicant: wlan0: Control interface command 'BSS RANGE=81- MASK=0x29d87'
04-04 12:04:53.903 10696 10696 D wpa_supplicant: wlan0: Control interface command 'BSS RANGE=95- MASK=0x29d87'
04-04 12:04:53.906 10696 10696 D wpa_supplicant: wlan0: Control interface command 'BSS RANGE=107- MASK=0x29d87'
04-04 12:04:53.909 10696 10696 D wpa_supplicant: wlan0: Control interface command 'BSS RANGE=170- MASK=0x29d87'
04-04 12:04:53.912 10696 10696 D wpa_supplicant: wlan0: Control interface command 'BSS RANGE=204- MASK=0x29d87'
04-04 12:04:53.914 10696 10696 D wpa_supplicant: wlan0: Control interface command 'BSS RANGE=231- MASK=0x29d87'
04-04 12:04:53.917 10696 10696 D wpa_supplicant: wlan0: Control interface command 'BSS RANGE=240- MASK=0x29d87'
04-04 12:04:53.941 1278 1352 D WifiConfigStore: "Ernest-SGv1-5"WPA_PSK- skip by invalid rssi
04-04 12:04:53.941 1278 1352 D WifiConfigStore: "Ernest-SGv1-24"WPA_PSK- skip by invalid rssi
04-04 12:04:53.941 1278 1352 D WifiConfigStore: "Ernest-v1-24"WPA_PSK- skip by invalid rssi
04-04 12:04:53.941 1278 1352 D WifiConfigStore: "Internet-Box-krzysioSL"WPA_PSK- skip by invalid rssi
04-04 12:04:53.941 10696 10696 D wpa_supplicant: wlan0: Control interface command 'STATUS-NO_EVENTS'
04-04 12:04:53.941 10696 10696 D wpa_supplicant: EAPOL: EAP Session-Id not available
04-04 12:04:54.160 638 821 I appium : channel read invoked!
04-04 12:04:54.161 638 821 I appium : channel read: GET /wd/hub/session/e42f59eb-4d3b-4a3e-969d-622e533298fb
04-04 12:04:54.162 638 821 I appium : AppiumResponse: {"sessionId":"e42f59eb-4d3b-4a3e-969d-622e533298fb","status":0,"value":{}}
04-04 12:04:54.203 638 717 I appium : channel read invoked!
04-04 12:04:54.204 638 717 I appium : channel read: POST /wd/hub/session/e42f59eb-4d3b-4a3e-969d-622e533298fb/element
04-04 12:04:54.205 638 717 I appium : Find element command
04-04 12:04:54.206 638 717 I appium : find element command using 'xpath' with selector '//android.widget.Switch'.
04-04 12:04:54.475 638 717 I appium : AppiumResponse: {"sessionId":"e42f59eb-4d3b-4a3e-969d-622e533298fb","status":0,"value":{"ELEMENT":"ec8e5092-b3af-42e0-9aed-8aec0ac88b2a"}}
04-04 12:04:54.537 454 974 E NetlinkEvent: NetlinkEvent::FindParam(): Parameter 'TIME_NS' not found
04-04 12:04:54.537 454 974 E NetlinkEvent: NetlinkEvent::FindParam(): Parameter 'UID' not found
04-04 12:04:54.601 638 718 I appium : channel read invoked!
04-04 12:04:54.601 638 718 I appium : channel read: GET /wd/hub/session/e42f59eb-4d3b-4a3e-969d-622e533298fb/element/ec8e5092-b3af-42e0-9aed-8aec0ac88b2a/attribute/displayed
04-04 12:04:54.601 638 718 I appium : get attribute of element command
04-04 12:04:54.603 638 718 I appium : AppiumResponse: {"sessionId":"e42f59eb-4d3b-4a3e-969d-622e533298fb","status":0,"value":"true"}
04-04 12:04:54.618 638 719 I appium : channel read invoked!
04-04 12:04:54.618 638 719 I appium : channel read: GET /wd/hub/session/e42f59eb-4d3b-4a3e-969d-622e533298fb
04-04 12:04:54.618 638 719 I appium : AppiumResponse: {"sessionId":"e42f59eb-4d3b-4a3e-969d-622e533298fb","status":0,"value":{}}
04-04 12:04:54.640 638 817 I appium : channel read invoked!
04-04 12:04:54.640 638 817 I appium : channel read: POST /wd/hub/session/e42f59eb-4d3b-4a3e-969d-622e533298fb/element
04-04 12:04:54.640 638 817 I appium : Find element command
04-04 12:04:54.641 638 817 I appium : find element command using 'xpath' with selector '//android.widget.Switch'.
04-04 12:04:54.722 1596 1596 D NetworkController.WifiSignalController: Change in state from: connected=true,enabled=true,level=4,inetCondition=1,iconGroup=IconGroup(Wi-Fi Icons),activityIn=false,activityOut=false,rssi=-38,lastModified=04-04 12:04:38,ssid="AppiumPjonteczka"
04-04 12:04:54.722 1596 1596 D NetworkController.WifiSignalController: to: connected=true,enabled=true,level=4,inetCondition=1,iconGroup=IconGroup(Wi-Fi Icons),activityIn=true,activityOut=false,rssi=-38,lastModified=04-04 12:04:38,ssid="AppiumPjonteczka"
04-04 12:04:54.723 1596 1596 D WIFI_ICON: WifiActivity: 1
04-04 12:04:54.724 1596 1596 D StatusBar.NetworkController: dumpIcon[(gone) stat_sys_5signal_null|null stat_sys_wifi_signal_in_4 stat_sys_no_sim F]
04-04 12:04:54.838 1278 1326 W SensorService: D/Accel(x, y, z, t) = ( -0.0, 0.1, 9.8, 579119282ms), calendar = 1554372294, sys_time = 579119290ms
04-04 12:04:54.986 638 817 I appium : AppiumResponse: {"sessionId":"e42f59eb-4d3b-4a3e-969d-622e533298fb","status":0,"value":{"ELEMENT":"3ea449ee-6023-4c5b-adea-ca28b9efd104"}}
04-04 12:04:55.060 32700 32700 W Atfwd_Sendcmd: AtCmdFwd service not published, waiting... retryCnt : 5
04-04 12:04:55.109 638 818 I appium : channel read invoked!
04-04 12:04:55.109 638 818 I appium : channel read: GET /wd/hub/session/e42f59eb-4d3b-4a3e-969d-622e533298fb/element/3ea449ee-6023-4c5b-adea-ca28b9efd104/attribute/checked
04-04 12:04:55.109 638 818 I appium : get attribute of element command
04-04 12:04:55.111 638 818 I appium : AppiumResponse: {"sessionId":"e42f59eb-4d3b-4a3e-969d-622e533298fb","status":0,"value":"true"}
04-04 12:04:55.136 638 819 I appium : channel read invoked!
04-04 12:04:55.136 638 819 I appium : channel read: GET /wd/hub/session/e42f59eb-4d3b-4a3e-969d-622e533298fb
04-04 12:04:55.136 638 819 I appium : AppiumResponse: {"sessionId":"e42f59eb-4d3b-4a3e-969d-622e533298fb","status":0,"value":{}}
04-04 12:04:55.159 638 820 I appium : channel read invoked!
04-04 12:04:55.159 638 820 I appium : channel read: POST /wd/hub/session/e42f59eb-4d3b-4a3e-969d-622e533298fb/element
04-04 12:04:55.159 638 820 I appium : Find element command
04-04 12:04:55.159 638 820 I appium : find element command using 'xpath' with selector '//android.widget.ListView'.
04-04 12:04:55.256 10696 10696 D wpa_supplicant: wlan0: Control interface command 'SIGNAL_POLL'
04-04 12:04:55.272 10696 10696 I wpa_supplicant: environment dirty rate=0 [0][0][0]
04-04 12:04:55.272 1278 1352 D WifiStateMachine: fetchRssiLinkSpeedAndFrequencyNative abnormalRssiCnt = 0
04-04 12:04:55.272 1278 1352 D WifiStateMachine: fetchRssiLinkSpeedAndFrequencyNative rssi=-38 linkspeed=433 freq=5180
04-04 12:04:55.272 1278 1352 E HtcWifiRssiMonitor: newrssi =-38 , oldRssi= -38
04-04 12:04:55.399 638 820 I appium : AppiumResponse: {"sessionId":"e42f59eb-4d3b-4a3e-969d-622e533298fb","status":0,"value":{"ELEMENT":"82547802-b111-42ab-96d1-48e5a90bc07f"}}
04-04 12:04:55.515 638 821 I appium : channel read invoked!
04-04 12:04:55.515 638 821 I appium : channel read: GET /wd/hub/session/e42f59eb-4d3b-4a3e-969d-622e533298fb/element/82547802-b111-42ab-96d1-48e5a90bc07f/attribute/displayed
04-04 12:04:55.517 638 821 I appium : get attribute of element command
04-04 12:04:55.523 638 821 I appium : AppiumResponse: {"sessionId":"e42f59eb-4d3b-4a3e-969d-622e533298fb","status":0,"value":"true"}
04-04 12:04:55.560 638 717 I appium : channel read invoked!
04-04 12:04:55.560 638 717 I appium : channel read: GET /wd/hub/session/e42f59eb-4d3b-4a3e-969d-622e533298fb
04-04 12:04:55.561 638 717 I appium : AppiumResponse: {"sessionId":"e42f59eb-4d3b-4a3e-969d-622e533298fb","status":0,"value":{}}
04-04 12:04:55.597 638 718 I appium : channel read invoked!
04-04 12:04:55.597 638 718 I appium : channel read: POST /wd/hub/session/e42f59eb-4d3b-4a3e-969d-622e533298fb/element
04-04 12:04:55.598 638 718 I appium : Find element command
04-04 12:04:55.599 638 718 I appium : find element command using 'xpath' with selector '//android.widget.Switch'.
04-04 12:04:55.725 1596 1596 D NetworkController.WifiSignalController: Change in state from: connected=true,enabled=true,level=4,inetCondition=1,iconGroup=IconGroup(Wi-Fi Icons),activityIn=true,activityOut=false,rssi=-38,lastModified=04-04 12:04:54,ssid="AppiumPjonteczka"
04-04 12:04:55.725 1596 1596 D NetworkController.WifiSignalController: to: connected=true,enabled=true,level=4,inetCondition=1,iconGroup=IconGroup(Wi-Fi Icons),activityIn=true,activityOut=true,rssi=-38,lastModified=04-04 12:04:54,ssid="AppiumPjonteczka"
04-04 12:04:55.725 1596 1596 D WIFI_ICON: WifiActivity: 3
04-04 12:04:55.726 1596 1596 D StatusBar.NetworkController: dumpIcon[(gone) stat_sys_5signal_null|null stat_sys_wifi_signal_inandout_4 stat_sys_no_sim F]
04-04 12:04:55.954 638 718 I appium : AppiumResponse: {"sessionId":"e42f59eb-4d3b-4a3e-969d-622e533298fb","status":0,"value":{"ELEMENT":"e90a9bfb-4fb3-4bfa-a2fe-f42d8f91534e"}}
04-04 12:04:56.088 638 719 I appium : channel read invoked!
04-04 12:04:56.088 638 719 I appium : channel read: GET /wd/hub/session/e42f59eb-4d3b-4a3e-969d-622e533298fb/element/e90a9bfb-4fb3-4bfa-a2fe-f42d8f91534e/attribute/displayed
04-04 12:04:56.088 638 719 I appium : get attribute of element command
04-04 12:04:56.091 638 719 I appium : AppiumResponse: {"sessionId":"e42f59eb-4d3b-4a3e-969d-622e533298fb","status":0,"value":"true"}
04-04 12:04:56.104 638 817 I appium : channel read invoked!
04-04 12:04:56.104 638 817 I appium : channel read: GET /wd/hub/session/e42f59eb-4d3b-4a3e-969d-622e533298fb
04-04 12:04:56.105 638 817 I appium : AppiumResponse: {"sessionId":"e42f59eb-4d3b-4a3e-969d-622e533298fb","status":0,"value":{}}
04-04 12:04:56.125 638 818 I appium : channel read invoked!
04-04 12:04:56.125 638 818 I appium : channel read: POST /wd/hub/session/e42f59eb-4d3b-4a3e-969d-622e533298fb/element
04-04 12:04:56.125 638 818 I appium : Find element command
04-04 12:04:56.125 638 818 I appium : find element command using 'xpath' with selector '//android.widget.Switch'.
04-04 12:04:56.327 638 818 I appium : AppiumResponse: {"sessionId":"e42f59eb-4d3b-4a3e-969d-622e533298fb","status":0,"value":{"ELEMENT":"e7cdd9c8-3cf2-4b21-bf92-33d7254dcfc4"}}
04-04 12:04:56.468 638 819 I appium : channel read invoked!
04-04 12:04:56.468 638 819 I appium : channel read: GET /wd/hub/session/e42f59eb-4d3b-4a3e-969d-622e533298fb/element/e7cdd9c8-3cf2-4b21-bf92-33d7254dcfc4/attribute/checked
04-04 12:04:56.469 638 819 I appium : get attribute of element command
04-04 12:04:56.470 638 819 I appium : AppiumResponse: {"sessionId":"e42f59eb-4d3b-4a3e-969d-622e533298fb","status":0,"value":"true"}
04-04 12:04:56.490 638 820 I appium : channel read invoked!
04-04 12:04:56.490 638 820 I appium : channel read: GET /wd/hub/session/e42f59eb-4d3b-4a3e-969d-622e533298fb
04-04 12:04:56.491 638 820 I appium : AppiumResponse: {"sessionId":"e42f59eb-4d3b-4a3e-969d-622e533298fb","status":0,"value":{}}
04-04 12:04:56.510 638 821 I appium : channel read invoked!
04-04 12:04:56.510 638 821 I appium : channel read: POST /wd/hub/session/e42f59eb-4d3b-4a3e-969d-622e533298fb/element
04-04 12:04:56.510 638 821 I appium : Find element command
04-04 12:04:56.511 638 821 I appium : find element command using 'xpath' with selector '//android.widget.ListView'.
04-04 12:04:56.726 1596 1596 D NetworkController.WifiSignalController: Change in state from: connected=true,enabled=true,level=4,inetCondition=1,iconGroup=IconGroup(Wi-Fi Icons),activityIn=true,activityOut=true,rssi=-38,lastModified=04-04 12:04:55,ssid="AppiumPjonteczka"
04-04 12:04:56.726 1596 1596 D NetworkController.WifiSignalController: to: connected=true,enabled=true,level=4,inetCondition=1,iconGroup=IconGroup(Wi-Fi Icons),activityIn=false,activityOut=false,rssi=-38,lastModified=04-04 12:04:55,ssid="AppiumPjonteczka"
04-04 12:04:56.726 1596 1596 D WIFI_ICON: WifiActivity: 0
04-04 12:04:56.728 1596 1596 D StatusBar.NetworkController: dumpIcon[(gone) stat_sys_5signal_null|null stat_sys_wifi_signal_connected_4 stat_sys_no_sim F]
04-04 12:04:56.824 638 821 I appium : AppiumResponse: {"sessionId":"e42f59eb-4d3b-4a3e-969d-622e533298fb","status":0,"value":{"ELEMENT":"8de3a537-d5b2-4611-bc8d-cad3e12e4aae"}}
04-04 12:04:56.888 1278 1326 W SensorService: D/Accel(x, y, z, t) = ( -0.0, 0.1, 9.8, 579121332ms), calendar = 1554372296, sys_time = 579121340ms
04-04 12:04:56.964 638 717 I appium : channel read invoked!
04-04 12:04:56.964 638 717 I appium : channel read: GET /wd/hub/session/e42f59eb-4d3b-4a3e-969d-622e533298fb/element/8de3a537-d5b2-4611-bc8d-cad3e12e4aae/attribute/displayed
04-04 12:04:56.965 638 717 I appium : get attribute of element command
04-04 12:04:56.967 638 717 I appium : AppiumResponse: {"sessionId":"e42f59eb-4d3b-4a3e-969d-622e533298fb","status":0,"value":"true"}
04-04 12:04:56.988 638 718 I appium : channel read invoked!
04-04 12:04:56.989 638 718 I appium : channel read: POST /wd/hub/session/e42f59eb-4d3b-4a3e-969d-622e533298fb/elements
04-04 12:04:56.990 638 718 I appium : Find elements command
04-04 12:04:56.991 638 718 I appium : find element command using 'id' with selector 'android:id/summary'.
04-04 12:04:57.045 638 718 I appium : AppiumResponse: {"sessionId":"e42f59eb-4d3b-4a3e-969d-622e533298fb","status":0,"value":[{"ELEMENT":"306d61f7-9952-4739-9e12-de9f0af1f89f"},{"ELEMENT":"85718cca-d854-4133-acea-1f98554be224"},{"ELEMENT":"b9b522dd-98b4-45e3-b06d-a82eed4e220d"},{"ELEMENT":"a81f6b39-159e-41d6-8422-a44d3ce73daa"},{"ELEMENT":"42d7c191-cc09-4bcf-b409-9b620b5eef2b"},{"ELEMENT":"2e6b449f-9727-4ff5-bb8f-1f473122e7d4"},{"ELEMENT":"bb13ec9c-90cb-4145-baa8-ac6bd00f85f3"},{"ELEMENT":"9695afd4-a3a9-45a0-9c31-7f0dd71cf7f5"}]}
04-04 12:04:57.861 638 719 I appium : channel read invoked!
04-04 12:04:57.861 638 719 I appium : channel read: GET /wd/hub/session/e42f59eb-4d3b-4a3e-969d-622e533298fb/element/306d61f7-9952-4739-9e12-de9f0af1f89f/text
04-04 12:04:57.862 638 719 I appium : Get Text of element command
04-04 12:04:57.866 638 719 I appium : Get Text :Connected
04-04 12:04:57.866 638 719 I appium : AppiumResponse: {"sessionId":"e42f59eb-4d3b-4a3e-969d-622e533298fb","status":0,"value":"Connected"}
04-04 12:04:57.898 638 817 I appium : channel read invoked!
04-04 12:04:57.898 638 817 I appium : channel read: GET /wd/hub/session/e42f59eb-4d3b-4a3e-969d-622e533298fb/element/306d61f7-9952-4739-9e12-de9f0af1f89f/text
04-04 12:04:57.899 638 817 I appium : Get Text of element command
04-04 12:04:57.906 638 817 I appium : Get Text :Connected
04-04 12:04:57.906 638 817 I appium : AppiumResponse: {"sessionId":"e42f59eb-4d3b-4a3e-969d-622e533298fb","status":0,"value":"Connected"}
04-04 12:04:57.933 638 818 I appium : channel read invoked!
04-04 12:04:57.933 638 818 I appium : channel read: GET /wd/hub/session/e42f59eb-4d3b-4a3e-969d-622e533298fb/element/306d61f7-9952-4739-9e12-de9f0af1f89f/location
04-04 12:04:57.940 638 818 I appium : Element found at location (46,337)
04-04 12:04:57.940 638 818 I appium : AppiumResponse: {"sessionId":"e42f59eb-4d3b-4a3e-969d-622e533298fb","status":0,"value":{"x":46,"y":337}}
04-04 12:04:57.955 638 819 I appium : channel read invoked!
04-04 12:04:57.955 638 819 I appium : channel read: GET /wd/hub/session/e42f59eb-4d3b-4a3e-969d-622e533298fb/element/306d61f7-9952-4739-9e12-de9f0af1f89f/size
04-04 12:04:57.956 638 819 I appium : Get Size of element command
04-04 12:04:57.962 638 819 I appium : AppiumResponse: {"sessionId":"e42f59eb-4d3b-4a3e-969d-622e533298fb","status":0,"value":{"width":212,"height":61}}
04-04 12:04:57.974 638 820 I appium : channel read invoked!
04-04 12:04:57.975 638 820 I appium : channel read: POST /wd/hub/session/e42f59eb-4d3b-4a3e-969d-622e533298fb/element/306d61f7-9952-4739-9e12-de9f0af1f89f/click
04-04 12:04:57.975 638 820 I appium : Click element command
04-04 12:04:57.986 3023 3039 E MP-Decision: Update arg 2
04-04 12:04:57.996 638 820 I appium : AppiumResponse: {"sessionId":"e42f59eb-4d3b-4a3e-969d-622e533298fb","status":0,"value":true}
04-04 12:04:58.020 638 821 I appium : channel read invoked!
04-04 12:04:58.020 638 821 I appium : channel read: GET /wd/hub/session/e42f59eb-4d3b-4a3e-969d-622e533298fb
04-04 12:04:58.020 638 821 I appium : AppiumResponse: {"sessionId":"e42f59eb-4d3b-4a3e-969d-622e533298fb","status":0,"value":{}}
04-04 12:04:58.044 638 717 I appium : channel read invoked!
04-04 12:04:58.044 638 717 I appium : channel read: POST /wd/hub/session/e42f59eb-4d3b-4a3e-969d-622e533298fb/element
04-04 12:04:58.044 638 717 I appium : Find element command
04-04 12:04:58.045 638 717 I appium : find element command using 'xpath' with selector '//android.widget.Button[@text='Forget' or @text='Disconnect']'.
04-04 12:04:58.099 864 864 W ResourceType: Invalid package identifier when getting bag for resource number 0x00000014
04-04 12:04:58.111 864 864 W ResourceType: Invalid package identifier when getting bag for resource number 0x00000014
04-04 12:04:58.115 864 864 W ResourceType: Invalid package identifier when getting bag for resource number 0x00000014
04-04 12:04:58.126 864 864 W ResourceType: Invalid package identifier when getting bag for resource number 0x00000014
04-04 12:04:58.128 864 864 W ResourceType: Invalid package identifier when getting bag for resource number 0x00000014
04-04 12:04:58.142 864 864 W ResourceType: Invalid package identifier when getting bag for resource number 0x00000014
04-04 12:04:58.143 864 864 W ResourceType: Invalid package identifier when getting bag for resource number 0x00000014
04-04 12:04:58.148 864 864 W ResourceType: Invalid package identifier when getting bag for resource number 0x00000014
04-04 12:04:58.150 864 864 W ResourceType: Invalid package identifier when getting bag for resource number 0x00000014
04-04 12:04:58.152 864 864 W ResourceType: Invalid package identifier when getting bag for resource number 0x00000014
04-04 12:04:58.158 864 864 W ResourceType: Invalid package identifier when getting bag for resource number 0x00000014
04-04 12:04:58.160 864 864 W ResourceType: Invalid package identifier when getting bag for resource number 0x00000014
04-04 12:04:58.164 864 864 W ResourceType: Invalid package identifier when getting bag for resource number 0x00000014
04-04 12:04:58.167 864 864 W ResourceType: Invalid package identifier when getting bag for resource number 0x00000014
04-04 12:04:58.168 864 864 W ResourceType: Invalid package identifier when getting bag for resource number 0x00000014
04-04 12:04:58.171 864 864 W ResourceType: Invalid package identifier when getting bag for resource number 0x00000014
04-04 12:04:58.174 864 864 W ResourceType: Invalid package identifier when getting bag for resource number 0x00000014
04-04 12:04:58.178 864 864 W ResourceType: Invalid package identifier when getting bag for resource number 0x00000014
04-04 12:04:58.178 3023 3039 E MP-Decision: Update arg 1
04-04 12:04:58.181 864 864 W ResourceType: Invalid package identifier when getting bag for resource number 0x00000014
04-04 12:04:58.183 864 864 W ResourceType: Invalid package identifier when getting bag for resource number 0x00000014
04-04 12:04:58.185 864 864 W ResourceType: Invalid package identifier when getting bag for resource number 0x00000014
04-04 12:04:58.187 864 864 W ResourceType: Invalid package identifier when getting bag for resource number 0x00000014
04-04 12:04:58.190 864 864 W ResourceType: Invalid package identifier when getting bag for resource number 0x00000014
04-04 12:04:58.193 864 864 D WifiManagerWrapper: calculateSignalLevel called
04-04 12:04:58.208 864 864 D WifiManagerWrapper: calculateSignalLevel called
04-04 12:04:58.246 864 880 W OpenGLRenderer: Fail to change FontRenderer cache size, it already initialized
04-04 12:04:58.248 1278 1297 D StatusBarManagerService: setSystemUiVisibility(0x8000)
04-04 12:04:58.248 1278 1297 D StatusBarManagerService: disable:userId=0 what=0x0 which=0x1 pkg=Window{19deaca u0 AppiumPjonteczka}
04-04 12:04:58.248 1278 1297 D StatusBarManagerService: hiding MENU key
04-04 12:04:58.249 1596 1596 I PhoneStatusBar: setSystemUiVisibility vis=8000 mask=ffffffff oldVal=8600 newVal=8000 diff=600
04-04 12:04:58.249 1596 1596 I PhoneStatusBar: updatePolicy(false,false,false,true)
04-04 12:04:58.249 1596 1596 I PhoneStatusBar: hiding the MENU button
04-04 12:04:58.278 10696 10696 D wpa_supplicant: wlan0: Control interface command 'SIGNAL_POLL'
04-04 12:04:58.294 10696 10696 I wpa_supplicant: environment dirty rate=0 [2][0][0]
04-04 12:04:58.294 1278 1352 D WifiStateMachine: fetchRssiLinkSpeedAndFrequencyNative abnormalRssiCnt = 0
04-04 12:04:58.294 1278 1352 D WifiStateMachine: fetchRssiLinkSpeedAndFrequencyNative rssi=-38 linkspeed=433 freq=5180
04-04 12:04:58.294 1278 1352 E HtcWifiRssiMonitor: newrssi =-38 , oldRssi= -38
04-04 12:04:58.302 2037 2037 D HTCIMEService: This created at onFinishInput()
04-04 12:04:58.406 1278 1287 I art : Background partial concurrent mark sweep GC freed 58220(5MB) AllocSpace objects, 34(2MB) LOS objects, 26% free, 44MB/60MB, paused 1.757ms total 154.224ms
04-04 12:04:58.730 1596 1596 D NetworkController.WifiSignalController: Change in state from: connected=true,enabled=true,level=4,inetCondition=1,iconGroup=IconGroup(Wi-Fi Icons),activityIn=false,activityOut=false,rssi=-38,lastModified=04-04 12:04:56,ssid="AppiumPjonteczka"
04-04 12:04:58.730 1596 1596 D NetworkController.WifiSignalController: to: connected=true,enabled=true,level=4,inetCondition=1,iconGroup=IconGroup(Wi-Fi Icons),activityIn=true,activityOut=false,rssi=-38,lastModified=04-04 12:04:56,ssid="AppiumPjonteczka"
04-04 12:04:58.730 1596 1596 D WIFI_ICON: WifiActivity: 1
04-04 12:04:58.731 1596 1596 D StatusBar.NetworkController: dumpIcon[(gone) stat_sys_5signal_null|null stat_sys_wifi_signal_in_4 stat_sys_no_sim F]
04-04 12:04:58.805 1278 1113 D HtcWifiDataStallTracker: mIsWifiConnected true mIsDhcpActive false supplicantStateCOMPLETED mOldWifiDisplayStatus 0mIsRoutingComplete true
04-04 12:04:58.938 1278 1326 W SensorService: D/Accel(x, y, z, t) = ( 0.0, 0.1, 9.8, 579123382ms), calendar = 1554372298, sys_time = 579123390ms
04-04 12:04:59.031 638 648 I art : Background sticky concurrent mark sweep GC freed 175916(7MB) AllocSpace objects, 26(872KB) LOS objects, 30% free, 19MB/27MB, paused 2.955ms total 107.469ms
04-04 12:04:59.092 638 717 I appium : AppiumResponse: {"sessionId":"e42f59eb-4d3b-4a3e-969d-622e533298fb","status":0,"value":{"ELEMENT":"8cd4b0e3-5752-4dd0-b86b-b07025c0c838"}}
04-04 12:04:59.210 638 718 I appium : channel read invoked!
04-04 12:04:59.210 638 718 I appium : channel read: GET /wd/hub/session/e42f59eb-4d3b-4a3e-969d-622e533298fb/element/8cd4b0e3-5752-4dd0-b86b-b07025c0c838/location
04-04 12:04:59.213 638 718 I appium : Element found at location (541,1483)
04-04 12:04:59.213 638 718 I appium : AppiumResponse: {"sessionId":"e42f59eb-4d3b-4a3e-969d-622e533298fb","status":0,"value":{"x":541,"y":1483}}
04-04 12:04:59.222 638 719 I appium : channel read invoked!
04-04 12:04:59.222 638 719 I appium : channel read: GET /wd/hub/session/e42f59eb-4d3b-4a3e-969d-622e533298fb/element/8cd4b0e3-5752-4dd0-b86b-b07025c0c838/size
04-04 12:04:59.223 638 719 I appium : Get Size of element command
04-04 12:04:59.225 638 719 I appium : AppiumResponse: {"sessionId":"e42f59eb-4d3b-4a3e-969d-622e533298fb","status":0,"value":{"width":506,"height":175}}
04-04 12:04:59.234 638 817 I appium : channel read invoked!
04-04 12:04:59.235 638 817 I appium : channel read: POST /wd/hub/session/e42f59eb-4d3b-4a3e-969d-622e533298fb/element/8cd4b0e3-5752-4dd0-b86b-b07025c0c838/click
04-04 12:04:59.235 638 817 I appium : Click element command
04-04 12:04:59.239 3023 3039 E MP-Decision: Update arg 2
04-04 12:04:59.241 638 817 I appium : AppiumResponse: {"sessionId":"e42f59eb-4d3b-4a3e-969d-622e533298fb","status":0,"value":true}
04-04 12:04:59.246 864 864 D WifiManager: forget: Base Package Name=com.android.settings, uid=1000
04-04 12:04:59.258 1278 1352 E WifiConfigStore: removeNetwork 4 key="AppiumPjonteczka"WPA_PSK config.id=4 crc=2150933746
04-04 12:04:59.267 638 818 I appium : channel read invoked!
04-04 12:04:59.267 638 818 I appium : channel read: GET /wd/hub/session/e42f59eb-4d3b-4a3e-969d-622e533298fb
04-04 12:04:59.269 638 818 I appium : AppiumResponse: {"sessionId":"e42f59eb-4d3b-4a3e-969d-622e533298fb","status":0,"value":{}}
04-04 12:04:59.272 864 880 E Surface : getSlotFromBufferLocked: unknown buffer: 0xb84450e0
04-04 12:04:59.274 1278 1297 D StatusBarManagerService: setSystemUiVisibility(0x8600)
04-04 12:04:59.274 1278 1297 D StatusBarManagerService: disable:userId=0 what=0x0 which=0x1 pkg=Window{624fae6 u0 com.android.settings/com.android.settings.SubSettings}
04-04 12:04:59.274 1278 1297 D StatusBarManagerService: hiding MENU key
04-04 12:04:59.274 1596 1596 I PhoneStatusBar: setSystemUiVisibility vis=8600 mask=ffffffff oldVal=8000 newVal=8600 diff=600
04-04 12:04:59.274 1596 1596 I PhoneStatusBar: updatePolicy(false,false,false,true)
04-04 12:04:59.274 1596 1596 I PhoneStatusBar: hiding the MENU button
