04-04 12:05:45.895 864 864 E HtcPreference: Thread =Thread[main,5,main]
04-04 12:05:45.895 864 864 D WifiManagerWrapper: calculateSignalLevel called
04-04 12:05:45.895 864 864 E HtcPreference: [addPreference]:before size= 5
04-04 12:05:45.895 864 864 E HtcPreference: Thread =Thread[main,5,main]
04-04 12:05:45.895 864 864 E HtcPreference: [addPreference]:after size= 6
04-04 12:05:45.895 864 864 E HtcPreference: Thread =Thread[main,5,main]
04-04 12:05:45.895 864 864 D WifiManagerWrapper: calculateSignalLevel called
04-04 12:05:45.895 864 864 E HtcPreference: [addPreference]:before size= 6
04-04 12:05:45.895 864 864 E HtcPreference: Thread =Thread[main,5,main]
04-04 12:05:45.895 864 864 E HtcPreference: [addPreference]:after size= 7
04-04 12:05:45.895 864 864 E HtcPreference: Thread =Thread[main,5,main]
04-04 12:05:45.896 864 864 D WifiManagerWrapper: calculateSignalLevel called
04-04 12:05:45.896 864 864 E HtcPreference: [addPreference]:before size= 7
04-04 12:05:45.896 864 864 E HtcPreference: Thread =Thread[main,5,main]
04-04 12:05:45.896 864 864 E HtcPreference: [addPreference]:after size= 8
04-04 12:05:45.896 864 864 E HtcPreference: Thread =Thread[main,5,main]
04-04 12:05:45.896 864 864 D WifiManagerWrapper: calculateSignalLevel called
04-04 12:05:45.896 864 864 E HtcPreference: [addPreference]:before size= 8
04-04 12:05:45.896 864 864 E HtcPreference: Thread =Thread[main,5,main]
04-04 12:05:45.896 864 864 E HtcPreference: [addPreference]:after size= 9
04-04 12:05:45.896 864 864 E HtcPreference: Thread =Thread[main,5,main]
04-04 12:05:45.896 864 864 D WifiManagerWrapper: calculateSignalLevel called
04-04 12:05:45.896 864 864 E HtcPreference: [addPreference]:before size= 9
04-04 12:05:45.896 864 864 E HtcPreference: Thread =Thread[main,5,main]
04-04 12:05:45.896 864 864 E HtcPreference: [addPreference]:after size= 10
04-04 12:05:45.896 864 864 E HtcPreference: Thread =Thread[main,5,main]
04-04 12:05:45.896 864 864 D WifiManagerWrapper: calculateSignalLevel called
04-04 12:05:45.896 864 864 E HtcPreference: [addPreference]:before size= 10
04-04 12:05:45.896 864 864 E HtcPreference: Thread =Thread[main,5,main]
04-04 12:05:45.896 864 864 E HtcPreference: [addPreference]:after size= 11
04-04 12:05:45.896 864 864 E HtcPreference: Thread =Thread[main,5,main]
04-04 12:05:45.896 864 864 D WifiManagerWrapper: calculateSignalLevel called
04-04 12:05:45.896 864 864 E HtcPreference: [addPreference]:before size= 11
04-04 12:05:45.896 864 864 E HtcPreference: Thread =Thread[main,5,main]
04-04 12:05:45.896 864 864 E HtcPreference: [addPreference]:after size= 12
04-04 12:05:45.896 864 864 E HtcPreference: Thread =Thread[main,5,main]
04-04 12:05:45.896 864 864 D WifiManagerWrapper: calculateSignalLevel called
04-04 12:05:45.896 864 864 E HtcPreference: [addPreference]:before size= 12
04-04 12:05:45.896 864 864 E HtcPreference: Thread =Thread[main,5,main]
04-04 12:05:45.896 864 864 E HtcPreference: [addPreference]:after size= 13
04-04 12:05:45.896 864 864 E HtcPreference: Thread =Thread[main,5,main]
04-04 12:05:45.896 864 864 D WifiManagerWrapper: calculateSignalLevel called
04-04 12:05:45.896 864 864 E HtcPreference: [addPreference]:before size= 13
04-04 12:05:45.896 864 864 E HtcPreference: Thread =Thread[main,5,main]
04-04 12:05:45.897 864 864 E HtcPreference: [addPreference]:after size= 14
04-04 12:05:45.897 864 864 E HtcPreference: Thread =Thread[main,5,main]
04-04 12:05:45.897 864 864 D WifiManagerWrapper: calculateSignalLevel called
04-04 12:05:45.897 864 864 E HtcPreference: [addPreference]:before size= 14
04-04 12:05:45.897 864 864 E HtcPreference: Thread =Thread[main,5,main]
04-04 12:05:45.897 864 864 E HtcPreference: [addPreference]:after size= 15
04-04 12:05:45.897 864 864 E HtcPreference: Thread =Thread[main,5,main]
04-04 12:05:45.897 864 864 D WifiManagerWrapper: calculateSignalLevel called
04-04 12:05:45.897 864 864 E HtcPreference: [addPreference]:before size= 15
04-04 12:05:45.897 864 864 E HtcPreference: Thread =Thread[main,5,main]
04-04 12:05:45.897 864 864 E HtcPreference: [addPreference]:after size= 16
04-04 12:05:45.897 864 864 E HtcPreference: Thread =Thread[main,5,main]
04-04 12:05:45.897 864 864 D WifiManagerWrapper: calculateSignalLevel called
04-04 12:05:45.897 864 864 E HtcPreference: [addPreference]:before size= 16
04-04 12:05:45.897 864 864 E HtcPreference: Thread =Thread[main,5,main]
04-04 12:05:45.897 864 864 E HtcPreference: [addPreference]:after size= 17
04-04 12:05:45.897 864 864 E HtcPreference: Thread =Thread[main,5,main]
04-04 12:05:45.897 864 864 D WifiManagerWrapper: calculateSignalLevel called
04-04 12:05:45.897 864 864 E HtcPreference: [addPreference]:before size= 17
04-04 12:05:45.898 864 864 E HtcPreference: Thread =Thread[main,5,main]
04-04 12:05:45.898 864 864 E HtcPreference: [addPreference]:after size= 18
04-04 12:05:45.898 864 864 E HtcPreference: Thread =Thread[main,5,main]
04-04 12:05:45.898 864 864 D WifiManagerWrapper: calculateSignalLevel called
04-04 12:05:45.898 864 864 E HtcPreference: [addPreference]:before size= 18
04-04 12:05:45.898 864 864 E HtcPreference: Thread =Thread[main,5,main]
04-04 12:05:45.898 864 864 E HtcPreference: [addPreference]:after size= 19
04-04 12:05:45.898 864 864 E HtcPreference: Thread =Thread[main,5,main]
04-04 12:05:45.898 864 864 D WifiManagerWrapper: calculateSignalLevel called
04-04 12:05:45.898 864 864 E HtcPreference: [addPreference]:before size= 19
04-04 12:05:45.898 864 864 E HtcPreference: Thread =Thread[main,5,main]
04-04 12:05:45.898 864 864 E HtcPreference: [addPreference]:after size= 20
04-04 12:05:45.898 864 864 E HtcPreference: Thread =Thread[main,5,main]
04-04 12:05:45.898 864 864 D WifiManagerWrapper: calculateSignalLevel called
04-04 12:05:45.898 864 864 E HtcPreference: [addPreference]:before size= 20
04-04 12:05:45.898 864 864 E HtcPreference: Thread =Thread[main,5,main]
04-04 12:05:45.898 864 864 E HtcPreference: [addPreference]:after size= 21
04-04 12:05:45.898 864 864 E HtcPreference: Thread =Thread[main,5,main]
04-04 12:05:45.898 864 864 D WifiManagerWrapper: calculateSignalLevel called
04-04 12:05:45.898 864 864 E HtcPreference: [addPreference]:before size= 21
04-04 12:05:45.898 864 864 E HtcPreference: Thread =Thread[main,5,main]
04-04 12:05:45.898 864 864 E HtcPreference: [addPreference]:after size= 22
04-04 12:05:45.898 864 864 E HtcPreference: Thread =Thread[main,5,main]
04-04 12:05:45.898 864 864 D WifiManagerWrapper: calculateSignalLevel called
04-04 12:05:45.898 864 864 E HtcPreference: [addPreference]:before size= 22
04-04 12:05:45.898 864 864 E HtcPreference: Thread =Thread[main,5,main]
04-04 12:05:45.898 864 864 E HtcPreference: [addPreference]:after size= 23
04-04 12:05:45.898 864 864 E HtcPreference: Thread =Thread[main,5,main]
04-04 12:05:45.898 864 864 D WifiManagerWrapper: calculateSignalLevel called
04-04 12:05:45.898 864 864 E HtcPreference: [addPreference]:before size= 23
04-04 12:05:45.898 864 864 E HtcPreference: Thread =Thread[main,5,main]
04-04 12:05:45.898 864 864 E HtcPreference: [addPreference]:after size= 24
04-04 12:05:45.898 864 864 E HtcPreference: Thread =Thread[main,5,main]
04-04 12:05:45.898 864 864 D WifiManagerWrapper: calculateSignalLevel called
04-04 12:05:45.899 864 864 E HtcPreference: [addPreference]:before size= 24
04-04 12:05:45.899 864 864 E HtcPreference: Thread =Thread[main,5,main]
04-04 12:05:45.899 864 864 E HtcPreference: [addPreference]:after size= 25
04-04 12:05:45.899 864 864 E HtcPreference: Thread =Thread[main,5,main]
04-04 12:05:45.899 864 864 D WifiManagerWrapper: calculateSignalLevel called
04-04 12:05:45.899 864 864 E HtcPreference: [addPreference]:before size= 25
04-04 12:05:45.899 864 864 E HtcPreference: Thread =Thread[main,5,main]
04-04 12:05:45.899 864 864 E HtcPreference: [addPreference]:after size= 26
04-04 12:05:45.899 864 864 E HtcPreference: Thread =Thread[main,5,main]
04-04 12:05:45.899 864 864 D WifiManagerWrapper: calculateSignalLevel called
04-04 12:05:45.899 864 864 E HtcPreference: [addPreference]:before size= 26
04-04 12:05:45.899 864 864 E HtcPreference: Thread =Thread[main,5,main]
04-04 12:05:45.899 864 864 E HtcPreference: [addPreference]:after size= 27
04-04 12:05:45.899 864 864 E HtcPreference: Thread =Thread[main,5,main]
04-04 12:05:45.899 864 864 D WifiManagerWrapper: calculateSignalLevel called
04-04 12:05:45.899 864 864 E HtcPreference: [addPreference]:before size= 27
04-04 12:05:45.899 864 864 E HtcPreference: Thread =Thread[main,5,main]
04-04 12:05:45.899 864 864 E HtcPreference: [addPreference]:after size= 28
04-04 12:05:45.899 864 864 E HtcPreference: Thread =Thread[main,5,main]
04-04 12:05:45.899 864 864 D WifiManagerWrapper: calculateSignalLevel called
04-04 12:05:45.899 864 864 E HtcPreference: [addPreference]:before size= 28
04-04 12:05:45.899 864 864 E HtcPreference: Thread =Thread[main,5,main]
04-04 12:05:45.899 864 864 E HtcPreference: [addPreference]:after size= 29
04-04 12:05:45.899 864 864 E HtcPreference: Thread =Thread[main,5,main]
04-04 12:05:45.899 864 864 D WifiManagerWrapper: calculateSignalLevel called
04-04 12:05:45.900 864 864 E HtcPreference: [addPreference]:before size= 29
04-04 12:05:45.900 864 864 E HtcPreference: Thread =Thread[main,5,main]
04-04 12:05:45.900 864 864 E HtcPreference: [addPreference]:after size= 30
04-04 12:05:45.900 864 864 E HtcPreference: Thread =Thread[main,5,main]
04-04 12:05:45.900 864 864 D WifiManagerWrapper: calculateSignalLevel called
04-04 12:05:45.900 864 864 E HtcPreference: [addPreference]:before size= 30
04-04 12:05:45.900 864 864 E HtcPreference: Thread =Thread[main,5,main]
04-04 12:05:45.900 864 864 E HtcPreference: [addPreference]:after size= 31
04-04 12:05:45.900 864 864 E HtcPreference: Thread =Thread[main,5,main]
04-04 12:05:45.900 864 864 D WifiManagerWrapper: calculateSignalLevel called
04-04 12:05:45.900 864 864 E HtcPreference: [addPreference]:before size= 31
04-04 12:05:45.900 864 864 E HtcPreference: Thread =Thread[main,5,main]
04-04 12:05:45.900 864 864 E HtcPreference: [addPreference]:after size= 32
04-04 12:05:45.900 864 864 E HtcPreference: Thread =Thread[main,5,main]
04-04 12:05:45.900 864 864 D WifiManagerWrapper: calculateSignalLevel called
04-04 12:05:45.900 864 864 E HtcPreference: [addPreference]:before size= 32
04-04 12:05:45.900 864 864 E HtcPreference: Thread =Thread[main,5,main]
04-04 12:05:45.900 864 864 E HtcPreference: [addPreference]:after size= 33
04-04 12:05:45.900 864 864 E HtcPreference: Thread =Thread[main,5,main]
04-04 12:05:45.900 864 864 D WifiManagerWrapper: calculateSignalLevel called
04-04 12:05:45.900 864 864 E HtcPreference: [addPreference]:before size= 33
04-04 12:05:45.900 864 864 E HtcPreference: Thread =Thread[main,5,main]
04-04 12:05:45.900 864 864 E HtcPreference: [addPreference]:after size= 34
04-04 12:05:45.900 864 864 E HtcPreference: Thread =Thread[main,5,main]
04-04 12:05:45.900 864 864 D WifiManagerWrapper: calculateSignalLevel called
04-04 12:05:45.900 864 864 E HtcPreference: [addPreference]:before size= 34
04-04 12:05:45.900 864 864 E HtcPreference: Thread =Thread[main,5,main]
04-04 12:05:45.900 864 864 E HtcPreference: [addPreference]:after size= 35
04-04 12:05:45.900 864 864 E HtcPreference: Thread =Thread[main,5,main]
04-04 12:05:45.900 864 864 D WifiManagerWrapper: calculateSignalLevel called
04-04 12:05:45.900 864 864 E HtcPreference: [addPreference]:before size= 35
04-04 12:05:45.900 864 864 E HtcPreference: Thread =Thread[main,5,main]
04-04 12:05:45.901 864 864 E HtcPreference: [addPreference]:after size= 36
04-04 12:05:45.901 864 864 E HtcPreference: Thread =Thread[main,5,main]
04-04 12:05:45.901 864 864 D WifiManagerWrapper: calculateSignalLevel called
04-04 12:05:45.901 864 864 E HtcPreference: [addPreference]:before size= 36
04-04 12:05:45.901 864 864 E HtcPreference: Thread =Thread[main,5,main]
04-04 12:05:45.901 864 864 E HtcPreference: [addPreference]:after size= 37
04-04 12:05:45.901 864 864 E HtcPreference: Thread =Thread[main,5,main]
04-04 12:05:45.901 864 864 D WifiManagerWrapper: calculateSignalLevel called
04-04 12:05:45.901 864 864 E HtcPreference: [addPreference]:before size= 37
04-04 12:05:45.901 864 864 E HtcPreference: Thread =Thread[main,5,main]
04-04 12:05:45.901 864 864 E HtcPreference: [addPreference]:after size= 38
04-04 12:05:45.901 864 864 E HtcPreference: Thread =Thread[main,5,main]
04-04 12:05:45.901 864 864 D WifiManagerWrapper: calculateSignalLevel called
04-04 12:05:45.901 864 864 E HtcPreference: [addPreference]:before size= 38
04-04 12:05:45.901 864 864 E HtcPreference: Thread =Thread[main,5,main]
04-04 12:05:45.901 864 864 E HtcPreference: [addPreference]:after size= 39
04-04 12:05:45.901 864 864 E HtcPreference: Thread =Thread[main,5,main]
04-04 12:05:45.901 864 864 D WifiManagerWrapper: calculateSignalLevel called
04-04 12:05:45.901 864 864 E HtcPreference: [addPreference]:before size= 39
04-04 12:05:45.901 864 864 E HtcPreference: Thread =Thread[main,5,main]
04-04 12:05:45.901 864 864 E HtcPreference: [addPreference]:after size= 40
04-04 12:05:45.901 864 864 E HtcPreference: Thread =Thread[main,5,main]
04-04 12:05:45.901 864 864 D WifiManagerWrapper: calculateSignalLevel called
04-04 12:05:45.901 864 864 E HtcPreference: [addPreference]:before size= 40
04-04 12:05:45.901 864 864 E HtcPreference: Thread =Thread[main,5,main]
04-04 12:05:45.901 864 864 E HtcPreference: [addPreference]:after size= 41
04-04 12:05:45.901 864 864 E HtcPreference: Thread =Thread[main,5,main]
04-04 12:05:45.901 864 864 D WifiManagerWrapper: calculateSignalLevel called
04-04 12:05:45.901 864 864 E HtcPreference: [addPreference]:before size= 41
04-04 12:05:45.901 864 864 E HtcPreference: Thread =Thread[main,5,main]
04-04 12:05:45.901 864 864 E HtcPreference: [addPreference]:after size= 42
04-04 12:05:45.901 864 864 E HtcPreference: Thread =Thread[main,5,main]
04-04 12:05:45.902 864 864 D WifiManagerWrapper: calculateSignalLevel called
04-04 12:05:45.902 864 864 E HtcPreference: [addPreference]:before size= 42
04-04 12:05:45.902 864 864 E HtcPreference: Thread =Thread[main,5,main]
04-04 12:05:45.902 864 864 E HtcPreference: [addPreference]:after size= 43
04-04 12:05:45.902 864 864 E HtcPreference: Thread =Thread[main,5,main]
04-04 12:05:45.902 864 864 D WifiManagerWrapper: calculateSignalLevel called
04-04 12:05:45.902 864 864 E HtcPreference: [addPreference]:before size= 43
04-04 12:05:45.902 864 864 E HtcPreference: Thread =Thread[main,5,main]
04-04 12:05:45.902 864 864 E HtcPreference: [addPreference]:after size= 44
04-04 12:05:45.902 864 864 E HtcPreference: Thread =Thread[main,5,main]
04-04 12:05:45.909 638 719 I appium : channel read invoked!
04-04 12:05:45.909 638 719 I appium : channel read: POST /wd/hub/session/e42f59eb-4d3b-4a3e-969d-622e533298fb/touch/perform
04-04 12:05:45.910 638 719 I appium : JSON Payload : {"startX":54,"startY":1243,"endX":54,"endY":355,"steps":28}
04-04 12:05:45.913 3023 3039 E MP-Decision: Update arg 2
04-04 12:05:45.953 1278 4514 D PMS : acquireHCC(d7063d7): CPU_MIN_FREQ AbsListViewScroll_5.0 0x2000 864 1000 null
04-04 12:05:45.954 3023 3039 E MP-Decision: Update arg 2
04-04 12:05:45.954 1278 2889 D PMS : acquireHCC(69034c4): CPU_MIN_NUM AbsListViewScroll_5.0 0x8000 864 1000 null
04-04 12:05:45.988 1278 1326 W SensorService: D/Accel(x, y, z, t) = ( -0.0, 0.1, 9.8, 579170432ms), calendar = 1554372345, sys_time = 579170440ms
04-04 12:05:46.177 1278 4784 D PMS : releaseHCC(d7063d7): CPU_MIN_FREQ AbsListViewScroll_5.0 0x2000 null
04-04 12:05:46.179 1278 1288 D PMS : releaseHCC(69034c4): CPU_MIN_NUM AbsListViewScroll_5.0 0x8000 null
04-04 12:05:46.179 3023 3039 E MP-Decision: Update arg 2
04-04 12:05:46.308 3023 3039 E MP-Decision: Update arg 1
04-04 12:05:46.319 3023 3039 E MP-Decision: Update arg 2
04-04 12:05:46.518 3023 3039 E MP-Decision: Update arg 1
04-04 12:05:46.628 1278 1378 D WifiDisplayAdapter: getWifiDisplayStatusLocked: result=WifiDisplayStatus{featureState=2, scanState=0, activeDisplayState=0, activeDisplay=null, displays=[], sessionInfo=WifiDisplaySessionInfo:
04-04 12:05:46.628 1278 1378 D WifiDisplayAdapter: Client/Owner: Client
04-04 12:05:46.628 1278 1378 D WifiDisplayAdapter: GroupId:
04-04 12:05:46.628 1278 1378 D WifiDisplayAdapter: Passphrase:
04-04 12:05:46.628 1278 1378 D WifiDisplayAdapter: SessionId: 0
04-04 12:05:46.628 1278 1378 D WifiDisplayAdapter: IP Address: }
04-04 12:05:46.628 1278 1378 D WirelessDisplayService: getMirrorDisplayStatus:falsecurState:1
04-04 12:05:46.629 10696 10696 D wpa_supplicant: wlan0: Control interface command 'SET pno 0'
04-04 12:05:46.630 10696 10696 D wpa_supplicant: CTRL_IFACE SET 'pno'='0'
04-04 12:05:46.632 10696 10696 D wpa_supplicant: wlan0: Control interface command 'SCAN TYPE=ONLY'
04-04 12:05:46.632 10696 10696 D wpa_supplicant: wlan0: Setting scan request: 0.000000 sec
04-04 12:05:46.632 10696 10696 I wpa_supplicant: wpa_supplicant_scan enter
04-04 12:05:46.632 10696 10696 D wpa_supplicant: wlan0: Starting AP scan for wildcard SSID
04-04 12:05:46.632 10696 10696 D wpa_supplicant: WPS: Building WPS IE for Probe Request
04-04 12:05:46.632 10696 10696 D wpa_supplicant: WPS: * Version (hardcoded 0x10)
04-04 12:05:46.632 10696 10696 D wpa_supplicant: WPS: * Request Type
04-04 12:05:46.632 10696 10696 D wpa_supplicant: WPS: * Config Methods (4288)
04-04 12:05:46.632 10696 10696 D wpa_supplicant: WPS: * UUID-E
04-04 12:05:46.632 10696 10696 D wpa_supplicant: WPS: * Primary Device Type
04-04 12:05:46.632 10696 10696 D wpa_supplicant: WPS: * RF Bands (3)
04-04 12:05:46.632 10696 10696 D wpa_supplicant: WPS: * Association State
04-04 12:05:46.634 10696 10696 D wpa_supplicant: WPS: * Configuration Error (0)
04-04 12:05:46.634 10696 10696 D wpa_supplicant: WPS: * Device Password ID (0)
04-04 12:05:46.634 10696 10696 D wpa_supplicant: WPS: * Manufacturer
04-04 12:05:46.634 10696 10696 D wpa_supplicant: WPS: * Model Name
04-04 12:05:46.634 10696 10696 D wpa_supplicant: WPS: * Model Number
04-04 12:05:46.634 10696 10696 D wpa_supplicant: WPS: * Device Name
04-04 12:05:46.634 10696 10696 D wpa_supplicant: WPS: * Version2 (0x20)
04-04 12:05:46.634 10696 10696 D wpa_supplicant: P2P: * P2P IE header
04-04 12:05:46.634 10696 10696 D wpa_supplicant: P2P: * Capability dev=25 group=00
04-04 12:05:46.634 10696 10696 D wpa_supplicant: P2P: * Listen Channel: Regulatory Class 81 Channel 11
04-04 12:05:46.634 10696 10696 D wpa_supplicant: wlan0: Add radio work 'scan'@0xb78ace38
04-04 12:05:46.634 10696 10696 D wpa_supplicant: wlan0: First radio work item in the queue - schedule start immediately
04-04 12:05:46.634 10696 10696 D wpa_supplicant: wlan0: Starting radio work 'scan'@0xb78ace38 after 0.000129 second wait
04-04 12:05:46.634 10696 10696 D wpa_supplicant: wlan0: nl80211: scan request
04-04 12:05:46.639 10696 10696 D wpa_supplicant: Scan requested (ret=0) - scan timeout 30 seconds
04-04 12:05:46.640 10696 10696 D wpa_supplicant: nl80211: Drv Event 33 (NL80211_CMD_TRIGGER_SCAN) received for wlan0
04-04 12:05:46.640 10696 10696 D wpa_supplicant: wlan0: nl80211: Scan trigger
04-04 12:05:46.640 10696 10696 D wpa_supplicant: wlan0: Event SCAN_STARTED (47) received
04-04 12:05:46.640 10696 10696 D wpa_supplicant: wlan0: Own scan request started a scan in 0.000183 seconds
04-04 12:05:47.162 638 719 I appium : AppiumResponse: {"sessionId":"e42f59eb-4d3b-4a3e-969d-622e533298fb","status":0,"value":true}
04-04 12:05:47.171 1379 1423 W CrashLoopRemedyLog: unable to delete remedy log, instaCrash: true
04-04 12:05:47.855 638 817 I appium : channel read invoked!
04-04 12:05:47.856 638 817 I appium : channel read: GET /wd/hub/session/e42f59eb-4d3b-4a3e-969d-622e533298fb
04-04 12:05:47.858 638 817 I appium : AppiumResponse: {"sessionId":"e42f59eb-4d3b-4a3e-969d-622e533298fb","status":0,"value":{"lastScrollData":{"itemCount":44,"scrollY":-1,"scrollX":-1,"fromIndex":35,"maxScrollX":-1,"maxScrollY":-1,"toIndex":43}}}
04-04 12:05:47.891 638 818 I appium : channel read invoked!
04-04 12:05:47.891 638 818 I appium : channel read: POST /wd/hub/session/e42f59eb-4d3b-4a3e-969d-622e533298fb/element
04-04 12:05:47.892 638 818 I appium : Find element command
04-04 12:05:47.892 638 818 I appium : find element command using 'xpath' with selector '//android.widget.ListView'.
04-04 12:05:48.038 1278 1326 W SensorService: D/Accel(x, y, z, t) = ( 0.0, 0.1, 9.7, 579172482ms), calendar = 1554372348, sys_time = 579172490ms
04-04 12:05:48.165 638 818 I appium : AppiumResponse: {"sessionId":"e42f59eb-4d3b-4a3e-969d-622e533298fb","status":0,"value":{"ELEMENT":"693efc1d-0ad5-4e10-b1b0-f9dc8d717367"}}
04-04 12:05:48.248 638 819 I appium : channel read invoked!
04-04 12:05:48.248 638 819 I appium : channel read: GET /wd/hub/session/e42f59eb-4d3b-4a3e-969d-622e533298fb/element/693efc1d-0ad5-4e10-b1b0-f9dc8d717367/attribute/displayed
04-04 12:05:48.249 638 819 I appium : get attribute of element command
04-04 12:05:48.252 638 819 I appium : AppiumResponse: {"sessionId":"e42f59eb-4d3b-4a3e-969d-622e533298fb","status":0,"value":"true"}
04-04 12:05:48.272 638 820 I appium : channel read invoked!
04-04 12:05:48.272 638 820 I appium : channel read: POST /wd/hub/session/e42f59eb-4d3b-4a3e-969d-622e533298fb/elements
04-04 12:05:48.272 638 820 I appium : Find elements command
04-04 12:05:48.272 638 820 I appium : find element command using 'id' with selector 'android:id/summary'.
04-04 12:05:48.293 638 820 I appium : AppiumResponse: {"sessionId":"e42f59eb-4d3b-4a3e-969d-622e533298fb","status":0,"value":[{"ELEMENT":"fb9ec60a-d0b7-40c1-bff2-91def2ed5f39"},{"ELEMENT":"03cf7d29-cfc8-432e-a81a-ca6d0d6bcc50"},{"ELEMENT":"9ffa5059-8088-4100-88c8-ef6a08be0d96"},{"ELEMENT":"ae9b0658-8503-44fc-b4c0-da237ff8c460"},{"ELEMENT":"9d217702-ff64-414f-bfeb-e58e4e859597"},{"ELEMENT":"f0f01d3e-f0e8-4f58-9316-8d97848b71e6"},{"ELEMENT":"aa07d4d6-f223-4b8e-b78f-fe87de34b681"},{"ELEMENT":"3840ee19-a566-43a5-a35d-17dba10153e9"}]}
04-04 12:05:48.608 10696 10696 D wpa_supplicant: nl80211: Drv Event 34 (NL80211_CMD_NEW_SCAN_RESULTS) received for wlan0
04-04 12:05:48.608 10696 10696 D wpa_supplicant: wlan0: nl80211: New scan results available
04-04 12:05:48.608 10696 10696 D wpa_supplicant: nl80211: Scan included frequencies: 2412 2417 2422 2427 2432 2437 2442 2447 2452 2457 2462 5180 5200 5220 5240 5260 5280 5300 5320 5500 5520 5540 5560 5580 5600 5620 5640 5660 5680 5700 5745 5765 5785 5805 5825
04-04 12:05:48.608 10696 10696 D wpa_supplicant: wlan0: Event SCAN_RESULTS (3) received
04-04 12:05:48.608 10696 10696 I wpa_supplicant: Got an original EVENT_SCAN_RESULTS
04-04 12:05:48.608 10696 10696 D wpa_supplicant: wlan0: Scan completed in 1.968576 seconds
04-04 12:05:48.609 10696 10696 D wpa_supplicant: nl80211: Received scan results (55 BSSes)
04-04 12:05:48.612 1278 1298 D Tethering: interfaceLinkStateChanged wlan0, false
04-04 12:05:48.612 1278 1298 D Tethering: interfaceStatusChanged wlan0, false
04-04 12:05:48.613 10696 10696 I wpa_supplicant: [NULL] 88:41:fc:54:ba:7b freq=5200 level=-30
04-04 12:05:48.614 10696 10696 I wpa_supplicant: [NULL] fc:b4:e6:4f:a8:76 freq=5180 level=-39
04-04 12:05:48.614 10696 10696 I wpa_supplicant: [NULL] 48:8d:36:d5:c1:c5 freq=5260 level=-43
04-04 12:05:48.614 10696 10696 I wpa_supplicant: [NULL] 4c:09:d4:96:08:a7 freq=5500 level=-45
04-04 12:05:48.614 10696 10696 I wpa_supplicant: [NULL] d4:7b:b0:bf:7e:b9 freq=5280 level=-47
04-04 12:05:48.614 10696 10696 I wpa_supplicant: [NULL] a0:b5:49:00:07:80 freq=5500 level=-47
04-04 12:05:48.614 10696 10696 I wpa_supplicant: [NULL] d4:7b:b0:d6:08:89 freq=5500 level=-48
04-04 12:05:48.614 10696 10696 I wpa_supplicant: [NULL] d8:fb:5e:72:56:39 freq=5500 level=-48
04-04 12:05:48.614 10696 10696 I wpa_supplicant: [NULL] b4:ee:b4:91:ac:ea freq=5560 level=-49
04-04 12:05:48.614 10696 10696 I wpa_supplicant: [NULL] 78:29:ed:51:07:79 freq=5280 level=-50
04-04 12:05:48.614 10696 10696 I wpa_supplicant: [NULL] a8:d3:f7:d9:bc:4d freq=5180 level=-51
04-04 12:05:48.614 10696 10696 I wpa_supplicant: [NULL] 7c:b7:33:1e:f7:3a freq=5500 level=-57
04-04 12:05:48.614 10696 10696 I wpa_supplicant: [NULL] d8:fb:5e:97:83:59 freq=5200 level=-58
04-04 12:05:48.614 10696 10696 I wpa_supplicant: [NULL] b4:ee:b4:81:cf:06 freq=5180 level=-58
04-04 12:05:48.614 10696 10696 I wpa_supplicant: [NULL] 7c:b7:33:c5:fd:1a freq=5280 level=-60
04-04 12:05:48.614 10696 10696 I wpa_supplicant: [NULL] d4:63:fe:af:d8:74 freq=5180 level=-60
04-04 12:05:48.614 10696 10696 I wpa_supplicant: [NULL] e0:51:63:0a:85:08 freq=5180 level=-61
04-04 12:05:48.614 10696 10696 I wpa_supplicant: [NULL] d8:fb:5e:ac:e8:c9 freq=5520 level=-63
04-04 12:05:48.614 10696 10696 I wpa_supplicant: [NULL] 74:d0:2b:42:7d:e4 freq=5180 level=-64
04-04 12:05:48.614 10696 10696 I wpa_supplicant: [NULL] b4:ee:b4:82:01:3a freq=5180 level=-65
04-04 12:05:48.614 10696 10696 I wpa_supplicant: [NULL] b4:ee:b4:d2:4c:6d freq=5180 level=-67
04-04 12:05:48.614 10696 10696 I wpa_supplicant: [NULL] 48:8d:36:d5:d8:05 freq=5320 level=-67
04-04 12:05:48.614 10696 10696 I wpa_supplicant: [NULL] b4:ee:b4:91:ac:d9 freq=2422 level=-46
04-04 12:05:48.614 10696 10696 I wpa_supplicant: [NULL] e0:51:63:13:51:7b freq=5180 level=-69
04-04 12:05:48.614 10696 10696 I wpa_supplicant: [NULL] 64:66:b3:a4:21:36 freq=5240 level=-71
04-04 12:05:48.614 10696 10696 I wpa_supplicant: [NULL] b4:ee:b4:60:fb:cf freq=5560 level=-72
04-04 12:05:48.614 10696 10696 I wpa_supplicant: [NULL] 08:62:66:e7:03:2c freq=5180 level=-75
04-04 12:05:48.614 10696 10696 I wpa_supplicant: [NULL] 18:28:61:24:10:de freq=5180 level=-54
04-04 12:05:48.614 10696 10696 I wpa_supplicant: [NULL] 12:09:0f:fd:8f:00 freq=5220 level=-67
04-04 12:05:48.614 10696 10696 I wpa_supplicant: [NULL] 22:09:0f:fd:8f:00 freq=5220 level=-68
04-04 12:05:48.614 10696 10696 I wpa_supplicant: [NULL] 00:09:0f:fd:8f:00 freq=5220 level=-68
04-04 12:05:48.614 10696 10696 I wpa_supplicant: [NULL] 48:8d:36:d5:c1:cb freq=2412 level=-29
04-04 12:05:48.614 10696 10696 I wpa_supplicant: [NULL] 48:8d:36:d5:c1:ca freq=2412 level=-30
04-04 12:05:48.614 10696 10696 I wpa_supplicant: [NULL] fc:b4:e6:4f:a8:65 freq=2427 level=-33
04-04 12:05:48.614 10696 10696 I wpa_supplicant: [NULL] 78:29:ed:51:07:70 freq=2412 level=-39
04-04 12:05:48.614 10696 10696 I wpa_supplicant: [NULL] d4:7b:b0:bf:7e:b0 freq=2437 level=-40
04-04 12:05:48.614 10696 10696 I wpa_supplicant: [NULL] a8:d3:f7:d9:bc:3c freq=2412 level=-41
04-04 12:05:48.615 10696 10696 I wpa_supplicant: [NULL] a0:b5:49:00:07:89 freq=2412 level=-42
04-04 12:05:48.615 10696 10696 I wpa_supplicant: [NULL] 88:41:fc:54:ba:7a freq=2412 level=-42
04-04 12:05:48.615 10696 10696 I wpa_supplicant: [NULL] e0:51:63:0a:84:f7 freq=2412 level=-45
04-04 12:05:48.615 10696 10696 I wpa_supplicant: [NULL] d8:fb:5e:72:56:30 freq=2457 level=-46
04-04 12:05:48.615 10696 10696 I wpa_supplicant: [NULL] 00:09:0f:fd:8f:07 freq=2427 level=-47
04-04 12:05:48.615 10696 10696 I wpa_supplicant: [NULL] 32:09:0f:fd:8f:07 freq=2427 level=-47
04-04 12:05:48.615 10696 10696 I wpa_supplicant: [NULL] 4c:09:d4:96:08:96 freq=2462 level=-51
04-04 12:05:48.615 10696 10696 I wpa_supplicant: [NULL] d4:7b:b0:30:d1:52 freq=2462 level=-52
04-04 12:05:48.615 10696 10696 I wpa_supplicant: [NULL] 64:66:b3:a4:21:37 freq=2462 level=-53
04-04 12:05:48.615 10696 10696 I wpa_supplicant: [NULL] e0:51:63:13:51:6a freq=2412 level=-54
04-04 12:05:48.615 10696 10696 I wpa_supplicant: [NULL] d4:7b:b0:d6:08:80 freq=2437 level=-54
04-04 12:05:48.615 10696 10696 I wpa_supplicant: [NULL] d8:fb:5e:97:83:50 freq=2442 level=-56
04-04 12:05:48.615 10696 10696 I wpa_supplicant: [NULL] 7c:b7:33:1e:fa:3c freq=5500 level=-79
04-04 12:05:48.615 10696 10696 I wpa_supplicant: [NULL] fc:b4:e6:60:7d:53 freq=2412 level=-67
04-04 12:05:48.615 10696 10696 I wpa_supplicant: [NULL] 7c:b7:33:9b:81:a6 freq=5180 level=-89
04-04 12:05:48.615 10696 10696 I wpa_supplicant: [NULL] fc:ec:da:2c:a4:d8 freq=5680 level=-84
04-04 12:05:48.615 10696 10696 I wpa_supplicant: [NULL] 64:00:2d:00:00:e4 freq=2412 level=-54
04-04 12:05:48.615 10696 10696 I wpa_supplicant: [NULL] 64:00:2d:00:b1:50 freq=2412 level=-63
04-04 12:05:48.615 10696 10696 D wpa_supplicant: wlan0: BSS: Start scan result update 458
04-04 12:05:48.616 10696 10696 D wpa_supplicant: BSS: Remove ID 248 BSSID 22:09:0f:fd:8f:07 SSID '' due to no match in scan
04-04 12:05:48.616 10696 10696 D wpa_supplicant: BSS: last_scan_res_used=55/64
04-04 12:05:48.616 10696 10696 D wpa_supplicant: wlan0: Scan-only results received
04-04 12:05:48.618 1278 1352 D WifiStateMachine: [MLHD] enter handleMediaLinkEvent SupplicantStartedState
04-04 12:05:48.618 10696 10696 D wpa_supplicant: wlan0: Radio work 'scan'@0xb78ace38 done in 1.983664 seconds
04-04 12:05:48.618 10696 10696 D wpa_supplicant: wlan0: Control interface command 'LIST_DONGLES'
04-04 12:05:48.619 1278 1352 W ContextImpl: Calling a method in the system process without a qualified user: android.app.ContextImpl.sendBroadcast:771 com.android.server.wifi.WifiStateMachine.sendDongleScanResultsAvailableBroadcast:13976 com.android.server.wifi.WifiStateMachine.handleMediaLinkEvent:14140 com.android.server.wifi.WifiStateMachine.access$2700:253 com.android.server.wifi.WifiStateMachine$SupplicantStartedState.processMessage:8317
04-04 12:05:48.620 1278 1382 D WirelessDisplayService: getDiscoveryDongleList
04-04 12:05:48.621 10696 10696 D wpa_supplicant: Wireless event: cmd=0x8b19 len=8
04-04 12:05:48.621 10696 10696 D wpa_supplicant: RTM_NEWLINK: ifi_index=24 ifname=wlan0 wext ifi_family=0 ifi_flags=0x1003 ([UP])
04-04 12:05:48.621 10696 10696 D wpa_supplicant: wlan0: Control interface command 'BSS RANGE=0- MASK=0x29d87'
04-04 12:05:48.624 10696 10696 D wpa_supplicant: wlan0: Control interface command 'BSS RANGE=60- MASK=0x29d87'
04-04 12:05:48.629 10696 10696 D wpa_supplicant: wlan0: Control interface command 'BSS RANGE=63- MASK=0x29d87'
04-04 12:05:48.632 10696 10696 D wpa_supplicant: wlan0: Control interface command 'BSS RANGE=68- MASK=0x29d87'
04-04 12:05:48.635 10696 10696 D wpa_supplicant: wlan0: Control interface command 'BSS RANGE=71- MASK=0x29d87'
04-04 12:05:48.638 10696 10696 D wpa_supplicant: wlan0: Control interface command 'BSS RANGE=76- MASK=0x29d87'
04-04 12:05:48.642 10696 10696 D wpa_supplicant: wlan0: Control interface command 'BSS RANGE=81- MASK=0x29d87'
04-04 12:05:48.644 10696 10696 D wpa_supplicant: wlan0: Control interface command 'BSS RANGE=95- MASK=0x29d87'
04-04 12:05:48.648 10696 10696 D wpa_supplicant: wlan0: Control interface command 'BSS RANGE=107- MASK=0x29d87'
04-04 12:05:48.651 10696 10696 D wpa_supplicant: wlan0: Control interface command 'BSS RANGE=170- MASK=0x29d87'
04-04 12:05:48.654 10696 10696 D wpa_supplicant: wlan0: Control interface command 'BSS RANGE=204- MASK=0x29d87'
04-04 12:05:48.656 10696 10696 D wpa_supplicant: wlan0: Control interface command 'BSS RANGE=241- MASK=0x29d87'
04-04 12:05:48.659 10696 10696 D wpa_supplicant: wlan0: Control interface command 'BSS RANGE=252- MASK=0x29d87'
04-04 12:05:48.693 1278 1352 D WifiConfigStore: "Ernest-SGv1-5"WPA_PSK- skip by invalid rssi
04-04 12:05:48.693 1278 1352 D WifiConfigStore: "Ernest-SGv1-24"WPA_PSK- skip by invalid rssi
04-04 12:05:48.693 1278 1352 D WifiConfigStore: "Ernest-v1-24"WPA_PSK- skip by invalid rssi
04-04 12:05:48.693 1278 1352 D WifiConfigStore: "Internet-Box-krzysioSL"WPA_PSK- skip by invalid rssi
04-04 12:05:48.693 10696 10696 D wpa_supplicant: wlan0: Control interface command 'STATUS-NO_EVENTS'
04-04 12:05:48.693 10696 10696 D wpa_supplicant: EAPOL: EAP Session-Id not available
04-04 12:05:48.701 1278 1278 D WifiNotificationController: setNotificationVisible visible = true, mLowSignalNWs = 2
04-04 12:05:48.701 1278 1382 D WirelessDisplayService: getDiscoveryDongleList
04-04 12:05:48.703 2255 2255 D WifiManager: getScanResults: Base Package Name=com.google.android.gms, uid=10011
04-04 12:05:48.709 1278 4514 D PMS : acquireWL(f125fad): PARTIAL_WAKE_LOCK NlpWakeLock 0x1 2255 10011 WorkSource{10011 com.google.android.gms}
04-04 12:05:48.710 2255 2831 D WifiManager: getScanResults: Base Package Name=com.google.android.gms, uid=10011
04-04 12:05:48.716 864 864 D HtcWifiTracker: onReceive(), action:android.net.wifi.SCAN_RESULTS
04-04 12:05:48.719 1278 4783 D PMS : releaseWL(f125fad): PARTIAL_WAKE_LOCK NlpWakeLock 0x1 WorkSource{10011 com.google.android.gms}
04-04 12:05:48.744 864 1587 D HtcAccessPoint: ssid:Ernest-SGv1-5, bssid:null, security:2, networkid:1, signIn:2
04-04 12:05:48.744 864 1587 D HtcAccessPoint: ssid:Ernest-SGv1-24, bssid:null, security:2, networkid:0, signIn:2
04-04 12:05:48.745 864 1587 D HtcAccessPoint: ssid:Ernest-v1-24, bssid:null, security:2, networkid:3, signIn:2
04-04 12:05:48.745 864 1587 D HtcAccessPoint: ssid:Internet-Box-krzysioSL, bssid:null, security:2, networkid:2, signIn:2
04-04 12:05:48.745 864 1587 D WifiManager: getScanResults: Base Package Name=com.android.settings, uid=1000
04-04 12:05:48.753 864 1587 D WifiManagerWrapper: calculateSignalLevel called
04-04 12:05:48.753 864 1587 D WifiManagerWrapper: calculateSignalLevel called
04-04 12:05:48.753 864 1587 D WifiManagerWrapper: calculateSignalLevel called
04-04 12:05:48.754 864 1587 D AccessPointPreference: summary : Internet-Box-v3-5, Secured with WPA2 (WPS available)
04-04 12:05:48.754 864 1587 D WifiManagerWrapper: calculateSignalLevel called
04-04 12:05:48.754 864 1587 D WifiManagerWrapper: calculateSignalLevel called
04-04 12:05:48.754 864 1587 D WifiManagerWrapper: calculateSignalLevel called
04-04 12:05:48.754 864 1587 D AccessPointPreference: summary : AppiumAutotests, Secured with WPA2 (WPS available)
04-04 12:05:48.754 864 1587 D WifiManagerWrapper: calculateSignalLevel called
04-04 12:05:48.754 864 1587 D WifiManagerWrapper: calculateSignalLevel called
04-04 12:05:48.754 864 1587 D WifiManagerWrapper: calculateSignalLevel called
04-04 12:05:48.754 864 1587 D AccessPointPreference: summary : SGv2-Michal-2G-CH7, Secured with WPA/WPA2 (WPS available)
04-04 12:05:48.754 864 1587 D WifiManagerWrapper: calculateSignalLevel called
04-04 12:05:48.754 864 1587 D WifiManagerWrapper: calculateSignalLevel called
04-04 12:05:48.754 864 1587 D WifiManagerWrapper: calculateSignalLevel called
04-04 12:05:48.755 864 1587 D AccessPointPreference: summary : Internet-Box-v3, Secured with WPA2 (WPS available)
04-04 12:05:48.755 864 1587 D WifiManagerWrapper: calculateSignalLevel called
04-04 12:05:48.755 864 1587 D WifiManagerWrapper: calculateSignalLevel called
04-04 12:05:48.755 864 1587 D WifiManagerWrapper: calculateSignalLevel called
04-04 12:05:48.755 864 1587 D AccessPointPreference: summary : Internet-Box-krzysioSL2, Secured with WPA2 (WPS available)
04-04 12:05:48.755 864 1587 D WifiManagerWrapper: calculateSignalLevel called
04-04 12:05:48.755 864 1587 D WifiManagerWrapper: calculateSignalLevel called
04-04 12:05:48.755 864 1587 D WifiManagerWrapper: calculateSignalLevel called
04-04 12:05:48.755 864 1587 D AccessPointPreference: summary : Starlite-2.4GHz, Secured with WPA2 (WPS available)
04-04 12:05:48.755 864 1587 D WifiManagerWrapper: calculateSignalLevel called
04-04 12:05:48.755 864 1587 D WifiManagerWrapper: calculateSignalLevel called
04-04 12:05:48.756 864 1587 D WifiManagerWrapper: calculateSignalLevel called
04-04 12:05:48.756 864 1587 D AccessPointPreference: summary : Starlite-5GHz, Secured with WPA2 (WPS available)
04-04 12:05:48.756 864 1587 D WifiManagerWrapper: calculateSignalLevel called
04-04 12:05:48.756 864 1587 D WifiManagerWrapper: calculateSignalLevel called
04-04 12:05:48.756 864 1587 D WifiManagerWrapper: calculateSignalLevel called
04-04 12:05:48.756 864 1587 D AccessPointPreference: summary : AppiumPjonteczka, Secured with WPA2 (WPS available)
04-04 12:05:48.756 864 1587 D WifiManagerWrapper: calculateSignalLevel called
04-04 12:05:48.756 864 1587 D WifiManagerWrapper: calculateSignalLevel called
04-04 12:05:48.756 864 1587 D WifiManagerWrapper: calculateSignalLevel called
04-04 12:05:48.756 864 1587 D AccessPointPreference: summary : visitor-35703, Secured with WPA2
04-04 12:05:48.756 864 1587 D WifiManagerWrapper: calculateSignalLevel called
04-04 12:05:48.757 864 1587 D WifiManagerWrapper: calculateSignalLevel called
04-04 12:05:48.757 864 1587 D WifiManagerWrapper: calculateSignalLevel called
04-04 12:05:48.757 864 1587 D AccessPointPreference: summary : vestiacom_guest_5, Secured with WPA2 (WPS available)
04-04 12:05:48.757 864 1587 D WifiManagerWrapper: calculateSignalLevel called
04-04 12:05:48.757 864 1587 D WifiManagerWrapper: calculateSignalLevel called
04-04 12:05:48.757 864 1587 D WifiManagerWrapper: calculateSignalLevel called
04-04 12:05:48.757 864 1587 D AccessPointPreference: summary : wifi_main, Secured with 802.1x
04-04 12:05:48.757 864 1587 D WifiManagerWrapper: calculateSignalLevel called
04-04 12:05:48.757 864 1587 D WifiManagerWrapper: calculateSignalLevel called
04-04 12:05:48.757 864 1587 D WifiManagerWrapper: calculateSignalLevel called
04-04 12:05:48.758 864 1587 D AccessPointPreference: summary : MobileTest-24, Secured with WPA2 (WPS available)
04-04 12:05:48.758 864 1587 D WifiManagerWrapper: calculateSignalLevel called
04-04 12:05:48.758 864 1587 D WifiManagerWrapper: calculateSignalLevel called
04-04 12:05:48.758 864 1587 D WifiManagerWrapper: calculateSignalLevel called
04-04 12:05:48.758 864 1587 D AccessPointPreference: summary : Dzbanek-v1, Secured with WPA2 (WPS available)
04-04 12:05:48.758 864 1587 D WifiManagerWrapper: calculateSignalLevel called
04-04 12:05:48.758 864 1587 D WifiManagerWrapper: calculateSignalLevel called
04-04 12:05:48.758 864 1587 D WifiManagerWrapper: calculateSignalLevel called
04-04 12:05:48.758 864 1587 D AccessPointPreference: summary : IBv2-SK, Secured with WPA2 (WPS available)
04-04 12:05:48.758 864 1587 D WifiManagerWrapper: calculateSignalLevel called
04-04 12:05:48.758 864 1587 D WifiManagerWrapper: calculateSignalLevel called
04-04 12:05:48.758 864 1587 D WifiManagerWrapper: calculateSignalLevel called
04-04 12:05:48.759 864 1587 D AccessPointPreference: summary : vestiacom_izolatka_5, Secured with 802.1x
04-04 12:05:48.759 864 1587 D WifiManagerWrapper: calculateSignalLevel called
04-04 12:05:48.759 864 1587 D WifiManagerWrapper: calculateSignalLevel called
04-04 12:05:48.759 864 1587 D WifiManagerWrapper: calculateSignalLevel called
04-04 12:05:48.759 864 1587 D AccessPointPreference: summary : wifi_main, Secured with 802.1x
04-04 12:05:48.759 864 1587 D WifiManagerWrapper: calculateSignalLevel called
04-04 12:05:48.759 864 1587 D WifiManagerWrapper: calculateSignalLevel called
04-04 12:05:48.759 864 1587 D WifiManagerWrapper: calculateSignalLevel called
04-04 12:05:48.759 864 1587 D AccessPointPreference: summary : Internet-Box-Irek-5GHz, Secured with WPA/WPA2 (WPS available)
04-04 12:05:48.759 864 1587 D WifiManagerWrapper: calculateSignalLevel called
04-04 12:05:48.759 864 1587 D WifiManagerWrapper: calculateSignalLevel called
04-04 12:05:48.759 864 1587 D WifiManagerWrapper: calculateSignalLevel called
04-04 12:05:48.760 864 1587 D AccessPointPreference: summary : MobileTest-5, Secured with WPA2 (WPS available)
04-04 12:05:48.760 864 1587 D WifiManagerWrapper: calculateSignalLevel called
04-04 12:05:48.760 864 1587 D WifiManagerWrapper: calculateSignalLevel called
04-04 12:05:48.760 864 1587 D WifiManagerWrapper: calculateSignalLevel called
04-04 12:05:48.760 864 1587 D AccessPointPreference: summary : WLAN_Repeater_N263, Secured with WPA2 (WPS available)
04-04 12:05:48.760 864 1587 D WifiManagerWrapper: calculateSignalLevel called
04-04 12:05:48.760 864 1587 D WifiManagerWrapper: calculateSignalLevel called
04-04 12:05:48.760 864 1587 D WifiManagerWrapper: calculateSignalLevel called
04-04 12:05:48.762 864 1587 D AccessPointPreference: summary : Eniro, Secured with 802.1x
04-04 12:05:48.762 864 1587 D WifiManagerWrapper: calculateSignalLevel called
04-04 12:05:48.763 864 1587 D WifiManagerWrapper: calculateSignalLevel called
04-04 12:05:48.763 864 1587 D WifiManagerWrapper: calculateSignalLevel called
04-04 12:05:48.763 864 1587 D AccessPointPreference: summary : Internet-Box-Irek-5GHz, Secured with WPA/WPA2 (WPS available)
04-04 12:05:48.763 864 1587 D WifiManagerWrapper: calculateSignalLevel called
04-04 12:05:48.763 864 1587 D WifiManagerWrapper: calculateSignalLevel called
04-04 12:05:48.763 864 1587 D WifiManagerWrapper: calculateSignalLevel called
04-04 12:05:48.763 864 1587 D AccessPointPreference: summary : netia_izolatka, Secured with WPA2 (WPS available)
04-04 12:05:48.763 864 1587 D WifiManagerWrapper: calculateSignalLevel called
04-04 12:05:48.763 864 1587 D WifiManagerWrapper: calculateSignalLevel called
04-04 12:05:48.763 864 1587 D WifiManagerWrapper: calculateSignalLevel called
04-04 12:05:48.764 864 1587 D AccessPointPreference: summary : Internet-Box-IIIII, Secured with WPA2 (WPS available)
04-04 12:05:48.764 864 1587 D WifiManagerWrapper: calculateSignalLevel called
04-04 12:05:48.764 864 1587 D WifiManagerWrapper: calculateSignalLevel called
04-04 12:05:48.764 864 1587 D WifiManagerWrapper: calculateSignalLevel called
04-04 12:05:48.764 864 1587 D AccessPointPreference: summary : v1krzysio, Secured with WPA2 (WPS available)
04-04 12:05:48.764 864 1587 D WifiManagerWrapper: calculateSignalLevel called
04-04 12:05:48.764 864 1587 D WifiManagerWrapper: calculateSignalLevel called
04-04 12:05:48.764 864 1587 D WifiManagerWrapper: calculateSignalLevel called
04-04 12:05:48.765 864 1587 D AccessPointPreference: summary : v2krzysio-vlanid1, Secured with WPA2 (WPS available)
04-04 12:05:48.765 864 1587 D WifiManagerWrapper: calculateSignalLevel called
04-04 12:05:48.765 864 1587 D WifiManagerWrapper: calculateSignalLevel called
04-04 12:05:48.765 864 1587 D WifiManagerWrapper: calculateSignalLevel called
04-04 12:05:48.765 864 1587 D AccessPointPreference: summary : Ernest-sl-24, Secured with WPA2 (WPS available)
04-04 12:05:48.765 864 1587 D WifiManagerWrapper: calculateSignalLevel called
04-04 12:05:48.765 864 1587 D WifiManagerWrapper: calculateSignalLevel called
04-04 12:05:48.765 864 1587 D WifiManagerWrapper: calculateSignalLevel called
04-04 12:05:48.765 864 1587 D AccessPointPreference: summary : Internet-Box-Karol, Secured with WPA2 (WPS available)
04-04 12:05:48.765 864 1587 D WifiManagerWrapper: calculateSignalLevel called
04-04 12:05:48.765 864 1587 D WifiManagerWrapper: calculateSignalLevel called
04-04 12:05:48.765 864 1587 D WifiManagerWrapper: calculateSignalLevel called
04-04 12:05:48.766 864 1587 D AccessPointPreference: summary : my-00B150,
04-04 12:05:48.766 864 1587 D WifiManagerWrapper: calculateSignalLevel called
04-04 12:05:48.766 864 1587 D WifiManagerWrapper: calculateSignalLevel called
04-04 12:05:48.766 864 1587 D WifiManagerWrapper: calculateSignalLevel called
04-04 12:05:48.766 864 1587 D AccessPointPreference: summary : Internet-Box-82451, Secured with WPA2 (WPS available)
04-04 12:05:48.766 864 1587 D WifiManagerWrapper: calculateSignalLevel called
04-04 12:05:48.766 864 1587 D WifiManagerWrapper: calculateSignalLevel called
04-04 12:05:48.766 864 1587 D WifiManagerWrapper: calculateSignalLevel called
04-04 12:05:48.766 864 1587 D AccessPointPreference: summary : SL-SK, Secured with WPA2 (WPS available)
04-04 12:05:48.766 864 1587 D WifiManagerWrapper: calculateSignalLevel called
04-04 12:05:48.766 864 1587 D WifiManagerWrapper: calculateSignalLevel called
04-04 12:05:48.766 864 1587 D WifiManagerWrapper: calculateSignalLevel called
04-04 12:05:48.767 864 1587 D AccessPointPreference: summary : SGv2-Michal-5G-CH40, Secured with WPA/WPA2 (WPS available)
04-04 12:05:48.767 864 1587 D WifiManagerWrapper: calculateSignalLevel called
04-04 12:05:48.767 864 1587 D WifiManagerWrapper: calculateSignalLevel called
04-04 12:05:48.767 864 1587 D WifiManagerWrapper: calculateSignalLevel called
04-04 12:05:48.767 864 1587 D AccessPointPreference: summary : HAE-7days, Secured with WPA2 (WPS available)
04-04 12:05:48.768 864 1587 D WifiManagerWrapper: calculateSignalLevel called
04-04 12:05:48.768 864 1587 D WifiManagerWrapper: calculateSignalLevel called
04-04 12:05:48.768 864 1587 D WifiManagerWrapper: calculateSignalLevel called
04-04 12:05:48.769 864 1587 D AccessPointPreference: summary : Internet-Box-Weronika, Secured with WPA2
04-04 12:05:48.769 864 1587 D WifiManagerWrapper: calculateSignalLevel called
04-04 12:05:48.769 864 1587 D WifiManagerWrapper: calculateSignalLevel called
04-04 12:05:48.769 864 1587 D WifiManagerWrapper: calculateSignalLevel called
04-04 12:05:48.769 864 1587 D AccessPointPreference: summary : Eniro, Secured with 802.1x
04-04 12:05:48.769 864 1587 D WifiManagerWrapper: calculateSignalLevel called
04-04 12:05:48.769 864 1587 D WifiManagerWrapper: calculateSignalLevel called
04-04 12:05:48.769 864 1587 D WifiManagerWrapper: calculateSignalLevel called
04-04 12:05:48.769 864 1587 D AccessPointPreference: summary : IBv2-SK, Secured with WPA2 (WPS available)
04-04 12:05:48.769 864 1587 D WifiManagerWrapper: calculateSignalLevel called
04-04 12:05:48.769 864 1587 D WifiManagerWrapper: calculateSignalLevel called
04-04 12:05:48.770 864 1587 D WifiManagerWrapper: calculateSignalLevel called
04-04 12:05:48.770 864 1587 D AccessPointPreference: summary : netia_izolatka_5, Secured with WPA2 (WPS available)
04-04 12:05:48.770 864 1587 D WifiManagerWrapper: calculateSignalLevel called
04-04 12:05:48.770 864 1587 D WifiManagerWrapper: calculateSignalLevel called
04-04 12:05:48.770 864 1587 D WifiManagerWrapper: calculateSignalLevel called
04-04 12:05:48.770 864 1587 D AccessPointPreference: summary : v2krzysio-vlanid1, Secured with WPA2 (WPS available)
04-04 12:05:48.770 864 1587 D WifiManagerWrapper: calculateSignalLevel called
04-04 12:05:48.770 864 1587 D WifiManagerWrapper: calculateSignalLevel called
04-04 12:05:48.770 864 1587 D WifiManagerWrapper: calculateSignalLevel called
04-04 12:05:48.771 864 1587 D AccessPointPreference: summary : SGv1-Julia-5G-c6, Secured with WPA2 (WPS available)
04-04 12:05:48.771 864 1587 D WifiManagerWrapper: calculateSignalLevel called
04-04 12:05:48.771 864 1587 D WifiManagerWrapper: calculateSignalLevel called
04-04 12:05:48.771 864 1587 D WifiManagerWrapper: calculateSignalLevel called
04-04 12:05:48.771 864 1587 D AccessPointPreference: summary : monitoring_5ghz, Secured with WPA2 (WPS available)
04-04 12:05:48.771 864 1587 D WifiManagerWrapper: calculateSignalLevel called
04-04 12:05:48.771 864 1587 D WifiManagerWrapper: calculateSignalLevel called
04-04 12:05:48.771 864 1587 D WifiManagerWrapper: calculateSignalLevel called
04-04 12:05:48.771 864 1587 D AccessPointPreference: summary : Internet-Box-Artur_5GHz, Secured with WPA2 (WPS available)
04-04 12:05:48.771 864 1587 D WifiManagerWrapper: calculateSignalLevel called
04-04 12:05:48.771 864 1587 D WifiManagerWrapper: calculateSignalLevel called
04-04 12:05:48.771 864 1587 D WifiManagerWrapper: calculateSignalLevel called
04-04 12:05:48.772 864 1587 D AccessPointPreference: summary : SGv1_Irek_5Ghz, Secured with WPA2 (WPS available)
04-04 12:05:48.772 864 1587 D WifiManagerWrapper: calculateSignalLevel called
04-04 12:05:48.772 864 1587 D WifiManagerWrapper: calculateSignalLevel called
04-04 12:05:48.772 864 1587 D WifiManagerWrapper: calculateSignalLevel called
04-04 12:05:48.772 864 1587 D AccessPointPreference: summary : Internet-Box-Weronika5GHz, Secured with WPA2
04-04 12:05:48.772 864 1587 D WifiManagerWrapper: calculateSignalLevel called
04-04 12:05:48.772 864 1587 D WifiManagerWrapper: calculateSignalLevel called
04-04 12:05:48.772 864 1587 D WifiManagerWrapper: calculateSignalLevel called
04-04 12:05:48.772 864 1587 D AccessPointPreference: summary : HAE-7days, Secured with WPA2 (WPS available)
04-04 12:05:48.772 864 1587 D WifiManagerWrapper: calculateSignalLevel called
04-04 12:05:48.772 864 1587 D WifiManagerWrapper: calculateSignalLevel called
04-04 12:05:48.772 864 1587 D WifiManagerWrapper: calculateSignalLevel called
04-04 12:05:48.773 864 1587 D AccessPointPreference: summary : Internet-Box-82451_5GHz, Secured with WPA2 (WPS available)
04-04 12:05:48.773 864 1587 D WifiManagerWrapper: calculateSignalLevel called
04-04 12:05:48.773 864 1587 D WifiManagerWrapper: calculateSignalLevel called
04-04 12:05:48.773 864 1587 D WifiManagerWrapper: calculateSignalLevel called
04-04 12:05:48.773 864 1587 D AccessPointPreference: summary : v2krzysio-vlanid1, Secured with WPA2 (WPS available)
04-04 12:05:48.773 864 1587 D WifiManagerWrapper: calculateSignalLevel called
04-04 12:05:48.773 864 1587 D WifiManagerWrapper: calculateSignalLevel called
04-04 12:05:48.773 864 1587 D WifiManagerWrapper: calculateSignalLevel called
04-04 12:05:48.773 864 1587 D AccessPointPreference: summary : WLAN_Repeater_N263, Secured with WPA2 (WPS available)
04-04 12:05:48.773 864 1587 D WifiManagerWrapper: calculateSignalLevel called
04-04 12:05:48.773 864 1587 D WifiManagerWrapper: calculateSignalLevel called
04-04 12:05:48.773 864 1587 D WifiManagerWrapper: calculateSignalLevel called
04-04 12:05:48.774 864 1587 D AccessPointPreference: summary : Internet-Box-CapSel, Secured with WPA2 (WPS available)
04-04 12:05:48.774 864 1587 D WifiManagerWrapper: calculateSignalLevel called
04-04 12:05:48.774 864 1587 D WifiManagerWrapper: calculateSignalLevel called
04-04 12:05:48.774 864 1587 D WifiManagerWrapper: calculateSignalLevel called
04-04 12:05:48.774 864 1587 D AccessPointPreference: summary : Internet-Box-47068_5GHz, Secured with WPA2 (WPS available)
04-04 12:05:48.774 864 1587 D WifiManagerWrapper: calculateSignalLevel called
04-04 12:05:48.774 864 1587 D WifiManagerWrapper: calculateSignalLevel called
04-04 12:05:48.774 864 1587 D WifiManagerWrapper: calculateSignalLevel called
04-04 12:05:48.774 864 1587 D AccessPointPreference: summary : vestiacom-5g, Secured with 802.1x
04-04 12:05:48.774 864 1587 D WifiManagerWrapper: calculateSignalLevel called
04-04 12:05:48.774 864 1587 D WifiManagerWrapper: calculateSignalLevel called
04-04 12:05:48.774 864 1587 D WifiManagerWrapper: calculateSignalLevel called
