04-04 12:07:57.241 3988 3988 W ResourceType: Invalid package identifier when getting bag for resource number 0x00000014
04-04 12:07:57.245 3988 3988 W ResourceType: Invalid package identifier when getting bag for resource number 0x00000014
04-04 12:07:57.254 3988 3988 W ResourceType: Invalid package identifier when getting bag for resource number 0x00000014
04-04 12:07:57.256 3988 3988 W ResourceType: Invalid package identifier when getting bag for resource number 0x00000014
04-04 12:07:57.269 3988 3988 W ResourceType: Invalid package identifier when getting bag for resource number 0x00000014
04-04 12:07:57.271 3988 3988 W ResourceType: Invalid package identifier when getting bag for resource number 0x00000014
04-04 12:07:57.276 3988 3988 W ResourceType: Invalid package identifier when getting bag for resource number 0x00000014
04-04 12:07:57.279 3988 3988 W ResourceType: Invalid package identifier when getting bag for resource number 0x00000014
04-04 12:07:57.280 3988 3988 W ResourceType: Invalid package identifier when getting bag for resource number 0x00000014
04-04 12:07:57.285 3988 3988 W ResourceType: Invalid package identifier when getting bag for resource number 0x00000014
04-04 12:07:57.288 3988 3988 W ResourceType: Invalid package identifier when getting bag for resource number 0x00000014
04-04 12:07:57.294 3988 3988 W ResourceType: Invalid package identifier when getting bag for resource number 0x00000014
04-04 12:07:57.296 3988 3988 W ResourceType: Invalid package identifier when getting bag for resource number 0x00000014
04-04 12:07:57.298 3988 3988 W ResourceType: Invalid package identifier when getting bag for resource number 0x00000014
04-04 12:07:57.301 3988 3988 W ResourceType: Invalid package identifier when getting bag for resource number 0x00000014
04-04 12:07:57.303 3988 3988 W ResourceType: Invalid package identifier when getting bag for resource number 0x00000014
04-04 12:07:57.308 3988 3988 W ResourceType: Invalid package identifier when getting bag for resource number 0x00000014
04-04 12:07:57.311 3988 3988 W ResourceType: Invalid package identifier when getting bag for resource number 0x00000014
04-04 12:07:57.313 3988 3988 W ResourceType: Invalid package identifier when getting bag for resource number 0x00000014
04-04 12:07:57.314 3988 3988 W ResourceType: Invalid package identifier when getting bag for resource number 0x00000014
04-04 12:07:57.316 3988 3988 W ResourceType: Invalid package identifier when getting bag for resource number 0x00000014
04-04 12:07:57.318 3988 3988 W ResourceType: Invalid package identifier when getting bag for resource number 0x00000014
04-04 12:07:57.322 3988 3988 D WifiManagerWrapper: calculateSignalLevel called
04-04 12:07:57.329 3988 3988 D WifiManagerWrapper: calculateSignalLevel called
04-04 12:07:57.348 3023 3039 E MP-Decision: Update arg 1
04-04 12:07:57.356 3988 4011 W OpenGLRenderer: Fail to change FontRenderer cache size, it already initialized
04-04 12:07:57.357 1278 1297 D StatusBarManagerService: setSystemUiVisibility(0x8000)
04-04 12:07:57.357 1278 1297 D StatusBarManagerService: disable:userId=0 what=0x0 which=0x1 pkg=Window{98bb967 u0 AppiumPjonteczka}
04-04 12:07:57.357 1278 1297 D StatusBarManagerService: hiding MENU key
04-04 12:07:57.359 1596 1596 I PhoneStatusBar: setSystemUiVisibility vis=8000 mask=ffffffff oldVal=8600 newVal=8000 diff=600
04-04 12:07:57.360 1596 1596 I PhoneStatusBar: updatePolicy(false,false,false,true)
04-04 12:07:57.360 1596 1596 I PhoneStatusBar: hiding the MENU button
04-04 12:07:57.417 2037 2037 D HTCIMEService: This created at onFinishInput()
04-04 12:07:57.422 2037 2037 I HTCIMEService: [onStartInputView] packageName=com.android.settings, inputType=0x10081, restarting=false
04-04 12:07:57.427 2037 2037 I PowerSavingUtil: user_powersaver_enable = false, powersaver_haptic_feedback = -1
04-04 12:07:57.427 2037 2037 I PowerSavingUtil: [evaluateSkipIMEVibration] user_powersaver_enable = false, powersaver_haptic_feedback = 1, sys.psaver.haptic = , skipIMEVibration = false
04-04 12:07:57.431 2037 2037 I HTCIMEService: Sound Enable:false, level:0
04-04 12:07:57.432 2037 2037 D ThemeFileUtil: getCurrentAppliedThemeInfo - type 0, null
04-04 12:07:57.432 2037 2037 D ThemeFileUtil: getSprefAppliedThemeInfo - themeType 0, null
04-04 12:07:57.432 2037 2037 D ThemeFileUtil: isAppliedThemeChanged - false, type 0, null, null
04-04 12:07:57.432 2037 2037 D ThemeFileUtil: getCurrentAppliedThemeInfo - type 1, null
04-04 12:07:57.432 2037 2037 D ThemeFileUtil: getSprefAppliedThemeInfo - themeType 1, null
04-04 12:07:57.432 2037 2037 D ThemeFileUtil: isAppliedThemeChanged - false, type 1, null, null
04-04 12:07:57.450 10696 10696 D wpa_supplicant: nl80211: Drv Event 34 (NL80211_CMD_NEW_SCAN_RESULTS) received for wlan0
04-04 12:07:57.450 10696 10696 D wpa_supplicant: wlan0: nl80211: New scan results available
04-04 12:07:57.450 10696 10696 D wpa_supplicant: nl80211: Scan included frequencies: 2412 2417 2422 2427 2432 2437 2442 2447 2452 2457 2462 5180 5200 5220 5240 5260 5280 5300 5320 5500 5520 5540 5560 5580 5600 5620 5640 5660 5680 5700 5745 5765 5785 5805 5825
04-04 12:07:57.450 10696 10696 D wpa_supplicant: wlan0: Event SCAN_RESULTS (3) received
04-04 12:07:57.450 10696 10696 I wpa_supplicant: Got an original EVENT_SCAN_RESULTS
04-04 12:07:57.450 10696 10696 D wpa_supplicant: wlan0: Scan completed in 2.278247 seconds
04-04 12:07:57.451 10696 10696 D wpa_supplicant: nl80211: Received scan results (49 BSSes)
04-04 12:07:57.452 1278 1298 D Tethering: interfaceLinkStateChanged wlan0, false
04-04 12:07:57.452 1278 1298 D Tethering: interfaceStatusChanged wlan0, false
04-04 12:07:57.452 10696 10696 I wpa_supplicant: [NULL] 88:41:fc:54:ba:7b freq=5200 level=-30
04-04 12:07:57.452 10696 10696 I wpa_supplicant: [NULL] fc:b4:e6:4f:a8:76 freq=5180 level=-39
04-04 12:07:57.452 10696 10696 I wpa_supplicant: [NULL] 48:8d:36:d5:c1:c5 freq=5260 level=-44
04-04 12:07:57.452 10696 10696 I wpa_supplicant: [NULL] a0:b5:49:00:07:80 freq=5500 level=-45
04-04 12:07:57.452 10696 10696 I wpa_supplicant: [NULL] 4c:09:d4:96:08:a7 freq=5500 level=-45
04-04 12:07:57.452 10696 10696 I wpa_supplicant: [NULL] d4:7b:b0:bf:7e:b9 freq=5280 level=-47
04-04 12:07:57.452 10696 10696 I wpa_supplicant: [NULL] d8:fb:5e:72:56:39 freq=5500 level=-47
04-04 12:07:57.452 10696 10696 I wpa_supplicant: [NULL] d4:7b:b0:d6:08:89 freq=5500 level=-49
04-04 12:07:57.452 10696 10696 I wpa_supplicant: [NULL] 78:29:ed:51:07:79 freq=5280 level=-50
04-04 12:07:57.452 10696 10696 I wpa_supplicant: [NULL] b4:ee:b4:91:ac:ea freq=5560 level=-51
04-04 12:07:57.452 10696 10696 I wpa_supplicant: [NULL] a8:d3:f7:d9:bc:4d freq=5180 level=-52
04-04 12:07:57.452 10696 10696 I wpa_supplicant: [NULL] 7c:b7:33:1e:f7:3a freq=5500 level=-56
04-04 12:07:57.452 10696 10696 I wpa_supplicant: [NULL] b4:ee:b4:81:cf:06 freq=5180 level=-58
04-04 12:07:57.452 10696 10696 I wpa_supplicant: [NULL] 7c:b7:33:c5:fd:1a freq=5280 level=-60
04-04 12:07:57.452 10696 10696 I wpa_supplicant: [NULL] d8:fb:5e:97:83:59 freq=5200 level=-60
04-04 12:07:57.452 10696 10696 I wpa_supplicant: [NULL] e0:51:63:0a:85:08 freq=5180 level=-61
04-04 12:07:57.452 10696 10696 I wpa_supplicant: [NULL] d4:63:fe:af:d8:74 freq=5180 level=-61
04-04 12:07:57.452 10696 10696 I wpa_supplicant: [NULL] d8:fb:5e:ac:e8:c9 freq=5520 level=-64
04-04 12:07:57.452 10696 10696 I wpa_supplicant: [NULL] 74:d0:2b:42:7d:e4 freq=5180 level=-65
04-04 12:07:57.452 10696 10696 I wpa_supplicant: [NULL] b4:ee:b4:82:01:3a freq=5180 level=-65
04-04 12:07:57.452 10696 10696 I wpa_supplicant: [NULL] 48:8d:36:d5:d8:05 freq=5320 level=-67
04-04 12:07:57.452 10696 10696 I wpa_supplicant: [NULL] b4:ee:b4:d2:4c:6d freq=5180 level=-67
04-04 12:07:57.452 10696 10696 I wpa_supplicant: [NULL] e0:51:63:13:51:7b freq=5180 level=-69
04-04 12:07:57.452 10696 10696 I wpa_supplicant: [NULL] 64:66:b3:a4:21:36 freq=5240 level=-70
04-04 12:07:57.452 10696 10696 I wpa_supplicant: [NULL] b4:ee:b4:60:fb:cf freq=5560 level=-73
04-04 12:07:57.452 10696 10696 I wpa_supplicant: [NULL] 18:28:61:24:10:de freq=5180 level=-54
04-04 12:07:57.452 10696 10696 I wpa_supplicant: [NULL] 12:09:0f:fd:8f:00 freq=5220 level=-68
04-04 12:07:57.452 10696 10696 I wpa_supplicant: [NULL] fc:b4:e6:4f:a8:65 freq=2427 level=-32
04-04 12:07:57.452 10696 10696 I wpa_supplicant: [NULL] 88:41:fc:54:ba:7a freq=2412 level=-38
04-04 12:07:57.452 10696 10696 I wpa_supplicant: [NULL] d4:7b:b0:bf:7e:b0 freq=2437 level=-40
04-04 12:07:57.453 10696 10696 I wpa_supplicant: [NULL] a0:b5:49:00:07:89 freq=2412 level=-43
04-04 12:07:57.453 10696 10696 I wpa_supplicant: [NULL] a8:d3:f7:d9:bc:3c freq=2412 level=-43
04-04 12:07:57.453 10696 10696 I wpa_supplicant: [NULL] 00:09:0f:fd:8f:07 freq=2427 level=-47
04-04 12:07:57.453 10696 10696 I wpa_supplicant: [NULL] 32:09:0f:fd:8f:07 freq=2427 level=-47
04-04 12:07:57.453 10696 10696 I wpa_supplicant: [NULL] 22:09:0f:fd:8f:07 freq=2427 level=-48
04-04 12:07:57.453 10696 10696 I wpa_supplicant: [NULL] 4c:09:d4:96:08:96 freq=2462 level=-49
04-04 12:07:57.453 10696 10696 I wpa_supplicant: [NULL] d8:fb:5e:72:56:30 freq=2457 level=-49
04-04 12:07:57.453 10696 10696 I wpa_supplicant: [NULL] e0:51:63:13:51:6a freq=2412 level=-52
04-04 12:07:57.453 10696 10696 I wpa_supplicant: [NULL] d8:fb:5e:97:83:50 freq=2442 level=-53
04-04 12:07:57.453 10696 10696 I wpa_supplicant: [NULL] 64:66:b3:a4:21:37 freq=2462 level=-54
04-04 12:07:57.453 10696 10696 I wpa_supplicant: [NULL] d4:7b:b0:30:d1:52 freq=2462 level=-55
04-04 12:07:57.453 10696 10696 I wpa_supplicant: [NULL] 00:09:0f:fd:8f:00 freq=5220 level=-69
04-04 12:07:57.453 10696 10696 I wpa_supplicant: [NULL] 22:09:0f:fd:8f:00 freq=5220 level=-69
04-04 12:07:57.453 10696 10696 I wpa_supplicant: [NULL] fc:b4:e6:60:7d:53 freq=2412 level=-66
04-04 12:07:57.453 10696 10696 I wpa_supplicant: [NULL] 08:62:66:e7:03:2c freq=5180 level=-78
04-04 12:07:57.453 10696 10696 I wpa_supplicant: [NULL] 7c:b7:33:1e:fa:3c freq=5500 level=-79
04-04 12:07:57.453 10696 10696 I wpa_supplicant: [NULL] 7c:b7:33:9b:81:a6 freq=5180 level=-89
04-04 12:07:57.453 10696 10696 I wpa_supplicant: [NULL] fc:ec:da:2c:a4:d8 freq=5680 level=-84
04-04 12:07:57.453 10696 10696 I wpa_supplicant: [NULL] 64:00:2d:00:b1:50 freq=2412 level=-60
04-04 12:07:57.453 10696 10696 D wpa_supplicant: wlan0: BSS: Start scan result update 475
04-04 12:07:57.453 10696 10696 D wpa_supplicant: BSS: Remove ID 234 BSSID 78:29:ed:51:07:70 SSID 'Internet-Box-Weronika' due to no match in scan
04-04 12:07:57.453 10696 10696 D wpa_supplicant: BSS: Remove ID 263 BSSID 64:00:2d:00:00:e4 SSID 'my-0000E4' due to no match in scan
04-04 12:07:57.453 10696 10696 D wpa_supplicant: BSS: last_scan_res_used=49/64
04-04 12:07:57.453 10696 10696 D wpa_supplicant: wlan0: Scan-only results received
04-04 12:07:57.453 10696 10696 D wpa_supplicant: wlan0: Radio work 'scan'@0xb78b3630 done in 2.281634 seconds
04-04 12:07:57.453 10696 10696 D wpa_supplicant: Wireless event: cmd=0x8b19 len=8
04-04 12:07:57.454 10696 10696 D wpa_supplicant: RTM_NEWLINK: ifi_index=24 ifname=wlan0 wext ifi_family=0 ifi_flags=0x1003 ([UP])
04-04 12:07:57.455 1278 1352 D WifiStateMachine: [MLHD] enter handleMediaLinkEvent SupplicantStartedState
04-04 12:07:57.455 10696 10696 D wpa_supplicant: wlan0: Control interface command 'LIST_DONGLES'
04-04 12:07:57.455 1278 1352 W ContextImpl: Calling a method in the system process without a qualified user: android.app.ContextImpl.sendBroadcast:771 com.android.server.wifi.WifiStateMachine.sendDongleScanResultsAvailableBroadcast:13976 com.android.server.wifi.WifiStateMachine.handleMediaLinkEvent:14140 com.android.server.wifi.WifiStateMachine.access$2700:253 com.android.server.wifi.WifiStateMachine$SupplicantStartedState.processMessage:8317
04-04 12:07:57.456 1278 1382 D WirelessDisplayService: getDiscoveryDongleList
04-04 12:07:57.460 10696 10696 D wpa_supplicant: wlan0: Control interface command 'BSS RANGE=0- MASK=0x29d87'
04-04 12:07:57.460 2037 2037 D LatinTPIME: [setupListeners] set PDSwitch's OnDiagnoseListener for Normal4PDSwitch
04-04 12:07:57.461 2037 2037 I LatinTPIME: [setLanguage] setup dictionaries (0x809, 0x0)
04-04 12:07:57.462 10696 10696 D wpa_supplicant: wlan0: Control interface command 'BSS RANGE=60- MASK=0x29d87'
04-04 12:07:57.466 10696 10696 D wpa_supplicant: wlan0: Control interface command 'BSS RANGE=63- MASK=0x29d87'
04-04 12:07:57.472 10696 10696 D wpa_supplicant: wlan0: Control interface command 'BSS RANGE=68- MASK=0x29d87'
04-04 12:07:57.475 10696 10696 D wpa_supplicant: wlan0: Control interface command 'BSS RANGE=71- MASK=0x29d87'
04-04 12:07:57.476 10696 10696 D wpa_supplicant: wlan0: Control interface command 'BSS RANGE=76- MASK=0x29d87'
04-04 12:07:57.478 10696 10696 D wpa_supplicant: wlan0: Control interface command 'BSS RANGE=81- MASK=0x29d87'
04-04 12:07:57.479 10696 10696 D wpa_supplicant: wlan0: Control interface command 'BSS RANGE=95- MASK=0x29d87'
04-04 12:07:57.480 10696 10696 D wpa_supplicant: wlan0: Control interface command 'BSS RANGE=107- MASK=0x29d87'
04-04 12:07:57.482 10696 10696 D wpa_supplicant: wlan0: Control interface command 'BSS RANGE=170- MASK=0x29d87'
04-04 12:07:57.483 10696 10696 D wpa_supplicant: wlan0: Control interface command 'BSS RANGE=204- MASK=0x29d87'
04-04 12:07:57.485 10696 10696 D wpa_supplicant: wlan0: Control interface command 'BSS RANGE=259- MASK=0x29d87'
04-04 12:07:57.486 10696 10696 D wpa_supplicant: wlan0: Control interface command 'BSS RANGE=269- MASK=0x29d87'
04-04 12:07:57.500 2037 2037 I DictionaryNMQwerty: [HTC_IME_Log]rzI9aOQcVmYs2PBzNbibjvPGpnDemGwuec3dY74Bd2FeaJ5a4adiNIPO5qFvaeyKbn1Uc/IrfZX1yihqpNt3D9CBgl6NO0rvIBTmFOiklc5ztRbVSF2zWIG+n0o5Zk8yvRU7xXJdYDGlkoHbbQLSreyQHIg3eBVeHmipt/+Uc2A=
04-04 12:07:57.500 2037 2037 D WordParser: [setLocate] new locale = en;gb
04-04 12:07:57.508 1278 1352 D WifiConfigStore: "Ernest-SGv1-5"WPA_PSK- skip by invalid rssi
04-04 12:07:57.508 1278 1352 D WifiConfigStore: "Ernest-SGv1-24"WPA_PSK- skip by invalid rssi
04-04 12:07:57.508 1278 1352 D WifiConfigStore: "Ernest-v1-24"WPA_PSK- skip by invalid rssi
04-04 12:07:57.508 1278 1352 D WifiConfigStore: "Internet-Box-krzysioSL"WPA_PSK- skip by invalid rssi
04-04 12:07:57.508 10696 10696 D wpa_supplicant: wlan0: Control interface command 'STATUS-NO_EVENTS'
04-04 12:07:57.509 10696 10696 D wpa_supplicant: EAPOL: EAP Session-Id not available
04-04 12:07:57.510 1278 1278 D WifiNotificationController: setNotificationVisible visible = true, mLowSignalNWs = 1
04-04 12:07:57.510 3988 3988 D HtcWifiTracker: onReceive(), action:android.net.wifi.SCAN_RESULTS
04-04 12:07:57.511 1278 1382 D WirelessDisplayService: getDiscoveryDongleList
04-04 12:07:57.511 2255 2255 D WifiManager: getScanResults: Base Package Name=com.google.android.gms, uid=10011
04-04 12:07:57.511 1278 4785 D PMS : acquireWL(6e1bc80): PARTIAL_WAKE_LOCK NlpWakeLock 0x1 2255 10011 WorkSource{10011 com.google.android.gms}
04-04 12:07:57.516 2255 2831 D WifiManager: getScanResults: Base Package Name=com.google.android.gms, uid=10011
04-04 12:07:57.517 1278 2150 D PMS : acquireWL(8c72b9): PARTIAL_WAKE_LOCK CMWakeLock 0x1 2255 10011 WorkSource{10011 com.google.android.gms}
04-04 12:07:57.520 3988 4083 D HtcAccessPoint: ssid:Ernest-SGv1-5, bssid:null, security:2, networkid:1, signIn:2
04-04 12:07:57.520 3988 4083 D HtcAccessPoint: ssid:Ernest-SGv1-24, bssid:null, security:2, networkid:0, signIn:2
04-04 12:07:57.520 3988 4083 D HtcAccessPoint: ssid:Ernest-v1-24, bssid:null, security:2, networkid:3, signIn:2
04-04 12:07:57.520 3988 4083 D HtcAccessPoint: ssid:Internet-Box-krzysioSL, bssid:null, security:2, networkid:2, signIn:2
04-04 12:07:57.521 3988 4083 D WifiManager: getScanResults: Base Package Name=com.android.settings, uid=1000
04-04 12:07:57.521 2037 2037 I HTCIMEService: [onStartInputView] mCurrSIP=com.htc.sense.ime.ezsip.PortQwertySIPView{f5eb508 V.ED..... ......ID 0,0-1080,676}, mCurrIM=com.htc.sense.ime.latinim.TP.LatinTPIME@2abb4a1, sipid=2
04-04 12:07:57.529 1278 4784 D StatusBarManagerService: swetImeWindowStatus vis=3 backDisposition=0
04-04 12:07:57.529 1278 4785 D PMS : releaseWL(6e1bc80): PARTIAL_WAKE_LOCK NlpWakeLock 0x1 WorkSource{10011 com.google.android.gms}
04-04 12:07:57.531 1278 2863 D StatusBarManagerService: swetImeWindowStatus vis=3 backDisposition=0
04-04 12:07:57.531 1596 1596 I PhoneStatusBar: setImeWindowStatus(true,true)
04-04 12:07:57.534 1278 2006 D PMS : releaseWL(8c72b9): PARTIAL_WAKE_LOCK CMWakeLock 0x1 WorkSource{10011 com.google.android.gms}
04-04 12:07:57.533 3988 4083 D WifiManagerWrapper: calculateSignalLevel called
04-04 12:07:57.535 3988 4083 D WifiManagerWrapper: calculateSignalLevel called
04-04 12:07:57.535 3988 4083 D WifiManagerWrapper: calculateSignalLevel called
04-04 12:07:57.535 3988 4083 D AccessPointPreference: summary : Internet-Box-v3-5, Secured with WPA2 (WPS available)
04-04 12:07:57.535 3988 4083 D WifiManagerWrapper: calculateSignalLevel called
04-04 12:07:57.535 3988 4083 D WifiManagerWrapper: calculateSignalLevel called
04-04 12:07:57.535 3988 4083 D WifiManagerWrapper: calculateSignalLevel called
04-04 12:07:57.536 3988 4083 D AccessPointPreference: summary : SGv2-Michal-2G-CH7, Secured with WPA/WPA2 (WPS available)
04-04 12:07:57.536 3988 4083 D WifiManagerWrapper: calculateSignalLevel called
04-04 12:07:57.536 3988 4083 D WifiManagerWrapper: calculateSignalLevel called
04-04 12:07:57.536 3988 4083 D WifiManagerWrapper: calculateSignalLevel called
04-04 12:07:57.536 3988 4083 D AccessPointPreference: summary : AppiumAutotests, Secured with WPA2 (WPS available)
04-04 12:07:57.536 3988 4083 D WifiManagerWrapper: calculateSignalLevel called
04-04 12:07:57.536 3988 4083 D WifiManagerWrapper: calculateSignalLevel called
04-04 12:07:57.537 3988 4083 D WifiManagerWrapper: calculateSignalLevel called
04-04 12:07:57.537 3988 4083 D AccessPointPreference: summary : Internet-Box-v3, Secured with WPA2 (WPS available)
04-04 12:07:57.537 3988 4083 D WifiManagerWrapper: calculateSignalLevel called
04-04 12:07:57.537 3988 4083 D WifiManagerWrapper: calculateSignalLevel called
04-04 12:07:57.537 3988 4083 D WifiManagerWrapper: calculateSignalLevel called
04-04 12:07:57.537 3988 4083 D AccessPointPreference: summary : Starlite-2.4GHz, Secured with WPA2 (WPS available)
04-04 12:07:57.537 3988 4083 D WifiManagerWrapper: calculateSignalLevel called
04-04 12:07:57.537 3988 4083 D WifiManagerWrapper: calculateSignalLevel called
04-04 12:07:57.537 3988 4083 D WifiManagerWrapper: calculateSignalLevel called
04-04 12:07:57.538 3988 4083 D AccessPointPreference: summary : Starlite-5GHz, Secured with WPA2 (WPS available)
04-04 12:07:57.538 3988 4083 D WifiManagerWrapper: calculateSignalLevel called
04-04 12:07:57.538 3988 4083 D WifiManagerWrapper: calculateSignalLevel called
04-04 12:07:57.538 3988 4083 D WifiManagerWrapper: calculateSignalLevel called
04-04 12:07:57.538 3988 4083 D AccessPointPreference: summary : AppiumPjonteczka, Secured with WPA2 (WPS available)
04-04 12:07:57.538 3988 4083 D WifiManagerWrapper: calculateSignalLevel called
04-04 12:07:57.539 3988 4083 D WifiManagerWrapper: calculateSignalLevel called
04-04 12:07:57.539 3988 4083 D WifiManagerWrapper: calculateSignalLevel called
04-04 12:07:57.542 3988 4083 D AccessPointPreference: summary : visitor-35703, Secured with WPA2
04-04 12:07:57.542 3988 4083 D WifiManagerWrapper: calculateSignalLevel called
04-04 12:07:57.542 3988 4083 D WifiManagerWrapper: calculateSignalLevel called
04-04 12:07:57.542 3988 4083 D WifiManagerWrapper: calculateSignalLevel called
04-04 12:07:57.543 3988 4083 D AccessPointPreference: summary : vestiacom_guest_5, Secured with WPA2 (WPS available)
04-04 12:07:57.543 3988 4083 D WifiManagerWrapper: calculateSignalLevel called
04-04 12:07:57.543 3988 4083 D WifiManagerWrapper: calculateSignalLevel called
04-04 12:07:57.543 3988 4083 D WifiManagerWrapper: calculateSignalLevel called
04-04 12:07:57.543 3988 4083 D AccessPointPreference: summary : wifi_main, Secured with 802.1x
04-04 12:07:57.543 3988 4083 D WifiManagerWrapper: calculateSignalLevel called
04-04 12:07:57.543 3988 4083 D WifiManagerWrapper: calculateSignalLevel called
04-04 12:07:57.543 3988 4083 D WifiManagerWrapper: calculateSignalLevel called
04-04 12:07:57.543 1596 1596 I PhoneStatusBar: setImeWindowStatus(true,true)
04-04 12:07:57.546 3988 4083 D AccessPointPreference: summary : Dzbanek-v1, Secured with WPA2 (WPS available)
04-04 12:07:57.546 3988 4083 D WifiManagerWrapper: calculateSignalLevel called
04-04 12:07:57.546 3988 4083 D WifiManagerWrapper: calculateSignalLevel called
04-04 12:07:57.547 3988 4083 D WifiManagerWrapper: calculateSignalLevel called
04-04 12:07:57.547 3988 4083 D AccessPointPreference: summary : IBv2-SK, Secured with WPA2 (WPS available)
04-04 12:07:57.547 3988 4083 D WifiManagerWrapper: calculateSignalLevel called
04-04 12:07:57.547 3988 4083 D WifiManagerWrapper: calculateSignalLevel called
04-04 12:07:57.548 3988 4083 D WifiManagerWrapper: calculateSignalLevel called
04-04 12:07:57.548 3988 4083 D AccessPointPreference: summary : vestiacom_izolatka_5, Secured with 802.1x
04-04 12:07:57.548 3988 4083 D WifiManagerWrapper: calculateSignalLevel called
04-04 12:07:57.548 3988 4083 D WifiManagerWrapper: calculateSignalLevel called
04-04 12:07:57.548 3988 4083 D WifiManagerWrapper: calculateSignalLevel called
04-04 12:07:57.548 3988 4083 D AccessPointPreference: summary : wifi_main, Secured with 802.1x
04-04 12:07:57.548 3988 4083 D WifiManagerWrapper: calculateSignalLevel called
04-04 12:07:57.548 3988 4083 D WifiManagerWrapper: calculateSignalLevel called
04-04 12:07:57.549 3988 4083 D WifiManagerWrapper: calculateSignalLevel called
04-04 12:07:57.549 3988 4083 D AccessPointPreference: summary : Internet-Box-Irek-5GHz, Secured with WPA/WPA2 (WPS available)
04-04 12:07:57.549 3988 4083 D WifiManagerWrapper: calculateSignalLevel called
04-04 12:07:57.549 3988 4083 D WifiManagerWrapper: calculateSignalLevel called
04-04 12:07:57.549 3988 4083 D WifiManagerWrapper: calculateSignalLevel called
04-04 12:07:57.549 3988 4083 D AccessPointPreference: summary : MobileTest-5, Secured with WPA2 (WPS available)
04-04 12:07:57.549 3988 4083 D WifiManagerWrapper: calculateSignalLevel called
04-04 12:07:57.549 3988 4083 D WifiManagerWrapper: calculateSignalLevel called
04-04 12:07:57.549 3988 4083 D WifiManagerWrapper: calculateSignalLevel called
04-04 12:07:57.550 3988 4083 D AccessPointPreference: summary : WLAN_Repeater_N263, Secured with WPA2 (WPS available)
04-04 12:07:57.550 3988 4083 D WifiManagerWrapper: calculateSignalLevel called
04-04 12:07:57.550 3988 4083 D WifiManagerWrapper: calculateSignalLevel called
04-04 12:07:57.550 3988 4083 D WifiManagerWrapper: calculateSignalLevel called
04-04 12:07:57.550 3988 4083 D AccessPointPreference: summary : Eniro, Secured with 802.1x
04-04 12:07:57.550 3988 4083 D WifiManagerWrapper: calculateSignalLevel called
04-04 12:07:57.550 3988 4083 D WifiManagerWrapper: calculateSignalLevel called
04-04 12:07:57.550 3988 4083 D WifiManagerWrapper: calculateSignalLevel called
04-04 12:07:57.550 3988 4083 D AccessPointPreference: summary : Internet-Box-Irek-5GHz, Secured with WPA/WPA2 (WPS available)
04-04 12:07:57.550 3988 4083 D WifiManagerWrapper: calculateSignalLevel called
04-04 12:07:57.550 3988 4083 D WifiManagerWrapper: calculateSignalLevel called
04-04 12:07:57.550 3988 4083 D WifiManagerWrapper: calculateSignalLevel called
04-04 12:07:57.550 3988 4083 D AccessPointPreference: summary : netia_izolatka, Secured with WPA2 (WPS available)
04-04 12:07:57.551 3988 4083 D WifiManagerWrapper: calculateSignalLevel called
04-04 12:07:57.551 3988 4083 D WifiManagerWrapper: calculateSignalLevel called
04-04 12:07:57.551 3988 4083 D WifiManagerWrapper: calculateSignalLevel called
04-04 12:07:57.551 3988 4083 D AccessPointPreference: summary : Internet-Box-IIIII, Secured with WPA2 (WPS available)
04-04 12:07:57.551 3988 4083 D WifiManagerWrapper: calculateSignalLevel called
04-04 12:07:57.551 3988 4083 D WifiManagerWrapper: calculateSignalLevel called
04-04 12:07:57.551 3988 4083 D WifiManagerWrapper: calculateSignalLevel called
04-04 12:07:57.551 3988 4083 D AccessPointPreference: summary : v1krzysio, Secured with WPA2 (WPS available)
04-04 12:07:57.551 3988 4083 D WifiManagerWrapper: calculateSignalLevel called
04-04 12:07:57.551 3988 4083 D WifiManagerWrapper: calculateSignalLevel called
04-04 12:07:57.551 3988 4083 D WifiManagerWrapper: calculateSignalLevel called
04-04 12:07:57.552 3988 4083 D AccessPointPreference: summary : Ernest-sl-24, Secured with WPA2 (WPS available)
04-04 12:07:57.552 3988 4083 D WifiManagerWrapper: calculateSignalLevel called
04-04 12:07:57.552 3988 4083 D WifiManagerWrapper: calculateSignalLevel called
04-04 12:07:57.552 3988 4083 D WifiManagerWrapper: calculateSignalLevel called
04-04 12:07:57.552 3988 4083 D AccessPointPreference: summary : Internet-Box-Karol, Secured with WPA2 (WPS available)
04-04 12:07:57.552 3988 4083 D WifiManagerWrapper: calculateSignalLevel called
04-04 12:07:57.552 3988 4083 D WifiManagerWrapper: calculateSignalLevel called
04-04 12:07:57.552 3988 4083 D WifiManagerWrapper: calculateSignalLevel called
04-04 12:07:57.552 3988 4083 D AccessPointPreference: summary : SL-SK, Secured with WPA2 (WPS available)
04-04 12:07:57.552 3988 4083 D WifiManagerWrapper: calculateSignalLevel called
04-04 12:07:57.552 3988 4083 D WifiManagerWrapper: calculateSignalLevel called
04-04 12:07:57.552 3988 4083 D WifiManagerWrapper: calculateSignalLevel called
04-04 12:07:57.553 3988 4083 D AccessPointPreference: summary : Internet-Box-Starlink, Secured with WPA2 (WPS available)
04-04 12:07:57.553 3988 4083 D WifiManagerWrapper: calculateSignalLevel called
04-04 12:07:57.553 3988 4083 D WifiManagerWrapper: calculateSignalLevel called
04-04 12:07:57.553 3988 4083 D WifiManagerWrapper: calculateSignalLevel called
04-04 12:07:57.553 3988 4083 D AccessPointPreference: summary : my-00B150,
04-04 12:07:57.553 3988 4083 D WifiManagerWrapper: calculateSignalLevel called
04-04 12:07:57.553 3988 4083 D WifiManagerWrapper: calculateSignalLevel called
04-04 12:07:57.553 3988 4083 D WifiManagerWrapper: calculateSignalLevel called
04-04 12:07:57.553 3988 4083 D AccessPointPreference: summary : Internet-Box-82451, Secured with WPA2 (WPS available)
04-04 12:07:57.553 3988 4083 D WifiManagerWrapper: calculateSignalLevel called
04-04 12:07:57.553 3988 4083 D WifiManagerWrapper: calculateSignalLevel called
04-04 12:07:57.553 3988 4083 D WifiManagerWrapper: calculateSignalLevel called
04-04 12:07:57.553 3988 4083 D AccessPointPreference: summary : SL-SK, Secured with WPA2 (WPS available)
04-04 12:07:57.554 3988 4083 D WifiManagerWrapper: calculateSignalLevel called
04-04 12:07:57.554 3988 4083 D WifiManagerWrapper: calculateSignalLevel called
04-04 12:07:57.554 3988 4083 D WifiManagerWrapper: calculateSignalLevel called
04-04 12:07:57.554 3988 4083 D AccessPointPreference: summary : SGv2-Michal-5G-CH40, Secured with WPA/WPA2 (WPS available)
04-04 12:07:57.554 3988 4083 D WifiManagerWrapper: calculateSignalLevel called
04-04 12:07:57.554 3988 4083 D WifiManagerWrapper: calculateSignalLevel called
04-04 12:07:57.554 3988 4083 D WifiManagerWrapper: calculateSignalLevel called
04-04 12:07:57.568 3988 4083 D AccessPointPreference: summary : HAE-7days, Secured with WPA2 (WPS available)
04-04 12:07:57.568 3988 4083 D WifiManagerWrapper: calculateSignalLevel called
04-04 12:07:57.568 3988 4083 D WifiManagerWrapper: calculateSignalLevel called
04-04 12:07:57.568 3988 4083 D WifiManagerWrapper: calculateSignalLevel called
04-04 12:07:57.568 3988 4083 D AccessPointPreference: summary : Internet-Box-Weronika, Secured with WPA2
04-04 12:07:57.568 3988 4083 D WifiManagerWrapper: calculateSignalLevel called
04-04 12:07:57.568 3988 4083 D WifiManagerWrapper: calculateSignalLevel called
04-04 12:07:57.568 3988 4083 D WifiManagerWrapper: calculateSignalLevel called
04-04 12:07:57.568 3988 4083 D AccessPointPreference: summary : Eniro, Secured with 802.1x
04-04 12:07:57.568 3988 4083 D WifiManagerWrapper: calculateSignalLevel called
04-04 12:07:57.568 3988 4083 D WifiManagerWrapper: calculateSignalLevel called
04-04 12:07:57.569 3988 4083 D WifiManagerWrapper: calculateSignalLevel called
04-04 12:07:57.569 3988 4083 D AccessPointPreference: summary : IBv2-SK, Secured with WPA2 (WPS available)
04-04 12:07:57.569 3988 4083 D WifiManagerWrapper: calculateSignalLevel called
04-04 12:07:57.569 3988 4083 D WifiManagerWrapper: calculateSignalLevel called
04-04 12:07:57.569 3988 4083 D WifiManagerWrapper: calculateSignalLevel called
04-04 12:07:57.569 3988 4083 D AccessPointPreference: summary : netia_izolatka_5, Secured with WPA2 (WPS available)
04-04 12:07:57.569 3988 4083 D WifiManagerWrapper: calculateSignalLevel called
04-04 12:07:57.569 3988 4083 D WifiManagerWrapper: calculateSignalLevel called
04-04 12:07:57.569 3988 4083 D WifiManagerWrapper: calculateSignalLevel called
04-04 12:07:57.570 3988 4083 D AccessPointPreference: summary : v2krzysio-vlanid1, Secured with WPA2 (WPS available)
04-04 12:07:57.570 3988 4083 D WifiManagerWrapper: calculateSignalLevel called
04-04 12:07:57.570 3988 4083 D WifiManagerWrapper: calculateSignalLevel called
04-04 12:07:57.570 3988 4083 D WifiManagerWrapper: calculateSignalLevel called
04-04 12:07:57.570 3988 4083 D AccessPointPreference: summary : SGv1-Julia-5G-c6, Secured with WPA2 (WPS available)
04-04 12:07:57.570 3988 4083 D WifiManagerWrapper: calculateSignalLevel called
04-04 12:07:57.570 3988 4083 D WifiManagerWrapper: calculateSignalLevel called
04-04 12:07:57.570 3988 4083 D WifiManagerWrapper: calculateSignalLevel called
04-04 12:07:57.570 3988 4083 D AccessPointPreference: summary : monitoring_5ghz, Secured with WPA2 (WPS available)
04-04 12:07:57.570 3988 4083 D WifiManagerWrapper: calculateSignalLevel called
04-04 12:07:57.570 3988 4083 D WifiManagerWrapper: calculateSignalLevel called
04-04 12:07:57.571 3988 4083 D WifiManagerWrapper: calculateSignalLevel called
04-04 12:07:57.571 3988 4083 D AccessPointPreference: summary : Internet-Box-Artur_5GHz, Secured with WPA2 (WPS available)
04-04 12:07:57.571 3988 4083 D WifiManagerWrapper: calculateSignalLevel called
04-04 12:07:57.571 3988 4083 D WifiManagerWrapper: calculateSignalLevel called
04-04 12:07:57.571 3988 4083 D WifiManagerWrapper: calculateSignalLevel called
04-04 12:07:57.571 3988 4083 D AccessPointPreference: summary : SGv1_Irek_5Ghz, Secured with WPA2 (WPS available)
04-04 12:07:57.571 3988 4083 D WifiManagerWrapper: calculateSignalLevel called
04-04 12:07:57.571 3988 4083 D WifiManagerWrapper: calculateSignalLevel called
04-04 12:07:57.571 3988 4083 D WifiManagerWrapper: calculateSignalLevel called
04-04 12:07:57.571 3988 4083 D AccessPointPreference: summary : Internet-Box-Weronika5GHz, Secured with WPA2
04-04 12:07:57.572 3988 4083 D WifiManagerWrapper: calculateSignalLevel called
04-04 12:07:57.572 3988 4083 D WifiManagerWrapper: calculateSignalLevel called
04-04 12:07:57.572 3988 4083 D WifiManagerWrapper: calculateSignalLevel called
04-04 12:07:57.572 3988 4083 D AccessPointPreference: summary : HAE-7days, Secured with WPA2 (WPS available)
04-04 12:07:57.572 3988 4083 D WifiManagerWrapper: calculateSignalLevel called
04-04 12:07:57.572 3988 4083 D WifiManagerWrapper: calculateSignalLevel called
04-04 12:07:57.572 3988 4083 D WifiManagerWrapper: calculateSignalLevel called
04-04 12:07:57.572 3988 4083 D AccessPointPreference: summary : Internet-Box-82451_5GHz, Secured with WPA2 (WPS available)
04-04 12:07:57.572 3988 4083 D WifiManagerWrapper: calculateSignalLevel called
04-04 12:07:57.572 3988 4083 D WifiManagerWrapper: calculateSignalLevel called
04-04 12:07:57.572 3988 4083 D WifiManagerWrapper: calculateSignalLevel called
04-04 12:07:57.573 3988 4083 D AccessPointPreference: summary : v2krzysio-vlanid1, Secured with WPA2 (WPS available)
04-04 12:07:57.573 3988 4083 D WifiManagerWrapper: calculateSignalLevel called
04-04 12:07:57.573 3988 4083 D WifiManagerWrapper: calculateSignalLevel called
04-04 12:07:57.573 3988 4083 D WifiManagerWrapper: calculateSignalLevel called
04-04 12:07:57.573 3988 4083 D AccessPointPreference: summary : WLAN_Repeater_N263, Secured with WPA2 (WPS available)
04-04 12:07:57.573 3988 4083 D WifiManagerWrapper: calculateSignalLevel called
04-04 12:07:57.573 3988 4083 D WifiManagerWrapper: calculateSignalLevel called
04-04 12:07:57.573 3988 4083 D WifiManagerWrapper: calculateSignalLevel called
04-04 12:07:57.573 3988 4083 D AccessPointPreference: summary : Internet-Box-CapSel, Secured with WPA2 (WPS available)
04-04 12:07:57.573 3988 4083 D WifiManagerWrapper: calculateSignalLevel called
04-04 12:07:57.574 3988 4083 D WifiManagerWrapper: calculateSignalLevel called
04-04 12:07:57.574 3988 4083 D WifiManagerWrapper: calculateSignalLevel called
04-04 12:07:57.577 3988 4083 D AccessPointPreference: summary : Dzbanek-v1, Secured with WPA2 (WPS available)
04-04 12:07:57.577 3988 4083 D WifiManagerWrapper: calculateSignalLevel called
04-04 12:07:57.577 3988 4083 D WifiManagerWrapper: calculateSignalLevel called
04-04 12:07:57.581 3988 4083 D WifiManagerWrapper: calculateSignalLevel called
04-04 12:07:57.581 3988 4083 D AccessPointPreference: summary : Internet-Box-47068_5GHz, Secured with WPA2 (WPS available)
04-04 12:07:57.581 3988 4083 D WifiManagerWrapper: calculateSignalLevel called
04-04 12:07:57.581 3988 4083 D WifiManagerWrapper: calculateSignalLevel called
04-04 12:07:57.581 3988 4083 D WifiManagerWrapper: calculateSignalLevel called
04-04 12:07:57.582 3988 4083 D AccessPointPreference: summary : vestiacom-5g, Secured with 802.1x
04-04 12:07:57.582 3988 4083 D WifiManagerWrapper: calculateSignalLevel called
04-04 12:07:57.582 3988 4083 D WifiManagerWrapper: calculateSignalLevel called
04-04 12:07:57.582 3988 4083 D WifiManagerWrapper: calculateSignalLevel called
04-04 12:07:57.582 3988 4083 D AccessPointPreference: summary : my-0000E4,
04-04 12:07:57.582 3988 4083 D WifiManagerWrapper: calculateSignalLevel called
04-04 12:07:57.582 3988 4083 D WifiManagerWrapper: calculateSignalLevel called
04-04 12:07:57.582 3988 4083 D WifiManagerWrapper: calculateSignalLevel called
04-04 12:07:57.582 3988 4083 D AccessPointPreference: summary : v2krzysio-vlanid1, Secured with WPA2 (WPS available)
04-04 12:07:57.583 3988 4083 D WifiManagerWrapper: calculateSignalLevel called
04-04 12:07:57.583 3988 4083 D WifiManagerWrapper: calculateSignalLevel called
04-04 12:07:57.583 3988 4083 D WifiManagerWrapper: calculateSignalLevel called
04-04 12:07:57.583 3988 4083 D AccessPointPreference: summary : Ernest-sl-5, Secured with WPA2 (WPS available)
04-04 12:07:57.583 3988 4083 D WifiManagerWrapper: calculateSignalLevel called
04-04 12:07:57.583 3988 4083 D WifiManagerWrapper: calculateSignalLevel called
04-04 12:07:57.583 3988 4083 D WifiManagerWrapper: calculateSignalLevel called
04-04 12:07:57.583 3988 4083 D AccessPointPreference: summary : wb szl, Secured with WPA2
04-04 12:07:57.697 3988 3988 E HtcPreference: [removeAll]:before size= 43
04-04 12:07:57.697 3988 3988 E HtcPreference: Thread =Thread[main,5,main]
04-04 12:07:57.697 3988 3988 E HtcPreference: [removeAll]:after size= 0
04-04 12:07:57.697 3988 3988 E HtcPreference: Thread =Thread[main,5,main]
04-04 12:07:57.697 3988 3988 D WifiManagerWrapper: calculateSignalLevel called
04-04 12:07:57.698 3988 3988 E HtcPreference: [addPreference]:before size= 0
04-04 12:07:57.698 3988 3988 E HtcPreference: Thread =Thread[main,5,main]
04-04 12:07:57.698 3988 3988 E HtcPreference: [addPreference]:after size= 1
04-04 12:07:57.698 3988 3988 E HtcPreference: Thread =Thread[main,5,main]
04-04 12:07:57.698 3988 3988 D WifiManagerWrapper: calculateSignalLevel called
04-04 12:07:57.698 3988 3988 E HtcPreference: [addPreference]:before size= 1
04-04 12:07:57.698 3988 3988 E HtcPreference: Thread =Thread[main,5,main]
04-04 12:07:57.698 3988 3988 E HtcPreference: [addPreference]:after size= 2
04-04 12:07:57.698 3988 3988 E HtcPreference: Thread =Thread[main,5,main]
04-04 12:07:57.698 3988 3988 D WifiManagerWrapper: calculateSignalLevel called
04-04 12:07:57.698 3988 3988 E HtcPreference: [addPreference]:before size= 2
04-04 12:07:57.698 3988 3988 E HtcPreference: Thread =Thread[main,5,main]
04-04 12:07:57.698 3988 3988 E HtcPreference: [addPreference]:after size= 3
04-04 12:07:57.698 3988 3988 E HtcPreference: Thread =Thread[main,5,main]
04-04 12:07:57.698 3988 3988 D WifiManagerWrapper: calculateSignalLevel called
04-04 12:07:57.698 3988 3988 E HtcPreference: [addPreference]:before size= 3
04-04 12:07:57.698 3988 3988 E HtcPreference: Thread =Thread[main,5,main]
04-04 12:07:57.698 3988 3988 E HtcPreference: [addPreference]:after size= 4
04-04 12:07:57.698 3988 3988 E HtcPreference: Thread =Thread[main,5,main]
04-04 12:07:57.698 3988 3988 D WifiManagerWrapper: calculateSignalLevel called
04-04 12:07:57.698 3988 3988 E HtcPreference: [addPreference]:before size= 4
04-04 12:07:57.698 3988 3988 E HtcPreference: Thread =Thread[main,5,main]
04-04 12:07:57.698 3988 3988 E HtcPreference: [addPreference]:after size= 5
04-04 12:07:57.698 3988 3988 E HtcPreference: Thread =Thread[main,5,main]
04-04 12:07:57.698 3988 3988 D WifiManagerWrapper: calculateSignalLevel called
04-04 12:07:57.698 3988 3988 E HtcPreference: [addPreference]:before size= 5
04-04 12:07:57.698 3988 3988 E HtcPreference: Thread =Thread[main,5,main]
04-04 12:07:57.698 3988 3988 E HtcPreference: [addPreference]:after size= 6
04-04 12:07:57.698 3988 3988 E HtcPreference: Thread =Thread[main,5,main]
04-04 12:07:57.698 3988 3988 D WifiManagerWrapper: calculateSignalLevel called
04-04 12:07:57.698 3988 3988 E HtcPreference: [addPreference]:before size= 6
04-04 12:07:57.698 3988 3988 E HtcPreference: Thread =Thread[main,5,main]
04-04 12:07:57.698 3988 3988 E HtcPreference: [addPreference]:after size= 7
04-04 12:07:57.698 3988 3988 E HtcPreference: Thread =Thread[main,5,main]
04-04 12:07:57.699 3988 3988 D WifiManagerWrapper: calculateSignalLevel called
04-04 12:07:57.699 3988 3988 E HtcPreference: [addPreference]:before size= 7
04-04 12:07:57.699 3988 3988 E HtcPreference: Thread =Thread[main,5,main]
04-04 12:07:57.699 3988 3988 E HtcPreference: [addPreference]:after size= 8
04-04 12:07:57.699 3988 3988 E HtcPreference: Thread =Thread[main,5,main]
04-04 12:07:57.699 3988 3988 D WifiManagerWrapper: calculateSignalLevel called
04-04 12:07:57.699 3988 3988 E HtcPreference: [addPreference]:before size= 8
04-04 12:07:57.699 3988 3988 E HtcPreference: Thread =Thread[main,5,main]
04-04 12:07:57.699 3988 3988 E HtcPreference: [addPreference]:after size= 9
04-04 12:07:57.699 3988 3988 E HtcPreference: Thread =Thread[main,5,main]
04-04 12:07:57.699 3988 3988 D WifiManagerWrapper: calculateSignalLevel called
04-04 12:07:57.699 3988 3988 E HtcPreference: [addPreference]:before size= 9
04-04 12:07:57.699 3988 3988 E HtcPreference: Thread =Thread[main,5,main]
04-04 12:07:57.699 3988 3988 E HtcPreference: [addPreference]:after size= 10
04-04 12:07:57.699 3988 3988 E HtcPreference: Thread =Thread[main,5,main]
04-04 12:07:57.699 3988 3988 D WifiManagerWrapper: calculateSignalLevel called
04-04 12:07:57.699 3988 3988 E HtcPreference: [addPreference]:before size= 10
04-04 12:07:57.699 3988 3988 E HtcPreference: Thread =Thread[main,5,main]
04-04 12:07:57.699 3988 3988 E HtcPreference: [addPreference]:after size= 11
04-04 12:07:57.699 3988 3988 E HtcPreference: Thread =Thread[main,5,main]
04-04 12:07:57.699 3988 3988 D WifiManagerWrapper: calculateSignalLevel called
04-04 12:07:57.699 3988 3988 E HtcPreference: [addPreference]:before size= 11
04-04 12:07:57.699 3988 3988 E HtcPreference: Thread =Thread[main,5,main]
04-04 12:07:57.699 3988 3988 E HtcPreference: [addPreference]:after size= 12
04-04 12:07:57.699 3988 3988 E HtcPreference: Thread =Thread[main,5,main]
04-04 12:07:57.699 3988 3988 D WifiManagerWrapper: calculateSignalLevel called
04-04 12:07:57.699 3988 3988 E HtcPreference: [addPreference]:before size= 12
04-04 12:07:57.699 3988 3988 E HtcPreference: Thread =Thread[main,5,main]
04-04 12:07:57.699 3988 3988 E HtcPreference: [addPreference]:after size= 13
04-04 12:07:57.699 3988 3988 E HtcPreference: Thread =Thread[main,5,main]
04-04 12:07:57.699 3988 3988 D WifiManagerWrapper: calculateSignalLevel called
04-04 12:07:57.699 3988 3988 E HtcPreference: [addPreference]:before size= 13
04-04 12:07:57.699 3988 3988 E HtcPreference: Thread =Thread[main,5,main]
04-04 12:07:57.699 3988 3988 E HtcPreference: [addPreference]:after size= 14
04-04 12:07:57.699 3988 3988 E HtcPreference: Thread =Thread[main,5,main]
04-04 12:07:57.699 3988 3988 D WifiManagerWrapper: calculateSignalLevel called
04-04 12:07:57.699 3988 3988 E HtcPreference: [addPreference]:before size= 14
04-04 12:07:57.700 3988 3988 E HtcPreference: Thread =Thread[main,5,main]
04-04 12:07:57.700 3988 3988 E HtcPreference: [addPreference]:after size= 15
04-04 12:07:57.700 3988 3988 E HtcPreference: Thread =Thread[main,5,main]
04-04 12:07:57.700 3988 3988 D WifiManagerWrapper: calculateSignalLevel called
04-04 12:07:57.700 3988 3988 E HtcPreference: [addPreference]:before size= 15
04-04 12:07:57.700 3988 3988 E HtcPreference: Thread =Thread[main,5,main]
04-04 12:07:57.700 3988 3988 E HtcPreference: [addPreference]:after size= 16
04-04 12:07:57.700 3988 3988 E HtcPreference: Thread =Thread[main,5,main]
04-04 12:07:57.700 3988 3988 D WifiManagerWrapper: calculateSignalLevel called
04-04 12:07:57.700 3988 3988 E HtcPreference: [addPreference]:before size= 16
04-04 12:07:57.700 3988 3988 E HtcPreference: Thread =Thread[main,5,main]
04-04 12:07:57.700 3988 3988 E HtcPreference: [addPreference]:after size= 17
04-04 12:07:57.700 3988 3988 E HtcPreference: Thread =Thread[main,5,main]
04-04 12:07:57.700 3988 3988 D WifiManagerWrapper: calculateSignalLevel called
04-04 12:07:57.700 3988 3988 E HtcPreference: [addPreference]:before size= 17
04-04 12:07:57.700 3988 3988 E HtcPreference: Thread =Thread[main,5,main]
04-04 12:07:57.700 3988 3988 E HtcPreference: [addPreference]:after size= 18
04-04 12:07:57.700 3988 3988 E HtcPreference: Thread =Thread[main,5,main]
04-04 12:07:57.700 3988 3988 D WifiManagerWrapper: calculateSignalLevel called
04-04 12:07:57.700 3988 3988 E HtcPreference: [addPreference]:before size= 18
04-04 12:07:57.700 3988 3988 E HtcPreference: Thread =Thread[main,5,main]
04-04 12:07:57.700 3988 3988 E HtcPreference: [addPreference]:after size= 19
04-04 12:07:57.700 3988 3988 E HtcPreference: Thread =Thread[main,5,main]
04-04 12:07:57.700 3988 3988 D WifiManagerWrapper: calculateSignalLevel called
04-04 12:07:57.700 3988 3988 E HtcPreference: [addPreference]:before size= 19
04-04 12:07:57.700 3988 3988 E HtcPreference: Thread =Thread[main,5,main]
04-04 12:07:57.700 3988 3988 E HtcPreference: [addPreference]:after size= 20
04-04 12:07:57.700 3988 3988 E HtcPreference: Thread =Thread[main,5,main]
04-04 12:07:57.700 3988 3988 D WifiManagerWrapper: calculateSignalLevel called
04-04 12:07:57.700 3988 3988 E HtcPreference: [addPreference]:before size= 20
04-04 12:07:57.700 3988 3988 E HtcPreference: Thread =Thread[main,5,main]
04-04 12:07:57.700 3988 3988 E HtcPreference: [addPreference]:after size= 21
04-04 12:07:57.700 3988 3988 E HtcPreference: Thread =Thread[main,5,main]
04-04 12:07:57.700 3988 3988 D WifiManagerWrapper: calculateSignalLevel called
04-04 12:07:57.700 3988 3988 E HtcPreference: [addPreference]:before size= 21
04-04 12:07:57.700 3988 3988 E HtcPreference: Thread =Thread[main,5,main]
04-04 12:07:57.700 3988 3988 E HtcPreference: [addPreference]:after size= 22
04-04 12:07:57.700 3988 3988 E HtcPreference: Thread =Thread[main,5,main]
04-04 12:07:57.700 3988 3988 D WifiManagerWrapper: calculateSignalLevel called
04-04 12:07:57.701 3988 3988 E HtcPreference: [addPreference]:before size= 22
04-04 12:07:57.701 3988 3988 E HtcPreference: Thread =Thread[main,5,main]
04-04 12:07:57.701 3988 3988 E HtcPreference: [addPreference]:after size= 23
04-04 12:07:57.701 3988 3988 E HtcPreference: Thread =Thread[main,5,main]
04-04 12:07:57.701 3988 3988 D WifiManagerWrapper: calculateSignalLevel called
04-04 12:07:57.701 3988 3988 E HtcPreference: [addPreference]:before size= 23
04-04 12:07:57.701 3988 3988 E HtcPreference: Thread =Thread[main,5,main]
04-04 12:07:57.701 3988 3988 E HtcPreference: [addPreference]:after size= 24
04-04 12:07:57.701 3988 3988 E HtcPreference: Thread =Thread[main,5,main]
04-04 12:07:57.701 3988 3988 D WifiManagerWrapper: calculateSignalLevel called
04-04 12:07:57.701 3988 3988 E HtcPreference: [addPreference]:before size= 24
04-04 12:07:57.701 3988 3988 E HtcPreference: Thread =Thread[main,5,main]
04-04 12:07:57.701 3988 3988 E HtcPreference: [addPreference]:after size= 25
04-04 12:07:57.701 3988 3988 E HtcPreference: Thread =Thread[main,5,main]
04-04 12:07:57.701 3988 3988 D WifiManagerWrapper: calculateSignalLevel called
04-04 12:07:57.701 3988 3988 E HtcPreference: [addPreference]:before size= 25
04-04 12:07:57.701 3988 3988 E HtcPreference: Thread =Thread[main,5,main]
04-04 12:07:57.701 3988 3988 E HtcPreference: [addPreference]:after size= 26
04-04 12:07:57.701 3988 3988 E HtcPreference: Thread =Thread[main,5,main]
04-04 12:07:57.701 3988 3988 D WifiManagerWrapper: calculateSignalLevel called
04-04 12:07:57.701 3988 3988 E HtcPreference: [addPreference]:before size= 26
04-04 12:07:57.701 3988 3988 E HtcPreference: Thread =Thread[main,5,main]
04-04 12:07:57.701 3988 3988 E HtcPreference: [addPreference]:after size= 27
04-04 12:07:57.701 3988 3988 E HtcPreference: Thread =Thread[main,5,main]
04-04 12:07:57.701 3988 3988 D WifiManagerWrapper: calculateSignalLevel called
04-04 12:07:57.701 3988 3988 E HtcPreference: [addPreference]:before size= 27
04-04 12:07:57.701 3988 3988 E HtcPreference: Thread =Thread[main,5,main]
04-04 12:07:57.701 3988 3988 E HtcPreference: [addPreference]:after size= 28
04-04 12:07:57.701 3988 3988 E HtcPreference: Thread =Thread[main,5,main]
04-04 12:07:57.701 3988 3988 D WifiManagerWrapper: calculateSignalLevel called
04-04 12:07:57.701 3988 3988 E HtcPreference: [addPreference]:before size= 28
04-04 12:07:57.701 3988 3988 E HtcPreference: Thread =Thread[main,5,main]
04-04 12:07:57.701 3988 3988 E HtcPreference: [addPreference]:after size= 29
04-04 12:07:57.701 3988 3988 E HtcPreference: Thread =Thread[main,5,main]
04-04 12:07:57.701 3988 3988 D WifiManagerWrapper: calculateSignalLevel called
04-04 12:07:57.702 3988 3988 E HtcPreference: [addPreference]:before size= 29
04-04 12:07:57.702 3988 3988 E HtcPreference: Thread =Thread[main,5,main]
04-04 12:07:57.702 3988 3988 E HtcPreference: [addPreference]:after size= 30
04-04 12:07:57.702 3988 3988 E HtcPreference: Thread =Thread[main,5,main]
04-04 12:07:57.702 3988 3988 D WifiManagerWrapper: calculateSignalLevel called
04-04 12:07:57.702 3988 3988 E HtcPreference: [addPreference]:before size= 30
04-04 12:07:57.702 3988 3988 E HtcPreference: Thread =Thread[main,5,main]
04-04 12:07:57.702 3988 3988 E HtcPreference: [addPreference]:after size= 31
04-04 12:07:57.702 3988 3988 E HtcPreference: Thread =Thread[main,5,main]
04-04 12:07:57.702 3988 3988 D WifiManagerWrapper: calculateSignalLevel called
04-04 12:07:57.702 3988 3988 E HtcPreference: [addPreference]:before size= 31
04-04 12:07:57.702 3988 3988 E HtcPreference: Thread =Thread[main,5,main]
04-04 12:07:57.702 3988 3988 E HtcPreference: [addPreference]:after size= 32
04-04 12:07:57.702 3988 3988 E HtcPreference: Thread =Thread[main,5,main]
04-04 12:07:57.702 3988 3988 D WifiManagerWrapper: calculateSignalLevel called
04-04 12:07:57.702 3988 3988 E HtcPreference: [addPreference]:before size= 32
04-04 12:07:57.702 3988 3988 E HtcPreference: Thread =Thread[main,5,main]
04-04 12:07:57.702 3988 3988 E HtcPreference: [addPreference]:after size= 33
04-04 12:07:57.702 3988 3988 E HtcPreference: Thread =Thread[main,5,main]
04-04 12:07:57.702 3988 3988 D WifiManagerWrapper: calculateSignalLevel called
04-04 12:07:57.702 3988 3988 E HtcPreference: [addPreference]:before size= 33
04-04 12:07:57.702 3988 3988 E HtcPreference: Thread =Thread[main,5,main]
04-04 12:07:57.702 3988 3988 E HtcPreference: [addPreference]:after size= 34
04-04 12:07:57.702 3988 3988 E HtcPreference: Thread =Thread[main,5,main]
04-04 12:07:57.702 3988 3988 D WifiManagerWrapper: calculateSignalLevel called
04-04 12:07:57.702 3988 3988 E HtcPreference: [addPreference]:before size= 34
04-04 12:07:57.702 3988 3988 E HtcPreference: Thread =Thread[main,5,main]
04-04 12:07:57.702 3988 3988 E HtcPreference: [addPreference]:after size= 35
04-04 12:07:57.702 3988 3988 E HtcPreference: Thread =Thread[main,5,main]
04-04 12:07:57.702 3988 3988 D WifiManagerWrapper: calculateSignalLevel called
04-04 12:07:57.702 3988 3988 E HtcPreference: [addPreference]:before size= 35
04-04 12:07:57.702 3988 3988 E HtcPreference: Thread =Thread[main,5,main]
04-04 12:07:57.702 3988 3988 E HtcPreference: [addPreference]:after size= 36
04-04 12:07:57.702 3988 3988 E HtcPreference: Thread =Thread[main,5,main]
04-04 12:07:57.702 3988 3988 D WifiManagerWrapper: calculateSignalLevel called
04-04 12:07:57.702 3988 3988 E HtcPreference: [addPreference]:before size= 36
04-04 12:07:57.702 3988 3988 E HtcPreference: Thread =Thread[main,5,main]
04-04 12:07:57.702 3988 3988 E HtcPreference: [addPreference]:after size= 37
04-04 12:07:57.702 3988 3988 E HtcPreference: Thread =Thread[main,5,main]
04-04 12:07:57.703 3988 3988 D WifiManagerWrapper: calculateSignalLevel called
04-04 12:07:57.703 3988 3988 E HtcPreference: [addPreference]:before size= 37
04-04 12:07:57.703 3988 3988 E HtcPreference: Thread =Thread[main,5,main]
04-04 12:07:57.703 3988 3988 E HtcPreference: [addPreference]:after size= 38
04-04 12:07:57.703 3988 3988 E HtcPreference: Thread =Thread[main,5,main]
04-04 12:07:57.703 3988 3988 D WifiManagerWrapper: calculateSignalLevel called
04-04 12:07:57.703 3988 3988 E HtcPreference: [addPreference]:before size= 38
