04-04 12:06:09.615 864 864 D AccessPointPreference: summary : Internet-Box-Weronika, Secured with WPA2
04-04 12:06:09.615 864 864 E HtcPreference: [addPreference]:before size= 4
04-04 12:06:09.615 864 864 E HtcPreference: Thread =Thread[main,7,main]
04-04 12:06:09.615 864 864 E HtcPreference: [addPreference]:after size= 5
04-04 12:06:09.615 864 864 E HtcPreference: Thread =Thread[main,7,main]
04-04 12:06:09.615 864 864 D WifiManagerWrapper: calculateSignalLevel called
04-04 12:06:09.615 864 864 D WifiManagerWrapper: calculateSignalLevel called
04-04 12:06:09.616 864 864 D AccessPointPreference: summary : Ernest-sl-24, Secured with WPA2 (WPS available)
04-04 12:06:09.616 864 864 E HtcPreference: [addPreference]:before size= 5
04-04 12:06:09.616 864 864 E HtcPreference: Thread =Thread[main,7,main]
04-04 12:06:09.616 864 864 E HtcPreference: [addPreference]:after size= 6
04-04 12:06:09.616 864 864 E HtcPreference: Thread =Thread[main,7,main]
04-04 12:06:09.616 864 864 D WifiManagerWrapper: calculateSignalLevel called
04-04 12:06:09.616 864 864 D WifiManagerWrapper: calculateSignalLevel called
04-04 12:06:09.616 864 864 D AccessPointPreference: summary : WLAN_Repeater_N263, Secured with WPA2 (WPS available)
04-04 12:06:09.617 864 864 E HtcPreference: [addPreference]:before size= 6
04-04 12:06:09.617 864 864 E HtcPreference: Thread =Thread[main,7,main]
04-04 12:06:09.617 864 864 E HtcPreference: [addPreference]:after size= 7
04-04 12:06:09.617 864 864 E HtcPreference: Thread =Thread[main,7,main]
04-04 12:06:09.617 864 864 D WifiManagerWrapper: calculateSignalLevel called
04-04 12:06:09.617 864 864 D WifiManagerWrapper: calculateSignalLevel called
04-04 12:06:09.619 864 864 D AccessPointPreference: summary : Internet-Box-v3, Secured with WPA2 (WPS available)
04-04 12:06:09.619 864 864 E HtcPreference: [addPreference]:before size= 7
04-04 12:06:09.619 864 864 E HtcPreference: Thread =Thread[main,7,main]
04-04 12:06:09.619 864 864 E HtcPreference: [addPreference]:after size= 8
04-04 12:06:09.619 864 864 E HtcPreference: Thread =Thread[main,7,main]
04-04 12:06:09.619 864 864 D WifiManagerWrapper: calculateSignalLevel called
04-04 12:06:09.623 864 864 D WifiManagerWrapper: calculateSignalLevel called
04-04 12:06:09.623 864 864 D AccessPointPreference: summary : Internet-Box-82451_5GHz, Secured with WPA2 (WPS available)
04-04 12:06:09.623 864 864 E HtcPreference: [addPreference]:before size= 8
04-04 12:06:09.623 864 864 E HtcPreference: Thread =Thread[main,7,main]
04-04 12:06:09.623 864 864 E HtcPreference: [addPreference]:after size= 9
04-04 12:06:09.623 864 864 E HtcPreference: Thread =Thread[main,7,main]
04-04 12:06:09.623 864 864 D WifiManagerWrapper: calculateSignalLevel called
04-04 12:06:09.624 864 864 D WifiManagerWrapper: calculateSignalLevel called
04-04 12:06:09.624 864 864 D AccessPointPreference: summary : Internet-Box-krzysioSL2, Secured with WPA2 (WPS available)
04-04 12:06:09.624 864 864 E HtcPreference: [addPreference]:before size= 9
04-04 12:06:09.624 864 864 E HtcPreference: Thread =Thread[main,7,main]
04-04 12:06:09.624 864 864 E HtcPreference: [addPreference]:after size= 10
04-04 12:06:09.624 864 864 E HtcPreference: Thread =Thread[main,7,main]
04-04 12:06:09.624 864 864 D WifiManagerWrapper: calculateSignalLevel called
04-04 12:06:09.625 864 864 D WifiManagerWrapper: calculateSignalLevel called
04-04 12:06:09.625 864 864 D AccessPointPreference: summary : Dzbanek-v1, Secured with WPA2 (WPS available)
04-04 12:06:09.625 864 864 E HtcPreference: [addPreference]:before size= 10
04-04 12:06:09.625 864 864 E HtcPreference: Thread =Thread[main,7,main]
04-04 12:06:09.625 864 864 E HtcPreference: [addPreference]:after size= 11
04-04 12:06:09.625 864 864 E HtcPreference: Thread =Thread[main,7,main]
04-04 12:06:09.625 864 864 D WifiManagerWrapper: calculateSignalLevel called
04-04 12:06:09.625 864 864 D WifiManagerWrapper: calculateSignalLevel called
04-04 12:06:09.626 864 864 D AccessPointPreference: summary : Internet-Box-v3-5, Secured with WPA2 (WPS available)
04-04 12:06:09.626 864 864 E HtcPreference: [addPreference]:before size= 11
04-04 12:06:09.626 864 864 E HtcPreference: Thread =Thread[main,7,main]
04-04 12:06:09.626 864 864 E HtcPreference: [addPreference]:after size= 12
04-04 12:06:09.626 864 864 E HtcPreference: Thread =Thread[main,7,main]
04-04 12:06:09.626 864 864 D WifiManagerWrapper: calculateSignalLevel called
04-04 12:06:09.626 864 864 D WifiManagerWrapper: calculateSignalLevel called
04-04 12:06:09.627 864 864 D AccessPointPreference: summary : MobileTest-24, Secured with WPA2 (WPS available)
04-04 12:06:09.627 864 864 E HtcPreference: [addPreference]:before size= 12
04-04 12:06:09.627 864 864 E HtcPreference: Thread =Thread[main,7,main]
04-04 12:06:09.627 864 864 E HtcPreference: [addPreference]:after size= 13
04-04 12:06:09.627 864 864 E HtcPreference: Thread =Thread[main,7,main]
04-04 12:06:09.627 864 864 D WifiManagerWrapper: calculateSignalLevel called
04-04 12:06:09.629 864 864 D WifiManagerWrapper: calculateSignalLevel called
04-04 12:06:09.630 864 864 D AccessPointPreference: summary : wifi_main, Secured with 802.1x
04-04 12:06:09.630 864 864 E HtcPreference: [addPreference]:before size= 13
04-04 12:06:09.630 864 864 E HtcPreference: Thread =Thread[main,7,main]
04-04 12:06:09.630 864 864 E HtcPreference: [addPreference]:after size= 14
04-04 12:06:09.630 864 864 E HtcPreference: Thread =Thread[main,7,main]
04-04 12:06:09.630 864 864 D WifiManagerWrapper: calculateSignalLevel called
04-04 12:06:09.630 864 864 D WifiManagerWrapper: calculateSignalLevel called
04-04 12:06:09.631 864 864 D AccessPointPreference: summary : IBv2-SK, Secured with WPA2 (WPS available)
04-04 12:06:09.631 864 864 E HtcPreference: [addPreference]:before size= 14
04-04 12:06:09.631 864 864 E HtcPreference: Thread =Thread[main,7,main]
04-04 12:06:09.631 864 864 E HtcPreference: [addPreference]:after size= 15
04-04 12:06:09.631 864 864 E HtcPreference: Thread =Thread[main,7,main]
04-04 12:06:09.631 864 864 D WifiManagerWrapper: calculateSignalLevel called
04-04 12:06:09.631 864 864 D WifiManagerWrapper: calculateSignalLevel called
04-04 12:06:09.632 864 864 D AccessPointPreference: summary : HAE-7days, Secured with WPA2 (WPS available)
04-04 12:06:09.632 864 864 E HtcPreference: [addPreference]:before size= 15
04-04 12:06:09.632 864 864 E HtcPreference: Thread =Thread[main,7,main]
04-04 12:06:09.632 864 864 E HtcPreference: [addPreference]:after size= 16
04-04 12:06:09.632 864 864 E HtcPreference: Thread =Thread[main,7,main]
04-04 12:06:09.632 864 864 D WifiManagerWrapper: calculateSignalLevel called
04-04 12:06:09.632 864 864 D WifiManagerWrapper: calculateSignalLevel called
04-04 12:06:09.633 864 864 D AccessPointPreference: summary : Internet-Box-82451, Secured with WPA2 (WPS available)
04-04 12:06:09.633 864 864 E HtcPreference: [addPreference]:before size= 16
04-04 12:06:09.633 864 864 E HtcPreference: Thread =Thread[main,7,main]
04-04 12:06:09.633 864 864 E HtcPreference: [addPreference]:after size= 17
04-04 12:06:09.633 864 864 E HtcPreference: Thread =Thread[main,7,main]
04-04 12:06:09.633 864 864 D WifiManagerWrapper: calculateSignalLevel called
04-04 12:06:09.633 864 864 D WifiManagerWrapper: calculateSignalLevel called
04-04 12:06:09.633 864 864 D AccessPointPreference: summary : MobileTest-5, Secured with WPA2 (WPS available)
04-04 12:06:09.633 864 864 E HtcPreference: [addPreference]:before size= 17
04-04 12:06:09.633 864 864 E HtcPreference: Thread =Thread[main,7,main]
04-04 12:06:09.633 864 864 E HtcPreference: [addPreference]:after size= 18
04-04 12:06:09.633 864 864 E HtcPreference: Thread =Thread[main,7,main]
04-04 12:06:09.634 864 864 D WifiManagerWrapper: calculateSignalLevel called
04-04 12:06:09.634 864 864 D WifiManagerWrapper: calculateSignalLevel called
04-04 12:06:09.634 864 864 D AccessPointPreference: summary : Ernest-sl-5, Secured with WPA2 (WPS available)
04-04 12:06:09.634 864 864 E HtcPreference: [addPreference]:before size= 18
04-04 12:06:09.634 864 864 E HtcPreference: Thread =Thread[main,7,main]
04-04 12:06:09.634 864 864 E HtcPreference: [addPreference]:after size= 19
04-04 12:06:09.634 864 864 E HtcPreference: Thread =Thread[main,7,main]
04-04 12:06:09.634 864 864 D WifiManagerWrapper: calculateSignalLevel called
04-04 12:06:09.635 864 864 D WifiManagerWrapper: calculateSignalLevel called
04-04 12:06:09.635 864 864 D AccessPointPreference: summary : Internet-Box-Weronika5GHz, Secured with WPA2
04-04 12:06:09.635 864 864 E HtcPreference: [addPreference]:before size= 19
04-04 12:06:09.635 864 864 E HtcPreference: Thread =Thread[main,7,main]
04-04 12:06:09.635 864 864 E HtcPreference: [addPreference]:after size= 20
04-04 12:06:09.635 864 864 E HtcPreference: Thread =Thread[main,7,main]
04-04 12:06:09.635 864 864 D WifiManagerWrapper: calculateSignalLevel called
04-04 12:06:09.636 864 864 D WifiManagerWrapper: calculateSignalLevel called
04-04 12:06:09.636 864 864 D AccessPointPreference: summary : my-0000E4,
04-04 12:06:09.636 864 864 E HtcPreference: [addPreference]:before size= 20
04-04 12:06:09.636 864 864 E HtcPreference: Thread =Thread[main,7,main]
04-04 12:06:09.636 864 864 E HtcPreference: [addPreference]:after size= 21
04-04 12:06:09.636 864 864 E HtcPreference: Thread =Thread[main,7,main]
04-04 12:06:09.636 864 3172 D WifiManagerWrapper: calculateSignalLevel called
04-04 12:06:09.636 864 864 D WifiManagerWrapper: calculateSignalLevel called
04-04 12:06:09.636 864 3172 D WifiManagerWrapper: calculateSignalLevel called
04-04 12:06:09.636 864 3172 D WifiManagerWrapper: calculateSignalLevel called
04-04 12:06:09.636 864 3172 D WifiManagerWrapper: calculateSignalLevel called
04-04 12:06:09.636 864 3172 D WifiManagerWrapper: calculateSignalLevel called
04-04 12:06:09.636 864 3172 D WifiManagerWrapper: calculateSignalLevel called
04-04 12:06:09.636 864 3172 D WifiManagerWrapper: calculateSignalLevel called
04-04 12:06:09.636 864 864 D WifiManagerWrapper: calculateSignalLevel called
04-04 12:06:09.636 864 3172 D WifiManagerWrapper: calculateSignalLevel called
04-04 12:06:09.636 864 864 D AccessPointPreference: summary : netia_izolatka, Secured with WPA2 (WPS available)
04-04 12:06:09.637 864 864 E HtcPreference: [addPreference]:before size= 21
04-04 12:06:09.637 864 864 E HtcPreference: Thread =Thread[main,7,main]
04-04 12:06:09.637 864 864 E HtcPreference: [addPreference]:after size= 22
04-04 12:06:09.637 864 3172 D AccessPointPreference: summary : Internet-Box-82451, Secured with WPA2 (WPS available)
04-04 12:06:09.637 864 864 E HtcPreference: Thread =Thread[main,7,main]
04-04 12:06:09.637 864 3172 D WifiManagerWrapper: calculateSignalLevel called
04-04 12:06:09.637 864 864 D WifiManagerWrapper: calculateSignalLevel called
04-04 12:06:09.637 864 3172 D WifiManagerWrapper: calculateSignalLevel called
04-04 12:06:09.637 864 3172 D WifiManagerWrapper: calculateSignalLevel called
04-04 12:06:09.637 864 3172 D WifiManagerWrapper: calculateSignalLevel called
04-04 12:06:09.637 864 3172 D WifiManagerWrapper: calculateSignalLevel called
04-04 12:06:09.637 864 864 D WifiManagerWrapper: calculateSignalLevel called
04-04 12:06:09.638 864 864 D AccessPointPreference: summary : Starlite-2.4GHz, Secured with WPA2 (WPS available)
04-04 12:06:09.638 864 864 E HtcPreference: [addPreference]:before size= 22
04-04 12:06:09.638 864 864 E HtcPreference: Thread =Thread[main,7,main]
04-04 12:06:09.638 864 864 E HtcPreference: [addPreference]:after size= 23
04-04 12:06:09.638 864 864 E HtcPreference: Thread =Thread[main,7,main]
04-04 12:06:09.638 864 864 D WifiManagerWrapper: calculateSignalLevel called
04-04 12:06:09.638 864 864 D WifiManagerWrapper: calculateSignalLevel called
04-04 12:06:09.638 864 864 D AccessPointPreference: summary : Internet-Box-IIIII, Secured with WPA2 (WPS available)
04-04 12:06:09.638 864 864 E HtcPreference: [addPreference]:before size= 23
04-04 12:06:09.638 864 864 E HtcPreference: Thread =Thread[main,7,main]
04-04 12:06:09.639 864 864 E HtcPreference: [addPreference]:after size= 24
04-04 12:06:09.639 864 864 E HtcPreference: Thread =Thread[main,7,main]
04-04 12:06:09.639 864 864 D WifiManagerWrapper: calculateSignalLevel called
04-04 12:06:09.639 864 3172 D WifiManagerWrapper: calculateSignalLevel called
04-04 12:06:09.639 864 3172 D WifiManagerWrapper: calculateSignalLevel called
04-04 12:06:09.639 864 864 D WifiManagerWrapper: calculateSignalLevel called
04-04 12:06:09.639 864 3172 D AccessPointPreference: summary : HAE-7days, Secured with WPA2 (WPS available)
04-04 12:06:09.639 864 3172 D WifiManagerWrapper: calculateSignalLevel called
04-04 12:06:09.639 864 3172 D WifiManagerWrapper: calculateSignalLevel called
04-04 12:06:09.639 864 3172 D WifiManagerWrapper: calculateSignalLevel called
04-04 12:06:09.639 864 864 D AccessPointPreference: summary : vestiacom_izolatka_5, Secured with 802.1x
04-04 12:06:09.639 864 864 E HtcPreference: [addPreference]:before size= 24
04-04 12:06:09.639 864 864 E HtcPreference: Thread =Thread[main,7,main]
04-04 12:06:09.639 864 864 E HtcPreference: [addPreference]:after size= 25
04-04 12:06:09.639 864 864 E HtcPreference: Thread =Thread[main,7,main]
04-04 12:06:09.639 864 864 D WifiManagerWrapper: calculateSignalLevel called
04-04 12:06:09.640 864 3172 D AccessPointPreference: summary : Internet-Box-Weronika, Secured with WPA2
04-04 12:06:09.640 864 3172 D WifiManagerWrapper: calculateSignalLevel called
04-04 12:06:09.640 864 3172 D WifiManagerWrapper: calculateSignalLevel called
04-04 12:06:09.640 864 3172 D WifiManagerWrapper: calculateSignalLevel called
04-04 12:06:09.640 864 864 D WifiManagerWrapper: calculateSignalLevel called
04-04 12:06:09.640 864 3172 D WifiManagerWrapper: calculateSignalLevel called
04-04 12:06:09.640 864 3172 D WifiManagerWrapper: calculateSignalLevel called
04-04 12:06:09.640 864 3172 D AccessPointPreference: summary : IBv2-SK, Secured with WPA2 (WPS available)
04-04 12:06:09.640 864 3172 D WifiManagerWrapper: calculateSignalLevel called
04-04 12:06:09.640 864 3172 D WifiManagerWrapper: calculateSignalLevel called
04-04 12:06:09.640 864 3172 D WifiManagerWrapper: calculateSignalLevel called
04-04 12:06:09.640 864 864 D AccessPointPreference: summary : SGv2-Michal-2G-CH7, Secured with WPA/WPA2 (WPS available)
04-04 12:06:09.640 864 3172 D WifiManagerWrapper: calculateSignalLevel called
04-04 12:06:09.640 864 864 E HtcPreference: [addPreference]:before size= 25
04-04 12:06:09.640 864 864 E HtcPreference: Thread =Thread[main,7,main]
04-04 12:06:09.641 864 864 E HtcPreference: [addPreference]:after size= 26
04-04 12:06:09.641 864 864 E HtcPreference: Thread =Thread[main,7,main]
04-04 12:06:09.641 864 864 D WifiManagerWrapper: calculateSignalLevel called
04-04 12:06:09.641 864 3172 D WifiManagerWrapper: calculateSignalLevel called
04-04 12:06:09.641 864 864 D WifiManagerWrapper: calculateSignalLevel called
04-04 12:06:09.641 864 3172 D AccessPointPreference: summary : v2krzysio-vlanid1, Secured with WPA2 (WPS available)
04-04 12:06:09.641 864 3172 D WifiManagerWrapper: calculateSignalLevel called
04-04 12:06:09.641 864 3172 D WifiManagerWrapper: calculateSignalLevel called
04-04 12:06:09.641 864 3172 D WifiManagerWrapper: calculateSignalLevel called
04-04 12:06:09.641 864 3172 D WifiManagerWrapper: calculateSignalLevel called
04-04 12:06:09.641 864 864 D AccessPointPreference: summary : monitoring_5ghz, Secured with WPA2 (WPS available)
04-04 12:06:09.641 864 864 E HtcPreference: [addPreference]:before size= 26
04-04 12:06:09.641 864 3172 D WifiManagerWrapper: calculateSignalLevel called
04-04 12:06:09.641 864 864 E HtcPreference: Thread =Thread[main,7,main]
04-04 12:06:09.641 864 864 E HtcPreference: [addPreference]:after size= 27
04-04 12:06:09.641 864 864 E HtcPreference: Thread =Thread[main,7,main]
04-04 12:06:09.641 864 864 D WifiManagerWrapper: calculateSignalLevel called
04-04 12:06:09.641 864 3172 D WifiManagerWrapper: calculateSignalLevel called
04-04 12:06:09.642 864 3172 D WifiManagerWrapper: calculateSignalLevel called
04-04 12:06:09.642 864 3172 D WifiManagerWrapper: calculateSignalLevel called
04-04 12:06:09.642 864 3172 D WifiManagerWrapper: calculateSignalLevel called
04-04 12:06:09.642 864 3172 D WifiManagerWrapper: calculateSignalLevel called
04-04 12:06:09.642 864 3172 D WifiManagerWrapper: calculateSignalLevel called
04-04 12:06:09.642 864 864 D WifiManagerWrapper: calculateSignalLevel called
04-04 12:06:09.642 864 864 D AccessPointPreference: summary : v1krzysio, Secured with WPA2 (WPS available)
04-04 12:06:09.642 864 864 E HtcPreference: [addPreference]:before size= 27
04-04 12:06:09.642 864 864 E HtcPreference: Thread =Thread[main,7,main]
04-04 12:06:09.642 864 864 E HtcPreference: [addPreference]:after size= 28
04-04 12:06:09.642 864 864 E HtcPreference: Thread =Thread[main,7,main]
04-04 12:06:09.642 864 3172 D AccessPointPreference: summary : Internet-Box-Weronika5GHz, Secured with WPA2
04-04 12:06:09.642 864 864 D WifiManagerWrapper: calculateSignalLevel called
04-04 12:06:09.642 864 3172 D WifiManagerWrapper: calculateSignalLevel called
04-04 12:06:09.642 864 3172 D WifiManagerWrapper: calculateSignalLevel called
04-04 12:06:09.642 864 3172 D WifiManagerWrapper: calculateSignalLevel called
04-04 12:06:09.643 864 864 D WifiManagerWrapper: calculateSignalLevel called
04-04 12:06:09.643 864 3172 D AccessPointPreference: summary : HAE-7days, Secured with WPA2 (WPS available)
04-04 12:06:09.643 864 864 D AccessPointPreference: summary : Internet-Box-Artur_5GHz, Secured with WPA2 (WPS available)
04-04 12:06:09.643 864 864 E HtcPreference: [addPreference]:before size= 28
04-04 12:06:09.643 864 3172 D WifiManagerWrapper: calculateSignalLevel called
04-04 12:06:09.643 864 864 E HtcPreference: Thread =Thread[main,7,main]
04-04 12:06:09.643 864 864 E HtcPreference: [addPreference]:after size= 29
04-04 12:06:09.643 864 3172 D WifiManagerWrapper: calculateSignalLevel called
04-04 12:06:09.643 864 864 E HtcPreference: Thread =Thread[main,7,main]
04-04 12:06:09.643 864 864 D WifiManagerWrapper: calculateSignalLevel called
04-04 12:06:09.643 864 3172 D WifiManagerWrapper: calculateSignalLevel called
04-04 12:06:09.643 864 3172 D AccessPointPreference: summary : Internet-Box-82451_5GHz, Secured with WPA2 (WPS available)
04-04 12:06:09.643 864 864 D WifiManagerWrapper: calculateSignalLevel called
04-04 12:06:09.643 864 3172 D WifiManagerWrapper: calculateSignalLevel called
04-04 12:06:09.643 864 3172 D WifiManagerWrapper: calculateSignalLevel called
04-04 12:06:09.643 864 3172 D WifiManagerWrapper: calculateSignalLevel called
04-04 12:06:09.644 864 864 D AccessPointPreference: summary : SGv2-Michal-5G-CH40, Secured with WPA/WPA2 (WPS available)
04-04 12:06:09.644 864 864 E HtcPreference: [addPreference]:before size= 29
04-04 12:06:09.644 864 864 E HtcPreference: Thread =Thread[main,7,main]
04-04 12:06:09.644 864 864 E HtcPreference: [addPreference]:after size= 30
04-04 12:06:09.644 864 864 E HtcPreference: Thread =Thread[main,7,main]
04-04 12:06:09.644 864 864 D WifiManagerWrapper: calculateSignalLevel called
04-04 12:06:09.644 864 3172 D AccessPointPreference: summary : v2krzysio-vlanid1, Secured with WPA2 (WPS available)
04-04 12:06:09.644 864 3172 D WifiManagerWrapper: calculateSignalLevel called
04-04 12:06:09.644 864 3172 D WifiManagerWrapper: calculateSignalLevel called
04-04 12:06:09.644 864 3172 D WifiManagerWrapper: calculateSignalLevel called
04-04 12:06:09.644 864 864 D WifiManagerWrapper: calculateSignalLevel called
04-04 12:06:09.644 864 864 D AccessPointPreference: summary : Internet-Box-47068_5GHz, Secured with WPA2 (WPS available)
04-04 12:06:09.644 864 864 E HtcPreference: [addPreference]:before size= 30
04-04 12:06:09.645 864 864 E HtcPreference: Thread =Thread[main,7,main]
04-04 12:06:09.645 864 3172 D AccessPointPreference: summary : WLAN_Repeater_N263, Secured with WPA2 (WPS available)
04-04 12:06:09.645 864 864 E HtcPreference: [addPreference]:after size= 31
04-04 12:06:09.645 864 864 E HtcPreference: Thread =Thread[main,7,main]
04-04 12:06:09.645 864 3172 D WifiManagerWrapper: calculateSignalLevel called
04-04 12:06:09.645 864 864 D WifiManagerWrapper: calculateSignalLevel called
04-04 12:06:09.645 864 3172 D WifiManagerWrapper: calculateSignalLevel called
04-04 12:06:09.645 864 3172 D WifiManagerWrapper: calculateSignalLevel called
04-04 12:06:09.645 864 3172 D WifiManagerWrapper: calculateSignalLevel called
04-04 12:06:09.645 864 3172 D WifiManagerWrapper: calculateSignalLevel called
04-04 12:06:09.645 864 864 D WifiManagerWrapper: calculateSignalLevel called
04-04 12:06:09.645 864 3172 D AccessPointPreference: summary : Dzbanek-v1, Secured with WPA2 (WPS available)
04-04 12:06:09.645 864 3172 D WifiManagerWrapper: calculateSignalLevel called
04-04 12:06:09.645 864 3172 D WifiManagerWrapper: calculateSignalLevel called
04-04 12:06:09.645 864 864 D AccessPointPreference: summary : SL-SK, Secured with WPA2 (WPS available)
04-04 12:06:09.645 864 3172 D WifiManagerWrapper: calculateSignalLevel called
04-04 12:06:09.645 864 864 E HtcPreference: [addPreference]:before size= 31
04-04 12:06:09.645 864 864 E HtcPreference: Thread =Thread[main,7,main]
04-04 12:06:09.645 864 864 E HtcPreference: [addPreference]:after size= 32
04-04 12:06:09.645 864 864 E HtcPreference: Thread =Thread[main,7,main]
04-04 12:06:09.645 864 864 D WifiManagerWrapper: calculateSignalLevel called
04-04 12:06:09.646 864 3172 D AccessPointPreference: summary : Internet-Box-47068_5GHz, Secured with WPA2 (WPS available)
04-04 12:06:09.646 864 3172 D WifiManagerWrapper: calculateSignalLevel called
04-04 12:06:09.646 864 3172 D WifiManagerWrapper: calculateSignalLevel called
04-04 12:06:09.646 864 3172 D WifiManagerWrapper: calculateSignalLevel called
04-04 12:06:09.646 864 864 D WifiManagerWrapper: calculateSignalLevel called
04-04 12:06:09.646 864 3172 D WifiManagerWrapper: calculateSignalLevel called
04-04 12:06:09.646 864 3172 D WifiManagerWrapper: calculateSignalLevel called
04-04 12:06:09.646 864 3172 D AccessPointPreference: summary : my-0000E4,
04-04 12:06:09.646 864 3172 D WifiManagerWrapper: calculateSignalLevel called
04-04 12:06:09.646 864 3172 D WifiManagerWrapper: calculateSignalLevel called
04-04 12:06:09.646 864 864 D AccessPointPreference: summary : Internet-Box-Irek-5GHz, Secured with WPA/WPA2 (WPS available)
04-04 12:06:09.646 864 3172 D WifiManagerWrapper: calculateSignalLevel called
04-04 12:06:09.646 864 864 E HtcPreference: [addPreference]:before size= 32
04-04 12:06:09.646 864 864 E HtcPreference: Thread =Thread[main,7,main]
04-04 12:06:09.646 864 864 E HtcPreference: [addPreference]:after size= 33
04-04 12:06:09.646 864 864 E HtcPreference: Thread =Thread[main,7,main]
04-04 12:06:09.646 864 864 D WifiManagerWrapper: calculateSignalLevel called
04-04 12:06:09.646 864 3172 D AccessPointPreference: summary : v2krzysio-vlanid1, Secured with WPA2 (WPS available)
04-04 12:06:09.646 864 3172 D WifiManagerWrapper: calculateSignalLevel called
04-04 12:06:09.646 864 3172 D WifiManagerWrapper: calculateSignalLevel called
04-04 12:06:09.646 864 864 D WifiManagerWrapper: calculateSignalLevel called
04-04 12:06:09.646 864 3172 D WifiManagerWrapper: calculateSignalLevel called
04-04 12:06:09.646 864 864 D AccessPointPreference: summary : my-00B150,
04-04 12:06:09.647 864 864 E HtcPreference: [addPreference]:before size= 33
04-04 12:06:09.647 864 864 E HtcPreference: Thread =Thread[main,7,main]
04-04 12:06:09.647 864 864 E HtcPreference: [addPreference]:after size= 34
04-04 12:06:09.647 864 864 E HtcPreference: Thread =Thread[main,7,main]
04-04 12:06:09.647 864 864 D WifiManagerWrapper: calculateSignalLevel called
04-04 12:06:09.647 864 3172 D AccessPointPreference: summary : Ernest-sl-5, Secured with WPA2 (WPS available)
04-04 12:06:09.647 864 3172 D WifiManagerWrapper: calculateSignalLevel called
04-04 12:06:09.647 864 3172 D WifiManagerWrapper: calculateSignalLevel called
04-04 12:06:09.647 864 864 D WifiManagerWrapper: calculateSignalLevel called
04-04 12:06:09.647 864 864 D AccessPointPreference: summary : vestiacom_guest_5, Secured with WPA2 (WPS available)
04-04 12:06:09.647 864 864 E HtcPreference: [addPreference]:before size= 34
04-04 12:06:09.647 864 864 E HtcPreference: Thread =Thread[main,7,main]
04-04 12:06:09.647 864 864 E HtcPreference: [addPreference]:after size= 35
04-04 12:06:09.647 864 864 E HtcPreference: Thread =Thread[main,7,main]
04-04 12:06:09.647 864 864 D WifiManagerWrapper: calculateSignalLevel called
04-04 12:06:09.648 864 864 D WifiManagerWrapper: calculateSignalLevel called
04-04 12:06:09.648 864 864 D AccessPointPreference: summary : Internet-Box-Starlink, Secured with WPA2 (WPS available)
04-04 12:06:09.648 864 864 E HtcPreference: [addPreference]:before size= 35
04-04 12:06:09.648 864 864 E HtcPreference: Thread =Thread[main,7,main]
04-04 12:06:09.648 864 864 E HtcPreference: [addPreference]:after size= 36
04-04 12:06:09.648 864 864 E HtcPreference: Thread =Thread[main,7,main]
04-04 12:06:09.648 864 864 D WifiManagerWrapper: calculateSignalLevel called
04-04 12:06:09.649 864 864 D WifiManagerWrapper: calculateSignalLevel called
04-04 12:06:09.649 864 864 D AccessPointPreference: summary : SGv1-Julia-5G-c6, Secured with WPA2 (WPS available)
04-04 12:06:09.649 864 864 E HtcPreference: [addPreference]:before size= 36
04-04 12:06:09.649 864 864 E HtcPreference: Thread =Thread[main,7,main]
04-04 12:06:09.649 864 864 E HtcPreference: [addPreference]:after size= 37
04-04 12:06:09.649 864 864 E HtcPreference: Thread =Thread[main,7,main]
04-04 12:06:09.649 864 864 D WifiManagerWrapper: calculateSignalLevel called
04-04 12:06:09.649 864 864 D WifiManagerWrapper: calculateSignalLevel called
04-04 12:06:09.650 864 864 D AccessPointPreference: summary : Eniro, Secured with 802.1x
04-04 12:06:09.650 864 864 E HtcPreference: [addPreference]:before size= 37
04-04 12:06:09.650 864 864 E HtcPreference: Thread =Thread[main,7,main]
04-04 12:06:09.650 864 864 E HtcPreference: [addPreference]:after size= 38
04-04 12:06:09.650 864 864 E HtcPreference: Thread =Thread[main,7,main]
04-04 12:06:09.650 864 864 D WifiManagerWrapper: calculateSignalLevel called
04-04 12:06:09.650 864 864 D WifiManagerWrapper: calculateSignalLevel called
04-04 12:06:09.650 864 864 D AccessPointPreference: summary : Starlite-5GHz, Secured with WPA2 (WPS available)
04-04 12:06:09.650 864 864 E HtcPreference: [addPreference]:before size= 38
04-04 12:06:09.650 864 864 E HtcPreference: Thread =Thread[main,7,main]
04-04 12:06:09.650 864 864 E HtcPreference: [addPreference]:after size= 39
04-04 12:06:09.650 864 864 E HtcPreference: Thread =Thread[main,7,main]
04-04 12:06:09.651 864 864 D WifiManagerWrapper: calculateSignalLevel called
04-04 12:06:09.651 864 864 D WifiManagerWrapper: calculateSignalLevel called
04-04 12:06:09.651 864 864 D AccessPointPreference: summary : netia_izolatka_5, Secured with WPA2 (WPS available)
04-04 12:06:09.651 864 864 E HtcPreference: [addPreference]:before size= 39
04-04 12:06:09.651 864 864 E HtcPreference: Thread =Thread[main,7,main]
04-04 12:06:09.651 864 864 E HtcPreference: [addPreference]:after size= 40
04-04 12:06:09.651 864 864 E HtcPreference: Thread =Thread[main,7,main]
04-04 12:06:09.651 864 864 D WifiManagerWrapper: calculateSignalLevel called
04-04 12:06:09.652 864 864 D WifiManagerWrapper: calculateSignalLevel called
04-04 12:06:09.652 864 864 D AccessPointPreference: summary : Internet-Box-CapSel, Secured with WPA2 (WPS available)
04-04 12:06:09.652 864 864 E HtcPreference: [addPreference]:before size= 40
04-04 12:06:09.652 864 864 E HtcPreference: Thread =Thread[main,7,main]
04-04 12:06:09.652 864 864 E HtcPreference: [addPreference]:after size= 41
04-04 12:06:09.652 864 864 E HtcPreference: Thread =Thread[main,7,main]
04-04 12:06:09.652 864 864 D WifiManagerWrapper: calculateSignalLevel called
04-04 12:06:09.655 864 864 D WifiManagerWrapper: calculateSignalLevel called
04-04 12:06:09.656 864 864 D AccessPointPreference: summary : vestiacom-5g, Secured with 802.1x
04-04 12:06:09.656 864 864 E HtcPreference: [addPreference]:before size= 41
04-04 12:06:09.656 864 864 E HtcPreference: Thread =Thread[main,7,main]
04-04 12:06:09.656 864 864 E HtcPreference: [addPreference]:after size= 42
04-04 12:06:09.656 864 864 E HtcPreference: Thread =Thread[main,7,main]
04-04 12:06:09.656 864 864 D WifiManagerWrapper: calculateSignalLevel called
04-04 12:06:09.656 864 864 D WifiManagerWrapper: calculateSignalLevel called
04-04 12:06:09.656 864 864 D AccessPointPreference: summary : Internet-Box-Karol, Secured with WPA2 (WPS available)
04-04 12:06:09.656 864 864 E HtcPreference: [addPreference]:before size= 42
04-04 12:06:09.657 864 864 E HtcPreference: Thread =Thread[main,7,main]
04-04 12:06:09.657 864 864 E HtcPreference: [addPreference]:after size= 43
04-04 12:06:09.657 864 864 E HtcPreference: Thread =Thread[main,7,main]
04-04 12:06:09.657 864 864 D WifiManagerWrapper: calculateSignalLevel called
04-04 12:06:09.657 864 864 D WifiManagerWrapper: calculateSignalLevel called
04-04 12:06:09.657 864 864 D AccessPointPreference: summary : wb szl, Secured with WPA2
04-04 12:06:09.657 864 864 E HtcPreference: [addPreference]:before size= 43
04-04 12:06:09.657 864 864 E HtcPreference: Thread =Thread[main,7,main]
04-04 12:06:09.657 864 864 E HtcPreference: [addPreference]:after size= 44
04-04 12:06:09.657 864 864 E HtcPreference: Thread =Thread[main,7,main]
04-04 12:06:09.657 864 864 D WifiManagerWrapper: calculateSignalLevel called
04-04 12:06:09.658 864 864 D WifiManagerWrapper: calculateSignalLevel called
04-04 12:06:09.658 864 864 D AccessPointPreference: summary : SGv1_Irek_5Ghz, Secured with WPA2 (WPS available)
04-04 12:06:09.658 864 864 E HtcPreference: [addPreference]:before size= 44
04-04 12:06:09.658 864 864 E HtcPreference: Thread =Thread[main,7,main]
04-04 12:06:09.658 864 864 E HtcPreference: [addPreference]:after size= 45
04-04 12:06:09.658 864 864 E HtcPreference: Thread =Thread[main,7,main]
04-04 12:06:09.661 2037 2037 D HTCIMEService: This created at onFinishInput()
04-04 12:06:09.662 864 864 D WifiManagerWrapper: Lookup string definition:"EXTRA_NETWORK_ID", result:"networkID"
04-04 12:06:09.662 864 3170 D Settings:HtcWifiWidgetEnabler: get debug: null , state=IDLE
04-04 12:06:09.663 864 3170 D Settings:HtcWifiWidgetEnabler: get debug: null , state=SCANNING
04-04 12:06:09.663 864 3170 D Settings:HtcWifiWidgetEnabler: get debug: null , state=SCANNING
04-04 12:06:09.737 864 3172 D HtcWifiTracker: connection info-SSID: , BSSID: 00:00:00:00:00:00, Supplicant state: SCANNING, RSSI: -127, Link speed: -1Mbps, Frequency: -1MHz, Net ID: -1, Metered hint: false, score: 0
04-04 12:06:09.742 864 3172 D HtcWifiTracker: connection info-SSID: , BSSID: 00:00:00:00:00:00, Supplicant state: SCANNING, RSSI: -127, Link speed: -1Mbps, Frequency: -1MHz, Net ID: -1, Metered hint: false, score: 0
04-04 12:06:09.750 864 880 E Surface : getSlotFromBufferLocked: unknown buffer: 0xb84ff0f0
04-04 12:06:09.755 864 864 E HtcPreference: [removeAll]:before size= 45
04-04 12:06:09.755 864 864 E HtcPreference: Thread =Thread[main,7,main]
04-04 12:06:09.755 864 864 E HtcPreference: [removeAll]:after size= 0
04-04 12:06:09.755 864 864 E HtcPreference: Thread =Thread[main,7,main]
04-04 12:06:09.755 864 864 D WifiManagerWrapper: calculateSignalLevel called
04-04 12:06:09.755 864 864 E HtcPreference: [addPreference]:before size= 0
04-04 12:06:09.755 864 864 E HtcPreference: Thread =Thread[main,7,main]
04-04 12:06:09.755 864 864 E HtcPreference: [addPreference]:after size= 1
04-04 12:06:09.755 864 864 E HtcPreference: Thread =Thread[main,7,main]
04-04 12:06:09.755 864 864 D WifiManagerWrapper: calculateSignalLevel called
04-04 12:06:09.755 864 864 E HtcPreference: [addPreference]:before size= 1
04-04 12:06:09.755 864 864 E HtcPreference: Thread =Thread[main,7,main]
04-04 12:06:09.755 864 864 E HtcPreference: [addPreference]:after size= 2
04-04 12:06:09.755 864 864 E HtcPreference: Thread =Thread[main,7,main]
04-04 12:06:09.755 864 864 D WifiManagerWrapper: calculateSignalLevel called
04-04 12:06:09.755 864 864 E HtcPreference: [addPreference]:before size= 2
04-04 12:06:09.755 864 864 E HtcPreference: Thread =Thread[main,7,main]
04-04 12:06:09.755 864 864 E HtcPreference: [addPreference]:after size= 3
04-04 12:06:09.755 864 864 E HtcPreference: Thread =Thread[main,7,main]
04-04 12:06:09.755 864 864 D WifiManagerWrapper: calculateSignalLevel called
04-04 12:06:09.755 864 864 E HtcPreference: [addPreference]:before size= 3
04-04 12:06:09.755 864 864 E HtcPreference: Thread =Thread[main,7,main]
04-04 12:06:09.755 864 864 E HtcPreference: [addPreference]:after size= 4
04-04 12:06:09.755 864 864 E HtcPreference: Thread =Thread[main,7,main]
04-04 12:06:09.755 864 864 D WifiManagerWrapper: calculateSignalLevel called
04-04 12:06:09.755 864 864 E HtcPreference: [addPreference]:before size= 4
04-04 12:06:09.755 864 864 E HtcPreference: Thread =Thread[main,7,main]
04-04 12:06:09.756 864 864 E HtcPreference: [addPreference]:after size= 5
04-04 12:06:09.756 864 864 E HtcPreference: Thread =Thread[main,7,main]
04-04 12:06:09.756 864 864 D WifiManagerWrapper: calculateSignalLevel called
04-04 12:06:09.756 864 864 E HtcPreference: [addPreference]:before size= 5
04-04 12:06:09.756 864 864 E HtcPreference: Thread =Thread[main,7,main]
04-04 12:06:09.756 864 864 E HtcPreference: [addPreference]:after size= 6
04-04 12:06:09.756 864 864 E HtcPreference: Thread =Thread[main,7,main]
04-04 12:06:09.756 864 864 D WifiManagerWrapper: calculateSignalLevel called
04-04 12:06:09.756 864 864 E HtcPreference: [addPreference]:before size= 6
04-04 12:06:09.756 864 864 E HtcPreference: Thread =Thread[main,7,main]
04-04 12:06:09.756 864 864 E HtcPreference: [addPreference]:after size= 7
04-04 12:06:09.756 864 864 E HtcPreference: Thread =Thread[main,7,main]
04-04 12:06:09.756 864 864 D WifiManagerWrapper: calculateSignalLevel called
04-04 12:06:09.756 864 864 E HtcPreference: [addPreference]:before size= 7
04-04 12:06:09.756 864 864 E HtcPreference: Thread =Thread[main,7,main]
04-04 12:06:09.756 864 864 E HtcPreference: [addPreference]:after size= 8
04-04 12:06:09.756 864 864 E HtcPreference: Thread =Thread[main,7,main]
04-04 12:06:09.756 864 864 D WifiManagerWrapper: calculateSignalLevel called
04-04 12:06:09.756 864 864 E HtcPreference: [addPreference]:before size= 8
04-04 12:06:09.756 864 864 E HtcPreference: Thread =Thread[main,7,main]
04-04 12:06:09.756 864 864 E HtcPreference: [addPreference]:after size= 9
04-04 12:06:09.756 864 864 E HtcPreference: Thread =Thread[main,7,main]
04-04 12:06:09.756 864 864 D WifiManagerWrapper: calculateSignalLevel called
04-04 12:06:09.756 864 864 E HtcPreference: [addPreference]:before size= 9
04-04 12:06:09.756 864 864 E HtcPreference: Thread =Thread[main,7,main]
04-04 12:06:09.756 864 864 E HtcPreference: [addPreference]:after size= 10
04-04 12:06:09.756 864 864 E HtcPreference: Thread =Thread[main,7,main]
04-04 12:06:09.756 864 864 D WifiManagerWrapper: calculateSignalLevel called
04-04 12:06:09.756 864 864 E HtcPreference: [addPreference]:before size= 10
04-04 12:06:09.756 864 864 E HtcPreference: Thread =Thread[main,7,main]
04-04 12:06:09.756 864 864 E HtcPreference: [addPreference]:after size= 11
04-04 12:06:09.756 864 864 E HtcPreference: Thread =Thread[main,7,main]
04-04 12:06:09.756 864 864 D WifiManagerWrapper: calculateSignalLevel called
04-04 12:06:09.756 864 864 E HtcPreference: [addPreference]:before size= 11
04-04 12:06:09.756 864 864 E HtcPreference: Thread =Thread[main,7,main]
04-04 12:06:09.757 864 864 E HtcPreference: [addPreference]:after size= 12
04-04 12:06:09.757 864 864 E HtcPreference: Thread =Thread[main,7,main]
04-04 12:06:09.757 864 864 D WifiManagerWrapper: calculateSignalLevel called
04-04 12:06:09.757 864 864 E HtcPreference: [addPreference]:before size= 12
04-04 12:06:09.757 864 864 E HtcPreference: Thread =Thread[main,7,main]
04-04 12:06:09.757 864 864 E HtcPreference: [addPreference]:after size= 13
04-04 12:06:09.757 864 864 E HtcPreference: Thread =Thread[main,7,main]
04-04 12:06:09.757 864 864 D WifiManagerWrapper: calculateSignalLevel called
04-04 12:06:09.757 864 864 E HtcPreference: [addPreference]:before size= 13
04-04 12:06:09.757 864 864 E HtcPreference: Thread =Thread[main,7,main]
04-04 12:06:09.757 864 864 E HtcPreference: [addPreference]:after size= 14
04-04 12:06:09.757 864 864 E HtcPreference: Thread =Thread[main,7,main]
04-04 12:06:09.757 864 864 D WifiManagerWrapper: calculateSignalLevel called
04-04 12:06:09.757 864 864 E HtcPreference: [addPreference]:before size= 14
04-04 12:06:09.757 864 864 E HtcPreference: Thread =Thread[main,7,main]
04-04 12:06:09.757 864 864 E HtcPreference: [addPreference]:after size= 15
04-04 12:06:09.757 864 864 E HtcPreference: Thread =Thread[main,7,main]
04-04 12:06:09.757 864 864 D WifiManagerWrapper: calculateSignalLevel called
04-04 12:06:09.757 864 864 E HtcPreference: [addPreference]:before size= 15
04-04 12:06:09.757 864 864 E HtcPreference: Thread =Thread[main,7,main]
04-04 12:06:09.757 864 864 E HtcPreference: [addPreference]:after size= 16
04-04 12:06:09.757 864 864 E HtcPreference: Thread =Thread[main,7,main]
04-04 12:06:09.758 864 864 D WifiManagerWrapper: calculateSignalLevel called
04-04 12:06:09.758 864 864 E HtcPreference: [addPreference]:before size= 16
04-04 12:06:09.758 864 864 E HtcPreference: Thread =Thread[main,7,main]
04-04 12:06:09.758 864 864 E HtcPreference: [addPreference]:after size= 17
04-04 12:06:09.758 864 864 E HtcPreference: Thread =Thread[main,7,main]
04-04 12:06:09.758 864 864 D WifiManagerWrapper: calculateSignalLevel called
04-04 12:06:09.758 864 864 E HtcPreference: [addPreference]:before size= 17
04-04 12:06:09.759 864 864 E HtcPreference: Thread =Thread[main,7,main]
04-04 12:06:09.759 864 864 E HtcPreference: [addPreference]:after size= 18
04-04 12:06:09.759 864 864 E HtcPreference: Thread =Thread[main,7,main]
04-04 12:06:09.759 864 864 D WifiManagerWrapper: calculateSignalLevel called
04-04 12:06:09.759 864 864 E HtcPreference: [addPreference]:before size= 18
04-04 12:06:09.759 864 864 E HtcPreference: Thread =Thread[main,7,main]
04-04 12:06:09.759 864 864 E HtcPreference: [addPreference]:after size= 19
04-04 12:06:09.759 864 864 E HtcPreference: Thread =Thread[main,7,main]
04-04 12:06:09.759 864 864 D WifiManagerWrapper: calculateSignalLevel called
04-04 12:06:09.759 864 864 E HtcPreference: [addPreference]:before size= 19
04-04 12:06:09.759 864 864 E HtcPreference: Thread =Thread[main,7,main]
04-04 12:06:09.759 864 864 E HtcPreference: [addPreference]:after size= 20
04-04 12:06:09.759 864 864 E HtcPreference: Thread =Thread[main,7,main]
04-04 12:06:09.759 864 864 D WifiManagerWrapper: calculateSignalLevel called
04-04 12:06:09.759 864 864 E HtcPreference: [addPreference]:before size= 20
04-04 12:06:09.759 864 864 E HtcPreference: Thread =Thread[main,7,main]
04-04 12:06:09.759 864 864 E HtcPreference: [addPreference]:after size= 21
04-04 12:06:09.759 864 864 E HtcPreference: Thread =Thread[main,7,main]
04-04 12:06:09.759 864 864 D WifiManagerWrapper: calculateSignalLevel called
04-04 12:06:09.759 864 864 E HtcPreference: [addPreference]:before size= 21
04-04 12:06:09.759 864 864 E HtcPreference: Thread =Thread[main,7,main]
04-04 12:06:09.759 864 864 E HtcPreference: [addPreference]:after size= 22
04-04 12:06:09.759 864 864 E HtcPreference: Thread =Thread[main,7,main]
04-04 12:06:09.759 864 864 D WifiManagerWrapper: calculateSignalLevel called
04-04 12:06:09.759 864 864 E HtcPreference: [addPreference]:before size= 22
04-04 12:06:09.759 864 864 E HtcPreference: Thread =Thread[main,7,main]
04-04 12:06:09.759 864 864 E HtcPreference: [addPreference]:after size= 23
04-04 12:06:09.759 864 864 E HtcPreference: Thread =Thread[main,7,main]
04-04 12:06:09.759 864 864 D WifiManagerWrapper: calculateSignalLevel called
04-04 12:06:09.760 864 864 E HtcPreference: [addPreference]:before size= 23
04-04 12:06:09.760 864 864 E HtcPreference: Thread =Thread[main,7,main]
04-04 12:06:09.760 864 864 E HtcPreference: [addPreference]:after size= 24
04-04 12:06:09.760 864 864 E HtcPreference: Thread =Thread[main,7,main]
04-04 12:06:09.760 864 864 D WifiManagerWrapper: calculateSignalLevel called
04-04 12:06:09.760 864 864 E HtcPreference: [addPreference]:before size= 24
04-04 12:06:09.760 864 864 E HtcPreference: Thread =Thread[main,7,main]
04-04 12:06:09.760 864 864 E HtcPreference: [addPreference]:after size= 25
04-04 12:06:09.760 864 864 E HtcPreference: Thread =Thread[main,7,main]
04-04 12:06:09.760 864 864 D WifiManagerWrapper: calculateSignalLevel called
04-04 12:06:09.760 864 864 E HtcPreference: [addPreference]:before size= 25
04-04 12:06:09.760 864 864 E HtcPreference: Thread =Thread[main,7,main]
04-04 12:06:09.760 864 864 E HtcPreference: [addPreference]:after size= 26
04-04 12:06:09.760 864 864 E HtcPreference: Thread =Thread[main,7,main]
04-04 12:06:09.760 864 864 D WifiManagerWrapper: calculateSignalLevel called
04-04 12:06:09.760 864 864 E HtcPreference: [addPreference]:before size= 26
04-04 12:06:09.760 864 864 E HtcPreference: Thread =Thread[main,7,main]
04-04 12:06:09.760 864 864 E HtcPreference: [addPreference]:after size= 27
04-04 12:06:09.760 864 864 E HtcPreference: Thread =Thread[main,7,main]
04-04 12:06:09.760 864 864 D WifiManagerWrapper: calculateSignalLevel called
04-04 12:06:09.760 864 864 E HtcPreference: [addPreference]:before size= 27
04-04 12:06:09.760 864 864 E HtcPreference: Thread =Thread[main,7,main]
04-04 12:06:09.760 864 864 E HtcPreference: [addPreference]:after size= 28
04-04 12:06:09.760 864 864 E HtcPreference: Thread =Thread[main,7,main]
04-04 12:06:09.760 864 864 D WifiManagerWrapper: calculateSignalLevel called
04-04 12:06:09.760 864 864 E HtcPreference: [addPreference]:before size= 28
04-04 12:06:09.760 864 864 E HtcPreference: Thread =Thread[main,7,main]
04-04 12:06:09.760 864 864 E HtcPreference: [addPreference]:after size= 29
04-04 12:06:09.760 864 864 E HtcPreference: Thread =Thread[main,7,main]
04-04 12:06:09.760 864 864 D WifiManagerWrapper: calculateSignalLevel called
04-04 12:06:09.760 864 864 E HtcPreference: [addPreference]:before size= 29
04-04 12:06:09.761 864 864 E HtcPreference: Thread =Thread[main,7,main]
04-04 12:06:09.761 864 864 E HtcPreference: [addPreference]:after size= 30
04-04 12:06:09.761 864 864 E HtcPreference: Thread =Thread[main,7,main]
04-04 12:06:09.761 864 864 D WifiManagerWrapper: calculateSignalLevel called
04-04 12:06:09.761 864 864 E HtcPreference: [addPreference]:before size= 30
04-04 12:06:09.761 864 864 E HtcPreference: Thread =Thread[main,7,main]
04-04 12:06:09.761 864 864 E HtcPreference: [addPreference]:after size= 31
04-04 12:06:09.761 864 864 E HtcPreference: Thread =Thread[main,7,main]
04-04 12:06:09.761 864 864 D WifiManagerWrapper: calculateSignalLevel called
04-04 12:06:09.761 864 864 E HtcPreference: [addPreference]:before size= 31
04-04 12:06:09.761 864 864 E HtcPreference: Thread =Thread[main,7,main]
04-04 12:06:09.761 864 864 E HtcPreference: [addPreference]:after size= 32
04-04 12:06:09.761 864 864 E HtcPreference: Thread =Thread[main,7,main]
04-04 12:06:09.761 864 864 D WifiManagerWrapper: calculateSignalLevel called
04-04 12:06:09.761 864 864 E HtcPreference: [addPreference]:before size= 32
04-04 12:06:09.761 864 864 E HtcPreference: Thread =Thread[main,7,main]
04-04 12:06:09.761 864 864 E HtcPreference: [addPreference]:after size= 33
04-04 12:06:09.761 864 864 E HtcPreference: Thread =Thread[main,7,main]
04-04 12:06:09.761 864 864 D WifiManagerWrapper: calculateSignalLevel called
04-04 12:06:09.761 864 864 E HtcPreference: [addPreference]:before size= 33
04-04 12:06:09.761 864 864 E HtcPreference: Thread =Thread[main,7,main]
04-04 12:06:09.761 864 864 E HtcPreference: [addPreference]:after size= 34
04-04 12:06:09.761 864 864 E HtcPreference: Thread =Thread[main,7,main]
04-04 12:06:09.761 864 864 D WifiManagerWrapper: calculateSignalLevel called
04-04 12:06:09.761 864 864 E HtcPreference: [addPreference]:before size= 34
04-04 12:06:09.761 864 864 E HtcPreference: Thread =Thread[main,7,main]
04-04 12:06:09.761 864 864 E HtcPreference: [addPreference]:after size= 35
04-04 12:06:09.761 864 864 E HtcPreference: Thread =Thread[main,7,main]
04-04 12:06:09.761 864 864 D WifiManagerWrapper: calculateSignalLevel called
04-04 12:06:09.761 864 864 E HtcPreference: [addPreference]:before size= 35
04-04 12:06:09.762 864 864 E HtcPreference: Thread =Thread[main,7,main]
04-04 12:06:09.762 864 864 E HtcPreference: [addPreference]:after size= 36
04-04 12:06:09.762 864 864 E HtcPreference: Thread =Thread[main,7,main]
04-04 12:06:09.762 864 864 D WifiManagerWrapper: calculateSignalLevel called
04-04 12:06:09.762 864 864 E HtcPreference: [addPreference]:before size= 36
04-04 12:06:09.762 864 864 E HtcPreference: Thread =Thread[main,7,main]
04-04 12:06:09.762 864 864 E HtcPreference: [addPreference]:after size= 37
04-04 12:06:09.762 864 864 E HtcPreference: Thread =Thread[main,7,main]
04-04 12:06:09.762 864 864 D WifiManagerWrapper: calculateSignalLevel called
04-04 12:06:09.762 864 864 E HtcPreference: [addPreference]:before size= 37
04-04 12:06:09.762 864 864 E HtcPreference: Thread =Thread[main,7,main]
04-04 12:06:09.762 864 864 E HtcPreference: [addPreference]:after size= 38
04-04 12:06:09.762 864 864 E HtcPreference: Thread =Thread[main,7,main]
04-04 12:06:09.762 864 864 D WifiManagerWrapper: calculateSignalLevel called
04-04 12:06:09.762 864 864 E HtcPreference: [addPreference]:before size= 38
04-04 12:06:09.762 864 864 E HtcPreference: Thread =Thread[main,7,main]
04-04 12:06:09.762 864 864 E HtcPreference: [addPreference]:after size= 39
04-04 12:06:09.762 864 864 E HtcPreference: Thread =Thread[main,7,main]
04-04 12:06:09.762 864 864 D WifiManagerWrapper: calculateSignalLevel called
04-04 12:06:09.762 864 864 E HtcPreference: [addPreference]:before size= 39
04-04 12:06:09.762 864 864 E HtcPreference: Thread =Thread[main,7,main]
04-04 12:06:09.762 864 864 E HtcPreference: [addPreference]:after size= 40
04-04 12:06:09.762 864 864 E HtcPreference: Thread =Thread[main,7,main]
04-04 12:06:09.762 864 864 D WifiManagerWrapper: calculateSignalLevel called
04-04 12:06:09.762 864 864 E HtcPreference: [addPreference]:before size= 40
04-04 12:06:09.762 864 864 E HtcPreference: Thread =Thread[main,7,main]
04-04 12:06:09.762 864 864 E HtcPreference: [addPreference]:after size= 41
04-04 12:06:09.762 864 864 E HtcPreference: Thread =Thread[main,7,main]
04-04 12:06:09.762 864 864 D WifiManagerWrapper: calculateSignalLevel called
04-04 12:06:09.762 864 864 E HtcPreference: [addPreference]:before size= 41
04-04 12:06:09.762 864 864 E HtcPreference: Thread =Thread[main,7,main]
04-04 12:06:09.762 864 864 E HtcPreference: [addPreference]:after size= 42
04-04 12:06:09.762 864 864 E HtcPreference: Thread =Thread[main,7,main]
04-04 12:06:09.763 864 864 D WifiManagerWrapper: calculateSignalLevel called
04-04 12:06:09.763 864 864 E HtcPreference: [addPreference]:before size= 42
04-04 12:06:09.763 864 864 E HtcPreference: Thread =Thread[main,7,main]
04-04 12:06:09.763 864 864 E HtcPreference: [addPreference]:after size= 43
04-04 12:06:09.763 864 864 E HtcPreference: Thread =Thread[main,7,main]
04-04 12:06:09.763 864 864 D WifiManagerWrapper: calculateSignalLevel called
04-04 12:06:09.763 864 864 E HtcPreference: [addPreference]:before size= 43
04-04 12:06:09.763 864 864 E HtcPreference: Thread =Thread[main,7,main]
04-04 12:06:09.763 864 864 E HtcPreference: [addPreference]:after size= 44
04-04 12:06:09.763 864 864 E HtcPreference: Thread =Thread[main,7,main]
04-04 12:06:09.763 864 864 D WifiManagerWrapper: calculateSignalLevel called
04-04 12:06:09.763 864 864 E HtcPreference: [addPreference]:before size= 44
04-04 12:06:09.763 864 864 E HtcPreference: Thread =Thread[main,7,main]
04-04 12:06:09.763 864 864 E HtcPreference: [addPreference]:after size= 45
04-04 12:06:09.763 864 864 E HtcPreference: Thread =Thread[main,7,main]
04-04 12:06:09.810 1278 1289 D PMS : releaseWL(9fa5efd): PARTIAL_WAKE_LOCK *launch* 0x1 WorkSource{1000}
04-04 12:06:10.351 638 817 I appium : AppiumResponse: {"sessionId":"e42f59eb-4d3b-4a3e-969d-622e533298fb","status":0,"value":true}
04-04 12:06:10.366 638 818 I appium : channel read invoked!
04-04 12:06:10.366 638 818 I appium : channel read: GET /wd/hub/session/e42f59eb-4d3b-4a3e-969d-622e533298fb
04-04 12:06:10.366 638 818 I appium : AppiumResponse: {"sessionId":"e42f59eb-4d3b-4a3e-969d-622e533298fb","status":0,"value":{}}
04-04 12:06:10.379 638 819 I appium : channel read invoked!
04-04 12:06:10.379 638 819 I appium : channel read: GET /wd/hub/session/e42f59eb-4d3b-4a3e-969d-622e533298fb
04-04 12:06:10.379 638 819 I appium : AppiumResponse: {"sessionId":"e42f59eb-4d3b-4a3e-969d-622e533298fb","status":0,"value":{}}
04-04 12:06:10.417 3023 3039 E MP-Decision: Update arg 1
04-04 12:06:10.548 1278 1326 W SensorService: D/Accel(x, y, z, t) = ( -0.0, 0.1, 9.8, 579194992ms), calendar = 1554372370, sys_time = 579195000ms
04-04 12:06:11.956 10696 10696 D wpa_supplicant: nl80211: Drv Event 34 (NL80211_CMD_NEW_SCAN_RESULTS) received for wlan0
04-04 12:06:11.956 10696 10696 D wpa_supplicant: wlan0: nl80211: New scan results available
04-04 12:06:11.956 10696 10696 D wpa_supplicant: nl80211: Scan included frequencies: 2412 2417 2422 2427 2432 2437 2442 2447 2452 2457 2462 5180 5200 5220 5240 5260 5280 5300 5320 5500 5520 5540 5560 5580 5600 5620 5640 5660 5680 5700 5745 5765 5785 5805 5825
04-04 12:06:11.956 10696 10696 D wpa_supplicant: wlan0: Event SCAN_RESULTS (3) received
04-04 12:06:11.956 10696 10696 I wpa_supplicant: Got an original EVENT_SCAN_RESULTS
04-04 12:06:11.956 10696 10696 D wpa_supplicant: wlan0: Scan completed in 2.397773 seconds
04-04 12:06:11.960 10696 10696 D wpa_supplicant: nl80211: Received scan results (53 BSSes)
04-04 12:06:11.963 1278 1298 D Tethering: interfaceLinkStateChanged wlan0, false
