04-04 12:05:28.985 10696 10696 D wpa_supplicant: nl80211: Scan included frequencies: 2412 2417 2422 2427 2432 2437 2442 2447 2452 2457 2462 5180 5200 5220 5240 5260 5280 5300 5320 5500 5520 5540 5560 5580 5600 5620 5640 5660 5680 5700 5745 5765 5785 5805 5825
04-04 12:05:28.985 10696 10696 D wpa_supplicant: wlan0: Event SCAN_RESULTS (3) received
04-04 12:05:28.985 10696 10696 I wpa_supplicant: Got an original EVENT_SCAN_RESULTS
04-04 12:05:28.985 10696 10696 D wpa_supplicant: wlan0: Scan completed in 2.411588 seconds
04-04 12:05:28.986 10696 10696 D wpa_supplicant: nl80211: Received scan results (51 BSSes)
04-04 12:05:28.987 10696 10696 I wpa_supplicant: [NULL] 88:41:fc:54:ba:7b freq=5200 level=-30
04-04 12:05:28.987 10696 10696 I wpa_supplicant: [NULL] fc:b4:e6:4f:a8:76 freq=5180 level=-39
04-04 12:05:28.987 10696 10696 I wpa_supplicant: [NULL] 48:8d:36:d5:c1:c5 freq=5260 level=-43
04-04 12:05:28.987 10696 10696 I wpa_supplicant: [NULL] 4c:09:d4:96:08:a7 freq=5500 level=-45
04-04 12:05:28.987 10696 10696 I wpa_supplicant: [NULL] d4:7b:b0:bf:7e:b9 freq=5280 level=-47
04-04 12:05:28.987 10696 10696 I wpa_supplicant: [NULL] a0:b5:49:00:07:80 freq=5500 level=-47
04-04 12:05:28.987 10696 10696 I wpa_supplicant: [NULL] d8:fb:5e:72:56:39 freq=5500 level=-48
04-04 12:05:28.987 10696 10696 I wpa_supplicant: [NULL] b4:ee:b4:91:ac:ea freq=5560 level=-48
04-04 12:05:28.987 10696 10696 I wpa_supplicant: [NULL] d4:7b:b0:d6:08:89 freq=5500 level=-48
04-04 12:05:28.987 1278 1298 D Tethering: interfaceLinkStateChanged wlan0, false
04-04 12:05:28.987 10696 10696 I wpa_supplicant: [NULL] 78:29:ed:51:07:79 freq=5280 level=-51
04-04 12:05:28.987 10696 10696 I wpa_supplicant: [NULL] a8:d3:f7:d9:bc:4d freq=5180 level=-54
04-04 12:05:28.987 1278 1298 D Tethering: interfaceStatusChanged wlan0, false
04-04 12:05:28.987 10696 10696 I wpa_supplicant: [NULL] 7c:b7:33:1e:f7:3a freq=5500 level=-57
04-04 12:05:28.987 10696 10696 I wpa_supplicant: [NULL] b4:ee:b4:81:cf:06 freq=5180 level=-58
04-04 12:05:28.987 10696 10696 I wpa_supplicant: [NULL] d8:fb:5e:97:83:59 freq=5200 level=-59
04-04 12:05:28.987 10696 10696 I wpa_supplicant: [NULL] 7c:b7:33:c5:fd:1a freq=5280 level=-60
04-04 12:05:28.987 10696 10696 I wpa_supplicant: [NULL] d4:63:fe:af:d8:74 freq=5180 level=-60
04-04 12:05:28.987 10696 10696 I wpa_supplicant: [NULL] e0:51:63:0a:85:08 freq=5180 level=-61
04-04 12:05:28.987 10696 10696 I wpa_supplicant: [NULL] d8:fb:5e:ac:e8:c9 freq=5520 level=-63
04-04 12:05:28.987 10696 10696 I wpa_supplicant: [NULL] 74:d0:2b:42:7d:e4 freq=5180 level=-65
04-04 12:05:28.987 10696 10696 I wpa_supplicant: [NULL] b4:ee:b4:82:01:3a freq=5180 level=-66
04-04 12:05:28.987 10696 10696 I wpa_supplicant: [NULL] 48:8d:36:d5:d8:05 freq=5320 level=-67
04-04 12:05:28.987 10696 10696 I wpa_supplicant: [NULL] b4:ee:b4:d2:4c:6d freq=5180 level=-67
04-04 12:05:28.987 10696 10696 I wpa_supplicant: [NULL] e0:51:63:13:51:7b freq=5180 level=-69
04-04 12:05:28.987 10696 10696 I wpa_supplicant: [NULL] 64:66:b3:a4:21:36 freq=5240 level=-71
04-04 12:05:28.987 10696 10696 I wpa_supplicant: [NULL] b4:ee:b4:60:fb:cf freq=5560 level=-72
04-04 12:05:28.987 10696 10696 I wpa_supplicant: [NULL] 08:62:66:e7:03:2c freq=5180 level=-75
04-04 12:05:28.987 10696 10696 I wpa_supplicant: [NULL] 18:28:61:24:10:de freq=5180 level=-52
04-04 12:05:28.987 10696 10696 I wpa_supplicant: [NULL] 12:09:0f:fd:8f:00 freq=5220 level=-67
04-04 12:05:28.987 10696 10696 I wpa_supplicant: [NULL] 22:09:0f:fd:8f:00 freq=5220 level=-68
04-04 12:05:28.987 10696 10696 I wpa_supplicant: [NULL] 00:09:0f:fd:8f:00 freq=5220 level=-68
04-04 12:05:28.987 10696 10696 I wpa_supplicant: [NULL] 48:8d:36:d5:c1:ca freq=2412 level=-31
04-04 12:05:28.988 10696 10696 I wpa_supplicant: [NULL] fc:b4:e6:4f:a8:65 freq=2427 level=-33
04-04 12:05:28.988 10696 10696 I wpa_supplicant: [NULL] 88:41:fc:54:ba:7a freq=2412 level=-38
04-04 12:05:28.988 10696 10696 I wpa_supplicant: [NULL] 78:29:ed:51:07:70 freq=2412 level=-40
04-04 12:05:28.988 10696 10696 I wpa_supplicant: [NULL] d4:7b:b0:bf:7e:b0 freq=2437 level=-41
04-04 12:05:28.988 10696 10696 I wpa_supplicant: [NULL] a0:b5:49:00:07:89 freq=2412 level=-42
04-04 12:05:28.988 10696 10696 I wpa_supplicant: [NULL] 32:09:0f:fd:8f:07 freq=2427 level=-47
04-04 12:05:28.988 10696 10696 I wpa_supplicant: [NULL] 00:09:0f:fd:8f:07 freq=2427 level=-47
04-04 12:05:28.988 10696 10696 I wpa_supplicant: [NULL] d8:fb:5e:72:56:30 freq=2457 level=-48
04-04 12:05:28.988 10696 10696 I wpa_supplicant: [NULL] e0:51:63:0a:84:f7 freq=2412 level=-48
04-04 12:05:28.988 10696 10696 I wpa_supplicant: [NULL] 4c:09:d4:96:08:96 freq=2462 level=-51
04-04 12:05:28.988 10696 10696 I wpa_supplicant: [NULL] d4:7b:b0:d6:08:80 freq=2437 level=-52
04-04 12:05:28.988 10696 10696 I wpa_supplicant: [NULL] 64:66:b3:a4:21:37 freq=2462 level=-53
04-04 12:05:28.988 10696 10696 I wpa_supplicant: [NULL] d4:7b:b0:30:d1:52 freq=2462 level=-54
04-04 12:05:28.988 10696 10696 I wpa_supplicant: [NULL] d8:fb:5e:97:83:50 freq=2442 level=-56
04-04 12:05:28.988 10696 10696 I wpa_supplicant: [NULL] 22:09:0f:fd:8f:07 freq=2427 level=-56
04-04 12:05:28.988 10696 10696 I wpa_supplicant: [NULL] 7c:b7:33:1e:fa:3c freq=5500 level=-79
04-04 12:05:28.988 10696 10696 I wpa_supplicant: [NULL] 7c:b7:33:9b:81:a6 freq=5180 level=-88
04-04 12:05:28.988 10696 10696 I wpa_supplicant: [NULL] fc:ec:da:2c:a4:d8 freq=5680 level=-85
04-04 12:05:28.988 10696 10696 I wpa_supplicant: [NULL] 64:00:2d:00:00:e4 freq=2412 level=-55
04-04 12:05:28.988 10696 10696 I wpa_supplicant: [NULL] 64:00:2d:00:b1:50 freq=2412 level=-62
04-04 12:05:28.988 10696 10696 D wpa_supplicant: wlan0: BSS: Start scan result update 455
04-04 12:05:28.988 10696 10696 D wpa_supplicant: BSS: Remove ID 244 BSSID a8:d3:f7:d9:bc:3c SSID 'Ernest-sl-24' due to no match in scan
04-04 12:05:28.989 10696 10696 D wpa_supplicant: BSS: Remove ID 245 BSSID d4:63:fe:af:d8:63 SSID 'SL-SK' due to no match in scan
04-04 12:05:28.989 10696 10696 D wpa_supplicant: BSS: Remove ID 239 BSSID b4:ee:b4:82:01:29 SSID 'Dzbanek-v1' due to no match in scan
04-04 12:05:28.989 10696 10696 D wpa_supplicant: BSS: last_scan_res_used=51/64
04-04 12:05:28.989 10696 10696 D wpa_supplicant: wlan0: Scan-only results received
04-04 12:05:28.989 10696 10696 D wpa_supplicant: wlan0: Radio work 'scan'@0xb78b2ed8 done in 2.416224 seconds
04-04 12:05:28.989 10696 10696 D wpa_supplicant: Wireless event: cmd=0x8b19 len=8
04-04 12:05:28.989 10696 10696 D wpa_supplicant: RTM_NEWLINK: ifi_index=24 ifname=wlan0 wext ifi_family=0 ifi_flags=0x1003 ([UP])
04-04 12:05:28.993 1278 1352 D WifiStateMachine: [MLHD] enter handleMediaLinkEvent SupplicantStartedState
04-04 12:05:28.993 10696 10696 D wpa_supplicant: wlan0: Control interface command 'LIST_DONGLES'
04-04 12:05:28.995 1278 1352 W ContextImpl: Calling a method in the system process without a qualified user: android.app.ContextImpl.sendBroadcast:771 com.android.server.wifi.WifiStateMachine.sendDongleScanResultsAvailableBroadcast:13976 com.android.server.wifi.WifiStateMachine.handleMediaLinkEvent:14140 com.android.server.wifi.WifiStateMachine.access$2700:253 com.android.server.wifi.WifiStateMachine$SupplicantStartedState.processMessage:8317
04-04 12:05:28.996 1278 1382 D WirelessDisplayService: getDiscoveryDongleList
04-04 12:05:28.997 10696 10696 D wpa_supplicant: wlan0: Control interface command 'BSS RANGE=0- MASK=0x29d87'
04-04 12:05:29.000 10696 10696 D wpa_supplicant: wlan0: Control interface command 'BSS RANGE=60- MASK=0x29d87'
04-04 12:05:29.003 10696 10696 D wpa_supplicant: wlan0: Control interface command 'BSS RANGE=63- MASK=0x29d87'
04-04 12:05:29.009 10696 10696 D wpa_supplicant: wlan0: Control interface command 'BSS RANGE=68- MASK=0x29d87'
04-04 12:05:29.012 10696 10696 D wpa_supplicant: wlan0: Control interface command 'BSS RANGE=71- MASK=0x29d87'
04-04 12:05:29.015 10696 10696 D wpa_supplicant: wlan0: Control interface command 'BSS RANGE=76- MASK=0x29d87'
04-04 12:05:29.018 10696 10696 D wpa_supplicant: wlan0: Control interface command 'BSS RANGE=81- MASK=0x29d87'
04-04 12:05:29.021 10696 10696 D wpa_supplicant: wlan0: Control interface command 'BSS RANGE=95- MASK=0x29d87'
04-04 12:05:29.024 10696 10696 D wpa_supplicant: wlan0: Control interface command 'BSS RANGE=107- MASK=0x29d87'
04-04 12:05:29.030 10696 10696 D wpa_supplicant: wlan0: Control interface command 'BSS RANGE=170- MASK=0x29d87'
04-04 12:05:29.035 10696 10696 D wpa_supplicant: wlan0: Control interface command 'BSS RANGE=204- MASK=0x29d87'
04-04 12:05:29.039 10696 10696 D wpa_supplicant: wlan0: Control interface command 'BSS RANGE=237- MASK=0x29d87'
04-04 12:05:29.042 10696 10696 D wpa_supplicant: wlan0: Control interface command 'BSS RANGE=249- MASK=0x29d87'
04-04 12:05:29.068 1278 1352 D WifiConfigStore: "Ernest-SGv1-5"WPA_PSK- skip by invalid rssi
04-04 12:05:29.068 1278 1352 D WifiConfigStore: "Ernest-SGv1-24"WPA_PSK- skip by invalid rssi
04-04 12:05:29.068 1278 1352 D WifiConfigStore: "Ernest-v1-24"WPA_PSK- skip by invalid rssi
04-04 12:05:29.068 1278 1352 D WifiConfigStore: "Internet-Box-krzysioSL"WPA_PSK- skip by invalid rssi
04-04 12:05:29.068 10696 10696 D wpa_supplicant: wlan0: Control interface command 'STATUS-NO_EVENTS'
04-04 12:05:29.069 10696 10696 D wpa_supplicant: EAPOL: EAP Session-Id not available
04-04 12:05:29.070 1278 1278 D WifiNotificationController: setNotificationVisible visible = true, mLowSignalNWs = 2
04-04 12:05:29.070 1278 1382 D WirelessDisplayService: getDiscoveryDongleList
04-04 12:05:29.071 2255 2255 D WifiManager: getScanResults: Base Package Name=com.google.android.gms, uid=10011
04-04 12:05:29.071 1278 2885 D PMS : acquireWL(45df201): PARTIAL_WAKE_LOCK NlpWakeLock 0x1 2255 10011 WorkSource{10011 com.google.android.gms}
04-04 12:05:29.077 864 864 D HtcWifiTracker: onReceive(), action:android.net.wifi.SCAN_RESULTS
04-04 12:05:29.077 2255 2831 D WifiManager: getScanResults: Base Package Name=com.google.android.gms, uid=10011
04-04 12:05:29.090 1278 1378 D PMS : acquireWL(98288a6): PARTIAL_WAKE_LOCK CMWakeLock 0x1 2255 10011 WorkSource{10011 com.google.android.gms}
04-04 12:05:29.090 1278 2863 D PMS : releaseWL(45df201): PARTIAL_WAKE_LOCK NlpWakeLock 0x1 WorkSource{10011 com.google.android.gms}
04-04 12:05:29.094 1278 2889 D PMS : releaseWL(98288a6): PARTIAL_WAKE_LOCK CMWakeLock 0x1 WorkSource{10011 com.google.android.gms}
04-04 12:05:29.095 864 1587 D HtcAccessPoint: ssid:Ernest-SGv1-5, bssid:null, security:2, networkid:1, signIn:2
04-04 12:05:29.095 864 1587 D HtcAccessPoint: ssid:Ernest-SGv1-24, bssid:null, security:2, networkid:0, signIn:2
04-04 12:05:29.095 864 1587 D HtcAccessPoint: ssid:Ernest-v1-24, bssid:null, security:2, networkid:3, signIn:2
04-04 12:05:29.095 864 1587 D HtcAccessPoint: ssid:Internet-Box-krzysioSL, bssid:null, security:2, networkid:2, signIn:2
04-04 12:05:29.095 864 1587 D WifiManager: getScanResults: Base Package Name=com.android.settings, uid=1000
04-04 12:05:29.100 864 1587 D WifiManagerWrapper: calculateSignalLevel called
04-04 12:05:29.100 864 1587 D WifiManagerWrapper: calculateSignalLevel called
04-04 12:05:29.100 864 1587 D WifiManagerWrapper: calculateSignalLevel called
04-04 12:05:29.101 864 1587 D AccessPointPreference: summary : Internet-Box-v3-5, Secured with WPA2 (WPS available)
04-04 12:05:29.101 864 1587 D WifiManagerWrapper: calculateSignalLevel called
04-04 12:05:29.101 864 1587 D WifiManagerWrapper: calculateSignalLevel called
04-04 12:05:29.101 864 1587 D WifiManagerWrapper: calculateSignalLevel called
04-04 12:05:29.102 864 1587 D AccessPointPreference: summary : AppiumAutotests, Secured with WPA2 (WPS available)
04-04 12:05:29.102 864 1587 D WifiManagerWrapper: calculateSignalLevel called
04-04 12:05:29.102 864 1587 D WifiManagerWrapper: calculateSignalLevel called
04-04 12:05:29.102 864 1587 D WifiManagerWrapper: calculateSignalLevel called
04-04 12:05:29.102 864 1587 D AccessPointPreference: summary : SGv2-Michal-2G-CH7, Secured with WPA/WPA2 (WPS available)
04-04 12:05:29.102 864 1587 D WifiManagerWrapper: calculateSignalLevel called
04-04 12:05:29.102 864 1587 D WifiManagerWrapper: calculateSignalLevel called
04-04 12:05:29.103 864 1587 D WifiManagerWrapper: calculateSignalLevel called
04-04 12:05:29.103 864 1587 D AccessPointPreference: summary : Internet-Box-v3, Secured with WPA2 (WPS available)
04-04 12:05:29.103 864 1587 D WifiManagerWrapper: calculateSignalLevel called
04-04 12:05:29.103 864 1587 D WifiManagerWrapper: calculateSignalLevel called
04-04 12:05:29.103 864 1587 D WifiManagerWrapper: calculateSignalLevel called
04-04 12:05:29.104 864 1587 D AccessPointPreference: summary : Internet-Box-krzysioSL2, Secured with WPA2 (WPS available)
04-04 12:05:29.104 864 1587 D WifiManagerWrapper: calculateSignalLevel called
04-04 12:05:29.104 864 1587 D WifiManagerWrapper: calculateSignalLevel called
04-04 12:05:29.104 864 1587 D WifiManagerWrapper: calculateSignalLevel called
04-04 12:05:29.104 864 1587 D AccessPointPreference: summary : Starlite-2.4GHz, Secured with WPA2 (WPS available)
04-04 12:05:29.104 864 1587 D WifiManagerWrapper: calculateSignalLevel called
04-04 12:05:29.104 864 1587 D WifiManagerWrapper: calculateSignalLevel called
04-04 12:05:29.104 864 1587 D WifiManagerWrapper: calculateSignalLevel called
04-04 12:05:29.104 864 1587 D AccessPointPreference: summary : Starlite-5GHz, Secured with WPA2 (WPS available)
04-04 12:05:29.104 864 1587 D WifiManagerWrapper: calculateSignalLevel called
04-04 12:05:29.104 864 1587 D WifiManagerWrapper: calculateSignalLevel called
04-04 12:05:29.105 864 1587 D WifiManagerWrapper: calculateSignalLevel called
04-04 12:05:29.105 864 1587 D AccessPointPreference: summary : AppiumPjonteczka, Secured with WPA2 (WPS available)
04-04 12:05:29.105 864 1587 D WifiManagerWrapper: calculateSignalLevel called
04-04 12:05:29.105 864 1587 D WifiManagerWrapper: calculateSignalLevel called
04-04 12:05:29.105 864 1587 D WifiManagerWrapper: calculateSignalLevel called
04-04 12:05:29.105 864 1587 D AccessPointPreference: summary : visitor-35703, Secured with WPA2
04-04 12:05:29.105 864 1587 D WifiManagerWrapper: calculateSignalLevel called
04-04 12:05:29.105 864 1587 D WifiManagerWrapper: calculateSignalLevel called
04-04 12:05:29.105 864 1587 D WifiManagerWrapper: calculateSignalLevel called
04-04 12:05:29.106 864 1587 D AccessPointPreference: summary : vestiacom_guest_5, Secured with WPA2 (WPS available)
04-04 12:05:29.106 864 1587 D WifiManagerWrapper: calculateSignalLevel called
04-04 12:05:29.106 864 1587 D WifiManagerWrapper: calculateSignalLevel called
04-04 12:05:29.106 864 1587 D WifiManagerWrapper: calculateSignalLevel called
04-04 12:05:29.106 864 1587 D AccessPointPreference: summary : wifi_main, Secured with 802.1x
04-04 12:05:29.106 864 1587 D WifiManagerWrapper: calculateSignalLevel called
04-04 12:05:29.106 864 1587 D WifiManagerWrapper: calculateSignalLevel called
04-04 12:05:29.106 864 1587 D WifiManagerWrapper: calculateSignalLevel called
04-04 12:05:29.106 864 1587 D AccessPointPreference: summary : MobileTest-24, Secured with WPA2 (WPS available)
04-04 12:05:29.106 864 1587 D WifiManagerWrapper: calculateSignalLevel called
04-04 12:05:29.106 864 1587 D WifiManagerWrapper: calculateSignalLevel called
04-04 12:05:29.106 864 1587 D WifiManagerWrapper: calculateSignalLevel called
04-04 12:05:29.107 864 1587 D AccessPointPreference: summary : Dzbanek-v1, Secured with WPA2 (WPS available)
04-04 12:05:29.107 864 1587 D WifiManagerWrapper: calculateSignalLevel called
04-04 12:05:29.107 864 1587 D WifiManagerWrapper: calculateSignalLevel called
04-04 12:05:29.107 864 1587 D WifiManagerWrapper: calculateSignalLevel called
04-04 12:05:29.107 864 1587 D AccessPointPreference: summary : IBv2-SK, Secured with WPA2 (WPS available)
04-04 12:05:29.107 864 1587 D WifiManagerWrapper: calculateSignalLevel called
04-04 12:05:29.107 864 1587 D WifiManagerWrapper: calculateSignalLevel called
04-04 12:05:29.107 864 1587 D WifiManagerWrapper: calculateSignalLevel called
04-04 12:05:29.108 864 1587 D AccessPointPreference: summary : vestiacom_izolatka_5, Secured with 802.1x
04-04 12:05:29.108 864 1587 D WifiManagerWrapper: calculateSignalLevel called
04-04 12:05:29.108 864 1587 D WifiManagerWrapper: calculateSignalLevel called
04-04 12:05:29.108 864 1587 D WifiManagerWrapper: calculateSignalLevel called
04-04 12:05:29.109 864 1587 D AccessPointPreference: summary : wifi_main, Secured with 802.1x
04-04 12:05:29.109 864 1587 D WifiManagerWrapper: calculateSignalLevel called
04-04 12:05:29.109 864 1587 D WifiManagerWrapper: calculateSignalLevel called
04-04 12:05:29.109 864 1587 D WifiManagerWrapper: calculateSignalLevel called
04-04 12:05:29.109 864 1587 D AccessPointPreference: summary : Internet-Box-Irek-5GHz, Secured with WPA/WPA2 (WPS available)
04-04 12:05:29.109 864 1587 D WifiManagerWrapper: calculateSignalLevel called
04-04 12:05:29.109 864 1587 D WifiManagerWrapper: calculateSignalLevel called
04-04 12:05:29.109 864 1587 D WifiManagerWrapper: calculateSignalLevel called
04-04 12:05:29.110 864 1587 D AccessPointPreference: summary : MobileTest-5, Secured with WPA2 (WPS available)
04-04 12:05:29.110 864 1587 D WifiManagerWrapper: calculateSignalLevel called
04-04 12:05:29.110 864 1587 D WifiManagerWrapper: calculateSignalLevel called
04-04 12:05:29.110 864 1587 D WifiManagerWrapper: calculateSignalLevel called
04-04 12:05:29.110 864 1587 D AccessPointPreference: summary : WLAN_Repeater_N263, Secured with WPA2 (WPS available)
04-04 12:05:29.111 864 1587 D WifiManagerWrapper: calculateSignalLevel called
04-04 12:05:29.111 864 1587 D WifiManagerWrapper: calculateSignalLevel called
04-04 12:05:29.111 864 1587 D WifiManagerWrapper: calculateSignalLevel called
04-04 12:05:29.111 864 1587 D AccessPointPreference: summary : Eniro, Secured with 802.1x
04-04 12:05:29.111 864 1587 D WifiManagerWrapper: calculateSignalLevel called
04-04 12:05:29.111 864 1587 D WifiManagerWrapper: calculateSignalLevel called
04-04 12:05:29.111 864 1587 D WifiManagerWrapper: calculateSignalLevel called
04-04 12:05:29.111 864 1587 D AccessPointPreference: summary : Internet-Box-Irek-5GHz, Secured with WPA/WPA2 (WPS available)
04-04 12:05:29.111 864 1587 D WifiManagerWrapper: calculateSignalLevel called
04-04 12:05:29.111 864 1587 D WifiManagerWrapper: calculateSignalLevel called
04-04 12:05:29.112 864 1587 D WifiManagerWrapper: calculateSignalLevel called
04-04 12:05:29.112 864 1587 D AccessPointPreference: summary : netia_izolatka, Secured with WPA2 (WPS available)
04-04 12:05:29.112 864 1587 D WifiManagerWrapper: calculateSignalLevel called
04-04 12:05:29.112 864 1587 D WifiManagerWrapper: calculateSignalLevel called
04-04 12:05:29.112 864 1587 D WifiManagerWrapper: calculateSignalLevel called
04-04 12:05:29.112 864 1587 D AccessPointPreference: summary : Internet-Box-IIIII, Secured with WPA2 (WPS available)
04-04 12:05:29.112 864 1587 D WifiManagerWrapper: calculateSignalLevel called
04-04 12:05:29.112 864 1587 D WifiManagerWrapper: calculateSignalLevel called
04-04 12:05:29.112 864 1587 D WifiManagerWrapper: calculateSignalLevel called
04-04 12:05:29.113 864 1587 D AccessPointPreference: summary : v1krzysio, Secured with WPA2 (WPS available)
04-04 12:05:29.113 864 1587 D WifiManagerWrapper: calculateSignalLevel called
04-04 12:05:29.113 864 1587 D WifiManagerWrapper: calculateSignalLevel called
04-04 12:05:29.113 864 1587 D WifiManagerWrapper: calculateSignalLevel called
04-04 12:05:29.113 864 1587 D AccessPointPreference: summary : v2krzysio-vlanid1, Secured with WPA2 (WPS available)
04-04 12:05:29.113 864 1587 D WifiManagerWrapper: calculateSignalLevel called
04-04 12:05:29.113 864 1587 D WifiManagerWrapper: calculateSignalLevel called
04-04 12:05:29.113 864 1587 D WifiManagerWrapper: calculateSignalLevel called
04-04 12:05:29.114 864 1587 D AccessPointPreference: summary : Ernest-sl-24, Secured with WPA2 (WPS available)
04-04 12:05:29.114 864 1587 D WifiManagerWrapper: calculateSignalLevel called
04-04 12:05:29.114 864 1587 D WifiManagerWrapper: calculateSignalLevel called
04-04 12:05:29.114 864 1587 D WifiManagerWrapper: calculateSignalLevel called
04-04 12:05:29.114 864 1587 D AccessPointPreference: summary : Internet-Box-Karol, Secured with WPA2 (WPS available)
04-04 12:05:29.114 864 1587 D WifiManagerWrapper: calculateSignalLevel called
04-04 12:05:29.114 864 1587 D WifiManagerWrapper: calculateSignalLevel called
04-04 12:05:29.114 864 1587 D WifiManagerWrapper: calculateSignalLevel called
04-04 12:05:29.115 864 1587 D AccessPointPreference: summary : SL-SK, Secured with WPA2 (WPS available)
04-04 12:05:29.115 864 1587 D WifiManagerWrapper: calculateSignalLevel called
04-04 12:05:29.115 864 1587 D WifiManagerWrapper: calculateSignalLevel called
04-04 12:05:29.115 864 1587 D WifiManagerWrapper: calculateSignalLevel called
04-04 12:05:29.115 864 1587 D AccessPointPreference: summary : Internet-Box-Starlink, Secured with WPA2 (WPS available)
04-04 12:05:29.116 864 1587 D WifiManagerWrapper: calculateSignalLevel called
04-04 12:05:29.116 864 1587 D WifiManagerWrapper: calculateSignalLevel called
04-04 12:05:29.116 864 1587 D WifiManagerWrapper: calculateSignalLevel called
04-04 12:05:29.116 864 1587 D AccessPointPreference: summary : my-00B150,
04-04 12:05:29.116 864 1587 D WifiManagerWrapper: calculateSignalLevel called
04-04 12:05:29.116 864 1587 D WifiManagerWrapper: calculateSignalLevel called
04-04 12:05:29.116 864 1587 D WifiManagerWrapper: calculateSignalLevel called
04-04 12:05:29.117 864 1587 D AccessPointPreference: summary : Internet-Box-82451, Secured with WPA2 (WPS available)
04-04 12:05:29.117 864 1587 D WifiManagerWrapper: calculateSignalLevel called
04-04 12:05:29.117 864 1587 D WifiManagerWrapper: calculateSignalLevel called
04-04 12:05:29.117 864 1587 D WifiManagerWrapper: calculateSignalLevel called
04-04 12:05:29.118 864 1587 D AccessPointPreference: summary : SL-SK, Secured with WPA2 (WPS available)
04-04 12:05:29.118 864 1587 D WifiManagerWrapper: calculateSignalLevel called
04-04 12:05:29.118 864 1587 D WifiManagerWrapper: calculateSignalLevel called
04-04 12:05:29.118 864 1587 D WifiManagerWrapper: calculateSignalLevel called
04-04 12:05:29.119 864 1587 D AccessPointPreference: summary : SGv2-Michal-5G-CH40, Secured with WPA/WPA2 (WPS available)
04-04 12:05:29.119 864 1587 D WifiManagerWrapper: calculateSignalLevel called
04-04 12:05:29.119 864 1587 D WifiManagerWrapper: calculateSignalLevel called
04-04 12:05:29.119 864 1587 D WifiManagerWrapper: calculateSignalLevel called
04-04 12:05:29.119 864 1587 D AccessPointPreference: summary : HAE-7days, Secured with WPA2 (WPS available)
04-04 12:05:29.120 864 1587 D WifiManagerWrapper: calculateSignalLevel called
04-04 12:05:29.120 864 1587 D WifiManagerWrapper: calculateSignalLevel called
04-04 12:05:29.120 864 1587 D WifiManagerWrapper: calculateSignalLevel called
04-04 12:05:29.120 864 1587 D AccessPointPreference: summary : Internet-Box-Weronika, Secured with WPA2
04-04 12:05:29.120 864 1587 D WifiManagerWrapper: calculateSignalLevel called
04-04 12:05:29.120 864 1587 D WifiManagerWrapper: calculateSignalLevel called
04-04 12:05:29.121 864 1587 D WifiManagerWrapper: calculateSignalLevel called
04-04 12:05:29.122 864 1587 D AccessPointPreference: summary : Eniro, Secured with 802.1x
04-04 12:05:29.122 864 1587 D WifiManagerWrapper: calculateSignalLevel called
04-04 12:05:29.122 864 1587 D WifiManagerWrapper: calculateSignalLevel called
04-04 12:05:29.122 864 1587 D WifiManagerWrapper: calculateSignalLevel called
04-04 12:05:29.123 864 1587 D AccessPointPreference: summary : IBv2-SK, Secured with WPA2 (WPS available)
04-04 12:05:29.123 864 1587 D WifiManagerWrapper: calculateSignalLevel called
04-04 12:05:29.123 864 1587 D WifiManagerWrapper: calculateSignalLevel called
04-04 12:05:29.123 864 1587 D WifiManagerWrapper: calculateSignalLevel called
04-04 12:05:29.123 864 1587 D AccessPointPreference: summary : netia_izolatka_5, Secured with WPA2 (WPS available)
04-04 12:05:29.124 864 1587 D WifiManagerWrapper: calculateSignalLevel called
04-04 12:05:29.125 864 1587 D WifiManagerWrapper: calculateSignalLevel called
04-04 12:05:29.125 864 1587 D WifiManagerWrapper: calculateSignalLevel called
04-04 12:05:29.125 864 1587 D AccessPointPreference: summary : v2krzysio-vlanid1, Secured with WPA2 (WPS available)
04-04 12:05:29.125 864 1587 D WifiManagerWrapper: calculateSignalLevel called
04-04 12:05:29.125 864 1587 D WifiManagerWrapper: calculateSignalLevel called
04-04 12:05:29.125 864 1587 D WifiManagerWrapper: calculateSignalLevel called
04-04 12:05:29.125 864 1587 D AccessPointPreference: summary : SGv1-Julia-5G-c6, Secured with WPA2 (WPS available)
04-04 12:05:29.125 864 1587 D WifiManagerWrapper: calculateSignalLevel called
04-04 12:05:29.125 864 1587 D WifiManagerWrapper: calculateSignalLevel called
04-04 12:05:29.125 864 1587 D WifiManagerWrapper: calculateSignalLevel called
04-04 12:05:29.126 864 1587 D AccessPointPreference: summary : monitoring_5ghz, Secured with WPA2 (WPS available)
04-04 12:05:29.126 864 1587 D WifiManagerWrapper: calculateSignalLevel called
04-04 12:05:29.126 864 1587 D WifiManagerWrapper: calculateSignalLevel called
04-04 12:05:29.126 864 1587 D WifiManagerWrapper: calculateSignalLevel called
04-04 12:05:29.126 864 1587 D AccessPointPreference: summary : Internet-Box-Artur_5GHz, Secured with WPA2 (WPS available)
04-04 12:05:29.126 864 1587 D WifiManagerWrapper: calculateSignalLevel called
04-04 12:05:29.126 864 1587 D WifiManagerWrapper: calculateSignalLevel called
04-04 12:05:29.126 864 1587 D WifiManagerWrapper: calculateSignalLevel called
04-04 12:05:29.127 864 1587 D AccessPointPreference: summary : SGv1_Irek_5Ghz, Secured with WPA2 (WPS available)
04-04 12:05:29.127 864 1587 D WifiManagerWrapper: calculateSignalLevel called
04-04 12:05:29.127 864 1587 D WifiManagerWrapper: calculateSignalLevel called
04-04 12:05:29.127 864 1587 D WifiManagerWrapper: calculateSignalLevel called
04-04 12:05:29.127 864 1587 D AccessPointPreference: summary : Internet-Box-Weronika5GHz, Secured with WPA2
04-04 12:05:29.127 864 1587 D WifiManagerWrapper: calculateSignalLevel called
04-04 12:05:29.127 864 1587 D WifiManagerWrapper: calculateSignalLevel called
04-04 12:05:29.127 864 1587 D WifiManagerWrapper: calculateSignalLevel called
04-04 12:05:29.128 864 1587 D AccessPointPreference: summary : HAE-7days, Secured with WPA2 (WPS available)
04-04 12:05:29.128 864 1587 D WifiManagerWrapper: calculateSignalLevel called
04-04 12:05:29.132 864 1587 D WifiManagerWrapper: calculateSignalLevel called
04-04 12:05:29.132 864 1587 D WifiManagerWrapper: calculateSignalLevel called
04-04 12:05:29.132 864 1587 D AccessPointPreference: summary : Internet-Box-82451_5GHz, Secured with WPA2 (WPS available)
04-04 12:05:29.132 864 1587 D WifiManagerWrapper: calculateSignalLevel called
04-04 12:05:29.132 864 1587 D WifiManagerWrapper: calculateSignalLevel called
04-04 12:05:29.132 864 1587 D WifiManagerWrapper: calculateSignalLevel called
04-04 12:05:29.133 864 1587 D AccessPointPreference: summary : v2krzysio-vlanid1, Secured with WPA2 (WPS available)
04-04 12:05:29.133 864 1587 D WifiManagerWrapper: calculateSignalLevel called
04-04 12:05:29.133 864 1587 D WifiManagerWrapper: calculateSignalLevel called
04-04 12:05:29.133 864 1587 D WifiManagerWrapper: calculateSignalLevel called
04-04 12:05:29.133 864 1587 D AccessPointPreference: summary : WLAN_Repeater_N263, Secured with WPA2 (WPS available)
04-04 12:05:29.133 864 1587 D WifiManagerWrapper: calculateSignalLevel called
04-04 12:05:29.133 864 1587 D WifiManagerWrapper: calculateSignalLevel called
04-04 12:05:29.133 864 1587 D WifiManagerWrapper: calculateSignalLevel called
04-04 12:05:29.133 864 1587 D AccessPointPreference: summary : Internet-Box-CapSel, Secured with WPA2 (WPS available)
04-04 12:05:29.133 864 1587 D WifiManagerWrapper: calculateSignalLevel called
04-04 12:05:29.133 864 1587 D WifiManagerWrapper: calculateSignalLevel called
04-04 12:05:29.134 864 1587 D WifiManagerWrapper: calculateSignalLevel called
04-04 12:05:29.134 864 1587 D AccessPointPreference: summary : Dzbanek-v1, Secured with WPA2 (WPS available)
04-04 12:05:29.134 864 1587 D WifiManagerWrapper: calculateSignalLevel called
04-04 12:05:29.134 864 1587 D WifiManagerWrapper: calculateSignalLevel called
04-04 12:05:29.134 864 1587 D WifiManagerWrapper: calculateSignalLevel called
04-04 12:05:29.134 864 1587 D AccessPointPreference: summary : Internet-Box-47068_5GHz, Secured with WPA2 (WPS available)
04-04 12:05:29.134 864 1587 D WifiManagerWrapper: calculateSignalLevel called
04-04 12:05:29.134 864 1587 D WifiManagerWrapper: calculateSignalLevel called
04-04 12:05:29.134 864 1587 D WifiManagerWrapper: calculateSignalLevel called
04-04 12:05:29.135 864 1587 D AccessPointPreference: summary : vestiacom-5g, Secured with 802.1x
04-04 12:05:29.135 864 1587 D WifiManagerWrapper: calculateSignalLevel called
04-04 12:05:29.135 864 1587 D WifiManagerWrapper: calculateSignalLevel called
04-04 12:05:29.135 864 1587 D WifiManagerWrapper: calculateSignalLevel called
04-04 12:05:29.135 864 1587 D AccessPointPreference: summary : my-0000E4,
04-04 12:05:29.135 864 1587 D WifiManagerWrapper: calculateSignalLevel called
04-04 12:05:29.135 864 1587 D WifiManagerWrapper: calculateSignalLevel called
04-04 12:05:29.135 864 1587 D WifiManagerWrapper: calculateSignalLevel called
04-04 12:05:29.135 864 1587 D AccessPointPreference: summary : v2krzysio-vlanid1, Secured with WPA2 (WPS available)
04-04 12:05:29.135 864 1587 D WifiManagerWrapper: calculateSignalLevel called
04-04 12:05:29.135 864 1587 D WifiManagerWrapper: calculateSignalLevel called
04-04 12:05:29.135 864 1587 D WifiManagerWrapper: calculateSignalLevel called
04-04 12:05:29.136 864 1587 D AccessPointPreference: summary : Ernest-sl-5, Secured with WPA2 (WPS available)
04-04 12:05:29.136 864 1587 D WifiManagerWrapper: calculateSignalLevel called
04-04 12:05:29.136 864 1587 D WifiManagerWrapper: calculateSignalLevel called
04-04 12:05:29.136 864 1587 D WifiManagerWrapper: calculateSignalLevel called
04-04 12:05:29.136 864 1587 D AccessPointPreference: summary : wb szl, Secured with WPA2
04-04 12:05:29.186 638 819 I appium : AppiumResponse: {"sessionId":"e42f59eb-4d3b-4a3e-969d-622e533298fb","status":0,"value":true}
04-04 12:05:29.218 864 864 E HtcPreference: [removeAll]:before size= 45
04-04 12:05:29.218 864 864 E HtcPreference: Thread =Thread[main,5,main]
04-04 12:05:29.218 864 864 E HtcPreference: [removeAll]:after size= 0
04-04 12:05:29.218 864 864 E HtcPreference: Thread =Thread[main,5,main]
04-04 12:05:29.218 864 864 D WifiManagerWrapper: calculateSignalLevel called
04-04 12:05:29.218 864 864 E HtcPreference: [addPreference]:before size= 0
04-04 12:05:29.218 864 864 E HtcPreference: Thread =Thread[main,5,main]
04-04 12:05:29.218 864 864 E HtcPreference: [addPreference]:after size= 1
04-04 12:05:29.218 864 864 E HtcPreference: Thread =Thread[main,5,main]
04-04 12:05:29.218 864 864 D WifiManagerWrapper: calculateSignalLevel called
04-04 12:05:29.218 864 864 E HtcPreference: [addPreference]:before size= 1
04-04 12:05:29.218 864 864 E HtcPreference: Thread =Thread[main,5,main]
04-04 12:05:29.218 864 864 E HtcPreference: [addPreference]:after size= 2
04-04 12:05:29.218 864 864 E HtcPreference: Thread =Thread[main,5,main]
04-04 12:05:29.218 864 864 D WifiManagerWrapper: calculateSignalLevel called
04-04 12:05:29.218 864 864 E HtcPreference: [addPreference]:before size= 2
04-04 12:05:29.218 864 864 E HtcPreference: Thread =Thread[main,5,main]
04-04 12:05:29.218 864 864 E HtcPreference: [addPreference]:after size= 3
04-04 12:05:29.218 864 864 E HtcPreference: Thread =Thread[main,5,main]
04-04 12:05:29.218 864 864 D WifiManagerWrapper: calculateSignalLevel called
04-04 12:05:29.218 864 864 E HtcPreference: [addPreference]:before size= 3
04-04 12:05:29.218 864 864 E HtcPreference: Thread =Thread[main,5,main]
04-04 12:05:29.218 864 864 E HtcPreference: [addPreference]:after size= 4
04-04 12:05:29.218 864 864 E HtcPreference: Thread =Thread[main,5,main]
04-04 12:05:29.219 864 864 D WifiManagerWrapper: calculateSignalLevel called
04-04 12:05:29.219 864 864 E HtcPreference: [addPreference]:before size= 4
04-04 12:05:29.219 864 864 E HtcPreference: Thread =Thread[main,5,main]
04-04 12:05:29.219 864 864 E HtcPreference: [addPreference]:after size= 5
04-04 12:05:29.219 864 864 E HtcPreference: Thread =Thread[main,5,main]
04-04 12:05:29.219 864 864 D WifiManagerWrapper: calculateSignalLevel called
04-04 12:05:29.219 864 864 E HtcPreference: [addPreference]:before size= 5
04-04 12:05:29.219 864 864 E HtcPreference: Thread =Thread[main,5,main]
04-04 12:05:29.219 864 864 E HtcPreference: [addPreference]:after size= 6
04-04 12:05:29.219 864 864 E HtcPreference: Thread =Thread[main,5,main]
04-04 12:05:29.219 864 864 D WifiManagerWrapper: calculateSignalLevel called
04-04 12:05:29.219 864 864 E HtcPreference: [addPreference]:before size= 6
04-04 12:05:29.219 864 864 E HtcPreference: Thread =Thread[main,5,main]
04-04 12:05:29.219 864 864 E HtcPreference: [addPreference]:after size= 7
04-04 12:05:29.219 864 864 E HtcPreference: Thread =Thread[main,5,main]
04-04 12:05:29.219 864 864 D WifiManagerWrapper: calculateSignalLevel called
04-04 12:05:29.219 864 864 E HtcPreference: [addPreference]:before size= 7
04-04 12:05:29.219 864 864 E HtcPreference: Thread =Thread[main,5,main]
04-04 12:05:29.219 864 864 E HtcPreference: [addPreference]:after size= 8
04-04 12:05:29.219 864 864 E HtcPreference: Thread =Thread[main,5,main]
04-04 12:05:29.219 864 864 D WifiManagerWrapper: calculateSignalLevel called
04-04 12:05:29.219 864 864 E HtcPreference: [addPreference]:before size= 8
04-04 12:05:29.219 864 864 E HtcPreference: Thread =Thread[main,5,main]
04-04 12:05:29.219 864 864 E HtcPreference: [addPreference]:after size= 9
04-04 12:05:29.219 864 864 E HtcPreference: Thread =Thread[main,5,main]
04-04 12:05:29.219 864 864 D WifiManagerWrapper: calculateSignalLevel called
04-04 12:05:29.219 864 864 E HtcPreference: [addPreference]:before size= 9
04-04 12:05:29.219 864 864 E HtcPreference: Thread =Thread[main,5,main]
04-04 12:05:29.219 864 864 E HtcPreference: [addPreference]:after size= 10
04-04 12:05:29.219 864 864 E HtcPreference: Thread =Thread[main,5,main]
04-04 12:05:29.219 864 864 D WifiManagerWrapper: calculateSignalLevel called
04-04 12:05:29.219 864 864 E HtcPreference: [addPreference]:before size= 10
04-04 12:05:29.219 864 864 E HtcPreference: Thread =Thread[main,5,main]
04-04 12:05:29.219 864 864 E HtcPreference: [addPreference]:after size= 11
04-04 12:05:29.219 864 864 E HtcPreference: Thread =Thread[main,5,main]
04-04 12:05:29.219 864 864 D WifiManagerWrapper: calculateSignalLevel called
04-04 12:05:29.219 864 864 E HtcPreference: [addPreference]:before size= 11
04-04 12:05:29.220 864 864 E HtcPreference: Thread =Thread[main,5,main]
04-04 12:05:29.220 864 864 E HtcPreference: [addPreference]:after size= 12
04-04 12:05:29.220 864 864 E HtcPreference: Thread =Thread[main,5,main]
04-04 12:05:29.220 864 864 D WifiManagerWrapper: calculateSignalLevel called
04-04 12:05:29.220 864 864 E HtcPreference: [addPreference]:before size= 12
04-04 12:05:29.220 864 864 E HtcPreference: Thread =Thread[main,5,main]
04-04 12:05:29.220 864 864 E HtcPreference: [addPreference]:after size= 13
04-04 12:05:29.220 864 864 E HtcPreference: Thread =Thread[main,5,main]
04-04 12:05:29.220 864 864 D WifiManagerWrapper: calculateSignalLevel called
04-04 12:05:29.220 864 864 E HtcPreference: [addPreference]:before size= 13
04-04 12:05:29.220 864 864 E HtcPreference: Thread =Thread[main,5,main]
04-04 12:05:29.220 864 864 E HtcPreference: [addPreference]:after size= 14
04-04 12:05:29.220 864 864 E HtcPreference: Thread =Thread[main,5,main]
04-04 12:05:29.220 864 864 D WifiManagerWrapper: calculateSignalLevel called
04-04 12:05:29.220 864 864 E HtcPreference: [addPreference]:before size= 14
04-04 12:05:29.220 864 864 E HtcPreference: Thread =Thread[main,5,main]
04-04 12:05:29.220 864 864 E HtcPreference: [addPreference]:after size= 15
04-04 12:05:29.220 864 864 E HtcPreference: Thread =Thread[main,5,main]
04-04 12:05:29.220 864 864 D WifiManagerWrapper: calculateSignalLevel called
04-04 12:05:29.220 864 864 E HtcPreference: [addPreference]:before size= 15
04-04 12:05:29.220 864 864 E HtcPreference: Thread =Thread[main,5,main]
04-04 12:05:29.220 864 864 E HtcPreference: [addPreference]:after size= 16
04-04 12:05:29.220 864 864 E HtcPreference: Thread =Thread[main,5,main]
04-04 12:05:29.220 864 864 D WifiManagerWrapper: calculateSignalLevel called
04-04 12:05:29.220 864 864 E HtcPreference: [addPreference]:before size= 16
04-04 12:05:29.220 864 864 E HtcPreference: Thread =Thread[main,5,main]
04-04 12:05:29.220 864 864 E HtcPreference: [addPreference]:after size= 17
04-04 12:05:29.220 864 864 E HtcPreference: Thread =Thread[main,5,main]
04-04 12:05:29.220 864 864 D WifiManagerWrapper: calculateSignalLevel called
04-04 12:05:29.220 864 864 E HtcPreference: [addPreference]:before size= 17
04-04 12:05:29.220 864 864 E HtcPreference: Thread =Thread[main,5,main]
04-04 12:05:29.220 864 864 E HtcPreference: [addPreference]:after size= 18
04-04 12:05:29.220 864 864 E HtcPreference: Thread =Thread[main,5,main]
04-04 12:05:29.220 864 864 D WifiManagerWrapper: calculateSignalLevel called
04-04 12:05:29.220 864 864 E HtcPreference: [addPreference]:before size= 18
04-04 12:05:29.220 864 864 E HtcPreference: Thread =Thread[main,5,main]
04-04 12:05:29.221 864 864 E HtcPreference: [addPreference]:after size= 19
04-04 12:05:29.221 864 864 E HtcPreference: Thread =Thread[main,5,main]
04-04 12:05:29.221 864 864 D WifiManagerWrapper: calculateSignalLevel called
04-04 12:05:29.221 864 864 E HtcPreference: [addPreference]:before size= 19
04-04 12:05:29.221 864 864 E HtcPreference: Thread =Thread[main,5,main]
04-04 12:05:29.221 864 864 E HtcPreference: [addPreference]:after size= 20
04-04 12:05:29.221 864 864 E HtcPreference: Thread =Thread[main,5,main]
04-04 12:05:29.221 864 864 D WifiManagerWrapper: calculateSignalLevel called
04-04 12:05:29.221 864 864 E HtcPreference: [addPreference]:before size= 20
04-04 12:05:29.221 864 864 E HtcPreference: Thread =Thread[main,5,main]
04-04 12:05:29.221 864 864 E HtcPreference: [addPreference]:after size= 21
04-04 12:05:29.221 864 864 E HtcPreference: Thread =Thread[main,5,main]
04-04 12:05:29.221 864 864 D WifiManagerWrapper: calculateSignalLevel called
04-04 12:05:29.221 864 864 E HtcPreference: [addPreference]:before size= 21
04-04 12:05:29.221 864 864 E HtcPreference: Thread =Thread[main,5,main]
04-04 12:05:29.221 864 864 E HtcPreference: [addPreference]:after size= 22
04-04 12:05:29.221 864 864 E HtcPreference: Thread =Thread[main,5,main]
04-04 12:05:29.221 864 864 D WifiManagerWrapper: calculateSignalLevel called
04-04 12:05:29.221 864 864 E HtcPreference: [addPreference]:before size= 22
04-04 12:05:29.221 864 864 E HtcPreference: Thread =Thread[main,5,main]
04-04 12:05:29.221 864 864 E HtcPreference: [addPreference]:after size= 23
04-04 12:05:29.221 864 864 E HtcPreference: Thread =Thread[main,5,main]
04-04 12:05:29.221 864 864 D WifiManagerWrapper: calculateSignalLevel called
04-04 12:05:29.221 864 864 E HtcPreference: [addPreference]:before size= 23
04-04 12:05:29.221 864 864 E HtcPreference: Thread =Thread[main,5,main]
04-04 12:05:29.221 864 864 E HtcPreference: [addPreference]:after size= 24
04-04 12:05:29.221 864 864 E HtcPreference: Thread =Thread[main,5,main]
04-04 12:05:29.221 864 864 D WifiManagerWrapper: calculateSignalLevel called
04-04 12:05:29.221 864 864 E HtcPreference: [addPreference]:before size= 24
04-04 12:05:29.221 864 864 E HtcPreference: Thread =Thread[main,5,main]
04-04 12:05:29.221 864 864 E HtcPreference: [addPreference]:after size= 25
04-04 12:05:29.221 864 864 E HtcPreference: Thread =Thread[main,5,main]
04-04 12:05:29.221 864 864 D WifiManagerWrapper: calculateSignalLevel called
04-04 12:05:29.221 864 864 E HtcPreference: [addPreference]:before size= 25
04-04 12:05:29.221 864 864 E HtcPreference: Thread =Thread[main,5,main]
04-04 12:05:29.221 864 864 E HtcPreference: [addPreference]:after size= 26
04-04 12:05:29.221 864 864 E HtcPreference: Thread =Thread[main,5,main]
04-04 12:05:29.222 864 864 D WifiManagerWrapper: calculateSignalLevel called
04-04 12:05:29.222 864 864 E HtcPreference: [addPreference]:before size= 26
04-04 12:05:29.222 864 864 E HtcPreference: Thread =Thread[main,5,main]
04-04 12:05:29.222 864 864 E HtcPreference: [addPreference]:after size= 27
04-04 12:05:29.222 864 864 E HtcPreference: Thread =Thread[main,5,main]
04-04 12:05:29.222 864 864 D WifiManagerWrapper: calculateSignalLevel called
04-04 12:05:29.222 864 864 E HtcPreference: [addPreference]:before size= 27
04-04 12:05:29.222 864 864 E HtcPreference: Thread =Thread[main,5,main]
04-04 12:05:29.222 864 864 E HtcPreference: [addPreference]:after size= 28
04-04 12:05:29.222 864 864 E HtcPreference: Thread =Thread[main,5,main]
04-04 12:05:29.222 864 864 D WifiManagerWrapper: calculateSignalLevel called
04-04 12:05:29.222 864 864 E HtcPreference: [addPreference]:before size= 28
04-04 12:05:29.222 864 864 E HtcPreference: Thread =Thread[main,5,main]
04-04 12:05:29.222 864 864 E HtcPreference: [addPreference]:after size= 29
04-04 12:05:29.222 864 864 E HtcPreference: Thread =Thread[main,5,main]
04-04 12:05:29.222 864 864 D WifiManagerWrapper: calculateSignalLevel called
04-04 12:05:29.222 864 864 E HtcPreference: [addPreference]:before size= 29
04-04 12:05:29.222 864 864 E HtcPreference: Thread =Thread[main,5,main]
04-04 12:05:29.222 864 864 E HtcPreference: [addPreference]:after size= 30
04-04 12:05:29.222 864 864 E HtcPreference: Thread =Thread[main,5,main]
04-04 12:05:29.222 864 864 D WifiManagerWrapper: calculateSignalLevel called
04-04 12:05:29.222 864 864 E HtcPreference: [addPreference]:before size= 30
04-04 12:05:29.222 864 864 E HtcPreference: Thread =Thread[main,5,main]
04-04 12:05:29.222 864 864 E HtcPreference: [addPreference]:after size= 31
04-04 12:05:29.222 864 864 E HtcPreference: Thread =Thread[main,5,main]
04-04 12:05:29.222 864 864 D WifiManagerWrapper: calculateSignalLevel called
04-04 12:05:29.222 864 864 E HtcPreference: [addPreference]:before size= 31
04-04 12:05:29.222 864 864 E HtcPreference: Thread =Thread[main,5,main]
04-04 12:05:29.222 864 864 E HtcPreference: [addPreference]:after size= 32
04-04 12:05:29.222 864 864 E HtcPreference: Thread =Thread[main,5,main]
04-04 12:05:29.222 864 864 D WifiManagerWrapper: calculateSignalLevel called
04-04 12:05:29.222 864 864 E HtcPreference: [addPreference]:before size= 32
04-04 12:05:29.222 864 864 E HtcPreference: Thread =Thread[main,5,main]
04-04 12:05:29.222 864 864 E HtcPreference: [addPreference]:after size= 33
04-04 12:05:29.222 864 864 E HtcPreference: Thread =Thread[main,5,main]
04-04 12:05:29.222 864 864 D WifiManagerWrapper: calculateSignalLevel called
04-04 12:05:29.223 864 864 E HtcPreference: [addPreference]:before size= 33
04-04 12:05:29.223 864 864 E HtcPreference: Thread =Thread[main,5,main]
04-04 12:05:29.223 864 864 E HtcPreference: [addPreference]:after size= 34
04-04 12:05:29.223 864 864 E HtcPreference: Thread =Thread[main,5,main]
04-04 12:05:29.223 864 864 D WifiManagerWrapper: calculateSignalLevel called
04-04 12:05:29.223 864 864 E HtcPreference: [addPreference]:before size= 34
04-04 12:05:29.223 864 864 E HtcPreference: Thread =Thread[main,5,main]
04-04 12:05:29.223 864 864 E HtcPreference: [addPreference]:after size= 35
04-04 12:05:29.223 864 864 E HtcPreference: Thread =Thread[main,5,main]
04-04 12:05:29.223 864 864 D WifiManagerWrapper: calculateSignalLevel called
04-04 12:05:29.223 864 864 E HtcPreference: [addPreference]:before size= 35
04-04 12:05:29.223 864 864 E HtcPreference: Thread =Thread[main,5,main]
04-04 12:05:29.223 864 864 E HtcPreference: [addPreference]:after size= 36
04-04 12:05:29.223 864 864 E HtcPreference: Thread =Thread[main,5,main]
04-04 12:05:29.223 864 864 D WifiManagerWrapper: calculateSignalLevel called
04-04 12:05:29.223 864 864 E HtcPreference: [addPreference]:before size= 36
04-04 12:05:29.223 864 864 E HtcPreference: Thread =Thread[main,5,main]
04-04 12:05:29.223 864 864 E HtcPreference: [addPreference]:after size= 37
04-04 12:05:29.223 864 864 E HtcPreference: Thread =Thread[main,5,main]
04-04 12:05:29.223 864 864 D WifiManagerWrapper: calculateSignalLevel called
04-04 12:05:29.223 864 864 E HtcPreference: [addPreference]:before size= 37
04-04 12:05:29.223 864 864 E HtcPreference: Thread =Thread[main,5,main]
04-04 12:05:29.223 864 864 E HtcPreference: [addPreference]:after size= 38
04-04 12:05:29.223 864 864 E HtcPreference: Thread =Thread[main,5,main]
04-04 12:05:29.223 864 864 D WifiManagerWrapper: calculateSignalLevel called
04-04 12:05:29.223 864 864 E HtcPreference: [addPreference]:before size= 38
04-04 12:05:29.223 864 864 E HtcPreference: Thread =Thread[main,5,main]
04-04 12:05:29.223 864 864 E HtcPreference: [addPreference]:after size= 39
04-04 12:05:29.223 864 864 E HtcPreference: Thread =Thread[main,5,main]
04-04 12:05:29.223 864 864 D WifiManagerWrapper: calculateSignalLevel called
04-04 12:05:29.223 864 864 E HtcPreference: [addPreference]:before size= 39
04-04 12:05:29.223 864 864 E HtcPreference: Thread =Thread[main,5,main]
04-04 12:05:29.223 864 864 E HtcPreference: [addPreference]:after size= 40
04-04 12:05:29.223 864 864 E HtcPreference: Thread =Thread[main,5,main]
04-04 12:05:29.223 864 864 D WifiManagerWrapper: calculateSignalLevel called
04-04 12:05:29.223 864 864 E HtcPreference: [addPreference]:before size= 40
04-04 12:05:29.223 864 864 E HtcPreference: Thread =Thread[main,5,main]
04-04 12:05:29.223 864 864 E HtcPreference: [addPreference]:after size= 41
04-04 12:05:29.223 864 864 E HtcPreference: Thread =Thread[main,5,main]
04-04 12:05:29.224 864 864 D WifiManagerWrapper: calculateSignalLevel called
04-04 12:05:29.224 864 864 E HtcPreference: [addPreference]:before size= 41
04-04 12:05:29.224 864 864 E HtcPreference: Thread =Thread[main,5,main]
04-04 12:05:29.224 864 864 E HtcPreference: [addPreference]:after size= 42
04-04 12:05:29.224 864 864 E HtcPreference: Thread =Thread[main,5,main]
04-04 12:05:29.224 864 864 D WifiManagerWrapper: calculateSignalLevel called
04-04 12:05:29.224 864 864 E HtcPreference: [addPreference]:before size= 42
04-04 12:05:29.224 864 864 E HtcPreference: Thread =Thread[main,5,main]
04-04 12:05:29.224 864 864 E HtcPreference: [addPreference]:after size= 43
04-04 12:05:29.224 864 864 E HtcPreference: Thread =Thread[main,5,main]
04-04 12:05:29.224 864 864 D WifiManagerWrapper: calculateSignalLevel called
04-04 12:05:29.224 864 864 E HtcPreference: [addPreference]:before size= 43
04-04 12:05:29.224 864 864 E HtcPreference: Thread =Thread[main,5,main]
04-04 12:05:29.224 864 864 E HtcPreference: [addPreference]:after size= 44
04-04 12:05:29.224 864 864 E HtcPreference: Thread =Thread[main,5,main]
04-04 12:05:29.224 864 864 D WifiManagerWrapper: calculateSignalLevel called
04-04 12:05:29.224 864 864 E HtcPreference: [addPreference]:before size= 44
04-04 12:05:29.224 864 864 E HtcPreference: Thread =Thread[main,5,main]
04-04 12:05:29.224 864 864 E HtcPreference: [addPreference]:after size= 45
04-04 12:05:29.224 864 864 E HtcPreference: Thread =Thread[main,5,main]
04-04 12:05:29.633 1278 1326 W SensorService: D/Accel(x, y, z, t) = ( 0.0, 0.1, 9.7, 579154077ms), calendar = 1554372329, sys_time = 579154085ms
04-04 12:05:29.869 638 820 I appium : channel read invoked!
04-04 12:05:29.869 638 820 I appium : channel read: GET /wd/hub/session/e42f59eb-4d3b-4a3e-969d-622e533298fb
04-04 12:05:29.871 638 820 I appium : AppiumResponse: {"sessionId":"e42f59eb-4d3b-4a3e-969d-622e533298fb","status":0,"value":{"lastScrollData":{"itemCount":45,"scrollY":-1,"scrollX":-1,"fromIndex":16,"maxScrollX":-1,"maxScrollY":-1,"toIndex":24}}}
04-04 12:05:29.912 638 821 I appium : channel read invoked!
04-04 12:05:29.912 638 821 I appium : channel read: POST /wd/hub/session/e42f59eb-4d3b-4a3e-969d-622e533298fb/element
04-04 12:05:29.913 638 821 I appium : Find element command
04-04 12:05:29.914 638 821 I appium : find element command using 'xpath' with selector '//android.widget.ListView'.
04-04 12:05:30.063 32700 32700 W Atfwd_Sendcmd: AtCmdFwd service not published, waiting... retryCnt : 1
04-04 12:05:30.206 638 821 I appium : AppiumResponse: {"sessionId":"e42f59eb-4d3b-4a3e-969d-622e533298fb","status":0,"value":{"ELEMENT":"fdaee9bd-fad7-45ba-8705-b3c5b9b323f9"}}
04-04 12:05:30.296 638 717 I appium : channel read invoked!
04-04 12:05:30.296 638 717 I appium : channel read: GET /wd/hub/session/e42f59eb-4d3b-4a3e-969d-622e533298fb/element/fdaee9bd-fad7-45ba-8705-b3c5b9b323f9/attribute/displayed
04-04 12:05:30.296 638 717 I appium : get attribute of element command
04-04 12:05:30.298 638 717 I appium : AppiumResponse: {"sessionId":"e42f59eb-4d3b-4a3e-969d-622e533298fb","status":0,"value":"true"}
04-04 12:05:30.318 638 718 I appium : channel read invoked!
04-04 12:05:30.319 638 718 I appium : channel read: POST /wd/hub/session/e42f59eb-4d3b-4a3e-969d-622e533298fb/elements
04-04 12:05:30.319 638 718 I appium : Find elements command
04-04 12:05:30.319 638 718 I appium : find element command using 'id' with selector 'android:id/summary'.
04-04 12:05:30.345 638 718 I appium : AppiumResponse: {"sessionId":"e42f59eb-4d3b-4a3e-969d-622e533298fb","status":0,"value":[{"ELEMENT":"82a28ecb-06e7-433d-816c-d72577f7f769"},{"ELEMENT":"4b96d12a-2563-45fb-967b-8caee6e3db2c"},{"ELEMENT":"12573c1a-dff3-4e62-a438-6526a1093b94"},{"ELEMENT":"1a92d107-4902-4ac6-ab1b-c6e13d4ab400"},{"ELEMENT":"ebc72893-775b-4db3-91a5-c84b0d488ce1"},{"ELEMENT":"34fce7ad-db36-4c7c-aaf5-253c53713a25"},{"ELEMENT":"dfe8b513-7ce4-46c2-b041-3b4ec5ac9e79"},{"ELEMENT":"ce6d60ed-8f71-474e-894e-f955ad846b6f"}]}
04-04 12:05:30.932 638 719 I appium : channel read invoked!
