04-04 12:07:39.198 3940 3940 D MNSMapFileLoader: Parsing tag item name = 22288
04-04 12:07:39.198 3940 3940 D MNSMapFileLoader: Parsing tag item name = 238
04-04 12:07:39.198 3940 3940 D MNSMapFileLoader: Parsing tag item name = 240
04-04 12:07:39.198 3940 3940 D MNSMapFileLoader: Parsing tag item name = 242
04-04 12:07:39.198 3940 3940 D MNSMapFileLoader: Parsing tag item name = 214
04-04 12:07:39.198 3940 3940 D MNSMapFileLoader: Parsing tag item name = 268
04-04 12:07:39.199 3940 3940 D MNSMapFileLoader: Parsing tag item name = 280
04-04 12:07:39.199 3940 3940 D MNSMapFileLoader: Parsing tag item name = 20210
04-04 12:07:39.199 3940 3940 D MNSMapFileLoader: Parsing tag item name = 20209
04-04 12:07:39.199 3940 3940 D MNSMapFileLoader: Parsing tag item name = 20205
04-04 12:07:39.199 3940 3940 D MNSMapFileLoader: Parsing tag item name = 20201
04-04 12:07:39.199 3940 3940 D MNSMapFileLoader: Parsing tag item name = 250
04-04 12:07:39.199 3940 3940 D MNSMapFileLoader: Parsing tag item name = 25012
04-04 12:07:39.199 3940 3940 D MNSMapFileLoader: Parsing tag item name = 25007
04-04 12:07:39.199 3940 3940 D MNSMapFileLoader: Parsing tag item name = 25017
04-04 12:07:39.199 3940 3940 D MNSMapFileLoader: Parsing tag item name = 28301
04-04 12:07:39.199 3940 3940 D MNSMapFileLoader: Parsing tag item name = 28310
04-04 12:07:39.199 3940 3940 D MNSMapFileLoader: Parsing tag item name = 28305
04-04 12:07:39.199 3940 3940 D MNSMapFileLoader: Parsing tag item name = 40102
04-04 12:07:39.199 3940 3940 D MNSMapFileLoader: Parsing tag item name = 40101
04-04 12:07:39.199 3940 3940 D MNSMapFileLoader: Parsing tag item name = 25020
04-04 12:07:39.200 3940 3940 D MNSMapFileLoader: Parsing tag item name = 25002
04-04 12:07:39.200 3940 3940 D MNSMapFileLoader: Parsing tag item name = 25099
04-04 12:07:39.200 3940 3940 D MNSMapFileLoader: Parsing tag item name = 25001
04-04 12:07:39.200 3940 3940 D MNSMapFileLoader: Parsing tag item name = 25011
04-04 12:07:39.200 3940 3940 D MNSMapFileLoader: Parsing tag item name = 28310
04-04 12:07:39.200 3940 3940 D MNSMapFileLoader: Parsing tag item name = 25701
04-04 12:07:39.200 3940 3940 D MNSMapFileLoader: Parsing tag item name = 25702
04-04 12:07:39.200 3940 3940 D MNSMapFileLoader: Parsing tag item name = 40101
04-04 12:07:39.200 3940 3940 D MNSMapFileLoader: Parsing tag item name = 40102
04-04 12:07:39.200 3940 3940 D MNSMapFileLoader: Parsing tag item name = 28305
04-04 12:07:39.200 3940 3940 D MNSMapFileLoader: Parsing tag item name = 28301
04-04 12:07:39.200 3940 3940 D MNSMapFileLoader: Parsing tag item name = 25039
04-04 12:07:39.200 3940 3940 D MNSMapFileLoader: Parsing tag item name = 218
04-04 12:07:39.200 3940 3940 D MNSMapFileLoader: Parsing tag item name = 278
04-04 12:07:39.201 3940 3940 D MNSMapFileLoader: Parsing tag item name = 297
04-04 12:07:39.201 3940 3940 D MNSMapFileLoader: Parsing tag item name = 294
04-04 12:07:39.201 3940 3940 D MNSMapFileLoader: Parsing tag item name = 276
04-04 12:07:39.201 3940 3940 D MNSMapFileLoader: Parsing tag item name = 257
04-04 12:07:39.201 3940 3940 D MNSMapFileLoader: Parsing tag item name = 420
04-04 12:07:39.201 3940 3940 D MNSMapFileLoader: Parsing tag item name = 424
04-04 12:07:39.201 3940 3940 D MNSMapFileLoader: Parsing tag item name = 65510
04-04 12:07:39.201 3940 3940 D MNSMapFileLoader: Parsing tag item name = 65501
04-04 12:07:39.201 3940 3940 D MNSMapFileLoader: Parsing tag item name = 65502
04-04 12:07:39.201 3940 3940 D MNSMapFileLoader: Parsing tag item name = 65507
04-04 12:07:39.201 3940 3940 D MNSMapFileLoader: Parsing tag item name = 286
04-04 12:07:39.201 3940 3940 D MNSMapFileLoader: Parsing tag item name = 255
04-04 12:07:39.201 3940 3940 D MNSMapFileLoader: Parsing tag item name = 425
04-04 12:07:39.201 3940 3940 D MNSMapFileLoader: Parsing tag item name = 63102
04-04 12:07:39.201 3940 3940 D MNSMapFileLoader: Parsing tag item name = 61603
04-04 12:07:39.202 3940 3940 D MNSMapFileLoader: Parsing tag item name = 61605
04-04 12:07:39.202 3940 3940 D MNSMapFileLoader: Parsing tag item name = 65201
04-04 12:07:39.202 3940 3940 D MNSMapFileLoader: Parsing tag item name = 65202
04-04 12:07:39.202 3940 3940 D MNSMapFileLoader: Parsing tag item name = 62401
04-04 12:07:39.202 3940 3940 D MNSMapFileLoader: Parsing tag item name = 62402
04-04 12:07:39.202 3940 3940 D MNSMapFileLoader: Parsing tag item name = 63901
04-04 12:07:39.202 3940 3940 D MNSMapFileLoader: Parsing tag item name = 63002
04-04 12:07:39.202 3940 3940 D MNSMapFileLoader: Parsing tag item name = 63089
04-04 12:07:39.202 3940 3940 D MNSMapFileLoader: Parsing tag item name = 62803
04-04 12:07:39.202 3940 3940 D MNSMapFileLoader: Parsing tag item name = 63902
04-04 12:07:39.202 3940 3940 D MNSMapFileLoader: Parsing tag item name = 63903
04-04 12:07:39.202 3940 3940 D MNSMapFileLoader: Parsing tag item name = 63905
04-04 12:07:39.202 3940 3940 D MNSMapFileLoader: Parsing tag item name = 65101
04-04 12:07:39.202 3940 3940 D MNSMapFileLoader: Parsing tag item name = 64601
04-04 12:07:39.202 3940 3940 D MNSMapFileLoader: Parsing tag item name = 64602
04-04 12:07:39.203 3940 3940 D MNSMapFileLoader: Parsing tag item name = 64603
04-04 12:07:39.203 3940 3940 D MNSMapFileLoader: Parsing tag item name = 65001
04-04 12:07:39.203 3940 3940 D MNSMapFileLoader: Parsing tag item name = 65010
04-04 12:07:39.203 3940 3940 D MNSMapFileLoader: Parsing tag item name = 61701
04-04 12:07:39.203 3940 3940 D MNSMapFileLoader: Parsing tag item name = 61710
04-04 12:07:39.203 3940 3940 D MNSMapFileLoader: Parsing tag item name = 64301
04-04 12:07:39.203 3940 3940 D MNSMapFileLoader: Parsing tag item name = 64304
04-04 12:07:39.203 3940 3940 D MNSMapFileLoader: Parsing tag item name = 64901
04-04 12:07:39.203 3940 3940 D MNSMapFileLoader: Parsing tag item name = 64903
04-04 12:07:39.203 3940 3940 D MNSMapFileLoader: Parsing tag item name = 62120
04-04 12:07:39.203 3940 3940 D MNSMapFileLoader: Parsing tag item name = 62130
04-04 12:07:39.203 3940 3940 D MNSMapFileLoader: Parsing tag item name = 62150
04-04 12:07:39.203 3940 3940 D MNSMapFileLoader: Parsing tag item name = 62160
04-04 12:07:39.203 3940 3940 D MNSMapFileLoader: Parsing tag item name = 62901
04-04 12:07:39.203 3940 3940 D MNSMapFileLoader: Parsing tag item name = 62907
04-04 12:07:39.204 3940 3940 D MNSMapFileLoader: Parsing tag item name = 62910
04-04 12:07:39.204 3940 3940 D MNSMapFileLoader: Parsing tag item name = 63510
04-04 12:07:39.204 3940 3940 D MNSMapFileLoader: Parsing tag item name = 63513
04-04 12:07:39.204 3940 3940 D MNSMapFileLoader: Parsing tag item name = 63301
04-04 12:07:39.204 3940 3940 D MNSMapFileLoader: Parsing tag item name = 63401
04-04 12:07:39.204 3940 3940 D MNSMapFileLoader: Parsing tag item name = 63402
04-04 12:07:39.204 3940 3940 D MNSMapFileLoader: Parsing tag item name = 65310
04-04 12:07:39.204 3940 3940 D MNSMapFileLoader: Parsing tag item name = 64002
04-04 12:07:39.204 3940 3940 D MNSMapFileLoader: Parsing tag item name = 64003
04-04 12:07:39.204 3940 3940 D MNSMapFileLoader: Parsing tag item name = 64004
04-04 12:07:39.204 3940 3940 D MNSMapFileLoader: Parsing tag item name = 64005
04-04 12:07:39.204 3940 3940 D MNSMapFileLoader: Parsing tag item name = 64101
04-04 12:07:39.204 3940 3940 D MNSMapFileLoader: Parsing tag item name = 64110
04-04 12:07:39.204 3940 3940 D MNSMapFileLoader: Parsing tag item name = 64111
04-04 12:07:39.205 3940 3940 D MNSMapFileLoader: Parsing tag item name = 64122
04-04 12:07:39.205 3940 3940 D MNSMapFileLoader: Parsing tag item name = 64501
04-04 12:07:39.205 3940 3940 D MNSMapFileLoader: Parsing tag item name = 64502
04-04 12:07:39.205 3940 3940 D MNSMapFileLoader: Parsing tag item name = 64804
04-04 12:07:39.205 3940 3940 D MNSMapFileLoader: Parsing tag item name = 62001
04-04 12:07:39.205 3940 3940 D MNSMapFileLoader: Parsing tag item name = 62002
04-04 12:07:39.205 3940 3940 D MNSMapFileLoader: Parsing tag item name = 62003
04-04 12:07:39.205 3940 3940 D MNSMapFileLoader: Parsing tag item name = 61202
04-04 12:07:39.205 3940 3940 D MNSMapFileLoader: Parsing tag item name = 61203
04-04 12:07:39.205 3940 3940 D MNSMapFileLoader: Parsing tag item name = 61203
04-04 12:07:39.205 3940 3940 D MNSMapFileLoader: Parsing tag item name = 61204
04-04 12:07:39.205 3940 3940 D MNSMapFileLoader: Parsing tag item name = 61205
04-04 12:07:39.205 3940 3940 D MNSMapFileLoader: Parsing tag item name = 61206
04-04 12:07:39.205 3940 3940 D MNSMapFileLoader: Parsing tag item name = 61701
04-04 12:07:39.205 3940 3940 D MNSMapFileLoader: Parsing tag item name = 61710
04-04 12:07:39.206 3940 3940 D MNSMapFileLoader: Parsing tag item name = 260
04-04 12:07:39.206 3940 3940 D MNSMapFileLoader: Parsing tag item name = 248
04-04 12:07:39.206 3940 3940 D MNSMapFileLoader: Parsing tag item name = 226
04-04 12:07:39.206 3940 3940 D MNSMapFileLoader: Parsing tag item name = 259
04-04 12:07:39.206 3940 3940 D MNSMapFileLoader: Parsing tag item name = 293
04-04 12:07:39.206 3940 3940 D MNSMapFileLoader: Parsing tag item name = 220
04-04 12:07:39.206 3940 3940 D MNSMapFileLoader: Parsing tag item name = 219
04-04 12:07:39.206 3940 3940 D MNSMapFileLoader: Parsing tag item name = 284
04-04 12:07:39.206 3940 3940 D MNSMapFileLoader: Parsing tag item name = 230
04-04 12:07:39.206 3940 3940 D MNSMapFileLoader: Parsing tag item name = 231
04-04 12:07:39.206 3940 3940 D MNSMapFileLoader: Parsing tag item name = 216
04-04 12:07:39.206 3940 3940 D MNSMapFileLoader: Parsing tag item name = 246
04-04 12:07:39.206 3940 3940 D MNSMapFileLoader: Parsing tag item name = 247
04-04 12:07:39.207 3940 3940 E BaseLoader: parseConfig error:java.io.FileNotFoundException: /system/customize/spn_map.xml: open failed: ENOENT (No such file or directory)
04-04 12:07:39.208 3940 3940 E BaseLoader: parseConfig error:java.lang.NullPointerException: Attempt to invoke virtual method 'boolean java.lang.String.equals(java.lang.Object)' on a null object reference
04-04 12:07:39.209 3940 3969 D CustomizationMNSLoader: full path : /system/customize/MNS/250.xml
04-04 12:07:39.210 3940 3969 D CustomizationMNSLoader: Parsing tag category name = system
04-04 12:07:39.210 3940 3969 D CustomizationMNSLoader: Parsing tag category name = application
04-04 12:07:39.225 3940 3969 D CustomizationMNSLoader: Parsing tag category name = ulog_policy
04-04 12:07:39.225 3940 3969 D CustomizationMNSLoader: Parsing tag category name = force_change
04-04 12:07:39.227 3940 3969 D CustomizationMNSLoader: full path : /system/customize/MNS/20601.xml
04-04 12:07:39.227 3940 3969 D CustomizationMNSLoader: Parsing tag category name = system
04-04 12:07:39.228 3940 3969 D CustomizationMNSLoader: Parsing tag category name = application
04-04 12:07:39.239 3940 3969 D CustomizationMNSLoader: Parsing tag category name = ulog_policy
04-04 12:07:39.240 3940 3969 D CustomizationMNSLoader: Parsing tag category name = force_change
04-04 12:07:39.241 3940 3969 D CustomizationMNSLoader: full path : /system/customize/MNS/63102.xml
04-04 12:07:39.242 3940 3969 D CustomizationMNSLoader: Parsing tag category name = system
04-04 12:07:39.243 3940 3969 D CustomizationMNSLoader: Parsing tag category name = application
04-04 12:07:39.255 3940 3969 D CustomizationMNSLoader: Parsing tag category name = ulog_policy
04-04 12:07:39.255 3940 3969 D CustomizationMNSLoader: Parsing tag category name = force_change
04-04 12:07:39.257 3940 3969 D CustomizationMNSLoader: full path : /system/customize/MNS/240.xml
04-04 12:07:39.257 3940 3969 D CustomizationMNSLoader: Parsing tag category name = system
04-04 12:07:39.258 3940 3969 D CustomizationMNSLoader: Parsing tag category name = application
04-04 12:07:39.270 3940 3969 D CustomizationMNSLoader: Parsing tag category name = ulog_policy
04-04 12:07:39.270 3940 3969 D CustomizationMNSLoader: Parsing tag category name = force_change
04-04 12:07:39.272 3940 3969 D CustomizationMNSLoader: full path : /system/customize/MNS/20810.xml
04-04 12:07:39.272 3940 3969 D CustomizationMNSLoader: Parsing tag category name = system
04-04 12:07:39.273 3940 3969 D CustomizationMNSLoader: Parsing tag category name = application
04-04 12:07:39.289 3940 3969 D CustomizationMNSLoader: Parsing tag category name = ulog_policy
04-04 12:07:39.289 3940 3969 D CustomizationMNSLoader: Parsing tag category name = force_change
04-04 12:07:39.291 3940 3969 D CustomizationMNSLoader: full path : /system/customize/MNS/268.xml
04-04 12:07:39.291 3940 3969 D CustomizationMNSLoader: Parsing tag category name = system
04-04 12:07:39.292 3940 3969 D CustomizationMNSLoader: Parsing tag category name = application
04-04 12:07:39.303 3940 3969 D CustomizationMNSLoader: Parsing tag category name = ulog_policy
04-04 12:07:39.303 3940 3969 D CustomizationMNSLoader: Parsing tag category name = force_change
04-04 12:07:39.305 3940 3969 D CustomizationMNSLoader: full path : /system/customize/MNS/238.xml
04-04 12:07:39.306 3940 3969 D CustomizationMNSLoader: Parsing tag category name = system
04-04 12:07:39.306 3940 3969 D CustomizationMNSLoader: Parsing tag category name = application
04-04 12:07:39.318 3940 3969 D CustomizationMNSLoader: Parsing tag category name = ulog_policy
04-04 12:07:39.318 3940 3969 D CustomizationMNSLoader: Parsing tag category name = force_change
04-04 12:07:39.320 3940 3969 D CustomizationMNSLoader: full path : /system/customize/MNS/260.xml
04-04 12:07:39.320 3940 3969 D CustomizationMNSLoader: Parsing tag category name = system
04-04 12:07:39.321 3940 3969 D CustomizationMNSLoader: Parsing tag category name = application
04-04 12:07:39.333 3940 3969 D CustomizationMNSLoader: Parsing tag category name = ulog_policy
04-04 12:07:39.333 3940 3969 D CustomizationMNSLoader: Parsing tag category name = force_change
04-04 12:07:39.335 3940 3969 D CustomizationMNSLoader: full path : /system/customize/MNS/218.xml
04-04 12:07:39.335 3940 3969 D CustomizationMNSLoader: Parsing tag category name = system
04-04 12:07:39.336 3940 3969 D CustomizationMNSLoader: Parsing tag category name = application
04-04 12:07:39.348 3940 3969 D CustomizationMNSLoader: Parsing tag category name = ulog_policy
04-04 12:07:39.348 3940 3969 D CustomizationMNSLoader: Parsing tag category name = force_change
04-04 12:07:39.350 3940 3969 D CustomizationMNSLoader: full path : /system/customize/MNS/22201.xml
04-04 12:07:39.350 3940 3969 D CustomizationMNSLoader: Parsing tag category name = system
04-04 12:07:39.351 3940 3969 D CustomizationMNSLoader: Parsing tag category name = application
04-04 12:07:39.363 3940 3969 D CustomizationMNSLoader: Parsing tag category name = ulog_policy
04-04 12:07:39.363 3940 3969 D CustomizationMNSLoader: Parsing tag category name = force_change
04-04 12:07:39.365 3940 3969 D CustomizationMNSLoader: full path : /system/customize/MNS/231.xml
04-04 12:07:39.365 3940 3969 D CustomizationMNSLoader: Parsing tag category name = system
04-04 12:07:39.366 3940 3969 D CustomizationMNSLoader: Parsing tag category name = application
04-04 12:07:39.377 3940 3969 D CustomizationMNSLoader: Parsing tag category name = ulog_policy
04-04 12:07:39.377 3940 3969 D CustomizationMNSLoader: Parsing tag category name = force_change
04-04 12:07:39.380 3940 3969 D CustomizationMNSLoader: full path : /system/customize/MNS/219.xml
04-04 12:07:39.380 3940 3969 D CustomizationMNSLoader: Parsing tag category name = system
04-04 12:07:39.381 3940 3969 D CustomizationMNSLoader: Parsing tag category name = application
04-04 12:07:39.392 3940 3969 D CustomizationMNSLoader: Parsing tag category name = ulog_policy
04-04 12:07:39.392 3940 3969 D CustomizationMNSLoader: Parsing tag category name = force_change
04-04 12:07:39.393 3940 3969 D CustomizationMNSLoader: full path : /system/customize/MNS/226.xml
04-04 12:07:39.394 3940 3969 D CustomizationMNSLoader: Parsing tag category name = system
04-04 12:07:39.394 3940 3969 D CustomizationMNSLoader: Parsing tag category name = application
04-04 12:07:39.405 3940 3969 D CustomizationMNSLoader: Parsing tag category name = ulog_policy
04-04 12:07:39.405 3940 3969 D CustomizationMNSLoader: Parsing tag category name = force_change
04-04 12:07:39.407 3940 3969 D CustomizationMNSLoader: full path : /system/customize/MNS/248.xml
04-04 12:07:39.407 3940 3969 D CustomizationMNSLoader: Parsing tag category name = system
04-04 12:07:39.407 3940 3969 D CustomizationMNSLoader: Parsing tag category name = application
04-04 12:07:39.418 3940 3969 D CustomizationMNSLoader: Parsing tag category name = ulog_policy
04-04 12:07:39.418 3940 3969 D CustomizationMNSLoader: Parsing tag category name = force_change
04-04 12:07:39.420 3940 3969 D CustomizationMNSLoader: full path : /system/customize/MNS/204.xml
04-04 12:07:39.420 3940 3969 D CustomizationMNSLoader: Parsing tag category name = system
04-04 12:07:39.421 3940 3969 D CustomizationMNSLoader: Parsing tag category name = application
04-04 12:07:39.431 3940 3969 D CustomizationMNSLoader: Parsing tag category name = ulog_policy
04-04 12:07:39.431 3940 3969 D CustomizationMNSLoader: Parsing tag category name = CustomAppInstaller
04-04 12:07:39.431 3940 3969 D CustomizationMNSLoader: Parsing tag category name = force_change
04-04 12:07:39.433 3940 3969 D CustomizationMNSLoader: full path : /system/customize/MNS/247.xml
04-04 12:07:39.433 3940 3969 D CustomizationMNSLoader: Parsing tag category name = system
04-04 12:07:39.433 3940 3969 D CustomizationMNSLoader: Parsing tag category name = application
04-04 12:07:39.444 3940 3969 D CustomizationMNSLoader: Parsing tag category name = ulog_policy
04-04 12:07:39.444 3940 3969 D CustomizationMNSLoader: Parsing tag category name = force_change
04-04 12:07:39.446 3940 3969 D CustomizationMNSLoader: full path : /system/customize/MNS/234.xml
04-04 12:07:39.446 3940 3969 D CustomizationMNSLoader: Parsing tag category name = system
04-04 12:07:39.447 3940 3969 D CustomizationMNSLoader: Parsing tag category name = application
04-04 12:07:39.457 3940 3969 D CustomizationMNSLoader: Parsing tag category name = ulog_policy
04-04 12:07:39.457 3940 3969 D CustomizationMNSLoader: Parsing tag category name = force_change
04-04 12:07:39.459 3940 3969 D CustomizationMNSLoader: full path : /system/customize/MNS/246.xml
04-04 12:07:39.459 3940 3969 D CustomizationMNSLoader: Parsing tag category name = system
04-04 12:07:39.460 3940 3969 D CustomizationMNSLoader: Parsing tag category name = application
04-04 12:07:39.470 3940 3969 D CustomizationMNSLoader: Parsing tag category name = ulog_policy
04-04 12:07:39.470 3940 3969 D CustomizationMNSLoader: Parsing tag category name = force_change
04-04 12:07:39.472 3940 3969 D CustomizationMNSLoader: full path : /system/customize/MNS/20201.xml
04-04 12:07:39.472 3940 3969 D CustomizationMNSLoader: Parsing tag category name = system
04-04 12:07:39.473 3940 3969 D CustomizationMNSLoader: Parsing tag category name = application
04-04 12:07:39.486 3940 3969 D CustomizationMNSLoader: Parsing tag category name = ulog_policy
04-04 12:07:39.487 3940 3969 D CustomizationMNSLoader: Parsing tag category name = force_change
04-04 12:07:39.490 3940 3969 D CustomizationMNSLoader: full path : /system/customize/MNS/262.xml
04-04 12:07:39.490 3940 3969 D CustomizationMNSLoader: Parsing tag category name = system
04-04 12:07:39.491 3940 3969 D CustomizationMNSLoader: Parsing tag category name = application
04-04 12:07:39.505 3940 3969 D CustomizationMNSLoader: Parsing tag category name = ulog_policy
04-04 12:07:39.506 3940 3969 D CustomizationMNSLoader: Parsing tag category name = force_change
04-04 12:07:39.508 3940 3969 D CustomizationMNSLoader: full path : /system/customize/MNS/228.xml
04-04 12:07:39.508 3940 3969 D CustomizationMNSLoader: Parsing tag category name = system
04-04 12:07:39.510 3940 3969 D CustomizationMNSLoader: Parsing tag category name = application
04-04 12:07:39.523 3940 3969 D CustomizationMNSLoader: Parsing tag category name = ulog_policy
04-04 12:07:39.524 3940 3969 D CustomizationMNSLoader: Parsing tag category name = force_change
04-04 12:07:39.525 3940 3969 D CustomizationMNSLoader: full path : /system/customize/MNS/420.xml
04-04 12:07:39.526 3940 3969 D CustomizationMNSLoader: Parsing tag category name = system
04-04 12:07:39.527 3940 3969 D CustomizationMNSLoader: Parsing tag category name = application
04-04 12:07:39.540 3940 3969 D CustomizationMNSLoader: Parsing tag category name = ulog_policy
04-04 12:07:39.541 3940 3969 D CustomizationMNSLoader: Parsing tag category name = force_change
04-04 12:07:39.543 3940 3969 D CustomizationMNSLoader: full path : /system/customize/MNS/20210.xml
04-04 12:07:39.543 3940 3969 D CustomizationMNSLoader: Parsing tag category name = system
04-04 12:07:39.544 3940 3969 D CustomizationMNSLoader: Parsing tag category name = application
04-04 12:07:39.557 3940 3969 D CustomizationMNSLoader: Parsing tag category name = ulog_policy
04-04 12:07:39.557 3940 3969 D CustomizationMNSLoader: Parsing tag category name = force_change
04-04 12:07:39.559 3940 3969 D CustomizationMNSLoader: full path : /system/customize/MNS/65507.xml
04-04 12:07:39.559 3940 3969 D CustomizationMNSLoader: Parsing tag category name = system
04-04 12:07:39.560 3940 3969 D CustomizationMNSLoader: Parsing tag category name = application
04-04 12:07:39.574 3940 3969 D CustomizationMNSLoader: Parsing tag category name = ulog_policy
04-04 12:07:39.575 3940 3969 D CustomizationMNSLoader: Parsing tag category name = force_change
04-04 12:07:39.577 3940 3969 D CustomizationMNSLoader: full path : /system/customize/MNS/242.xml
04-04 12:07:39.577 3940 3969 D CustomizationMNSLoader: Parsing tag category name = system
04-04 12:07:39.579 3940 3969 D CustomizationMNSLoader: Parsing tag category name = application
04-04 12:07:39.591 3940 3969 D CustomizationMNSLoader: Parsing tag category name = ulog_policy
04-04 12:07:39.591 3940 3969 D CustomizationMNSLoader: Parsing tag category name = force_change
04-04 12:07:39.593 3940 3969 D CustomizationMNSLoader: full path : /system/customize/MNS/65510.xml
04-04 12:07:39.593 3940 3969 D CustomizationMNSLoader: Parsing tag category name = system
04-04 12:07:39.594 3940 3969 D CustomizationMNSLoader: Parsing tag category name = application
04-04 12:07:39.606 3940 3969 D CustomizationMNSLoader: Parsing tag category name = ulog_policy
04-04 12:07:39.606 3940 3969 D CustomizationMNSLoader: Parsing tag category name = force_change
04-04 12:07:39.608 3940 3969 D CustomizationMNSLoader: full path : /system/customize/MNS/284.xml
04-04 12:07:39.608 3940 3969 D CustomizationMNSLoader: Parsing tag category name = system
04-04 12:07:39.609 3940 3969 D CustomizationMNSLoader: Parsing tag category name = application
04-04 12:07:39.621 3940 3969 D CustomizationMNSLoader: Parsing tag category name = ulog_policy
04-04 12:07:39.621 3940 3969 D CustomizationMNSLoader: Parsing tag category name = force_change
04-04 12:07:39.622 3940 3969 D CustomizationMNSLoader: full path : /system/customize/MNS/20205.xml
04-04 12:07:39.623 3940 3969 D CustomizationMNSLoader: Parsing tag category name = system
04-04 12:07:39.623 3940 3969 D CustomizationMNSLoader: Parsing tag category name = application
04-04 12:07:39.635 3940 3969 D CustomizationMNSLoader: Parsing tag category name = ulog_policy
04-04 12:07:39.636 3940 3969 D CustomizationMNSLoader: Parsing tag category name = force_change
04-04 12:07:39.637 3940 3969 D CustomizationMNSLoader: full path : /system/customize/MNS/280.xml
04-04 12:07:39.637 3940 3969 D CustomizationMNSLoader: Parsing tag category name = system
04-04 12:07:39.638 3940 3969 D CustomizationMNSLoader: Parsing tag category name = application
04-04 12:07:39.650 3940 3969 D CustomizationMNSLoader: Parsing tag category name = ulog_policy
04-04 12:07:39.650 3940 3969 D CustomizationMNSLoader: Parsing tag category name = force_change
04-04 12:07:39.652 3940 3969 D CustomizationMNSLoader: full path : /system/customize/MNS/220.xml
04-04 12:07:39.652 3940 3969 D CustomizationMNSLoader: Parsing tag category name = system
04-04 12:07:39.653 3940 3969 D CustomizationMNSLoader: Parsing tag category name = application
04-04 12:07:39.663 3940 3969 D CustomizationMNSLoader: Parsing tag category name = ulog_policy
04-04 12:07:39.664 3940 3969 D CustomizationMNSLoader: Parsing tag category name = force_change
04-04 12:07:39.665 3940 3969 D CustomizationMNSLoader: full path : /system/customize/MNS/286.xml
04-04 12:07:39.665 3940 3969 D CustomizationMNSLoader: Parsing tag category name = system
04-04 12:07:39.666 3940 3969 D CustomizationMNSLoader: Parsing tag category name = application
04-04 12:07:39.676 3940 3969 D CustomizationMNSLoader: Parsing tag category name = ulog_policy
04-04 12:07:39.676 3940 3969 D CustomizationMNSLoader: Parsing tag category name = force_change
04-04 12:07:39.678 3940 3969 D CustomizationMNSLoader: full path : /system/customize/MNS/65501.xml
04-04 12:07:39.678 3940 3969 D CustomizationMNSLoader: Parsing tag category name = system
04-04 12:07:39.679 3940 3969 D CustomizationMNSLoader: Parsing tag category name = application
04-04 12:07:39.690 3940 3969 D CustomizationMNSLoader: Parsing tag category name = ulog_policy
04-04 12:07:39.690 3940 3969 D CustomizationMNSLoader: Parsing tag category name = force_change
04-04 12:07:39.691 3940 3969 D CustomizationMNSLoader: full path : /system/customize/MNS/230.xml
04-04 12:07:39.692 3940 3969 D CustomizationMNSLoader: Parsing tag category name = system
04-04 12:07:39.692 3940 3969 D CustomizationMNSLoader: Parsing tag category name = application
04-04 12:07:39.703 3940 3969 D CustomizationMNSLoader: Parsing tag category name = ulog_policy
04-04 12:07:39.703 3940 3969 D CustomizationMNSLoader: Parsing tag category name = force_change
04-04 12:07:39.705 3940 3969 D CustomizationMNSLoader: full path : /system/customize/MNS/216.xml
04-04 12:07:39.705 3940 3969 D CustomizationMNSLoader: Parsing tag category name = system
04-04 12:07:39.706 3940 3969 D CustomizationMNSLoader: Parsing tag category name = application
04-04 12:07:39.717 3940 3969 D CustomizationMNSLoader: Parsing tag category name = ulog_policy
04-04 12:07:39.717 3940 3969 D CustomizationMNSLoader: Parsing tag category name = force_change
04-04 12:07:39.719 3940 3969 D CustomizationMNSLoader: full path : /system/customize/MNS/65502.xml
04-04 12:07:39.719 3940 3969 D CustomizationMNSLoader: Parsing tag category name = system
04-04 12:07:39.720 3940 3969 D CustomizationMNSLoader: Parsing tag category name = application
04-04 12:07:39.731 3940 3969 D CustomizationMNSLoader: Parsing tag category name = ulog_policy
04-04 12:07:39.731 3940 3969 D CustomizationMNSLoader: Parsing tag category name = force_change
04-04 12:07:39.732 3940 3969 D CustomizationMNSLoader: full path : /system/customize/MNS/22288.xml
04-04 12:07:39.733 3940 3969 D CustomizationMNSLoader: Parsing tag category name = system
04-04 12:07:39.733 3940 3969 D CustomizationMNSLoader: Parsing tag category name = application
04-04 12:07:39.744 3940 3969 D CustomizationMNSLoader: Parsing tag category name = ulog_policy
04-04 12:07:39.745 3940 3969 D CustomizationMNSLoader: Parsing tag category name = force_change
04-04 12:07:39.746 3940 3969 D CustomizationMNSLoader: full path : /system/customize/MNS/293.xml
04-04 12:07:39.746 3940 3969 D CustomizationMNSLoader: Parsing tag category name = system
04-04 12:07:39.747 3940 3969 D CustomizationMNSLoader: Parsing tag category name = application
04-04 12:07:39.758 3940 3969 D CustomizationMNSLoader: Parsing tag category name = ulog_policy
04-04 12:07:39.758 3940 3969 D CustomizationMNSLoader: Parsing tag category name = force_change
04-04 12:07:39.760 3940 3969 D CustomizationMNSLoader: full path : /system/customize/MNS/425.xml
04-04 12:07:39.760 3940 3969 D CustomizationMNSLoader: Parsing tag category name = system
04-04 12:07:39.761 3940 3969 D CustomizationMNSLoader: Parsing tag category name = application
04-04 12:07:39.774 3940 3969 D CustomizationMNSLoader: Parsing tag category name = ulog_policy
04-04 12:07:39.774 3940 3969 D CustomizationMNSLoader: Parsing tag category name = force_change
04-04 12:07:39.776 3940 3969 D CustomizationMNSLoader: full path : /system/customize/MNS/255.xml
04-04 12:07:39.776 3940 3969 D CustomizationMNSLoader: Parsing tag category name = system
04-04 12:07:39.777 3940 3969 D CustomizationMNSLoader: Parsing tag category name = application
04-04 12:07:39.804 3940 3969 D CustomizationMNSLoader: Parsing tag category name = ulog_policy
04-04 12:07:39.804 3940 3969 D CustomizationMNSLoader: Parsing tag category name = force_change
04-04 12:07:39.808 3940 3969 D CustomizationMNSLoader: full path : /system/customize/MNS/214.xml
04-04 12:07:39.809 3940 3969 D CustomizationMNSLoader: Parsing tag category name = system
04-04 12:07:39.810 3940 3969 D CustomizationMNSLoader: Parsing tag category name = application
04-04 12:07:39.828 3940 3969 D CustomizationMNSLoader: Parsing tag category name = ulog_policy
04-04 12:07:39.829 3940 3969 D CustomizationMNSLoader: Parsing tag category name = CustomAppInstaller
04-04 12:07:39.829 3940 3969 D CustomizationMNSLoader: Parsing tag category name = force_change
04-04 12:07:39.832 3940 3969 D CustomizationMNSLoader: full path : /system/customize/MNS/232.xml
04-04 12:07:39.833 3940 3969 D CustomizationMNSLoader: Parsing tag category name = system
04-04 12:07:39.834 3940 3969 D CustomizationMNSLoader: Parsing tag category name = application
04-04 12:07:39.853 3940 3969 D CustomizationMNSLoader: Parsing tag category name = ulog_policy
04-04 12:07:39.854 3940 3969 D CustomizationMNSLoader: Parsing tag category name = force_change
04-04 12:07:39.867 3940 3940 E ActTriggerJNI: open library fail.
04-04 12:07:39.881 1278 4785 I ActivityManager: Force stopping com.android.settings appid=1000 user=0: from pid 3940
04-04 12:07:39.881 1278 4785 I ActivityManager: Killing 3880:com.android.settings/1000 (adj 0): stop com.android.settings
04-04 12:07:39.881 1278 4785 D Process : killProcessQuiet, pid=3880
04-04 12:07:39.881 1278 4785 D Process : com.android.server.am.ProcessRecord.kill:577 com.android.server.am.ActivityManagerService.removeProcessLocked:6300 com.android.server.am.ActivityManagerService.killPackageProcessesLocked:5956
04-04 12:07:39.898 1278 2891 D GraphicsStats: Buffer count: 4
04-04 12:07:39.898 1278 4514 I ActivityManager: Recipient 3880
04-04 12:07:39.898 1278 2006 I WindowState: WIN DEATH: Window{c6ecefc u0 com.android.settings/com.android.settings.Settings}
04-04 12:07:39.899 1278 1366 D WifiService: Client connection lost with reason: 4
04-04 12:07:39.909 1278 4785 W ActivityManager: Force removing ActivityRecord{70cf20f u0 com.android.settings/.Settings t554}: app died, no saved state
04-04 12:07:39.920 1278 4514 W ActivityManager: Spurious death for ProcessRecord{41525d0 0:com.android.settings/1000}, curProc for 3880: null
04-04 12:07:39.924 2079 2079 D PhoneApp: -- PackageChangeBroadcastReceiver action = android.intent.action.PACKAGE_RESTARTED
04-04 12:07:39.961 2095 2095 W NotificationListenerClient: reconnect bound=true
04-04 12:07:39.961 2095 2095 W PrismDragLayer: performFitSystemWindowsIfNeed: null, ic: null
04-04 12:07:39.962 2095 2095 I ContextualWidget: onResume
04-04 12:07:39.962 2095 2095 I ContextualWidget: notifyWidgetActive location size=0 user consent location=false
04-04 12:07:39.962 2095 10937 I ContextualWidget: handleMessage, what=1018 mode=GettingOut maxcount=8
04-04 12:07:39.963 2095 2095 I ContextualWidget: ignore uploadUsageData location=false usage data=false allowAutoUpload=true
04-04 12:07:39.963 2095 2095 I ContextualWidget: postSyncRecommendedApps, isReady=false allowAutoSync=true syncMode=1 isEnableRecommend=true
04-04 12:07:39.964 2095 10937 I PrismAccCustomizationU_: readDisableOOBEUserConsent: false
04-04 12:07:39.964 2095 2095 I Launcher: LauncherPostResume
04-04 12:07:39.964 2095 2095 I FeedHostManagerProxy: setActivityPostResumed true
04-04 12:07:39.979 1278 1297 D StatusBarManagerService: setSystemUiVisibility(0x8700)
04-04 12:07:39.979 1278 1297 D StatusBarManagerService: disable:userId=0 what=0x0 which=0x1 pkg=Window{eb4872c u0 com.htc.launcher/com.htc.launcher.Launcher}
04-04 12:07:39.979 1278 1297 D StatusBarManagerService: hiding MENU key
04-04 12:07:39.980 1596 1596 I PhoneStatusBar: setSystemUiVisibility vis=8700 mask=ffffffff oldVal=8600 newVal=8700 diff=100
04-04 12:07:39.980 1596 1596 I PhoneStatusBar: updatePolicy(false,false,false,true)
04-04 12:07:39.980 1596 1596 I PhoneStatusBar: hiding the MENU button
04-04 12:07:39.991 1278 2863 W InputMethodManagerService: Got RemoteException sending setActive(false) notification to pid 3880 uid 1000
04-04 12:07:39.991 1278 2863 D StatusBarManagerService: swetImeWindowStatus vis=0 backDisposition=0
04-04 12:07:39.992 1596 1596 I PhoneStatusBar: setImeWindowStatus(false,false)
04-04 12:07:39.998 2037 2037 D HTCIMEService: This created at onFinishInput()
04-04 12:07:40.000 2065 2065 D Nfc-Utils: isNxpCodebase: isNxp=true
04-04 12:07:40.001 2065 2065 D Nfc-Utils: isNxpCodebase: isNxp=true
04-04 12:07:40.001 2065 2065 D Nfc-Utils: isNxpCodebase: isNxp=true
04-04 12:07:40.001 2065 2065 D Nfc-Utils: isNxpCodebase: isNxp=true
04-04 12:07:40.001 2065 2065 D Nfc-Utils: isNxpCodebase: isNxp=true
04-04 12:07:40.001 2065 2065 D Nfc-Utils: isNxpCodebase: isNxp=true
04-04 12:07:40.001 2065 2065 D Nfc-Utils: isNxpCodebase: isNxp=true
04-04 12:07:40.001 2065 2065 D Nfc-Utils: isNxpCodebase: isNxp=true
04-04 12:07:40.001 2065 2065 D Nfc-Utils: isNxpCodebase: isNxp=true
04-04 12:07:40.002 2065 2065 D Nfc-Utils: isNxpCodebase: isNxp=true
04-04 12:07:40.002 2065 2065 D Nfc-Utils: isNxpCodebase: isNxp=true
04-04 12:07:40.002 2065 2065 D Nfc-Utils: isNxpCodebase: isNxp=true
04-04 12:07:40.002 2065 2065 D Nfc-Utils: isNxpCodebase: isNxp=true
04-04 12:07:40.002 2065 2065 D Nfc-Utils: isNxpCodebase: isNxp=true
04-04 12:07:40.002 2065 2065 D Nfc-Utils: isNxpCodebase: isNxp=true
04-04 12:07:40.002 2065 2065 D Nfc-Utils: isNxpCodebase: isNxp=true
04-04 12:07:40.002 2065 2065 D Nfc-Utils: isNxpCodebase: isNxp=true
04-04 12:07:40.002 2065 2065 D Nfc-Utils: isNxpCodebase: isNxp=true
04-04 12:07:40.003 2065 2065 D Nfc-Utils: isNxpCodebase: isNxp=true
04-04 12:07:40.003 2065 2065 D Nfc-Utils: isNxpCodebase: isNxp=true
04-04 12:07:40.003 2065 2065 D Nfc-Utils: isNxpCodebase: isNxp=true
04-04 12:07:40.003 2065 2065 D Nfc-Utils: isNxpCodebase: isNxp=true
04-04 12:07:40.003 2065 2065 D Nfc-Utils: isNxpCodebase: isNxp=true
04-04 12:07:40.003 2065 2065 D Nfc-Utils: isNxpCodebase: isNxp=true
04-04 12:07:40.003 2065 2065 D Nfc-Utils: isNxpCodebase: isNxp=true
04-04 12:07:40.003 2065 2065 D Nfc-Utils: isNxpCodebase: isNxp=true
04-04 12:07:40.003 2065 2065 D Nfc-Utils: isNxpCodebase: isNxp=true
04-04 12:07:40.172 3023 3039 E MP-Decision: Update arg 2
04-04 12:07:40.173 1278 2863 I ActivityManager: START u0 {flg=0x10000000 cmp=com.android.settings/.Settings} from uid 2000 pid 3940 on display 0
04-04 12:07:40.173 1278 1310 D PMS : acquireHCC(f039fc7): CPU_MIN_NUM ActivityManager-MultiCore-Num 0x8000 1278 1000 null
04-04 12:07:40.173 1278 1310 D PMS : acquireHCC(a23d9f4): CPU_MIN_FREQ ActivityManager-MultiCore-Freq 0x2000 1278 1000 null
04-04 12:07:40.174 3023 3039 E MP-Decision: Update arg 4
04-04 12:07:40.188 1278 2863 D PMS : acquireWL(2907163): PARTIAL_WAKE_LOCK *launch* 0x1 1278 1000 WorkSource{1000}
04-04 12:07:40.188 2095 2095 I FeedHostManagerProxy: setActivityPostResumed false
04-04 12:07:40.189 1278 1302 I AnimationUtil: isHTCRecent(Settings/Recent apps.)/0
04-04 12:07:40.192 2095 2095 I ContextualWidget: onPause
04-04 12:07:40.192 2095 2095 I ContextualWidget: notifyWidgetDeactive
04-04 12:07:40.203 1278 2006 I ActivityManager: Start proc 3988:com.android.settings/1000 for activity com.android.settings/.Settings
04-04 12:07:40.218 2095 2095 D Launcher: setupWindowStyle, statusBarState = 101, navigationBarState = 101
04-04 12:07:40.219 1278 2151 W HtcSystemUPManager: HtcSystemUPHandler The policy is disabled. AppId: activity_history, category: launch
04-04 12:07:40.250 3988 3988 W System : ClassLoader referenced unknown path: /system/priv-app/Settings/lib/arm
04-04 12:07:40.251 1278 1297 D StatusBarManagerService: setSystemUiVisibility(0x0)
04-04 12:07:40.251 1278 1297 D StatusBarManagerService: disable:userId=0 what=0x0 which=0x1 pkg=Window{3f8a9db u0 Starting com.android.settings}
04-04 12:07:40.251 1278 1297 D StatusBarManagerService: hiding MENU key
04-04 12:07:40.252 1596 1596 I PhoneStatusBar: setSystemUiVisibility vis=0 mask=ffffffff oldVal=8700 newVal=0 diff=8700
04-04 12:07:40.252 1596 1596 I PhoneStatusBar: mode(transparent:false light:false)
04-04 12:07:40.252 1596 1596 I PhoneStatusBar: updatePolicy(false,false,false,true)
04-04 12:07:40.252 1596 1596 I PhoneStatusBar: hiding the MENU button
04-04 12:07:40.254 2095 2697 E Surface : getSlotFromBufferLocked: unknown buffer: 0xb807ac10
04-04 12:07:40.265 3988 3988 V Settings:HtcSettingsApplication: [3988/3988] onCreate()
04-04 12:07:40.276 1278 2150 D PMS : acquireWL(83fc789): PARTIAL_WAKE_LOCK BatteryServiceUpdateStats_3 0x1 1278 1000 null
04-04 12:07:40.276 1278 2150 I BatteryService: n_update end
04-04 12:07:40.276 1278 2150 D PMS : releaseWL(83fc789): PARTIAL_WAKE_LOCK BatteryServiceUpdateStats_3 0x1 null
04-04 12:07:40.277 1278 1278 I BatteryLightController: updateBattery(plugged=true plugin=true low=false full=true health=2 status=5 timeout=false usbOverheat=false)
04-04 12:07:40.277 1278 1278 D UsbnetService: BroadcastReceiver::onReceive+
04-04 12:07:40.277 1278 1278 D UsbnetService: onReceive BATTERY_CHANGED
04-04 12:07:40.277 1278 1278 D UsbnetService: --> pluggedType = 2, mPluggedType = 0, mScreenOff = false
04-04 12:07:40.277 1278 1278 D UsbnetService: BroadcastReceiver::onReceive-
04-04 12:07:40.277 1278 1278 I DeviceIdleController: updateChargingLocked: charging=true
04-04 12:07:40.277 1278 1278 W DeviceIdleController: becomeActiveLocked, reason = charging
04-04 12:07:40.278 1278 1306 D HtcPowerSaver: updateBatteryInfo
04-04 12:07:40.278 5231 5231 D DotMatrix: [EventService] reorderCurrEventType, mCurrentEventType = 26, version:2.1
04-04 12:07:40.278 5231 5231 D DotMatrix: [EventService] reorderCurrEventType, mCurrentEventType = 26, version:2.1
04-04 12:07:40.278 5231 5231 D DotMatrix: [EventService] checkEventUpdateCondition, bCheckCondition:false, mCoverOn:false,mbIsUserInForeground:true,mbIsDeviceSupportDotView:true
04-04 12:07:40.279 1278 1278 D PMS : runPSCheck
04-04 12:07:40.279 1278 1278 D HtcPowerSaver: Checking...
04-04 12:07:40.279 1278 1278 I HtcPowerSaver: >> updateStatus
04-04 12:07:40.279 1278 1278 I HtcPowerSaver: << updateStatus
04-04 12:07:40.287 1596 1596 D PowerUI : closing low battery warning: level=100
04-04 12:07:40.288 1596 1596 I QuickSettingPowerSaver: updateEnabledState:(false,false,false)
04-04 12:07:40.288 1596 1596 I QuickSettingPowerSaverEX: batteryLevelChanged:true
04-04 12:07:40.288 1596 1596 I QuickSettingPowerSaverEX: updateEnabledState:(false,false,false)
04-04 12:07:40.290 1596 1596 I BatteryController: status:5 level:100 unsupport:false plugged:true
04-04 12:07:40.308 3988 3988 E Settings:###: onApplyThemeResource...
04-04 12:07:40.309 3988 3988 W ResourceType: Invalid package identifier when getting bag for resource number 0x00000000
04-04 12:07:40.315 3988 3988 D HtcThemeUtils: context=com.android.settings.Settings@209e523, category=0, byUser=false, userHandle=0
04-04 12:07:40.321 3988 3988 D HtcThemeUtils: [CC][checkIfNeedRecreate] mNeedRecreate=false, mCategoryRes=null, mCategoryTheme=null, sameDefRes=false
04-04 12:07:40.323 3988 4008 D Settings:HtcWirelessFeatureFlags: id/is att sku: 118/false
04-04 12:07:40.323 3988 3988 D HtcThemeUtils: context=com.android.settings.Settings@209e523, target=CBaseline.apk
04-04 12:07:40.323 3988 3988 D HtcThemeUtils: optionalPath=/data/user/0/com.htc.home.personalize/files/.htc_theme/
04-04 12:07:40.324 3988 3988 W asset : Asset path CBaseline.apk is neither a directory nor file (type=1).
04-04 12:07:40.324 3988 3988 D HtcThemeUtils: AssetMaanger addAssetPath CBaseline fail!
04-04 12:07:40.324 3988 3988 D HtcThemeUtils: context=com.android.settings.Settings@209e523, optional=/data/user/0/com.htc.home.personalize/files/.htc_theme/CBaseline.apk
04-04 12:07:40.324 3988 3988 W asset : Asset path /data/user/0/com.htc.home.personalize/files/.htc_theme/CBaseline.apk is neither a directory nor file (type=1).
04-04 12:07:40.324 3988 3988 D HtcThemeUtils: AssetMaanger addOptionalPath CBaseline fail!
04-04 12:07:40.327 3988 3988 D HtcThemeUtils: context=com.android.settings.Settings@209e523, target=CResources.apk
04-04 12:07:40.327 3988 3988 D HtcThemeUtils: optionalPath=/data/user/0/com.htc.home.personalize/files/.htc_theme/
04-04 12:07:40.328 3988 3988 W asset : Asset path CResources.apk is neither a directory nor file (type=1).
04-04 12:07:40.328 3988 3988 D HtcThemeUtils: AssetMaanger addAssetPath CResources fail!
04-04 12:07:40.328 3988 3988 D HtcThemeUtils: context=com.android.settings.Settings@209e523, optional=/data/user/0/com.htc.home.personalize/files/.htc_theme/CResources.apk
04-04 12:07:40.328 3988 3988 W asset : Asset path /data/user/0/com.htc.home.personalize/files/.htc_theme/CResources.apk is neither a directory nor file (type=1).
04-04 12:07:40.328 3988 3988 D HtcThemeUtils: AssetMaanger addOptionalPath CResources fail!
04-04 12:07:40.328 3988 3988 D HtcThemeUtils: init done
04-04 12:07:40.337 3988 3988 D Settings:HtcBluetoothWidgetEnabler: setIntentFilter
04-04 12:07:40.341 3988 3988 W SystemReader: Cannot find support_music_channel, use default value instead
04-04 12:07:40.341 3988 3988 E Settings:HtcUmcWidgetEnabler: isSupportMusicChannel(): false
04-04 12:07:40.355 3988 3988 W art : Before Android 4.1, method void com.htc.lib1.cc.widget.HtcListView.drawDivider(android.graphics.Canvas, android.graphics.Rect, int) would have incorrectly overridden the package-private method in android.widget.ListView
04-04 12:07:40.359 3988 4008 E Settings:HtcWrapHeaderInfo: no such activity!
04-04 12:07:40.369 3988 3988 D ListViewUtil: [ListViewUtil] setHtcScrollEnabled(int, boolean) in android.widget.AbsListView class is not found
04-04 12:07:40.369 3988 3988 D ListViewUtil: [ListViewUtil] setHtcScrollEnabled(boolean) in android.widget.AbsListView class is not found
04-04 12:07:40.373 3988 4007 W Settings:com.android.settings.framework.activity.HtcIEntryProvider$Stub: The wrap header doesn't exist in header list.
04-04 12:07:40.385 3988 4007 E Settings:HtcWrapHeaderInfo: updateDevelopment, showDev = false
04-04 12:07:40.387 3988 4007 W SystemReader: Cannot find support_music_channel, use default value instead
04-04 12:07:40.387 3988 4007 E Settings:HtcUmcWidgetEnabler: isSupportMusicChannel(): false
04-04 12:07:40.393 3988 4007 V Settings:HtcDisplayFeatureFlags: [supportRecentAppsButton]hasNavigationBar:true
04-04 12:07:40.393 3988 4007 V Settings:HtcDisplayFeatureFlags: [supportRecentAppsButton]hasRecentAppsKey:false
04-04 12:07:40.393 3988 4007 V Settings:HtcDisplayFeatureFlags: [supportRecentAppsButton]support :false
04-04 12:07:40.398 3988 4007 V Settings:HtcDisplayFeatureFlags: [supportHomeButton]hasNavigationBar:true
04-04 12:07:40.398 3988 4007 V Settings:HtcDisplayFeatureFlags: [supportHomeButton]hasMenuKey :false
04-04 12:07:40.398 3988 4007 V Settings:HtcDisplayFeatureFlags: [supportHomeButton]hasRecentAppKey :false
04-04 12:07:40.398 3988 4007 V Settings:HtcDisplayFeatureFlags: [supportHomeButton]hasBackKey :false
04-04 12:07:40.398 3988 4007 V Settings:HtcDisplayFeatureFlags: [supportHomeButton]hasHomeKey :false
04-04 12:07:40.398 3988 4007 V Settings:HtcDisplayFeatureFlags: [supportHomeButton]support :false
04-04 12:07:40.413 1278 4514 I ActivityManager: Cannot resolve ContentProvider=com.htc.vowifi
04-04 12:07:40.413 3988 4007 E ActivityThread: Failed to find provider info for com.htc.vowifi
04-04 12:07:40.413 3988 4007 E Settings:HtcVoWifiWidgetEnabler: isSupportVoWifi: null
04-04 12:07:40.414 3988 3988 W SystemReader: Cannot find support_music_channel, use default value instead
04-04 12:07:40.414 3988 3988 E Settings:HtcUmcWidgetEnabler: isSupportMusicChannel(): false
04-04 12:07:40.420 1278 1366 D WifiService: New client listening to asynchronous messages
04-04 12:07:40.424 3988 4006 D Settings:HtcWifiWidgetEnabler: get debug: null , state=IDLE
04-04 12:07:40.427 1278 2889 I ActivityManager: Cannot resolve ContentProvider=com.htc.vowifi
04-04 12:07:40.427 3988 4006 E ActivityThread: Failed to find provider info for com.htc.vowifi
04-04 12:07:40.427 3988 4006 I Settings:HtcVoWifiWidgetEnabler: WFC state:-1
04-04 12:07:40.429 1278 1301 D BluetoothManagerService: Message: MESSAGE_REGISTER_ADAPTER
04-04 12:07:40.429 1278 1301 D BluetoothManagerService: Added callback: android.bluetooth.IBluetoothManagerCallback$Stub$Proxy@524aa9a:true
04-04 12:07:40.435 1278 2150 D BluetoothManagerService: registerStateChangeCallback+
04-04 12:07:40.435 1278 1301 D BluetoothManagerService: Message: MESSAGE_REGISTER_STATE_CHANGE_CALLBACK
04-04 12:07:40.435 1278 1301 D BluetoothManagerService: Registered receivers: 9
04-04 12:07:40.439 1278 4783 D BluetoothManagerService: registerStateChangeCallback+
04-04 12:07:40.439 1278 1301 D BluetoothManagerService: Message: MESSAGE_REGISTER_STATE_CHANGE_CALLBACK
04-04 12:07:40.439 1278 1301 D BluetoothManagerService: Registered receivers: 10
04-04 12:07:40.442 3988 3988 D HtcThemeUtils: Register com.android.settings.framework.app.style.HtcThemeDecorator$1@fc8957d for type 0
04-04 12:07:40.442 3988 3988 D HtcThemeUtils: Register com.android.settings.framework.app.style.HtcThemeDecorator$1@fc8957d for type 1
04-04 12:07:40.444 3988 4006 D BluetoothMap: Create BluetoothMap proxy object
04-04 12:07:40.445 1278 2889 D BluetoothManagerService: registerStateChangeCallback+
04-04 12:07:40.445 1278 1301 D BluetoothManagerService: Message: MESSAGE_REGISTER_STATE_CHANGE_CALLBACK
04-04 12:07:40.445 1278 1301 D BluetoothManagerService: Registered receivers: 11
04-04 12:07:40.445 3988 4006 E BluetoothMap: Could not bind to Bluetooth MAP Service with Intent { act=android.bluetooth.IBluetoothMap }
04-04 12:07:40.446 3988 4006 D BluetoothSap: Create BluetoothSap proxy object
04-04 12:07:40.447 1278 1646 D BluetoothManagerService: registerStateChangeCallback+
04-04 12:07:40.447 1278 1301 D BluetoothManagerService: Message: MESSAGE_REGISTER_STATE_CHANGE_CALLBACK
04-04 12:07:40.447 1278 1301 D BluetoothManagerService: Registered receivers: 12
04-04 12:07:40.450 1278 2891 D BluetoothManagerService: registerStateChangeCallback+
04-04 12:07:40.450 1278 1301 D BluetoothManagerService: Message: MESSAGE_REGISTER_STATE_CHANGE_CALLBACK
04-04 12:07:40.450 1278 1301 D BluetoothManagerService: Registered receivers: 13
04-04 12:07:40.451 3988 4006 D LocalBluetoothProfileManager:Settings: LocalBluetoothProfileManager construction complete
04-04 12:07:40.455 3988 4006 V Settings:HtcBoomSoundSrsWidgetEnabler: onHandleStateChangedInBackground(STATE_SYNC)
04-04 12:07:40.455 3988 4006 V Settings:HtcBoomSoundSrsWidgetEnabler: onHandleStateChangedInBackground(STATE_ON)
04-04 12:07:40.455 3988 4006 W SystemReader: Cannot find effect_notification_type, use default value instead
04-04 12:07:40.456 3988 4006 W Settings:HtcBoomSoundWidgetEnabler: getUiType(): [warning] No ACC flag 'effect_notification_type', use default value (0)
04-04 12:07:40.457 3988 4006 W Settings:HtcBoomSoundWidgetEnabler: getUiType(): sUiType==0
04-04 12:07:40.457 3988 4006 V Settings:HtcAirplaneModeWidgetEnabler: Enable not actived.
04-04 12:07:40.474 795 808 D MdUtils : default preferred slot 0
04-04 12:07:40.489 1278 1297 D StatusBarManagerService: setSystemUiVisibility(0x600)
04-04 12:07:40.489 1278 1297 D StatusBarManagerService: disable:userId=0 what=0x0 which=0x1 pkg=Window{7fab3a8 u0 com.android.settings/com.android.settings.Settings}
04-04 12:07:40.489 1278 1297 D StatusBarManagerService: hiding MENU key
04-04 12:07:40.490 1596 1596 I PhoneStatusBar: setSystemUiVisibility vis=600 mask=ffffffff oldVal=0 newVal=600 diff=600
04-04 12:07:40.490 1596 1596 I PhoneStatusBar: updatePolicy(false,false,false,true)
04-04 12:07:40.490 1596 1596 I PhoneStatusBar: hiding the MENU button
04-04 12:07:40.490 795 808 D TelephonyManager: getDataEnabled: retVal=true
04-04 12:07:40.509 3988 4011 I Adreno-EGL: : EGL 1.4 QUALCOMM build: Nondeterministic_AU_msm8974_LA.BF.1.1.3__release_AU (I3fa967cfef)
04-04 12:07:40.509 3988 4011 I Adreno-EGL: OpenGL ES Shader Compiler Version: E031.28.00.02
04-04 12:07:40.509 3988 4011 I Adreno-EGL: Build Date: 09/29/15 Tue 04-04 12:07:40.509 3988 4011 I Adreno-EGL: Local Branch: mybranch14683032
04-04 12:07:40.509 3988 4011 I Adreno-EGL: Remote Branch: quic/master
04-04 12:07:40.509 3988 4011 I Adreno-EGL: Local Patches: NONE
04-04 12:07:40.509 3988 4011 I Adreno-EGL: Reconstruct Branch: NOTHING
04-04 12:07:40.565 3988 3988 D NfcManager: getDefaultAdapter: mContext=com.android.settings.framework.app.HtcSettingsApplication@d35d641
04-04 12:07:40.566 3988 3988 D NfcManager: getDefaultAdapter: mAdapter=android.nfc.NfcAdapter@ae07d2e
04-04 12:07:40.567 3988 3988 V WirelessSettings: modelId: 0P6B10000
04-04 12:07:40.569 1278 1326 W SensorService: D/Accel(x, y, z, t) = ( 0.0, 0.1, 9.8, 579285013ms), calendar = 1554372460, sys_time = 579285021ms
04-04 12:07:40.643 1278 1302 I ActivityManager: Displayed com.android.settings/.Settings: +450ms
04-04 12:07:40.644 1278 1297 D StatusBarManagerService: setSystemUiVisibility(0x8600)
04-04 12:07:40.644 1278 1297 D StatusBarManagerService: disable:userId=0 what=0x0 which=0x1 pkg=Window{7fab3a8 u0 com.android.settings/com.android.settings.Settings}
04-04 12:07:40.644 1278 1297 D StatusBarManagerService: hiding MENU key
04-04 12:07:40.644 1596 1596 I PhoneStatusBar: setSystemUiVisibility vis=8600 mask=ffffffff oldVal=600 newVal=8600 diff=8000
04-04 12:07:40.645 1596 1596 I PhoneStatusBar: mode(transparent:true light:false)
04-04 12:07:40.645 1596 1596 I PhoneStatusBar: updatePolicy(false,false,false,true)
