04-04 12:05:00.096 1116 1116 W art : b5e24000-b5e25000 r--p 00003000 103:1d 1284 /system/lib/libprocessgroup.so
04-04 12:05:00.096 1116 1116 W art : b5e25000-b5e26000 rw-p 00004000 103:1d 1284 /system/lib/libprocessgroup.so
04-04 12:05:00.096 1116 1116 W art : b5e26000-b5e27000 rw-p 00000000 00:00 0 [anon:linker_alloc_vector]
04-04 12:05:00.096 1116 1116 W art : b5e27000-b5e36000 r-xp 00000000 103:1d 1235 /system/lib/libminikin.so
04-04 12:05:00.096 1116 1116 W art : b5e36000-b5e37000 r--p 0000e000 103:1d 1235 /system/lib/libminikin.so
04-04 12:05:00.096 1116 1116 W art : b5e37000-b5e38000 rw-p 0000f000 103:1d 1235 /system/lib/libminikin.so
04-04 12:05:00.096 1116 1116 W art : b5e38000-b5e42000 r-xp 00000000 103:1d 1314 /system/lib/libsoundtrigger.so
04-04 12:05:00.096 1116 1116 W art : b5e42000-b5e45000 r--p 00009000 103:1d 1314 /system/lib/libsoundtrigger.so
04-04 12:05:00.096 1116 1116 W art : b5e45000-b5e46000 rw-p 0000c000 103:1d 1314 /system/lib/libsoundtrigger.so
04-04 12:05:00.096 864 973 D AccessPointPreference: summary : monitoring_5ghz, Secured with WPA2 (WPS available)
04-04 12:05:00.096 1116 1116 W art : b5e46000-b5e47000 r--p 00000000 00:00 0
04-04 12:05:00.096 1116 1116 W art : b5e47000-b5e51000 r-xp 00000000 103:1d 2328 /system/lib/libradio.so
04-04 12:05:00.096 1116 1116 W art : b5e51000-b5e54000 r--p 00009000 103:1d 2328 /system/lib/libradio.so
04-04 12:05:00.096 1116 1116 W art : b5e54000-b5e55000 rw-p 0000c000 103:1d 2328 /system/lib/libradio.so
04-04 12:05:00.096 1116 1116 W art : b5e55000-b5e59000 r-xp 00000000 103:1d 1246 /system/lib/libnetd_client.so
04-04 12:05:00.096 864 973 D WifiManagerWrapper: calculateSignalLevel called
04-04 12:05:00.096 1116 1116 W art : b5e59000-b5e5a000 r--p 00003000 103:1d 1246 /system/lib/libnetd_client.so
04-04 12:05:00.096 864 973 D WifiManagerWrapper: calculateSignalLevel called
04-04 12:05:00.096 1116 1116 W art : b5e5a000-b5e5b000 rw-p 00004000 103:1d 1246 /system/lib/libnetd_client.so
04-04 12:05:00.097 1116 1116 W art : b5e5b000-b5e5c000 r--p 00000000 00:00 0 [anon:linker_alloc]
04-04 12:05:00.097 1116 1116 W art : b5e5c000-b5e6a000 r-xp 00000000 103:1d 1043 /system/lib/libimg_utils.so
04-04 12:05:00.097 864 973 D WifiManagerWrapper: calculateSignalLevel called
04-04 12:05:00.097 1116 1116 W art : b5e6a000-b5e6c000 r--p 0000d000 103:1d 1043 /system/lib/libimg_utils.so
04-04 12:05:00.097 1116 1116 W art : b5e6c000-b5e6d000 rw-p 0000f000 103:1d 1043 /system/lib/libimg_utils.so
04-04 12:05:00.097 1116 1116 W art : b5e6d000-b627f000 r-xp 00000000 103:1d 1268 /system/lib/libpdfium.so
04-04 12:05:00.097 1116 1116 W art : b627f000-b6280000 ---p 00000000 00:00 0
04-04 12:05:00.097 1116 1116 W art : b6280000-b6289000 r--p 00412000 103:1d 1268 /system/lib/libpdfium.so
04-04 12:05:00.097 1116 1116 W art : b6289000-b628d000 rw-p 0041b000 103:1d 1268 /system/lib/libpdfium.so
04-04 12:05:00.097 1116 1116 W art : b628d000-b628e000 rw-p 00000000 00:00 0
04-04 12:05:00.097 1116 1116 W art : b628e000-b6295000 r-xp 00000000 103:1d 754 /system/lib/libaudioutils.so
04-04 12:05:00.097 1116 1116 W art : b6295000-b6296000 r--p 00006000 103:1d 754 /system/lib/libaudioutils.so
04-04 12:05:00.097 1116 1116 W art : b6296000-b6297000 rw-p 00007000 103:1d 754 /system/lib/libaudioutils.so
04-04 12:05:00.097 1116 1116 W art : b6297000-b6298000 r--p 00000000 00:00 0 [anon:linker_alloc]
04-04 12:05:00.097 864 973 D AccessPointPreference: summary : Internet-Box-Artur_5GHz, Secured with WPA2 (WPS available)
04-04 12:05:00.097 1116 1116 W art : b6298000-b62b3000 r-xp 00000000 103:1d 1419 /system/lib/libz.so
04-04 12:05:00.097 1116 1116 W art : b62b3000-b62b4000 r--p 0001a000 103:1d 1419 /system/lib/libz.so
04-04 12:05:00.097 1116 1116 W art : b62b4000-b62b5000 rw-p 0001b000 103:1d 1419 /system/lib/libz.so
04-04 12:05:00.097 864 973 D WifiManagerWrapper: calculateSignalLevel called
04-04 12:05:00.097 1116 1116 W art : b62b5000-b62b6000 r--p 00000000 00:00 0 [anon:linker_alloc]
04-04 12:05:00.097 1116 1116 W art : b62b6000-b6320000 r-xp 00000000 103:1d 960 /system/lib/libharfbuzz_ng.so
04-04 12:05:00.097 864 973 D WifiManagerWrapper: calculateSignalLevel called
04-04 12:05:00.097 1116 1116 W art : b6320000-b6321000 r--p 00069000 103:1d 960 /system/lib/libharfbuzz_ng.so
04-04 12:05:00.097 1116 1116 W art : b6321000-b6322000 rw-p 0006a000 103:1d 960 /system/lib/libharfbuzz_ng.so
04-04 12:05:00.097 1116 1116 W art : b6322000-b6323000 r--p 00000000 00:00 0 [anon:linker_alloc]
04-04 12:05:00.097 864 973 D WifiManagerWrapper: calculateSignalLevel called
04-04 12:05:00.097 1116 1116 W art : b6323000-b6327000 r-xp 00000000 103:1d 1402 /system/lib/libusbhost.so
04-04 12:05:00.097 1116 1116 W art : b6327000-b6328000 ---p 00000000 00:00 0
04-04 12:05:00.097 1116 1116 W art : b6328000-b6329000 r--p 00004000 103:1d 1402 /system/lib/libusbhost.so
04-04 12:05:00.097 1116 1116 W art : b6329000-b632a000 rw-p 00005000 103:1d 1402 /system/lib/libusbhost.so
04-04 12:05:00.097 1116 1116 W art : b632a000-b6362000 r-xp 00000000 103:1d 1143 /system/lib/libjpeg.so
04-04 12:05:00.097 1116 1116 W art : b6362000-b6363000 r--p 00037000 103:1d 1143 /system/lib/libjpeg.so
04-04 12:05:00.097 1116 1116 W art : b6363000-b6364000 rw-p 00038000 103:1d 1143 /system/lib/libjpeg.so
04-04 12:05:00.097 1116 1116 W art : b6364000-b6365000 r--p 00000000 00:00 0 [anon:linker_alloc]
04-04 12:05:00.097 1116 1116 W art : b6365000-b6403000 r-xp 00000000 103:1d 1225 /system/lib/libmedia.so
04-04 12:05:00.097 1116 1116 W art : b6403000-b6404000 ---p 00000000 00:00 0
04-04 12:05:00.097 1116 1116 W art : b6404000-b6420000 r--p 0009e000 103:1d 1225 /system/lib/libmedia.so
04-04 12:05:00.097 1116 1116 W art : b6420000-b6421000 rw-p 000ba000 103:1d 1225 /system/lib/libmedia.so
04-04 12:05:00.097 864 973 D AccessPointPreference: summary : SGv1_Irek_5Ghz, Secured with WPA2 (WPS available)
04-04 12:05:00.097 1116 1116 W art : b6421000-b6594000 r-xp 00000000 103:1d 1010 /system/lib/libicui18n.so
04-04 12:05:00.097 1116 1116 W art : b6594000-b659f000 r--p 00172000 103:1d 1010 /system/lib/libicui18n.so
04-04 12:05:00.097 1116 1116 W art : b659f000-b65a0000 rw-p 0017d000 103:1d 1010 /system/lib/libicui18n.so
04-04 12:05:00.097 1116 1116 W art : b65a0000-b66b7000 r-xp 00000000 103:1d 1014 /system/lib/libicuuc.so
04-04 12:05:00.097 864 973 D WifiManagerWrapper: calculateSignalLevel called
04-04 12:05:00.097 1116 1116 W art : b66b7000-b66c2000 r--p 00116000 103:1d 1014 /system/lib/libicuuc.so
04-04 12:05:00.097 1116 1116 W art : b66c2000-b66c3000 rw-p 00121000 103:1d 1014 /system/lib/libicuuc.so
04-04 12:05:00.097 864 973 D WifiManagerWrapper: calculateSignalLevel called
04-04 12:05:00.097 1116 1116 W art : b66c3000-b66c7000 rw-p 00000000 00:00 0
04-04 12:05:00.097 1116 1116 W art : b66c7000-b66ea000 r-xp 00000000 103:1d 1321 /system/lib/libssl.so
04-04 12:05:00.097 1116 1116 W art : b66ea000-b66ec000 r--p 00022000 103:1d 1321 /system/lib/libssl.so
04-04 12:05:00.097 864 973 D WifiManagerWrapper: calculateSignalLevel called
04-04 12:05:00.097 1116 1116 W art : b66ec000-b66ed000 rw-p 00024000 103:1d 1321 /system/lib/libssl.so
04-04 12:05:00.098 1116 1116 W art : b66ed000-b677d000 r-xp 00000000 103:1d 800 /system/lib/libcrypto.so
04-04 12:05:00.098 1116 1116 W art : b677d000-b677e000 ---p 00000000 00:00 0
04-04 12:05:00.098 1116 1116 W art : b677e000-b6789000 r--p 00090000 103:1d 800 /system/lib/libcrypto.so
04-04 12:05:00.098 1116 1116 W art : b6789000-b678a000 rw-p 0009b000 103:1d 800 /system/lib/libcrypto.so
04-04 12:05:00.098 1116 1116 W art : b678a000-b67dd000 r-xp 00000000 103:1d 1312 /system/lib/libsonivox.so
04-04 12:05:00.098 1116 1116 W art : b67dd000-b67de000 r--p 00052000 103:1d 1312 /system/lib/libsonivox.so
04-04 12:05:00.098 1116 1116 W art : b67de000-b67df000 rw-p 00053000 103:1d 1312 /system/lib/libsonivox.so
04-04 12:05:00.098 1116 1116 W art : b67df000-b67e4000 rw-p 00000000 00:00 0
04-04 12:05:00.098 864 973 D AccessPointPreference: summary : Internet-Box-Weronika5GHz, Secured with WPA2
04-04 12:05:00.098 1116 1116 W art : b67e4000-b67f3000 r-xp 00000000 103:1d 1303 /system/lib/libselinux.so
04-04 12:05:00.098 1116 1116 W art : b67f3000-b67f4000 r--p 0000e000 103:1d 1303 /system/lib/libselinux.so
04-04 12:05:00.098 1116 1116 W art : b67f4000-b67f5000 rw-p 0000f000 103:1d 1303 /system/lib/libselinux.so
04-04 12:05:00.098 1116 1116 W art : b67f5000-b67fe000 r-xp 00000000 103:1d 956 /system/lib/libhardware_legacy.so
04-04 12:05:00.098 864 973 D WifiManagerWrapper: calculateSignalLevel called
04-04 12:05:00.098 1116 1116 W art : b67fe000-b67ff000 r--p 00008000 103:1d 956 /system/lib/libhardware_legacy.so
04-04 12:05:00.098 1116 1116 W art : b67ff000-b6800000 rw-p 00009000 103:1d 956 /system/lib/libhardware_legacy.so
04-04 12:05:00.098 864 973 D WifiManagerWrapper: calculateSignalLevel called
04-04 12:05:00.098 1116 1116 W art : b6800000-b6801000 rw-p 00000000 00:00 0
04-04 12:05:00.098 1116 1116 W art : b6801000-b6804000 r-xp 00000000 103:1d 952 /system/lib/libhardware.so
04-04 12:05:00.098 864 973 D WifiManagerWrapper: calculateSignalLevel called
04-04 12:05:00.098 1116 1116 W art : b6804000-b6805000 r--p 00002000 103:1d 952 /system/lib/libhardware.so
04-04 12:05:00.098 1116 1116 W art : b6805000-b6806000 rw-p 00003000 103:1d 952 /system/lib/libhardware.so
04-04 12:05:00.098 1116 1116 W art : b6806000-b680a000 r-xp 00000000 103:1d 558 /system/lib/libETC1.so
04-04 12:05:00.098 1116 1116 W art : b680a000-b680b000 r--p 00003000 103:1d 558 /system/lib/libETC1.so
04-04 12:05:00.098 1116 1116 W art : b680b000-b680c000 rw-p 00004000 103:1d 558 /system/lib/libETC1.so
04-04 12:05:00.098 1116 1116 W art : b680c000-b6819000 r-xp 00000000 103:1d 571 /system/lib/libGLESv2.so
04-04 12:05:00.098 1116 1116 W art : b6819000-b681a000 r--p 0000c000 103:1d 571 /system/lib/libGLESv2.so
04-04 12:05:00.098 1116 1116 W art : b681a000-b681b000 rw-p 0000d000 103:1d 571 /system/lib/libGLESv2.so
04-04 12:05:00.098 1116 1116 W art : b681b000-b6823000 r-xp 00000000 103:1d 566 /system/lib/libGLESv1_CM.so
04-04 12:05:00.098 1116 1116 W art : b6823000-b6824000 r--p 00007000 103:1d 566 /system/lib/libGLESv1_CM.so
04-04 12:05:00.098 1116 1116 W art : b6824000-b6825000 rw-p 00008000 103:1d 566 /system/lib/libGLESv1_CM.so
04-04 12:05:00.098 864 973 D AccessPointPreference: summary : HAE-7days, Secured with WPA2 (WPS available)
04-04 12:05:00.098 1116 1116 W art : b6825000-b688a000 r-xp 00000000 103:1d 557 /system/lib/libEGL.so
04-04 12:05:00.098 864 973 D WifiManagerWrapper: calculateSignalLevel called
04-04 12:05:00.098 1116 1116 W art : b688a000-b688b000 ---p 00000000 00:00 0
04-04 12:05:00.098 1116 1116 W art : b688b000-b688d000 r--p 00065000 103:1d 557 /system/lib/libEGL.so
04-04 12:05:00.098 1116 1116 W art : b688d000-b6896000 rw-p 00067000 103:1d 557 /system/lib/libEGL.so
04-04 12:05:00.098 1116 1116 W art : b6896000-b6899000 rw-p 00000000 00:00 0
04-04 12:05:00.098 864 973 D WifiManagerWrapper: calculateSignalLevel called
04-04 12:05:00.098 1116 1116 W art : b6899000-b68fc000 r-xp 00000000 103:1d 1318 /system/lib/libsqlite.so
04-04 12:05:00.098 1116 1116 W art : b68fc000-b68fe000 r--p 00062000 103:1d 1318 /system/lib/libsqlite.so
04-04 12:05:00.098 1116 1116 W art : b68fe000-b68ff000 rw-p 00064000 103:1d 1318 /system/lib/libsqlite.so
04-04 12:05:00.098 864 973 D WifiManagerWrapper: calculateSignalLevel called
04-04 12:05:00.098 1116 1116 W art : b68ff000-b6900000 rw-p 00000000 00:00 0
04-04 12:05:00.098 1116 1116 W art : b6900000-b6b53000 r-xp 00000000 103:1d 1309 /system/lib/libskia.so
04-04 12:05:00.098 1116 1116 W art : b6b53000-b6b6d000 r--p 00252000 103:1d 1309 /system/lib/libskia.so
04-04 12:05:00.098 1116 1116 W art : b6b6d000-b6b6f000 rw-p 0026c000 103:1d 1309 /system/lib/libskia.so
04-04 12:05:00.098 1116 1116 W art : b6b6f000-b6b73000 rw-p 00000000 00:00 0
04-04 12:05:00.098 1116 1116 W art : b6b73000-b6b7b000 r-xp 00000000 103:1d 777 /system/lib/libcamera_metadata.so
04-04 12:05:00.098 1116 1116 W art : b6b7b000-b6b7c000 r--p 00007000 103:1d 777 /system/lib/libcamera_metadata.so
04-04 12:05:00.098 1116 1116 W art : b6b7c000-b6b7d000 rw-p 00008000 103:1d 777 /system/lib/libcamera_metadata.so
04-04 12:05:00.098 1116 1116 W art : b6b7d000-b6bac000 r-xp 00000000 103:1d 772 /system/lib/libcamera_client.so
04-04 12:05:00.098 1116 1116 W art : b6bac000-b6bad000 ---p 00000000 00:00 0
04-04 12:05:00.099 1116 1116 W art : b6bad000-b6bb4000 r--p 0002f000 103:1d 772 /system/lib/libcamera_client.so
04-04 12:05:00.099 1116 1116 W art : b6bb4000-b6bb5000 rw-p 00036000 103:1d 772 /system/lib/libcamera_client.so
04-04 12:05:00.099 1116 1116 W art : b6bb5000-b6bf4000 r-xp 00000000 103:1d 1052 /system/lib/libinputflinger.so
04-04 12:05:00.099 864 973 D AccessPointPreference: summary : Internet-Box-82451_5GHz, Secured with WPA2 (WPS available)
04-04 12:05:00.099 1116 1116 W art : b6bf4000-b6bf5000 ---p 00000000 00:00 0
04-04 12:05:00.099 1116 1116 W art : b6bf5000-b6bf8000 r--p 0003f000 103:1d 1052 /system/lib/libinputflinger.so
04-04 12:05:00.099 1116 1116 W art : b6bf8000-b6bf9000 rw-p 00042000 103:1d 1052 /system/lib/libinputflinger.so
04-04 12:05:00.099 1116 1116 W art : b6bf9000-b6c13000 r-xp 00000000 103:1d 1048 /system/lib/libinput.so
04-04 12:05:00.099 864 973 D WifiManagerWrapper: calculateSignalLevel called
04-04 12:05:00.099 1116 1116 W art : b6c13000-b6c14000 ---p 00000000 00:00 0
04-04 12:05:00.099 1116 1116 W art : b6c14000-b6c18000 r--p 0001a000 103:1d 1048 /system/lib/libinput.so
04-04 12:05:00.099 864 973 D WifiManagerWrapper: calculateSignalLevel called
04-04 12:05:00.099 1116 1116 W art : b6c18000-b6c19000 rw-p 0001e000 103:1d 1048 /system/lib/libinput.so
04-04 12:05:00.099 1116 1116 W art : b6c19000-b6c67000 r-xp 00000000 103:1d 951 /system/lib/libgui.so
04-04 12:05:00.099 1116 1116 W art : b6c67000-b6c73000 r--p 0004d000 103:1d 951 /system/lib/libgui.so
04-04 12:05:00.099 864 973 D WifiManagerWrapper: calculateSignalLevel called
04-04 12:05:00.099 1116 1116 W art : b6c73000-b6c74000 rw-p 00059000 103:1d 951 /system/lib/libgui.so
04-04 12:05:00.099 1116 1116 W art : b6c74000-b6c82000 r-xp 00000000 103:1d 1400 /system/lib/libui.so
04-04 12:05:00.099 1116 1116 W art : b6c82000-b6c83000 r--p 0000d000 103:1d 1400 /system/lib/libui.so
04-04 12:05:00.099 1116 1116 W art : b6c83000-b6c84000 rw-p 0000e000 103:1d 1400 /system/lib/libui.so
04-04 12:05:00.099 1116 1116 W art : b6c84000-b6c8c000 r-xp 00000000 103:1d 1249 /system/lib/libnetutils.so
04-04 12:05:00.099 1116 1116 W art : b6c8c000-b6c8d000 r--p 00007000 103:1d 1249 /system/lib/libnetutils.so
04-04 12:05:00.099 1116 1116 W art : b6c8d000-b6c8e000 rw-p 00008000 103:1d 1249 /system/lib/libnetutils.so
04-04 12:05:00.099 1116 1116 W art : b6c8e000-b6c95000 r-xp 00000000 103:1d 1244 /system/lib/libnativehelper.so
04-04 12:05:00.099 1116 1116 W art : b6c95000-b6c96000 r--p 00006000 103:1d 1244 /system/lib/libnativehelper.so
04-04 12:05:00.099 1116 1116 W art : b6c96000-b6c97000 rw-p 00007000 103:1d 1244 /system/lib/libnativehelper.so
04-04 12:05:00.099 1116 1116 W art : b6c97000-b6cab000 r-xp 00000000 103:1d 868 /system/lib/libexpat.so
04-04 12:05:00.099 1116 1116 W art : b6cab000-b6cad000 r--p 00013000 103:1d 868 /system/lib/libexpat.so
04-04 12:05:00.099 864 973 D AccessPointPreference: summary : v2krzysio-vlanid1, Secured with WPA2 (WPS available)
04-04 12:05:00.099 1116 1116 W art : b6cad000-b6cae000 rw-p 00015000 103:1d 868 /system/lib/libexpat.so
04-04 12:05:00.099 864 973 D WifiManagerWrapper: calculateSignalLevel called
04-04 12:05:00.099 1116 1116 W art : b6cae000-b6cd8000 r-xp 00000000 103:1d 653 /system/lib/libandroidfw.so
04-04 12:05:00.099 1116 1116 W art : b6cd8000-b6cd9000 ---p 00000000 00:00 0
04-04 12:05:00.099 1116 1116 W art : b6cd9000-b6cda000 r--p 0002a000 103:1d 653 /system/lib/libandroidfw.so
04-04 12:05:00.099 864 973 D WifiManagerWrapper: calculateSignalLevel called
04-04 12:05:00.099 1116 1116 W art : b6cda000-b6cdb000 rw-p 0002b000 103:1d 653 /system/lib/libandroidfw.so
04-04 12:05:00.099 864 973 D WifiManagerWrapper: calculateSignalLevel called
04-04 12:05:00.099 1116 1116 W art : b6cdb000-b6cde000 r-xp 00000000 103:1d 1234 /system/lib/libmemtrack.so
04-04 12:05:00.099 1116 1116 W art : b6cde000-b6cdf000 r--p 00002000 103:1d 1234 /system/lib/libmemtrack.so
04-04 12:05:00.099 1116 1116 W art : b6cdf000-b6ce0000 rw-p 00003000 103:1d 1234 /system/lib/libmemtrack.so
04-04 12:05:00.099 1116 1116 W art : b6ce0000-b6ce9000 r-xp 00000000 103:1d 756 /system/lib/libbacktrace.so
04-04 12:05:00.099 1116 1116 W art : b6ce9000-b6cea000 r--p 00008000 103:1d 756 /system/lib/libbacktrace.so
04-04 12:05:00.099 1116 1116 W art : b6cea000-b6ceb000 rw-p 00009000 103:1d 756 /system/lib/libbacktrace.so
04-04 12:05:00.099 1116 1116 W art : b6ceb000-b6d0b000 r-xp 00000000 103:1d 1221 /system/lib/libm.so
04-04 12:05:00.099 1116 1116 W art : b6d0b000-b6d0c000 r--p 0001f000 103:1d 1221 /system/lib/libm.so
04-04 12:05:00.099 1116 1116 W art : b6d0c000-b6d0d000 rw-p 00020000 103:1d 1221 /system/lib/libm.so
04-04 12:05:00.099 1116 1116 W art : b6d0d000-b6d6b000 r-xp 00000000 103:1d 764 /system/lib/libc.so
04-04 12:05:00.099 1116 1116 W art : b6d6b000-b6d6e000 r--p 0005d000 103:1d 764 /system/lib/libc.so
04-04 12:05:00.099 1116 1116 W art : b6d6e000-b6d71000 rw-p 00060000 103:1d 764 /system/lib/libc.so
04-04 12:05:00.099 864 973 D AccessPointPreference: summary : WLAN_Repeater_N263, Secured with WPA2 (WPS available)
04-04 12:05:00.099 1116 1116 W art : b6d71000-b6d7a000 rw-p 00000000 00:00 0
04-04 12:05:00.099 864 973 D WifiManagerWrapper: calculateSignalLevel called
04-04 12:05:00.099 1116 1116 W art : b6d7a000-b6e02000 r-xp 00000000 103:1d 763 /system/lib/libc++.so
04-04 12:05:00.099 1116 1116 W art : b6e02000-b6e03000 ---p 00000000 00:00 0
04-04 12:05:00.100 1116 1116 W art : b6e03000-b6e07000 r--p 00088000 103:1d 763 /system/lib/libc++.so
04-04 12:05:00.100 864 973 D WifiManagerWrapper: calculateSignalLevel called
04-04 12:05:00.100 1116 1116 W art : b6e07000-b6e08000 rw-p 0008c000 103:1d 763 /system/lib/libc++.so
04-04 12:05:00.100 1116 1116 W art : b6e08000-b6e09000 rw-p 00000000 00:00 0
04-04 12:05:00.100 1116 1116 W art : b6e09000-b6e31000 r-xp 00000000 103:1d 1413 /system/lib/libwilhelm.so
04-04 12:05:00.100 1116 1116 W art : b6e31000-b6e32000 ---p 00000000 00:00 0
04-04 12:05:00.100 1116 1116 W art : b6e32000-b6e35000 r--p 00028000 103:1d 1413 /system/lib/libwilhelm.so
04-04 12:05:00.100 864 973 D WifiManagerWrapper: calculateSignalLevel called
04-04 12:05:00.100 1116 1116 W art : b6e35000-b6e36000 rw-p 0002b000 103:1d 1413 /system/lib/libwilhelm.so
04-04 12:05:00.100 1116 1116 W art : b6e36000-b6f0f000 r-xp 00000000 103:1d 650 /system/lib/libandroid_runtime.so
04-04 12:05:00.100 1116 1116 W art : b6f0f000-b6f16000 r--p 000d8000 103:1d 650 /system/lib/libandroid_runtime.so
04-04 12:05:00.100 1116 1116 W art : b6f16000-b6f1e000 rw-p 000df000 103:1d 650 /system/lib/libandroid_runtime.so
04-04 12:05:00.100 1116 1116 W art : b6f1e000-b6f1f000 rw-p 00000000 00:00 0
04-04 12:05:00.100 1116 1116 W art : b6f1f000-b6f20000 rw-p 00000000 00:00 0 [anon:linker_alloc_vector]
04-04 12:05:00.100 1116 1116 W art : b6f20000-b6f21000 rw-p 00000000 00:00 0 [anon:linker_alloc_64]
04-04 12:05:00.100 1116 1116 W art : b6f21000-b6f25000 r--p 00000000 00:00 0 [anon:linker_alloc]
04-04 12:05:00.100 1116 1116 W art : b6f25000-b6f4b000 r-xp 00000000 103:1d 759 /system/lib/libbinder.so
04-04 12:05:00.100 1116 1116 W art : b6f4b000-b6f52000 r--p 00025000 103:1d 759 /system/lib/libbinder.so
04-04 12:05:00.100 864 973 D AccessPointPreference: summary : Internet-Box-CapSel, Secured with WPA2 (WPS available)
04-04 12:05:00.100 1116 1116 W art : b6f52000-b6f53000 rw-p 0002c000 103:1d 759 /system/lib/libbinder.so
04-04 12:05:00.100 1116 1116 W art : b6f53000-b6f5b000 r-xp 00000000 103:1d 1217 /system/lib/liblog.so
04-04 12:05:00.100 1116 1116 W art : b6f5b000-b6f5c000 ---p 00000000 00:00 0
04-04 12:05:00.100 1116 1116 W art : b6f5c000-b6f5d000 r--p 00008000 103:1d 1217 /system/lib/liblog.so
04-04 12:05:00.100 1116 1116 W art : b6f5d000-b6f5e000 rw-p 00009000 103:1d 1217 /system/lib/liblog.so
04-04 12:05:00.100 864 973 D WifiManagerWrapper: calculateSignalLevel called
04-04 12:05:00.100 1116 1116 W art : b6f5e000-b6f5f000 rw-p 00000000 00:00 0 [anon:linker_alloc]
04-04 12:05:00.100 1116 1116 W art : b6f5f000-b6f7a000 r-xp 00000000 103:1d 1404
04-04 12:05:00.100 864 973 D WifiManagerWrapper: calculateSignalLevel called
04-04 12:05:00.100 1116 1116 W art : /system/lib/libutils.so
04-04 12:05:00.100 1116 1116 W art : b6f7a000-b6f7b000 ---p 00000000 00:00 0
04-04 12:05:00.100 1116 1116 W art : b6f7b000-b6f7c000 r--p 0001b000 103:1d 1404 /system/lib/libutils.so
04-04 12:05:00.100 1116 1116 W art : b6f7c000-b6f7d000 rw-p 0001c000 103:1d 1404 /system/lib/libutils.so
04-04 12:05:00.100 864 973 D WifiManagerWrapper: calculateSignalLevel called
04-04 12:05:00.100 1116 1116 W art : b6f7d000-b6f8c000 r-xp 00000000 103:1d 801 /system/lib/libcutil
04-04 12:05:00.100 1116 1116 W art : s.so
04-04 12:05:00.100 1116 1116 W art : b6f8c000-b6f8d000 ---p 00000000 00:00 0
04-04 12:05:00.100 1116 1116 W art : b6f8d000-b6f8e000 r--p 0000f000 103:1d 801 /system/lib/libcutils.so
04-04 12:05:00.100 1116 1116 W art : b6f8e000-b6f8f000 rw-p 00010000 103:1d 801 /system/lib/libcutils.so
04-04 12:05:00.100 1116 1116 W art : b6f8f000-b6f90000 rw-p 00000000 00:00 0 [anon:linker_alloc
04-04 12:05:00.100 1116 1116 W art : _vector]
04-04 12:05:00.100 1116 1116 W art : b6f90000-b6f92000 r--p 00000000 00:00 0 [anon:linker_alloc]
04-04 12:05:00.100 1116 1116 W art : b6f92000-b6f93000 rw-p 00000000 00:00 0 [anon:linker_alloc]
04-04 12:05:00.100 1116 1116 W art : b6f93000-b6f94000 rw-p 00000000 00:00 0 [anon:linker_alloc_vector]
04-04 12:05:00.100 1116 1116 W art : b6f94000-b6f95000 rw-p 00000000 00:00 0
04-04 12:05:00.100 1116 1116 W art : [anon:linker_alloc_32]
04-04 12:05:00.100 1116 1116 W art : b6f95000-b6f96000 r--p 00000000 00:00 0 [anon:linker_alloc]
04-04 12:05:00.100 864 973 D AccessPointPreference: summary : Dzbanek-v1, Secured with WPA2 (WPS available)
04-04 12:05:00.100 1116 1116 W art : b6f96000-b6fb6000 r--s 00000000 00:0b 8195 /dev/__properties__
04-04 12:05:00.100 1116 1116 W art : b6fb6000-b6fb7000 r--p 00000000 00:00 0
04-04 12:05:00.100 1116 1116 W art : b6fb7000-b6fb8000 ---p 00000000 00:00 0
04-04 12:05:00.100 1116 1116 W art : b6fb8000-b6fba000 rw-p 00000000 00:0
04-04 12:05:00.100 864 973 D WifiManagerWrapper: calculateSignalLevel called
04-04 12:05:00.100 1116 1116 W art : 0 0 [anon:thread signal stack]
04-04 12:05:00.100 1116 1116 W art : b6fba000-b6fbb000 r-xp 00000000 00:00 0 [sigpage]
04-04 12:05:00.100 1116 1116 W art : b6fbb000-b6fd7000 r-xp 00000000 103:1d 83 /system/bin/linker
04-04 12:05:00.100 1116 1116 W art : b6fd7000-b6fd8000 r--p 0001b000 103:1d 83 /system/bin/linker
04-04 12:05:00.100 1116 1116 W art : b6fd8000-b6fda000 rw-p 0001c000 103:1d 83 /system/bin/
04-04 12:05:00.101 1116 1116 W art : linker
04-04 12:05:00.101 1116 1116 W art : b6fda000-b6fdc000 rw-p 00000000 00:00 0
04-04 12:05:00.101 1116 1116 W art : b6fdc000-b6fe1000 r-xp 00000000 103:1d 22 /system/bin/app_process32
04-04 12:05:00.101 1116 1116 W art : b6fe1000-b6fe2000 r--p 00004000 103:1d 22 /system/bin/app_process32
04-04 12:05:00.101 1116 1116 W art : b6fe2000-b6fe3000 rw-p 00005000 103:1d 22 /system/bin/app_
04-04 12:05:00.101 1116 1116 W art : process32
04-04 12:05:00.101 1116 1116 W art : b8dc7000-b8df9000 rw-p 00000000 00:00 0 [heap]
04-04 12:05:00.101 1116 1116 W art : be93c000-be95d000 rw-p 00000000 00:00 0 [stack]
04-04 12:05:00.101 1116 1116 W art : ffff0000-ffff1000 r-xp 00000000 00:00 0 [vectors]
04-04 12:05:00.102 864 973 D WifiManagerWrapper: calculateSignalLevel called
04-04 12:05:00.102 864 973 D WifiManagerWrapper: calculateSignalLevel called
04-04 12:05:00.102 864 973 D AccessPointPreference: summary : Internet-Box-47068_5GHz, Secured with WPA2 (WPS available)
04-04 12:05:00.103 864 973 D WifiManagerWrapper: calculateSignalLevel called
04-04 12:05:00.103 864 973 D WifiManagerWrapper: calculateSignalLevel called
04-04 12:05:00.103 864 973 D WifiManagerWrapper: calculateSignalLevel called
04-04 12:05:00.103 864 973 D AccessPointPreference: summary : vestiacom-5g, Secured with 802.1x
04-04 12:05:00.103 864 973 D WifiManagerWrapper: calculateSignalLevel called
04-04 12:05:00.103 864 973 D WifiManagerWrapper: calculateSignalLevel called
04-04 12:05:00.103 864 973 D WifiManagerWrapper: calculateSignalLevel called
04-04 12:05:00.103 864 973 D AccessPointPreference: summary : my-0000E4,
04-04 12:05:00.103 864 973 D WifiManagerWrapper: calculateSignalLevel called
04-04 12:05:00.103 864 973 D WifiManagerWrapper: calculateSignalLevel called
04-04 12:05:00.104 864 973 D WifiManagerWrapper: calculateSignalLevel called
04-04 12:05:00.104 864 973 D AccessPointPreference: summary : v2krzysio-vlanid1, Secured with WPA2 (WPS available)
04-04 12:05:00.104 864 973 D WifiManagerWrapper: calculateSignalLevel called
04-04 12:05:00.104 864 973 D WifiManagerWrapper: calculateSignalLevel called
04-04 12:05:00.104 864 973 D WifiManagerWrapper: calculateSignalLevel called
04-04 12:05:00.104 864 973 D AccessPointPreference: summary : Ernest-sl-5, Secured with WPA2 (WPS available)
04-04 12:05:00.104 864 973 D WifiManagerWrapper: calculateSignalLevel called
04-04 12:05:00.104 864 973 D WifiManagerWrapper: calculateSignalLevel called
04-04 12:05:00.104 864 973 D WifiManagerWrapper: calculateSignalLevel called
04-04 12:05:00.105 864 973 D AccessPointPreference: summary : wb szl, Secured with WPA2
04-04 12:05:00.115 1126 1126 D HtcNLPSwitchReceiver: onReceive(): AutoNavi NLP package not installed!
04-04 12:05:00.120 1864 1864 D HtcNLPSwitchReceiver: onReceive() isWeatherAppMigrate is true
04-04 12:05:00.122 1126 1126 D HtcNLPSwitchReceiver: onReceive(): android.net.wifi.STATE_CHANGE
04-04 12:05:00.163 1126 1126 D HtcNLPSwitchReceiver: onReceive(): AutoNavi NLP package not installed!
04-04 12:05:00.168 1864 1864 D HtcNLPSwitchReceiver: onReceive() isWeatherAppMigrate is true
04-04 12:05:00.179 1278 1646 I ActivityManager: Start proc 1185:com.htc.bgp/1001 for broadcast com.htc.flexnet/.AndroidIntentReceiver
04-04 12:05:00.188 1116 1116 D CustomizationManager: ====startRecUseTime====
04-04 12:05:00.188 1116 1116 D htc.customization.log.level: is
04-04 12:05:00.188 1116 1116 W CustomizationLogLevel: Level value is invalid, use default level 2
04-04 12:05:00.245 864 864 E HtcPreference: [removeAll]:before size= 43
04-04 12:05:00.245 864 864 E HtcPreference: Thread =Thread[main,5,main]
04-04 12:05:00.245 864 864 E HtcPreference: [removeAll]:after size= 0
04-04 12:05:00.245 864 864 E HtcPreference: Thread =Thread[main,5,main]
04-04 12:05:00.245 864 864 D WifiManagerWrapper: calculateSignalLevel called
04-04 12:05:00.245 864 864 E HtcPreference: [addPreference]:before size= 0
04-04 12:05:00.245 864 864 E HtcPreference: Thread =Thread[main,5,main]
04-04 12:05:00.245 864 864 E HtcPreference: [addPreference]:after size= 1
04-04 12:05:00.245 864 864 E HtcPreference: Thread =Thread[main,5,main]
04-04 12:05:00.245 864 864 D WifiManagerWrapper: calculateSignalLevel called
04-04 12:05:00.245 864 864 E HtcPreference: [addPreference]:before size= 1
04-04 12:05:00.245 864 864 E HtcPreference: Thread =Thread[main,5,main]
04-04 12:05:00.245 864 864 E HtcPreference: [addPreference]:after size= 2
04-04 12:05:00.245 864 864 E HtcPreference: Thread =Thread[main,5,main]
04-04 12:05:00.245 864 864 D WifiManagerWrapper: calculateSignalLevel called
04-04 12:05:00.245 864 864 E HtcPreference: [addPreference]:before size= 2
04-04 12:05:00.245 864 864 E HtcPreference: Thread =Thread[main,5,main]
04-04 12:05:00.245 864 864 E HtcPreference: [addPreference]:after size= 3
04-04 12:05:00.245 864 864 E HtcPreference: Thread =Thread[main,5,main]
04-04 12:05:00.245 864 864 D WifiManagerWrapper: calculateSignalLevel called
04-04 12:05:00.245 864 864 E HtcPreference: [addPreference]:before size= 3
04-04 12:05:00.245 864 864 E HtcPreference: Thread =Thread[main,5,main]
04-04 12:05:00.245 864 864 E HtcPreference: [addPreference]:after size= 4
04-04 12:05:00.245 864 864 E HtcPreference: Thread =Thread[main,5,main]
04-04 12:05:00.245 864 864 D WifiManagerWrapper: calculateSignalLevel called
04-04 12:05:00.246 864 864 E HtcPreference: [addPreference]:before size= 4
04-04 12:05:00.246 864 864 E HtcPreference: Thread =Thread[main,5,main]
04-04 12:05:00.246 864 864 E HtcPreference: [addPreference]:after size= 5
04-04 12:05:00.246 864 864 E HtcPreference: Thread =Thread[main,5,main]
04-04 12:05:00.246 864 864 D WifiManagerWrapper: calculateSignalLevel called
04-04 12:05:00.246 864 864 E HtcPreference: [addPreference]:before size= 5
04-04 12:05:00.246 864 864 E HtcPreference: Thread =Thread[main,5,main]
04-04 12:05:00.246 864 864 E HtcPreference: [addPreference]:after size= 6
04-04 12:05:00.246 864 864 E HtcPreference: Thread =Thread[main,5,main]
04-04 12:05:00.246 864 864 D WifiManagerWrapper: calculateSignalLevel called
04-04 12:05:00.246 864 864 E HtcPreference: [addPreference]:before size= 6
04-04 12:05:00.246 864 864 E HtcPreference: Thread =Thread[main,5,main]
04-04 12:05:00.246 864 864 E HtcPreference: [addPreference]:after size= 7
04-04 12:05:00.246 864 864 E HtcPreference: Thread =Thread[main,5,main]
04-04 12:05:00.246 864 864 D WifiManagerWrapper: calculateSignalLevel called
04-04 12:05:00.246 864 864 E HtcPreference: [addPreference]:before size= 7
04-04 12:05:00.246 864 864 E HtcPreference: Thread =Thread[main,5,main]
04-04 12:05:00.246 864 864 E HtcPreference: [addPreference]:after size= 8
04-04 12:05:00.246 864 864 E HtcPreference: Thread =Thread[main,5,main]
04-04 12:05:00.246 864 864 D WifiManagerWrapper: calculateSignalLevel called
04-04 12:05:00.246 864 864 E HtcPreference: [addPreference]:before size= 8
04-04 12:05:00.246 864 864 E HtcPreference: Thread =Thread[main,5,main]
04-04 12:05:00.246 864 864 E HtcPreference: [addPreference]:after size= 9
04-04 12:05:00.246 864 864 E HtcPreference: Thread =Thread[main,5,main]
04-04 12:05:00.246 864 864 D WifiManagerWrapper: calculateSignalLevel called
04-04 12:05:00.246 864 864 E HtcPreference: [addPreference]:before size= 9
04-04 12:05:00.246 864 864 E HtcPreference: Thread =Thread[main,5,main]
04-04 12:05:00.246 864 864 E HtcPreference: [addPreference]:after size= 10
04-04 12:05:00.246 864 864 E HtcPreference: Thread =Thread[main,5,main]
04-04 12:05:00.246 864 864 D WifiManagerWrapper: calculateSignalLevel called
04-04 12:05:00.246 864 864 E HtcPreference: [addPreference]:before size= 10
04-04 12:05:00.247 864 864 E HtcPreference: Thread =Thread[main,5,main]
04-04 12:05:00.247 864 864 E HtcPreference: [addPreference]:after size= 11
04-04 12:05:00.247 864 864 E HtcPreference: Thread =Thread[main,5,main]
04-04 12:05:00.247 864 864 D WifiManagerWrapper: calculateSignalLevel called
04-04 12:05:00.247 864 864 E HtcPreference: [addPreference]:before size= 11
04-04 12:05:00.247 864 864 E HtcPreference: Thread =Thread[main,5,main]
04-04 12:05:00.247 864 864 E HtcPreference: [addPreference]:after size= 12
04-04 12:05:00.247 864 864 E HtcPreference: Thread =Thread[main,5,main]
04-04 12:05:00.247 864 864 D WifiManagerWrapper: calculateSignalLevel called
04-04 12:05:00.247 864 864 E HtcPreference: [addPreference]:before size= 12
04-04 12:05:00.247 864 864 E HtcPreference: Thread =Thread[main,5,main]
04-04 12:05:00.247 864 864 E HtcPreference: [addPreference]:after size= 13
04-04 12:05:00.247 864 864 E HtcPreference: Thread =Thread[main,5,main]
04-04 12:05:00.247 864 864 D WifiManagerWrapper: calculateSignalLevel called
04-04 12:05:00.247 864 864 E HtcPreference: [addPreference]:before size= 13
04-04 12:05:00.247 864 864 E HtcPreference: Thread =Thread[main,5,main]
04-04 12:05:00.247 864 864 E HtcPreference: [addPreference]:after size= 14
04-04 12:05:00.247 864 864 E HtcPreference: Thread =Thread[main,5,main]
04-04 12:05:00.247 864 864 D WifiManagerWrapper: calculateSignalLevel called
04-04 12:05:00.247 864 864 E HtcPreference: [addPreference]:before size= 14
04-04 12:05:00.247 864 864 E HtcPreference: Thread =Thread[main,5,main]
04-04 12:05:00.247 864 864 E HtcPreference: [addPreference]:after size= 15
04-04 12:05:00.247 864 864 E HtcPreference: Thread =Thread[main,5,main]
04-04 12:05:00.247 864 864 D WifiManagerWrapper: calculateSignalLevel called
04-04 12:05:00.247 864 864 E HtcPreference: [addPreference]:before size= 15
04-04 12:05:00.247 864 864 E HtcPreference: Thread =Thread[main,5,main]
04-04 12:05:00.247 864 864 E HtcPreference: [addPreference]:after size= 16
04-04 12:05:00.247 864 864 E HtcPreference: Thread =Thread[main,5,main]
04-04 12:05:00.247 864 864 D WifiManagerWrapper: calculateSignalLevel called
04-04 12:05:00.247 864 864 E HtcPreference: [addPreference]:before size= 16
04-04 12:05:00.247 864 864 E HtcPreference: Thread =Thread[main,5,main]
04-04 12:05:00.247 864 864 E HtcPreference: [addPreference]:after size= 17
04-04 12:05:00.248 864 864 E HtcPreference: Thread =Thread[main,5,main]
04-04 12:05:00.248 864 864 D WifiManagerWrapper: calculateSignalLevel called
04-04 12:05:00.248 864 864 E HtcPreference: [addPreference]:before size= 17
04-04 12:05:00.248 864 864 E HtcPreference: Thread =Thread[main,5,main]
04-04 12:05:00.248 864 864 E HtcPreference: [addPreference]:after size= 18
04-04 12:05:00.248 864 864 E HtcPreference: Thread =Thread[main,5,main]
04-04 12:05:00.248 864 864 D WifiManagerWrapper: calculateSignalLevel called
04-04 12:05:00.248 864 864 E HtcPreference: [addPreference]:before size= 18
04-04 12:05:00.248 864 864 E HtcPreference: Thread =Thread[main,5,main]
04-04 12:05:00.248 864 864 E HtcPreference: [addPreference]:after size= 19
04-04 12:05:00.248 864 864 E HtcPreference: Thread =Thread[main,5,main]
04-04 12:05:00.248 864 864 D WifiManagerWrapper: calculateSignalLevel called
04-04 12:05:00.248 864 864 E HtcPreference: [addPreference]:before size= 19
04-04 12:05:00.248 864 864 E HtcPreference: Thread =Thread[main,5,main]
04-04 12:05:00.248 864 864 E HtcPreference: [addPreference]:after size= 20
04-04 12:05:00.248 864 864 E HtcPreference: Thread =Thread[main,5,main]
04-04 12:05:00.248 864 864 D WifiManagerWrapper: calculateSignalLevel called
04-04 12:05:00.248 864 864 E HtcPreference: [addPreference]:before size= 20
04-04 12:05:00.248 864 864 E HtcPreference: Thread =Thread[main,5,main]
04-04 12:05:00.248 864 864 E HtcPreference: [addPreference]:after size= 21
04-04 12:05:00.248 864 864 E HtcPreference: Thread =Thread[main,5,main]
04-04 12:05:00.248 864 864 D WifiManagerWrapper: calculateSignalLevel called
04-04 12:05:00.248 864 864 E HtcPreference: [addPreference]:before size= 21
04-04 12:05:00.248 864 864 E HtcPreference: Thread =Thread[main,5,main]
04-04 12:05:00.248 864 864 E HtcPreference: [addPreference]:after size= 22
04-04 12:05:00.248 864 864 E HtcPreference: Thread =Thread[main,5,main]
04-04 12:05:00.248 864 864 D WifiManagerWrapper: calculateSignalLevel called
04-04 12:05:00.248 864 864 E HtcPreference: [addPreference]:before size= 22
04-04 12:05:00.248 864 864 E HtcPreference: Thread =Thread[main,5,main]
04-04 12:05:00.248 864 864 E HtcPreference: [addPreference]:after size= 23
04-04 12:05:00.248 864 864 E HtcPreference: Thread =Thread[main,5,main]
04-04 12:05:00.248 864 864 D WifiManagerWrapper: calculateSignalLevel called
04-04 12:05:00.249 864 864 E HtcPreference: [addPreference]:before size= 23
04-04 12:05:00.249 864 864 E HtcPreference: Thread =Thread[main,5,main]
04-04 12:05:00.249 864 864 E HtcPreference: [addPreference]:after size= 24
04-04 12:05:00.249 864 864 E HtcPreference: Thread =Thread[main,5,main]
04-04 12:05:00.249 864 864 D WifiManagerWrapper: calculateSignalLevel called
04-04 12:05:00.249 864 864 E HtcPreference: [addPreference]:before size= 24
04-04 12:05:00.249 864 864 E HtcPreference: Thread =Thread[main,5,main]
04-04 12:05:00.249 864 864 E HtcPreference: [addPreference]:after size= 25
04-04 12:05:00.249 864 864 E HtcPreference: Thread =Thread[main,5,main]
04-04 12:05:00.249 864 864 D WifiManagerWrapper: calculateSignalLevel called
04-04 12:05:00.249 864 864 E HtcPreference: [addPreference]:before size= 25
04-04 12:05:00.249 864 864 E HtcPreference: Thread =Thread[main,5,main]
04-04 12:05:00.249 864 864 E HtcPreference: [addPreference]:after size= 26
04-04 12:05:00.249 864 864 E HtcPreference: Thread =Thread[main,5,main]
04-04 12:05:00.249 864 864 D WifiManagerWrapper: calculateSignalLevel called
04-04 12:05:00.249 864 864 E HtcPreference: [addPreference]:before size= 26
04-04 12:05:00.249 864 864 E HtcPreference: Thread =Thread[main,5,main]
04-04 12:05:00.249 864 864 E HtcPreference: [addPreference]:after size= 27
04-04 12:05:00.249 864 864 E HtcPreference: Thread =Thread[main,5,main]
04-04 12:05:00.249 864 864 D WifiManagerWrapper: calculateSignalLevel called
04-04 12:05:00.249 864 864 E HtcPreference: [addPreference]:before size= 27
04-04 12:05:00.249 864 864 E HtcPreference: Thread =Thread[main,5,main]
04-04 12:05:00.249 864 864 E HtcPreference: [addPreference]:after size= 28
04-04 12:05:00.249 864 864 E HtcPreference: Thread =Thread[main,5,main]
04-04 12:05:00.249 864 864 D WifiManagerWrapper: calculateSignalLevel called
04-04 12:05:00.249 864 864 E HtcPreference: [addPreference]:before size= 28
04-04 12:05:00.249 864 864 E HtcPreference: Thread =Thread[main,5,main]
04-04 12:05:00.249 864 864 E HtcPreference: [addPreference]:after size= 29
04-04 12:05:00.249 864 864 E HtcPreference: Thread =Thread[main,5,main]
04-04 12:05:00.250 864 864 D WifiManagerWrapper: calculateSignalLevel called
04-04 12:05:00.250 864 864 E HtcPreference: [addPreference]:before size= 29
04-04 12:05:00.250 864 864 E HtcPreference: Thread =Thread[main,5,main]
04-04 12:05:00.250 864 864 E HtcPreference: [addPreference]:after size= 30
04-04 12:05:00.250 864 864 E HtcPreference: Thread =Thread[main,5,main]
04-04 12:05:00.250 864 864 D WifiManagerWrapper: calculateSignalLevel called
04-04 12:05:00.250 864 864 E HtcPreference: [addPreference]:before size= 30
04-04 12:05:00.250 864 864 E HtcPreference: Thread =Thread[main,5,main]
04-04 12:05:00.250 864 864 E HtcPreference: [addPreference]:after size= 31
04-04 12:05:00.250 864 864 E HtcPreference: Thread =Thread[main,5,main]
04-04 12:05:00.250 864 864 D WifiManagerWrapper: calculateSignalLevel called
04-04 12:05:00.250 864 864 E HtcPreference: [addPreference]:before size= 31
04-04 12:05:00.250 864 864 E HtcPreference: Thread =Thread[main,5,main]
04-04 12:05:00.250 864 864 E HtcPreference: [addPreference]:after size= 32
04-04 12:05:00.250 864 864 E HtcPreference: Thread =Thread[main,5,main]
04-04 12:05:00.250 864 864 D WifiManagerWrapper: calculateSignalLevel called
04-04 12:05:00.250 864 864 E HtcPreference: [addPreference]:before size= 32
04-04 12:05:00.250 864 864 E HtcPreference: Thread =Thread[main,5,main]
04-04 12:05:00.250 864 864 E HtcPreference: [addPreference]:after size= 33
04-04 12:05:00.250 864 864 E HtcPreference: Thread =Thread[main,5,main]
04-04 12:05:00.250 864 864 D WifiManagerWrapper: calculateSignalLevel called
04-04 12:05:00.250 864 864 E HtcPreference: [addPreference]:before size= 33
04-04 12:05:00.250 864 864 E HtcPreference: Thread =Thread[main,5,main]
04-04 12:05:00.250 864 864 E HtcPreference: [addPreference]:after size= 34
04-04 12:05:00.250 864 864 E HtcPreference: Thread =Thread[main,5,main]
04-04 12:05:00.250 864 864 D WifiManagerWrapper: calculateSignalLevel called
04-04 12:05:00.250 864 864 E HtcPreference: [addPreference]:before size= 34
04-04 12:05:00.250 864 864 E HtcPreference: Thread =Thread[main,5,main]
04-04 12:05:00.250 864 864 E HtcPreference: [addPreference]:after size= 35
04-04 12:05:00.250 864 864 E HtcPreference: Thread =Thread[main,5,main]
04-04 12:05:00.251 864 864 D WifiManagerWrapper: calculateSignalLevel called
04-04 12:05:00.251 864 864 E HtcPreference: [addPreference]:before size= 35
04-04 12:05:00.251 864 864 E HtcPreference: Thread =Thread[main,5,main]
04-04 12:05:00.251 864 864 E HtcPreference: [addPreference]:after size= 36
04-04 12:05:00.251 864 864 E HtcPreference: Thread =Thread[main,5,main]
04-04 12:05:00.251 864 864 D WifiManagerWrapper: calculateSignalLevel called
04-04 12:05:00.251 864 864 E HtcPreference: [addPreference]:before size= 36
04-04 12:05:00.251 864 864 E HtcPreference: Thread =Thread[main,5,main]
04-04 12:05:00.251 864 864 E HtcPreference: [addPreference]:after size= 37
04-04 12:05:00.251 864 864 E HtcPreference: Thread =Thread[main,5,main]
04-04 12:05:00.251 864 864 D WifiManagerWrapper: calculateSignalLevel called
04-04 12:05:00.251 864 864 E HtcPreference: [addPreference]:before size= 37
04-04 12:05:00.251 864 864 E HtcPreference: Thread =Thread[main,5,main]
04-04 12:05:00.251 864 864 E HtcPreference: [addPreference]:after size= 38
04-04 12:05:00.251 864 864 E HtcPreference: Thread =Thread[main,5,main]
04-04 12:05:00.251 864 864 D WifiManagerWrapper: calculateSignalLevel called
04-04 12:05:00.251 864 864 E HtcPreference: [addPreference]:before size= 38
04-04 12:05:00.251 864 864 E HtcPreference: Thread =Thread[main,5,main]
04-04 12:05:00.251 864 864 E HtcPreference: [addPreference]:after size= 39
04-04 12:05:00.251 864 864 E HtcPreference: Thread =Thread[main,5,main]
04-04 12:05:00.251 864 864 D WifiManagerWrapper: calculateSignalLevel called
04-04 12:05:00.251 864 864 E HtcPreference: [addPreference]:before size= 39
04-04 12:05:00.251 864 864 E HtcPreference: Thread =Thread[main,5,main]
04-04 12:05:00.251 864 864 E HtcPreference: [addPreference]:after size= 40
04-04 12:05:00.251 864 864 E HtcPreference: Thread =Thread[main,5,main]
04-04 12:05:00.251 864 864 D WifiManagerWrapper: calculateSignalLevel called
04-04 12:05:00.251 864 864 E HtcPreference: [addPreference]:before size= 40
04-04 12:05:00.251 864 864 E HtcPreference: Thread =Thread[main,5,main]
04-04 12:05:00.251 864 864 E HtcPreference: [addPreference]:after size= 41
04-04 12:05:00.251 864 864 E HtcPreference: Thread =Thread[main,5,main]
04-04 12:05:00.252 864 864 D WifiManagerWrapper: calculateSignalLevel called
04-04 12:05:00.252 864 864 E HtcPreference: [addPreference]:before size= 41
04-04 12:05:00.252 864 864 E HtcPreference: Thread =Thread[main,5,main]
04-04 12:05:00.252 864 864 E HtcPreference: [addPreference]:after size= 42
04-04 12:05:00.252 864 864 E HtcPreference: Thread =Thread[main,5,main]
04-04 12:05:00.252 864 864 D WifiManagerWrapper: calculateSignalLevel called
04-04 12:05:00.252 864 864 E HtcPreference: [addPreference]:before size= 42
04-04 12:05:00.252 864 864 E HtcPreference: Thread =Thread[main,5,main]
04-04 12:05:00.252 864 864 E HtcPreference: [addPreference]:after size= 43
04-04 12:05:00.252 864 864 E HtcPreference: Thread =Thread[main,5,main]
04-04 12:05:00.253 864 973 D HtcWifiTracker: connection info-SSID: , BSSID: 00:00:00:00:00:00, Supplicant state: SCANNING, RSSI: -127, Link speed: -1Mbps, Frequency: -1MHz, Net ID: -1, Metered hint: false, score: 0
04-04 12:05:00.276 864 973 D WifiManagerWrapper: calculateSignalLevel called
04-04 12:05:00.291 1116 1116 D CustomizationManager: Read ACC file spent 0.060 (s)
04-04 12:05:00.292 1116 1116 D CIDMapFileReader: Parsing tag item name = HTC__001
04-04 12:05:00.293 1116 1116 D CIDMapFileReader: Parsing tag item name = HTC__E11
04-04 12:05:00.293 1116 1116 D CIDMapFileReader: Parsing tag item name = HTC__102
04-04 12:05:00.293 1116 1116 D CIDMapFileReader: Parsing tag item name = HTC__203
04-04 12:05:00.293 1116 1116 D CIDMapFileReader: Parsing tag item name = HTC__405
04-04 12:05:00.293 1116 1116 D CIDMapFileReader: Parsing tag item name = HTC__Y13
04-04 12:05:00.293 1116 1116 D CIDMapFileReader: Parsing tag item name = HTC__304
04-04 12:05:00.293 1116 1116 D CIDMapFileReader: Parsing tag item name = HTC__A07
04-04 12:05:00.293 1116 1116 D CIDMapFileReader: Parsing tag item name = HTC__032
04-04 12:05:00.293 1116 1116 D CIDMapFileReader: Parsing tag item name = HTC__J15
04-04 12:05:00.293 1116 1116 D CIDMapFileReader: Parsing tag item name = HTC__016
04-04 12:05:00.293 1116 1116 D CIDMapFileReader: Parsing tag item name = HTC__M27
04-04 12:05:00.293 1116 1116 D CIDMapFileReader: Parsing tag item name = HTC__A48
04-04 12:05:00.294 1116 1116 D CIDMapFileReader: Parsing tag item name = HTC__K18
04-04 12:05:00.294 1116 1116 D CIDMapFileReader: Parsing tag item name = HTC__002
04-04 12:05:00.294 1116 1116 V CustomizationCIDLoader: full path : /system/customize/CID/HTC__102.xml
04-04 12:05:00.294 1116 1116 I CustomizationCIDLoader: Parsing tag category name = system
04-04 12:05:00.295 1116 1116 I CustomizationCIDLoader: Parsing tag category name = application
04-04 12:05:00.296 1116 1116 I CustomizationCIDLoader: Parsing tag category name = Settings
04-04 12:05:00.297 1116 1116 I CustomizationCIDLoader: Parsing tag category name = SettingsProvider
04-04 12:05:00.297 1116 1116 I CustomizationCIDLoader: Parsing tag category name = AutomotiveHome
04-04 12:05:00.297 1116 1116 I CustomizationCIDLoader: Parsing tag category name = AudioService
04-04 12:05:00.298 1116 1116 I CustomizationCIDLoader: Parsing tag category name = ACC
04-04 12:05:00.299 1116 1116 I CustomizationCIDLoader: add string-array item, value = 42507
04-04 12:05:00.299 1116 1116 I CustomizationCIDLoader: add string-array item, value = 21902
04-04 12:05:00.299 1116 1116 I CustomizationCIDLoader: add string-array item, value = 26006:26001.26002.26003
04-04 12:05:00.300 1116 1116 I CustomizationCIDLoader: add string-array item, value = 23420
04-04 12:05:00.300 1116 1116 I CustomizationCIDLoader: add string-array item, value = 22299
04-04 12:05:00.300 1116 1116 I CustomizationCIDLoader: add string-array item, value = 24002
04-04 12:05:00.300 1116 1116 I CustomizationCIDLoader: add string-array item, value = 23210
04-04 12:05:00.300 1116 1116 I CustomizationCIDLoader: add string-array item, value = 23205
04-04 12:05:00.300 1116 1116 I CustomizationCIDLoader: add string-array item, value = 23806
04-04 12:05:00.300 1116 1116 I CustomizationCIDLoader: add string-array item, value = 23430
04-04 12:05:00.300 1116 1116 I CustomizationCIDLoader: add string-array item, value = 23408
04-04 12:05:00.300 1116 1116 I CustomizationCIDLoader: add string-array item, value = 27205
04-04 12:05:00.300 1116 1116 I CustomizationCIDLoader: add string-array item, value = 27202:27205
04-04 12:05:00.300 1116 1116 I CustomizationCIDLoader: add string-array item, value = 27216:27202.27205
04-04 12:05:00.301 1116 1116 I CustomizationCIDLoader: add string-array item, value = 42507:C:1:0
04-04 12:05:00.301 1116 1116 I CustomizationCIDLoader: add string-array item, value = 26006:D:1:0
04-04 12:05:00.301 1116 1116 I CustomizationCIDLoader: add string-array item, value = 23420:D:0:0
04-04 12:05:00.301 1116 1116 I CustomizationCIDLoader: add string-array item, value = 27205:C:1:0
04-04 12:05:00.301 1116 1116 I CustomizationCIDLoader: add string-array item, value = 22299:D:0:0
04-04 12:05:00.301 1116 1116 I CustomizationCIDLoader: add string-array item, value = 24002:D:0:0
04-04 12:05:00.301 1116 1116 I CustomizationCIDLoader: add string-array item, value = 23210:D:2:0
04-04 12:05:00.301 1116 1116 I CustomizationCIDLoader: add string-array item, value = 23205:D:2:0
04-04 12:05:00.301 1116 1116 I CustomizationCIDLoader: add string-array item, value = 23806:D:0:0
04-04 12:05:00.301 1116 1116 I CustomizationCIDLoader: add string-array item, value = 23430:C:1:0
04-04 12:05:00.301 1116 1116 I CustomizationCIDLoader: add string-array item, value = 27202:C:1:0
04-04 12:05:00.301 1116 1116 I CustomizationCIDLoader: add string-array item, value = 27216:C:1:0
04-04 12:05:00.301 1116 1116 I CustomizationCIDLoader: add string-array item, value = 21902:C:1:0
04-04 12:05:00.302 1116 1116 I CustomizationCIDLoader: add string-array item, value = 23408:C:1:0
04-04 12:05:00.302 1116 1116 I CustomizationCIDLoader: add string-array item, value = 23203
04-04 12:05:00.302 1116 1116 I CustomizationCIDLoader: add string-array item, value = 23207
04-04 12:05:00.302 1116 1116 I CustomizationCIDLoader: add string-array item, value = 23001
04-04 12:05:00.302 1116 1116 I CustomizationCIDLoader: add string-array item, value = 26201
04-04 12:05:00.302 1116 1116 I CustomizationCIDLoader: add string-array item, value = 20201
04-04 12:05:00.302 1116 1116 I CustomizationCIDLoader: add string-array item, value = 20416
04-04 12:05:00.302 1116 1116 I CustomizationCIDLoader: add string-array item, value = 26002
04-04 12:05:00.302 1116 1116 I CustomizationCIDLoader: add string-array item, value = 310160
04-04 12:05:00.302 1116 1116 I CustomizationCIDLoader: add string-array item, value = 310200
04-04 12:05:00.303 1116 1116 I CustomizationCIDLoader: add string-array item, value = 310210
04-04 12:05:00.303 1116 1116 I CustomizationCIDLoader: add string-array item, value = 310220
04-04 12:05:00.303 1116 1116 I CustomizationCIDLoader: add string-array item, value = 310230
04-04 12:05:00.303 1116 1116 I CustomizationCIDLoader: add string-array item, value = 310240
04-04 12:05:00.303 1116 1116 I CustomizationCIDLoader: add string-array item, value = 310250
04-04 12:05:00.303 1116 1116 I CustomizationCIDLoader: add string-array item, value = 310260
04-04 12:05:00.303 1116 1116 I CustomizationCIDLoader: add string-array item, value = 310270
04-04 12:05:00.303 1116 1116 I CustomizationCIDLoader: add string-array item, value = 310300
04-04 12:05:00.303 1116 1116 I CustomizationCIDLoader: add string-array item, value = 310310
04-04 12:05:00.303 1116 1116 I CustomizationCIDLoader: add string-array item, value = 310490
04-04 12:05:00.303 1116 1116 I CustomizationCIDLoader: add string-array item, value = 310530
04-04 12:05:00.303 1116 1116 I CustomizationCIDLoader: add string-array item, value = 310580
04-04 12:05:00.303 1116 1116 I CustomizationCIDLoader: add string-array item, value = 310590
04-04 12:05:00.304 1116 1116 I CustomizationCIDLoader: add string-array item, value = 310640
