04-04 12:07:40.649 1278 4514 D StatusBarManagerService: swetImeWindowStatus vis=0 backDisposition=0
04-04 12:07:40.652 2037 2037 D HTCIMEService: This created at onFinishInput()
04-04 12:07:40.660 1596 1596 I PhoneStatusBar: hiding the MENU button
04-04 12:07:40.660 1596 1596 I PhoneStatusBar: setImeWindowStatus(false,false)
04-04 12:07:40.669 3988 3988 W SystemReader: Cannot find support_music_channel, use default value instead
04-04 12:07:40.669 3988 3988 E Settings:HtcUmcWidgetEnabler: isSupportMusicChannel(): false
04-04 12:07:40.669 1278 2863 I ActivityManager: Cannot resolve ContentProvider=com.htc.vowifi
04-04 12:07:40.669 3988 4006 V Settings:HtcAirplaneModeWidgetEnabler: syncState! flightMode: false
04-04 12:07:40.669 3988 3988 E ActivityThread: Failed to find provider info for com.htc.vowifi
04-04 12:07:40.669 3988 3988 E Settings:HtcVoWifiWidgetEnabler: isSupportVoWifi: null
04-04 12:07:40.669 3988 4006 V Settings:HtcAirplaneModeWidgetEnabler: FlyModeBlockRecover: init gray out timestamp as -1
04-04 12:07:40.671 3988 4006 D Settings:HtcWifiWidgetEnabler: get debug: null , state=IDLE
04-04 12:07:40.672 3988 4006 D Settings:HtcWifiWidgetEnabler: get debug: null , state=IDLE
04-04 12:07:40.687 795 1487 D TelephonyManager: getDataEnabled: retVal=true
04-04 12:07:40.693 3988 4006 V Settings:HtcBoomSoundSrsWidgetEnabler: onHandleStateChangedInBackground(STATE_INIT)
04-04 12:07:40.693 3988 4006 V Settings:HtcBoomSoundSrsWidgetEnabler: onHandleStateChangedInBackground(STATE_OFF)
04-04 12:07:40.693 3988 4006 W Settings:HtcBoomSoundWidgetEnabler: getUiType(): sUiType==0
04-04 12:07:40.693 3988 4006 V Settings:HtcBoomSoundSrsWidgetEnabler: onHandleStateChangedInBackground(STATE_SYNC)
04-04 12:07:40.693 3988 4006 V Settings:HtcBoomSoundSrsWidgetEnabler: onHandleStateChangedInBackground(STATE_ON)
04-04 12:07:40.693 3988 4006 W Settings:HtcBoomSoundWidgetEnabler: getUiType(): sUiType==0
04-04 12:07:40.695 3988 4006 D Settings:HtcWifiWidgetEnabler: get debug: null , state=IDLE
04-04 12:07:40.696 3988 4006 D Settings:HtcWifiWidgetEnabler: get debug: null , state=SCANNING
04-04 12:07:40.696 3988 4006 D Settings:HtcWifiWidgetEnabler: get debug: null , state=SCANNING
04-04 12:07:40.731 1278 2150 D PMS : releaseWL(2907163): PARTIAL_WAKE_LOCK *launch* 0x1 WorkSource{1000}
04-04 12:07:40.958 3782 3832 I appium : channel read invoked!
04-04 12:07:40.958 3782 3832 I appium : channel read: GET /wd/hub/session/a7438415-0244-4665-8e3d-3ca4e509339d
04-04 12:07:40.958 3782 3832 I appium : AppiumResponse: {"sessionId":"a7438415-0244-4665-8e3d-3ca4e509339d","status":0,"value":{}}
04-04 12:07:40.980 3782 3833 I appium : channel read invoked!
04-04 12:07:40.980 3782 3833 I appium : channel read: GET /wd/hub/session/a7438415-0244-4665-8e3d-3ca4e509339d
04-04 12:07:40.981 3782 3833 I appium : AppiumResponse: {"sessionId":"a7438415-0244-4665-8e3d-3ca4e509339d","status":0,"value":{}}
04-04 12:07:41.000 2095 2095 I TrimMemoryManager: [trimMemory] 20
04-04 12:07:41.246 3782 3834 I appium : channel read invoked!
04-04 12:07:41.246 3782 3834 I appium : channel read: GET /wd/hub/session/a7438415-0244-4665-8e3d-3ca4e509339d
04-04 12:07:41.246 3782 3834 I appium : AppiumResponse: {"sessionId":"a7438415-0244-4665-8e3d-3ca4e509339d","status":0,"value":{}}
04-04 12:07:41.267 3782 3926 I appium : channel read invoked!
04-04 12:07:41.267 3782 3926 I appium : channel read: GET /wd/hub/session/a7438415-0244-4665-8e3d-3ca4e509339d
04-04 12:07:41.268 3782 3926 I appium : AppiumResponse: {"sessionId":"a7438415-0244-4665-8e3d-3ca4e509339d","status":0,"value":{}}
04-04 12:07:41.352 3782 3927 I appium : channel read invoked!
04-04 12:07:41.352 3782 3927 I appium : channel read: GET /wd/hub/session/a7438415-0244-4665-8e3d-3ca4e509339d
04-04 12:07:41.352 3782 3927 I appium : AppiumResponse: {"sessionId":"a7438415-0244-4665-8e3d-3ca4e509339d","status":0,"value":{}}
04-04 12:07:41.404 3782 3928 I appium : channel read invoked!
04-04 12:07:41.404 3782 3928 I appium : channel read: POST /wd/hub/session/a7438415-0244-4665-8e3d-3ca4e509339d/element
04-04 12:07:41.404 3782 3928 I appium : Find element command
04-04 12:07:41.405 3782 3928 I appium : find element command using 'xpath' with selector '//android.widget.TextView[@text='Settings']'.
04-04 12:07:41.686 3782 3928 I appium : AppiumResponse: {"sessionId":"a7438415-0244-4665-8e3d-3ca4e509339d","status":0,"value":{"ELEMENT":"b2e67add-c746-4c4e-810a-affbabb6ea21"}}
04-04 12:07:41.963 2079 2329 D PhoneApp: EVENT_QUERY_MO_PACKAGES
04-04 12:07:41.964 3782 3929 I appium : channel read invoked!
04-04 12:07:41.964 3782 3929 I appium : channel read: GET /wd/hub/session/a7438415-0244-4665-8e3d-3ca4e509339d/element/b2e67add-c746-4c4e-810a-affbabb6ea21/attribute/displayed
04-04 12:07:41.964 3782 3929 I appium : get attribute of element command
04-04 12:07:41.965 2079 2329 D PhoneApp: -- N1 =3
04-04 12:07:41.965 2079 2329 D PhoneApp: -- N2 =0
04-04 12:07:41.965 2079 2329 D PhoneApp: -- N3 =0
04-04 12:07:41.968 3782 3929 I appium : AppiumResponse: {"sessionId":"a7438415-0244-4665-8e3d-3ca4e509339d","status":0,"value":"true"}
04-04 12:07:42.015 3782 3930 I appium : channel read invoked!
04-04 12:07:42.015 3782 3930 I appium : channel read: GET /wd/hub/session/a7438415-0244-4665-8e3d-3ca4e509339d
04-04 12:07:42.015 3782 3930 I appium : AppiumResponse: {"sessionId":"a7438415-0244-4665-8e3d-3ca4e509339d","status":0,"value":{}}
04-04 12:07:42.034 3782 3832 I appium : channel read invoked!
04-04 12:07:42.034 3782 3832 I appium : channel read: POST /wd/hub/session/a7438415-0244-4665-8e3d-3ca4e509339d/element
04-04 12:07:42.034 3782 3832 I appium : Find element command
04-04 12:07:42.035 3782 3832 I appium : find element command using 'xpath' with selector '//android.widget.TextView[@text='Settings']'.
04-04 12:07:42.174 1278 1310 D PMS : releaseHCC(f039fc7): CPU_MIN_NUM ActivityManager-MultiCore-Num 0x8000 null
04-04 12:07:42.174 1278 1310 D PMS : releaseHCC(a23d9f4): CPU_MIN_FREQ ActivityManager-MultiCore-Freq 0x2000 null
04-04 12:07:42.176 3023 3039 E MP-Decision: Update arg 1
04-04 12:07:42.312 3782 3832 I appium : AppiumResponse: {"sessionId":"a7438415-0244-4665-8e3d-3ca4e509339d","status":0,"value":{"ELEMENT":"8b53df05-9bb4-4bd2-803a-b113f601949c"}}
04-04 12:07:42.438 1278 1295 D DeviceIdleController: handleMessage(5)
04-04 12:07:42.438 1278 1295 D DeviceIdleController: Removing UID 10011 from temp whitelist
04-04 12:07:42.438 1278 1295 D DeviceIdleController: Setting wakelock temp whitelist to []
04-04 12:07:42.440 1278 1295 D NetworkManagement: oldRule = 0, newRule=0 for uid=10011
04-04 12:07:42.440 1278 1295 D NetworkManagement: !!!!! Skipping change
04-04 12:07:42.448 3782 3833 I appium : channel read invoked!
04-04 12:07:42.448 3782 3833 I appium : channel read: GET /wd/hub/session/a7438415-0244-4665-8e3d-3ca4e509339d/element/8b53df05-9bb4-4bd2-803a-b113f601949c/attribute/displayed
04-04 12:07:42.449 3782 3833 I appium : get attribute of element command
04-04 12:07:42.451 3782 3833 I appium : AppiumResponse: {"sessionId":"a7438415-0244-4665-8e3d-3ca4e509339d","status":0,"value":"true"}
04-04 12:07:42.467 3782 3834 I appium : channel read invoked!
04-04 12:07:42.467 3782 3834 I appium : channel read: GET /wd/hub/session/a7438415-0244-4665-8e3d-3ca4e509339d
04-04 12:07:42.467 3782 3834 I appium : AppiumResponse: {"sessionId":"a7438415-0244-4665-8e3d-3ca4e509339d","status":0,"value":{}}
04-04 12:07:42.496 3782 3926 I appium : channel read invoked!
04-04 12:07:42.496 3782 3926 I appium : channel read: POST /wd/hub/session/a7438415-0244-4665-8e3d-3ca4e509339d/element
04-04 12:07:42.497 3782 3926 I appium : Find element command
04-04 12:07:42.497 3782 3926 I appium : find element command using 'xpath' with selector '//android.widget.TextView[contains(@text, 'Wi') and contains(@text, 'Fi')]'.
04-04 12:07:42.618 1278 1326 W SensorService: D/Accel(x, y, z, t) = ( -0.0, 0.1, 9.7, 579287062ms), calendar = 1554372462, sys_time = 579287070ms
04-04 12:07:42.727 3782 3926 I appium : AppiumResponse: {"sessionId":"a7438415-0244-4665-8e3d-3ca4e509339d","status":0,"value":{"ELEMENT":"0cdf1916-ab4f-47f3-b21e-f307b34cd352"}}
04-04 12:07:42.864 3782 3927 I appium : channel read invoked!
04-04 12:07:42.864 3782 3927 I appium : channel read: GET /wd/hub/session/a7438415-0244-4665-8e3d-3ca4e509339d/element/0cdf1916-ab4f-47f3-b21e-f307b34cd352/attribute/displayed
04-04 12:07:42.864 3782 3927 I appium : get attribute of element command
04-04 12:07:42.868 3782 3927 I appium : AppiumResponse: {"sessionId":"a7438415-0244-4665-8e3d-3ca4e509339d","status":0,"value":"true"}
04-04 12:07:42.888 3782 3928 I appium : channel read invoked!
04-04 12:07:42.888 3782 3928 I appium : channel read: GET /wd/hub/session/a7438415-0244-4665-8e3d-3ca4e509339d
04-04 12:07:42.888 3782 3928 I appium : AppiumResponse: {"sessionId":"a7438415-0244-4665-8e3d-3ca4e509339d","status":0,"value":{}}
04-04 12:07:42.917 3782 3929 I appium : channel read invoked!
04-04 12:07:42.917 3782 3929 I appium : channel read: POST /wd/hub/session/a7438415-0244-4665-8e3d-3ca4e509339d/element
04-04 12:07:42.918 3782 3929 I appium : Find element command
04-04 12:07:42.918 3782 3929 I appium : find element command using 'xpath' with selector '//android.widget.TextView[contains(@text, 'Wi') and contains(@text, 'Fi')]'.
04-04 12:07:43.149 3782 3929 I appium : AppiumResponse: {"sessionId":"a7438415-0244-4665-8e3d-3ca4e509339d","status":0,"value":{"ELEMENT":"61bd9a89-6e6e-49b7-9ce2-fc966462bb67"}}
04-04 12:07:43.313 3782 3930 I appium : channel read invoked!
04-04 12:07:43.313 3782 3930 I appium : channel read: GET /wd/hub/session/a7438415-0244-4665-8e3d-3ca4e509339d/element/61bd9a89-6e6e-49b7-9ce2-fc966462bb67/attribute/displayed
04-04 12:07:43.313 3782 3930 I appium : get attribute of element command
04-04 12:07:43.316 3782 3930 I appium : AppiumResponse: {"sessionId":"a7438415-0244-4665-8e3d-3ca4e509339d","status":0,"value":"true"}
04-04 12:07:43.829 1278 1352 D WirelessDisplayService: getMirrorDisplayStatus:falsecurState:1
04-04 12:07:43.830 10696 10696 D wpa_supplicant: wlan0: Control interface command 'SET pno 0'
04-04 12:07:43.830 10696 10696 D wpa_supplicant: CTRL_IFACE SET 'pno'='0'
04-04 12:07:43.832 10696 10696 D wpa_supplicant: wlan0: Control interface command 'SCAN TYPE=ONLY'
04-04 12:07:43.832 10696 10696 D wpa_supplicant: wlan0: Setting scan request: 0.000000 sec
04-04 12:07:43.832 10696 10696 I wpa_supplicant: wpa_supplicant_scan enter
04-04 12:07:43.832 10696 10696 D wpa_supplicant: wlan0: Starting AP scan for wildcard SSID
04-04 12:07:43.832 10696 10696 D wpa_supplicant: WPS: Building WPS IE for Probe Request
04-04 12:07:43.832 10696 10696 D wpa_supplicant: WPS: * Version (hardcoded 0x10)
04-04 12:07:43.832 10696 10696 D wpa_supplicant: WPS: * Request Type
04-04 12:07:43.832 10696 10696 D wpa_supplicant: WPS: * Config Methods (4288)
04-04 12:07:43.832 10696 10696 D wpa_supplicant: WPS: * UUID-E
04-04 12:07:43.832 10696 10696 D wpa_supplicant: WPS: * Primary Device Type
04-04 12:07:43.832 10696 10696 D wpa_supplicant: WPS: * RF Bands (3)
04-04 12:07:43.832 10696 10696 D wpa_supplicant: WPS: * Association State
04-04 12:07:43.832 10696 10696 D wpa_supplicant: WPS: * Configuration Error (0)
04-04 12:07:43.832 10696 10696 D wpa_supplicant: WPS: * Device Password ID (0)
04-04 12:07:43.832 10696 10696 D wpa_supplicant: WPS: * Manufacturer
04-04 12:07:43.832 10696 10696 D wpa_supplicant: WPS: * Model Name
04-04 12:07:43.832 10696 10696 D wpa_supplicant: WPS: * Model Number
04-04 12:07:43.832 10696 10696 D wpa_supplicant: WPS: * Device Name
04-04 12:07:43.832 10696 10696 D wpa_supplicant: WPS: * Version2 (0x20)
04-04 12:07:43.833 10696 10696 D wpa_supplicant: P2P: * P2P IE header
04-04 12:07:43.833 10696 10696 D wpa_supplicant: P2P: * Capability dev=25 group=00
04-04 12:07:43.833 10696 10696 D wpa_supplicant: P2P: * Listen Channel: Regulatory Class 81 Channel 11
04-04 12:07:43.833 10696 10696 D wpa_supplicant: wlan0: Add radio work 'scan'@0xb78b3630
04-04 12:07:43.833 10696 10696 D wpa_supplicant: wlan0: First radio work item in the queue - schedule start immediately
04-04 12:07:43.833 10696 10696 D wpa_supplicant: wlan0: Starting radio work 'scan'@0xb78b3630 after 0.000078 second wait
04-04 12:07:43.833 10696 10696 D wpa_supplicant: wlan0: nl80211: scan request
04-04 12:07:43.833 10696 10696 D wpa_supplicant: Scan requested (ret=0) - scan timeout 30 seconds
04-04 12:07:43.834 10696 10696 D wpa_supplicant: nl80211: Drv Event 33 (NL80211_CMD_TRIGGER_SCAN) received for wlan0
04-04 12:07:43.834 10696 10696 D wpa_supplicant: wlan0: nl80211: Scan trigger
04-04 12:07:43.834 10696 10696 D wpa_supplicant: wlan0: Event SCAN_STARTED (47) received
04-04 12:07:43.834 10696 10696 D wpa_supplicant: wlan0: Own scan request started a scan in 0.000164 seconds
04-04 12:07:44.366 3782 3832 I appium : channel read invoked!
04-04 12:07:44.366 3782 3832 I appium : channel read: GET /wd/hub/session/a7438415-0244-4665-8e3d-3ca4e509339d
04-04 12:07:44.368 3782 3832 I appium : AppiumResponse: {"sessionId":"a7438415-0244-4665-8e3d-3ca4e509339d","status":0,"value":{}}
04-04 12:07:44.416 3782 3833 I appium : channel read invoked!
04-04 12:07:44.417 3782 3833 I appium : channel read: POST /wd/hub/session/a7438415-0244-4665-8e3d-3ca4e509339d/element
04-04 12:07:44.418 3782 3833 I appium : Find element command
04-04 12:07:44.419 3782 3833 I appium : find element command using 'xpath' with selector '//android.widget.TextView[contains(@text, 'Wi') and contains(@text, 'Fi')]'.
04-04 12:07:44.658 1278 1326 W SensorService: D/Accel(x, y, z, t) = ( -0.0, 0.1, 9.8, 579289102ms), calendar = 1554372464, sys_time = 579289110ms
04-04 12:07:44.682 3782 3833 I appium : AppiumResponse: {"sessionId":"a7438415-0244-4665-8e3d-3ca4e509339d","status":0,"value":{"ELEMENT":"a536ea75-42a5-439b-a962-9b0fe4f236fa"}}
04-04 12:07:44.862 3782 3834 I appium : channel read invoked!
04-04 12:07:44.862 3782 3834 I appium : channel read: GET /wd/hub/session/a7438415-0244-4665-8e3d-3ca4e509339d/element/a536ea75-42a5-439b-a962-9b0fe4f236fa/location
04-04 12:07:44.869 3782 3834 I appium : Element found at location (200,547)
04-04 12:07:44.869 3782 3834 I appium : AppiumResponse: {"sessionId":"a7438415-0244-4665-8e3d-3ca4e509339d","status":0,"value":{"x":200,"y":547}}
04-04 12:07:44.881 3782 3926 I appium : channel read invoked!
04-04 12:07:44.881 3782 3926 I appium : channel read: GET /wd/hub/session/a7438415-0244-4665-8e3d-3ca4e509339d/element/a536ea75-42a5-439b-a962-9b0fe4f236fa/size
04-04 12:07:44.881 3782 3926 I appium : Get Size of element command
04-04 12:07:44.886 3782 3926 I appium : AppiumResponse: {"sessionId":"a7438415-0244-4665-8e3d-3ca4e509339d","status":0,"value":{"width":648,"height":77}}
04-04 12:07:44.897 3782 3927 I appium : channel read invoked!
04-04 12:07:44.897 3782 3927 I appium : channel read: POST /wd/hub/session/a7438415-0244-4665-8e3d-3ca4e509339d/element/a536ea75-42a5-439b-a962-9b0fe4f236fa/click
04-04 12:07:44.898 3782 3927 I appium : Click element command
04-04 12:07:44.907 3023 3039 E MP-Decision: Update arg 2
04-04 12:07:44.998 1278 2863 I ActivityManager: START u0 {act=android.intent.action.MAIN cmp=com.android.settings/.SubSettings (has extras)} from uid 1000 pid 3988 on display 0
04-04 12:07:45.007 1278 2863 D PMS : acquireWL(25959aa): PARTIAL_WAKE_LOCK *launch* 0x1 1278 1000 WorkSource{1000}
04-04 12:07:45.024 1278 2151 W HtcSystemUPManager: HtcSystemUPHandler The policy is disabled. AppId: activity_history, category: launch
04-04 12:07:45.030 3988 3988 E Settings:###: onApplyThemeResource...
04-04 12:07:45.033 3988 3988 D HtcThemeUtils: context=com.android.settings.SubSettings@e8e41c1, category=0, byUser=false, userHandle=0
04-04 12:07:45.033 3988 3988 D HtcThemeUtils: [CC][checkIfNeedRecreate] mNeedRecreate=false, mCategoryRes=android.content.res.Resources@6e0fd66, mCategoryTheme=android.content.res.Resources$Theme@de528a7, sameDefRes=false
04-04 12:07:45.033 3988 3988 D HtcThemeUtils: init done
04-04 12:07:45.045 3988 3988 D ListViewUtil: [ListViewUtil] setHtcScrollEnabled(int, boolean) in android.widget.AbsListView class is not found
04-04 12:07:45.045 3988 3988 D ListViewUtil: [ListViewUtil] setHtcScrollEnabled(boolean) in android.widget.AbsListView class is not found
04-04 12:07:45.063 3988 3988 D WifiSettings: Tips & Help application exists.
04-04 12:07:45.072 3988 3988 E HtcPreference: [addPreference]:before size= 0
04-04 12:07:45.072 3988 3988 E HtcPreference: Thread =Thread[main,7,main]
04-04 12:07:45.072 3988 3988 E HtcPreference: [addPreference]:after size= 1
04-04 12:07:45.072 3988 3988 E HtcPreference: Thread =Thread[main,7,main]
04-04 12:07:45.076 3988 3988 D ListViewUtil: [ListViewUtil] setHtcScrollEnabled(int, boolean) in android.widget.AbsListView class is not found
04-04 12:07:45.076 3988 3988 D ListViewUtil: [ListViewUtil] setHtcScrollEnabled(boolean) in android.widget.AbsListView class is not found
04-04 12:07:45.078 32700 32700 W Atfwd_Sendcmd: AtCmdFwd service not published, waiting... retryCnt : 3
04-04 12:07:45.102 3988 3988 W e : java.lang.NoSuchMethodException: isSupport5GHotspot []
04-04 12:07:45.102 3988 3988 W e : at java.lang.Class.getMethod(Class.java:624)
04-04 12:07:45.102 3988 3988 W e : at java.lang.Class.getMethod(Class.java:603)
04-04 12:07:45.102 3988 3988 W e : at com.htc.lib3.e.e.a(HtcWrapWifiManager.java:266)
04-04 12:07:45.102 3988 3988 W e : at com.htc.lib3.e.e.(HtcWrapWifiManager.java:83)
04-04 12:07:45.102 3988 3988 W e : at com.android.settings.wifi.HtcWifiTracker.(HtcWifiTracker.java:146)
04-04 12:07:45.102 3988 3988 W e : at com.android.settings.wifi.HtcWifiTracker.(HtcWifiTracker.java:109)
04-04 12:07:45.102 3988 3988 W e : at com.android.settings.wifi.WifiSettings.onActivityCreated(WifiSettings.java:391)
04-04 12:07:45.102 3988 3988 W e : at android.app.Fragment.performActivityCreated(Fragment.java:2228)
04-04 12:07:45.102 3988 3988 W e : at android.app.FragmentManagerImpl.moveToState(FragmentManager.java:992)
04-04 12:07:45.102 3988 3988 W e : at android.app.FragmentManagerImpl.moveToState(FragmentManager.java:1148)
04-04 12:07:45.102 3988 3988 W e : at android.app.BackStackRecord.run(BackStackRecord.java:793)
04-04 12:07:45.102 3988 3988 W e : at android.app.FragmentManagerImpl.execPendingActions(FragmentManager.java:1535)
04-04 12:07:45.102 3988 3988 W e : at android.app.FragmentController.execPendingActions(FragmentController.java:325)
04-04 12:07:45.102 3988 3988 W e : at android.app.Activity.performStart(Activity.java:6263)
04-04 12:07:45.102 3988 3988 W e : at android.app.ActivityThread.performLaunchActivity(ActivityThread.java:2447)
04-04 12:07:45.102 3988 3988 W e : at android.app.ActivityThread.handleLaunchActivity(ActivityThread.java:2544)
04-04 12:07:45.102 3988 3988 W e : at android.app.ActivityThread.access$900(ActivityThread.java:150)
04-04 12:07:45.102 3988 3988 W e : at android.app.ActivityThread$H.handleMessage(ActivityThread.java:1394)
04-04 12:07:45.102 3988 3988 W e : at android.os.Handler.dispatchMessage(Handler.java:102)
04-04 12:07:45.102 3988 3988 W e : at android.os.Looper.loop(Looper.java:168)
04-04 12:07:45.102 3988 3988 W e : at android.app.ActivityThread.main(ActivityThread.java:5845)
04-04 12:07:45.102 3988 3988 W e : at java.lang.reflect.Method.invoke(Native Method)
04-04 12:07:45.102 3988 3988 W e : at com.android.internal.os.ZygoteInit$MethodAndArgsCaller.run(ZygoteInit.java:797)
04-04 12:07:45.102 3988 3988 W e : at com.android.internal.os.ZygoteInit.main(ZygoteInit.java:687)
04-04 12:07:45.102 3988 3988 D e : Lookup string definition:"WEP_ERROR", result:"20"
04-04 12:07:45.103 3988 3988 D e : Lookup string definition:"LAN_PROBLEM_ERROR", result:"21"
04-04 12:07:45.103 3988 3988 D e : Lookup string definition:"WAN_PROBLEM_ERROR", result:"22"
04-04 12:07:45.103 3988 3988 D e : Lookup string definition:"VZW_BAD_CONNECTION_ERROR", result:"23"
04-04 12:07:45.103 3988 3988 D e : Lookup string definition:"ERROR_ACTION", result:"com.htc.wifi.ERROR"
04-04 12:07:45.104 3988 3988 D e : Lookup string definition:"EXTRA_ERROR_CODE", result:"errorCode"
04-04 12:07:45.104 3988 3988 D e : Lookup string definition:"EXTRA_NETWORK_ID", result:"networkID"
04-04 12:07:45.104 3988 3988 D e : Lookup string definition:"AKA_INVALID_SIM_CHANGED_ACTION", result:"com.htc.wifi.AKA_INVALID_SIM"
04-04 12:07:45.104 3988 3988 D e : Lookup string definition:"CMCC_REMINDERT_NOTIFY_ACTION", result:"com.htc.wifi.cmcc_reminder_noty"
04-04 12:07:45.104 3988 3988 W System.err: java.lang.NoSuchFieldException: FOTA_HOTSPOT_SECURITY_CHANGED_ACTION
04-04 12:07:45.104 3988 3988 W System.err: at java.lang.Class.getField(Class.java:891)
04-04 12:07:45.104 3988 3988 W System.err: at com.htc.lib3.e.e.b(HtcWrapWifiManager.java:110)
04-04 12:07:45.104 3988 3988 W System.err: at com.htc.lib3.e.e.a(HtcWrapWifiManager.java:312)
04-04 12:07:45.105 3988 3988 W System.err: at com.htc.lib3.e.e.(HtcWrapWifiManager.java:83)
04-04 12:07:45.105 3988 3988 W System.err: at com.android.settings.wifi.HtcWifiTracker.(HtcWifiTracker.java:146)
04-04 12:07:45.105 3988 3988 W System.err: at com.android.settings.wifi.HtcWifiTracker.(HtcWifiTracker.java:109)
04-04 12:07:45.105 3988 3988 W System.err: at com.android.settings.wifi.WifiSettings.onActivityCreated(WifiSettings.java:391)
04-04 12:07:45.105 3988 3988 W System.err: at android.app.Fragment.performActivityCreated(Fragment.java:2228)
04-04 12:07:45.105 3988 3988 W System.err: at android.app.FragmentManagerImpl.moveToState(FragmentManager.java:992)
04-04 12:07:45.105 3988 3988 W System.err: at android.app.FragmentManagerImpl.moveToState(FragmentManager.java:1148)
04-04 12:07:45.105 3988 3988 W System.err: at android.app.BackStackRecord.run(BackStackRecord.java:793)
04-04 12:07:45.105 3988 3988 W System.err: at android.app.FragmentManagerImpl.execPendingActions(FragmentManager.java:1535)
04-04 12:07:45.105 3988 3988 W System.err: at android.app.FragmentController.execPendingActions(FragmentController.java:325)
04-04 12:07:45.105 3988 3988 W System.err: at android.app.Activity.performStart(Activity.java:6263)
04-04 12:07:45.105 3988 3988 W System.err: at android.app.ActivityThread.performLaunchActivity(ActivityThread.java:2447)
04-04 12:07:45.105 3988 3988 W System.err: at android.app.ActivityThread.handleLaunchActivity(ActivityThread.java:2544)
04-04 12:07:45.105 3988 3988 W System.err: at android.app.ActivityThread.access$900(ActivityThread.java:150)
04-04 12:07:45.105 3988 3988 W System.err: at android.app.ActivityThread$H.handleMessage(ActivityThread.java:1394)
04-04 12:07:45.105 3988 3988 W System.err: at android.os.Handler.dispatchMessage(Handler.java:102)
04-04 12:07:45.105 3988 3988 W System.err: at android.os.Looper.loop(Looper.java:168)
04-04 12:07:45.106 3988 3988 W System.err: at android.app.ActivityThread.main(ActivityThread.java:5845)
04-04 12:07:45.106 3988 3988 W System.err: at java.lang.reflect.Method.invoke(Native Method)
04-04 12:07:45.106 3988 3988 W System.err: at com.android.internal.os.ZygoteInit$MethodAndArgsCaller.run(ZygoteInit.java:797)
04-04 12:07:45.106 3988 3988 W System.err: at com.android.internal.os.ZygoteInit.main(ZygoteInit.java:687)
04-04 12:07:45.106 3988 3988 D e : Failed to Lookup int definition:"FOTA_HOTSPOT_SECURITY_CHANGED_ACTION"
04-04 12:07:45.106 3988 3988 D e : Lookup string definition:"ASSOC_LIST_CHANGE_ACTION", result:"com.htc.hotspot.ASSOCLIST"
04-04 12:07:45.106 3988 3988 D e : Lookup string definition:"HOTSPOT_CONNECTION_REQUEST_NOTIFY", result:"com.htc.hotspot.connectionrequest"
04-04 12:07:45.106 3988 3988 W System.err: java.lang.NoSuchFieldException: EXTRA_LATEST_TIME_CONNECTION_REQUEST
04-04 12:07:45.106 3988 3988 W System.err: at java.lang.Class.getField(Class.java:891)
04-04 12:07:45.106 3988 3988 W System.err: at com.htc.lib3.e.e.b(HtcWrapWifiManager.java:110)
04-04 12:07:45.106 3988 3988 W System.err: at com.htc.lib3.e.e.a(HtcWrapWifiManager.java:315)
04-04 12:07:45.106 3988 3988 W System.err: at com.htc.lib3.e.e.(HtcWrapWifiManager.java:83)
04-04 12:07:45.106 3988 3988 W System.err: at com.android.settings.wifi.HtcWifiTracker.(HtcWifiTracker.java:146)
04-04 12:07:45.106 3988 3988 W System.err: at com.android.settings.wifi.HtcWifiTracker.(HtcWifiTracker.java:109)
04-04 12:07:45.106 3988 3988 W System.err: at com.android.settings.wifi.WifiSettings.onActivityCreated(WifiSettings.java:391)
04-04 12:07:45.106 3988 3988 W System.err: at android.app.Fragment.performActivityCreated(Fragment.java:2228)
04-04 12:07:45.106 3988 3988 W System.err: at android.app.FragmentManagerImpl.moveToState(FragmentManager.java:992)
04-04 12:07:45.106 3988 3988 W System.err: at android.app.FragmentManagerImpl.moveToState(FragmentManager.java:1148)
04-04 12:07:45.106 3988 3988 W System.err: at android.app.BackStackRecord.run(BackStackRecord.java:793)
04-04 12:07:45.106 3988 3988 W System.err: at android.app.FragmentManagerImpl.execPendingActions(FragmentManager.java:1535)
04-04 12:07:45.106 3988 3988 W System.err: at android.app.FragmentController.execPendingActions(FragmentController.java:325)
04-04 12:07:45.107 3988 3988 W System.err: at android.app.Activity.performStart(Activity.java:6263)
04-04 12:07:45.107 3988 3988 W System.err: at android.app.ActivityThread.performLaunchActivity(ActivityThread.java:2447)
04-04 12:07:45.107 3988 3988 W System.err: at android.app.ActivityThread.handleLaunchActivity(ActivityThread.java:2544)
04-04 12:07:45.107 3988 3988 W System.err: at android.app.ActivityThread.access$900(ActivityThread.java:150)
04-04 12:07:45.107 3988 3988 W System.err: at android.app.ActivityThread$H.handleMessage(ActivityThread.java:1394)
04-04 12:07:45.107 3988 3988 W System.err: at android.os.Handler.dispatchMessage(Handler.java:102)
04-04 12:07:45.107 3988 3988 W System.err: at android.os.Looper.loop(Looper.java:168)
04-04 12:07:45.107 3988 3988 W System.err: at android.app.ActivityThread.main(ActivityThread.java:5845)
04-04 12:07:45.107 3988 3988 W System.err: at java.lang.reflect.Method.invoke(Native Method)
04-04 12:07:45.107 3988 3988 W System.err: at com.android.internal.os.ZygoteInit$MethodAndArgsCaller.run(ZygoteInit.java:797)
04-04 12:07:45.107 3988 3988 W System.err: at com.android.internal.os.ZygoteInit.main(ZygoteInit.java:687)
04-04 12:07:45.107 3988 3988 D e : Failed to Lookup int definition:"EXTRA_LATEST_TIME_CONNECTION_REQUEST"
04-04 12:07:45.107 3988 3988 D e : Lookup string definition:"EXTRA_BLOCK_MAC", result:"hotspot_block_mac"
04-04 12:07:45.109 3988 3988 E HtcPreference: [addPreference]:before size= 1
04-04 12:07:45.109 3988 3988 E HtcPreference: Thread =Thread[main,7,main]
04-04 12:07:45.109 3988 3988 E HtcPreference: [addPreference]:after size= 2
04-04 12:07:45.109 3988 3988 E HtcPreference: Thread =Thread[main,7,main]
04-04 12:07:45.117 3988 3988 E HtcPreference: [removePreference]:before size= 2
04-04 12:07:45.117 3988 3988 E HtcPreference: Thread =Thread[main,7,main]
04-04 12:07:45.117 3988 3988 E HtcPreference: [removePreference]:after size= 1
04-04 12:07:45.117 3988 3988 E HtcPreference: Thread =Thread[main,7,main]
04-04 12:07:45.117 3988 4080 D Settings:HtcWifiWidgetEnabler: get debug: null , state=IDLE
04-04 12:07:45.118 3988 3988 D WifiStatusReceiver: Enter Wi-fi Setting
04-04 12:07:45.119 3988 4080 D Settings:HtcWifiWidgetEnabler: get debug: null , state=IDLE
04-04 12:07:45.120 3988 4080 D Settings:HtcWifiWidgetEnabler: get debug: null , state=IDLE
04-04 12:07:45.122 3988 4011 W OpenGLRenderer: Fail to change FontRenderer cache size, it already initialized
04-04 12:07:45.138 3988 4083 D HtcAccessPoint: ssid:Ernest-SGv1-5, bssid:null, security:2, networkid:1, signIn:2
04-04 12:07:45.138 3988 4083 D HtcAccessPoint: ssid:Ernest-SGv1-24, bssid:null, security:2, networkid:0, signIn:2
04-04 12:07:45.139 3988 4083 D HtcAccessPoint: ssid:Ernest-v1-24, bssid:null, security:2, networkid:3, signIn:2
04-04 12:07:45.139 3988 4083 D HtcAccessPoint: ssid:Internet-Box-krzysioSL, bssid:null, security:2, networkid:2, signIn:2
04-04 12:07:45.139 3988 4083 D WifiManager: getScanResults: Base Package Name=com.android.settings, uid=1000
04-04 12:07:45.143 1278 1297 D StatusBarManagerService: setSystemUiVisibility(0x8000)
04-04 12:07:45.143 1278 1297 D StatusBarManagerService: disable:userId=0 what=0x0 which=0x1 pkg=Window{293113 u0 com.android.settings/com.android.settings.SubSettings}
04-04 12:07:45.143 1278 1297 D StatusBarManagerService: hiding MENU key
04-04 12:07:45.144 3988 4083 D WifiManagerWrapper: get setVFAutoJoin() method
04-04 12:07:45.144 1596 1596 I PhoneStatusBar: setSystemUiVisibility vis=8000 mask=ffffffff oldVal=8600 newVal=8000 diff=600
04-04 12:07:45.144 3988 4083 D WifiManagerWrapper: get getVFAutoJoin() method
04-04 12:07:45.144 3988 4083 D WifiManagerWrapper: get setEapSimAkaSlot() method
04-04 12:07:45.144 1596 1596 I PhoneStatusBar: updatePolicy(false,false,false,true)
04-04 12:07:45.144 3988 4083 D WifiManagerWrapper: get getEapSimAkaSlot() method
04-04 12:07:45.144 1596 1596 I PhoneStatusBar: hiding the MENU button
04-04 12:07:45.144 3988 4083 D WifiManagerWrapper: get getAutoInterworkingState() method
04-04 12:07:45.144 3988 4083 D WifiManagerWrapper: get SetAutoInterworking() method
04-04 12:07:45.144 3988 4083 D WifiManagerWrapper: get SetAutoInterworking() method
04-04 12:07:45.144 3988 4083 D WifiManagerWrapper: get isSupportHS20() method
04-04 12:07:45.144 3988 4083 D WifiManagerWrapper: get calculateSignalLevel() method
04-04 12:07:45.144 3988 4083 D WifiManagerWrapper: calculateSignalLevel called
04-04 12:07:45.144 3988 4083 D WifiManagerWrapper: calculateSignalLevel called
04-04 12:07:45.144 3988 4083 D WifiManagerWrapper: calculateSignalLevel called
04-04 12:07:45.144 3988 4083 D WifiManagerWrapper: calculateSignalLevel called
04-04 12:07:45.144 3988 4083 D WifiManagerWrapper: calculateSignalLevel called
04-04 12:07:45.144 3988 4083 D WifiManagerWrapper: calculateSignalLevel called
04-04 12:07:45.145 3988 4083 D WifiManagerWrapper: calculateSignalLevel called
04-04 12:07:45.145 3988 4083 D WifiManagerWrapper: calculateSignalLevel called
04-04 12:07:45.145 3988 4083 D WifiManagerWrapper: calculateSignalLevel called
04-04 12:07:45.145 3988 4083 D WifiManagerWrapper: calculateSignalLevel called
04-04 12:07:45.145 3988 4083 D WifiManagerWrapper: calculateSignalLevel called
04-04 12:07:45.145 3988 4083 D WifiManagerWrapper: calculateSignalLevel called
04-04 12:07:45.145 3988 4083 D WifiManagerWrapper: calculateSignalLevel called
04-04 12:07:45.145 3988 4083 D WifiManagerWrapper: calculateSignalLevel called
04-04 12:07:45.145 3988 4083 D WifiManagerWrapper: calculateSignalLevel called
04-04 12:07:45.145 3988 4083 D WifiManagerWrapper: calculateSignalLevel called
04-04 12:07:45.145 3988 4083 D WifiManagerWrapper: calculateSignalLevel called
04-04 12:07:45.145 3988 4083 D WifiManagerWrapper: calculateSignalLevel called
04-04 12:07:45.145 3988 4083 D WifiManagerWrapper: calculateSignalLevel called
04-04 12:07:45.145 3988 4083 D WifiManagerWrapper: calculateSignalLevel called
04-04 12:07:45.164 3988 3988 D HtcThemeUtils: Register com.android.settings.framework.app.style.HtcThemeDecorator$1@64f560d for type 0
04-04 12:07:45.164 3988 3988 D HtcThemeUtils: Register com.android.settings.framework.app.style.HtcThemeDecorator$1@64f560d for type 1
04-04 12:07:45.170 1278 4784 D WifiDisplayAdapter: getWifiDisplayStatusLocked: result=WifiDisplayStatus{featureState=2, scanState=0, activeDisplayState=0, activeDisplay=null, displays=[], sessionInfo=WifiDisplaySessionInfo:
04-04 12:07:45.170 1278 4784 D WifiDisplayAdapter: Client/Owner: Client
04-04 12:07:45.170 1278 4784 D WifiDisplayAdapter: GroupId:
04-04 12:07:45.170 1278 4784 D WifiDisplayAdapter: Passphrase:
04-04 12:07:45.170 1278 4784 D WifiDisplayAdapter: SessionId: 0
04-04 12:07:45.170 1278 4784 D WifiDisplayAdapter: IP Address: }
04-04 12:07:45.170 1278 4784 D WirelessDisplayService: getMirrorDisplayStatus:falsecurState:1
04-04 12:07:45.170 3988 3988 D HtcWifiTracker: onReceive(), action:android.net.wifi.WIFI_STATE_CHANGED
04-04 12:07:45.170 3988 3988 D HtcWifiTracker: onReceive(), action:android.net.wifi.supplicant.STATE_CHANGE
04-04 12:07:45.171 3988 3988 D HtcWifiTracker: onReceive(), action:android.net.wifi.STATE_CHANGE
04-04 12:07:45.171 3988 3988 D HtcWifiTracker: onReceive(), action:android.net.wifi.RSSI_CHANGED
04-04 12:07:45.171 10696 10696 D wpa_supplicant: wlan0: Control interface command 'SET pno 0'
04-04 12:07:45.171 10696 10696 D wpa_supplicant: CTRL_IFACE SET 'pno'='0'
04-04 12:07:45.171 10696 10696 D wpa_supplicant: wlan0: Control interface command 'SCAN TYPE=ONLY'
04-04 12:07:45.171 10696 10696 D wpa_supplicant: Pending scan scheduled - reject new request
04-04 12:07:45.171 3988 3988 D HtcWifiTracker: onReceive(), action:android.net.conn.CONNECTIVITY_CHANGE
04-04 12:07:45.174 3988 4083 D HtcAccessPoint: ssid:Ernest-SGv1-5, bssid:null, security:2, networkid:1, signIn:2
04-04 12:07:45.174 3988 4083 D HtcAccessPoint: ssid:Ernest-SGv1-24, bssid:null, security:2, networkid:0, signIn:2
04-04 12:07:45.174 3988 4083 D HtcAccessPoint: ssid:Ernest-v1-24, bssid:null, security:2, networkid:3, signIn:2
04-04 12:07:45.174 3988 4083 D HtcAccessPoint: ssid:Internet-Box-krzysioSL, bssid:null, security:2, networkid:2, signIn:2
04-04 12:07:45.174 3988 4083 D WifiManager: getScanResults: Base Package Name=com.android.settings, uid=1000
04-04 12:07:45.179 1278 1297 D StatusBarManagerService: setSystemUiVisibility(0x8600)
04-04 12:07:45.179 1278 1297 D StatusBarManagerService: disable:userId=0 what=0x0 which=0x1 pkg=Window{293113 u0 com.android.settings/com.android.settings.SubSettings}
04-04 12:07:45.179 1278 1297 D StatusBarManagerService: hiding MENU key
04-04 12:07:45.179 1596 1596 I PhoneStatusBar: setSystemUiVisibility vis=8600 mask=ffffffff oldVal=8000 newVal=8600 diff=600
04-04 12:07:45.179 1596 1596 I PhoneStatusBar: updatePolicy(false,false,false,true)
04-04 12:07:45.180 1596 1596 I PhoneStatusBar: hiding the MENU button
04-04 12:07:45.182 3988 4083 D WifiManagerWrapper: calculateSignalLevel called
04-04 12:07:45.182 3988 4083 D WifiManagerWrapper: calculateSignalLevel called
04-04 12:07:45.182 3988 4083 D WifiManagerWrapper: calculateSignalLevel called
04-04 12:07:45.182 3988 4083 D WifiManagerWrapper: calculateSignalLevel called
04-04 12:07:45.182 3988 4083 D WifiManagerWrapper: calculateSignalLevel called
04-04 12:07:45.182 3988 4083 D WifiManagerWrapper: calculateSignalLevel called
04-04 12:07:45.182 3988 4083 D WifiManagerWrapper: calculateSignalLevel called
04-04 12:07:45.182 3988 4083 D WifiManagerWrapper: calculateSignalLevel called
04-04 12:07:45.182 3988 4083 D WifiManagerWrapper: calculateSignalLevel called
04-04 12:07:45.184 3988 4083 D WifiManagerWrapper: calculateSignalLevel called
04-04 12:07:45.184 3988 4083 D WifiManagerWrapper: calculateSignalLevel called
04-04 12:07:45.184 3988 4083 D WifiManagerWrapper: calculateSignalLevel called
04-04 12:07:45.184 3988 4083 D WifiManagerWrapper: calculateSignalLevel called
04-04 12:07:45.184 3988 4083 D WifiManagerWrapper: calculateSignalLevel called
04-04 12:07:45.184 3988 4083 D WifiManagerWrapper: calculateSignalLevel called
04-04 12:07:45.185 3988 4083 D WifiManagerWrapper: calculateSignalLevel called
04-04 12:07:45.185 3988 4083 D WifiManagerWrapper: calculateSignalLevel called
04-04 12:07:45.185 3988 4083 D WifiManagerWrapper: calculateSignalLevel called
04-04 12:07:45.185 3988 4083 D WifiManagerWrapper: calculateSignalLevel called
04-04 12:07:45.185 3988 4083 D WifiManagerWrapper: calculateSignalLevel called
04-04 12:07:45.185 3988 4083 D WifiManagerWrapper: calculateSignalLevel called
04-04 12:07:45.185 3988 4083 D WifiManagerWrapper: calculateSignalLevel called
04-04 12:07:45.185 3988 4083 D WifiManagerWrapper: calculateSignalLevel called
04-04 12:07:45.185 3988 4083 D WifiManagerWrapper: calculateSignalLevel called
04-04 12:07:45.185 3988 4083 D WifiManagerWrapper: calculateSignalLevel called
04-04 12:07:45.185 3988 4083 D WifiManagerWrapper: calculateSignalLevel called
04-04 12:07:45.185 3988 4083 D WifiManagerWrapper: calculateSignalLevel called
04-04 12:07:45.186 3988 4083 D WifiManagerWrapper: calculateSignalLevel called
04-04 12:07:45.186 3988 4083 D WifiManagerWrapper: calculateSignalLevel called
04-04 12:07:45.186 3988 4083 D WifiManagerWrapper: calculateSignalLevel called
04-04 12:07:45.186 3988 4083 D WifiManagerWrapper: calculateSignalLevel called
04-04 12:07:45.186 3988 4083 D WifiManagerWrapper: calculateSignalLevel called
04-04 12:07:45.186 3988 4083 D WifiManagerWrapper: calculateSignalLevel called
04-04 12:07:45.187 3988 4083 D WifiManagerWrapper: calculateSignalLevel called
04-04 12:07:45.187 3988 4083 D WifiManagerWrapper: calculateSignalLevel called
04-04 12:07:45.187 3988 4083 D WifiManagerWrapper: calculateSignalLevel called
04-04 12:07:45.187 3988 4083 D WifiManagerWrapper: calculateSignalLevel called
04-04 12:07:45.187 3988 4083 D WifiManagerWrapper: calculateSignalLevel called
04-04 12:07:45.187 3988 4083 D WifiManagerWrapper: calculateSignalLevel called
04-04 12:07:45.189 3988 4083 D WifiManagerWrapper: calculateSignalLevel called
04-04 12:07:45.189 3988 4083 D WifiManagerWrapper: calculateSignalLevel called
04-04 12:07:45.189 3988 4083 D WifiManagerWrapper: calculateSignalLevel called
04-04 12:07:45.189 3988 4083 D WifiManagerWrapper: calculateSignalLevel called
04-04 12:07:45.189 3988 4083 D WifiManagerWrapper: calculateSignalLevel called
04-04 12:07:45.189 3988 4083 D WifiManagerWrapper: calculateSignalLevel called
04-04 12:07:45.189 3988 4083 D WifiManagerWrapper: calculateSignalLevel called
04-04 12:07:45.189 3988 4083 D WifiManagerWrapper: calculateSignalLevel called
04-04 12:07:45.189 3988 4083 D WifiManagerWrapper: calculateSignalLevel called
04-04 12:07:45.189 3988 4083 D WifiManagerWrapper: calculateSignalLevel called
04-04 12:07:45.190 3988 4083 D WifiManagerWrapper: calculateSignalLevel called
04-04 12:07:45.190 3988 4083 D WifiManagerWrapper: calculateSignalLevel called
04-04 12:07:45.190 3988 4083 D WifiManagerWrapper: calculateSignalLevel called
04-04 12:07:45.190 3988 4083 D WifiManagerWrapper: calculateSignalLevel called
04-04 12:07:45.195 3988 4083 D WifiManagerWrapper: calculateSignalLevel called
04-04 12:07:45.195 3988 4083 D WifiManagerWrapper: calculateSignalLevel called
04-04 12:07:45.195 3988 4083 D WifiManagerWrapper: calculateSignalLevel called
04-04 12:07:45.195 3988 4083 D WifiManagerWrapper: calculateSignalLevel called
04-04 12:07:45.195 3988 4083 D WifiManagerWrapper: calculateSignalLevel called
04-04 12:07:45.195 3988 4083 D WifiManagerWrapper: calculateSignalLevel called
04-04 12:07:45.195 3988 4083 D WifiManagerWrapper: calculateSignalLevel called
04-04 12:07:45.195 3988 4083 D WifiManagerWrapper: calculateSignalLevel called
04-04 12:07:45.195 3988 4083 D WifiManagerWrapper: calculateSignalLevel called
04-04 12:07:45.195 3988 4083 D WifiManagerWrapper: calculateSignalLevel called
04-04 12:07:45.196 3988 4083 D WifiManagerWrapper: calculateSignalLevel called
04-04 12:07:45.196 3988 4083 D WifiManagerWrapper: calculateSignalLevel called
04-04 12:07:45.196 3988 4083 D WifiManagerWrapper: calculateSignalLevel called
04-04 12:07:45.196 3988 4083 D WifiManagerWrapper: calculateSignalLevel called
04-04 12:07:45.196 3988 4083 D WifiManagerWrapper: calculateSignalLevel called
04-04 12:07:45.196 3988 4083 D WifiManagerWrapper: calculateSignalLevel called
04-04 12:07:45.198 3988 4083 D WifiManagerWrapper: calculateSignalLevel called
04-04 12:07:45.199 3988 4083 D WifiManagerWrapper: calculateSignalLevel called
04-04 12:07:45.199 3988 4083 D WifiManagerWrapper: calculateSignalLevel called
04-04 12:07:45.199 3988 4083 D WifiManagerWrapper: calculateSignalLevel called
04-04 12:07:45.199 3988 4083 D WifiManagerWrapper: calculateSignalLevel called
04-04 12:07:45.199 3988 4083 D WifiManagerWrapper: calculateSignalLevel called
04-04 12:07:45.199 3988 4083 D WifiManagerWrapper: calculateSignalLevel called
04-04 12:07:45.199 3988 4083 D WifiManagerWrapper: calculateSignalLevel called
04-04 12:07:45.199 3988 4083 D WifiManagerWrapper: calculateSignalLevel called
04-04 12:07:45.199 3988 4083 D WifiManagerWrapper: calculateSignalLevel called
04-04 12:07:45.199 3988 4083 D WifiManagerWrapper: calculateSignalLevel called
04-04 12:07:45.199 3988 4083 D WifiManagerWrapper: calculateSignalLevel called
04-04 12:07:45.199 3988 4083 D WifiManagerWrapper: calculateSignalLevel called
04-04 12:07:45.199 3988 4083 D WifiManagerWrapper: calculateSignalLevel called
04-04 12:07:45.199 3988 4083 D WifiManagerWrapper: calculateSignalLevel called
04-04 12:07:45.199 3988 4083 D WifiManagerWrapper: calculateSignalLevel called
04-04 12:07:45.199 3988 4083 D WifiManagerWrapper: calculateSignalLevel called
04-04 12:07:45.199 3988 4083 D WifiManagerWrapper: calculateSignalLevel called
04-04 12:07:45.199 3988 4083 D WifiManagerWrapper: calculateSignalLevel called
04-04 12:07:45.200 3988 4083 D WifiManagerWrapper: calculateSignalLevel called
04-04 12:07:45.200 3988 4083 D WifiManagerWrapper: calculateSignalLevel called
04-04 12:07:45.200 3988 4083 D WifiManagerWrapper: calculateSignalLevel called
04-04 12:07:45.201 3988 4083 D WifiManagerWrapper: calculateSignalLevel called
04-04 12:07:45.201 3988 4083 D WifiManagerWrapper: calculateSignalLevel called
04-04 12:07:45.202 3988 4083 D WifiManagerWrapper: calculateSignalLevel called
04-04 12:07:45.202 3988 4083 D WifiManagerWrapper: calculateSignalLevel called
04-04 12:07:45.202 3988 4083 D WifiManagerWrapper: calculateSignalLevel called
04-04 12:07:45.202 3988 4083 D WifiManagerWrapper: calculateSignalLevel called
04-04 12:07:45.202 3988 4083 D WifiManagerWrapper: calculateSignalLevel called
04-04 12:07:45.202 3988 4083 D WifiManagerWrapper: calculateSignalLevel called
04-04 12:07:45.202 3988 4083 D WifiManagerWrapper: calculateSignalLevel called
04-04 12:07:45.219 1278 1302 I ActivityManager: Displayed com.android.settings/.SubSettings: +199ms
04-04 12:07:45.219 2037 2037 D HTCIMEService: This created at onFinishInput()
04-04 12:07:45.221 3988 3988 E HtcPreference: [removeAll]:before size= 1
04-04 12:07:45.221 3988 3988 E HtcPreference: Thread =Thread[main,7,main]
04-04 12:07:45.221 3988 3988 E HtcPreference: [removeAll]:after size= 0
04-04 12:07:45.221 3988 3988 E HtcPreference: Thread =Thread[main,7,main]
04-04 12:07:45.221 3988 3988 D WifiManagerWrapper: calculateSignalLevel called
04-04 12:07:45.222 3988 3988 D WifiManagerWrapper: calculateSignalLevel called
04-04 12:07:45.222 3988 3988 D AccessPointPreference: summary : v2krzysio-vlanid1, Secured with WPA2 (WPS available)
04-04 12:07:45.222 3988 3988 E HtcPreference: [addPreference]:before size= 0
04-04 12:07:45.222 3988 3988 E HtcPreference: Thread =Thread[main,7,main]
04-04 12:07:45.222 3988 3988 E HtcPreference: [addPreference]:after size= 1
04-04 12:07:45.222 3988 3988 E HtcPreference: Thread =Thread[main,7,main]
04-04 12:07:45.222 3988 3988 D WifiManagerWrapper: calculateSignalLevel called
04-04 12:07:45.223 3988 3988 D WifiManagerWrapper: calculateSignalLevel called
04-04 12:07:45.223 3988 3988 D AccessPointPreference: summary : visitor-35703, Secured with WPA2
04-04 12:07:45.223 3988 3988 E HtcPreference: [addPreference]:before size= 1
04-04 12:07:45.223 3988 3988 E HtcPreference: Thread =Thread[main,7,main]
04-04 12:07:45.223 3988 3988 E HtcPreference: [addPreference]:after size= 2
04-04 12:07:45.223 3988 3988 E HtcPreference: Thread =Thread[main,7,main]
04-04 12:07:45.223 3988 3988 D WifiManagerWrapper: calculateSignalLevel called
04-04 12:07:45.223 3988 3988 D WifiManagerWrapper: calculateSignalLevel called
04-04 12:07:45.224 3988 3988 D AccessPointPreference: summary : AppiumPjonteczka, Secured with WPA2 (WPS available)
04-04 12:07:45.224 3988 3988 E HtcPreference: [addPreference]:before size= 2
04-04 12:07:45.224 3988 3988 E HtcPreference: Thread =Thread[main,7,main]
04-04 12:07:45.224 3988 3988 E HtcPreference: [addPreference]:after size= 3
04-04 12:07:45.224 3988 3988 E HtcPreference: Thread =Thread[main,7,main]
04-04 12:07:45.224 3988 3988 D WifiManagerWrapper: calculateSignalLevel called
04-04 12:07:45.224 3988 3988 D WifiManagerWrapper: calculateSignalLevel called
04-04 12:07:45.224 3988 3988 D AccessPointPreference: summary : Internet-Box-Weronika, Secured with WPA2
04-04 12:07:45.224 3988 3988 E HtcPreference: [addPreference]:before size= 3
04-04 12:07:45.224 3988 3988 E HtcPreference: Thread =Thread[main,7,main]
04-04 12:07:45.224 3988 3988 E HtcPreference: [addPreference]:after size= 4
04-04 12:07:45.224 3988 3988 E HtcPreference: Thread =Thread[main,7,main]
04-04 12:07:45.224 3988 3988 D WifiManagerWrapper: calculateSignalLevel called
04-04 12:07:45.225 3988 3988 D WifiManagerWrapper: calculateSignalLevel called
04-04 12:07:45.225 3988 3988 D AccessPointPreference: summary : WLAN_Repeater_N263, Secured with WPA2 (WPS available)
04-04 12:07:45.225 3988 3988 E HtcPreference: [addPreference]:before size= 4
04-04 12:07:45.225 3988 3988 E HtcPreference: Thread =Thread[main,7,main]
04-04 12:07:45.225 3988 3988 E HtcPreference: [addPreference]:after size= 5
04-04 12:07:45.225 3988 3988 E HtcPreference: Thread =Thread[main,7,main]
04-04 12:07:45.225 3988 3988 D WifiManagerWrapper: calculateSignalLevel called
04-04 12:07:45.225 3988 3988 D WifiManagerWrapper: calculateSignalLevel called
04-04 12:07:45.226 3988 3988 D AccessPointPreference: summary : Internet-Box-v3, Secured with WPA2 (WPS available)
04-04 12:07:45.226 3988 3988 E HtcPreference: [addPreference]:before size= 5
04-04 12:07:45.226 3988 3988 E HtcPreference: Thread =Thread[main,7,main]
04-04 12:07:45.226 3988 3988 E HtcPreference: [addPreference]:after size= 6
04-04 12:07:45.226 3988 3988 E HtcPreference: Thread =Thread[main,7,main]
04-04 12:07:45.226 3988 3988 D WifiManagerWrapper: calculateSignalLevel called
04-04 12:07:45.226 3988 3988 D WifiManagerWrapper: calculateSignalLevel called
04-04 12:07:45.226 3988 3988 D AccessPointPreference: summary : Dzbanek-v1, Secured with WPA2 (WPS available)
04-04 12:07:45.226 3988 3988 E HtcPreference: [addPreference]:before size= 6
04-04 12:07:45.226 3988 3988 E HtcPreference: Thread =Thread[main,7,main]
04-04 12:07:45.226 3988 3988 E HtcPreference: [addPreference]:after size= 7
04-04 12:07:45.227 3988 3988 E HtcPreference: Thread =Thread[main,7,main]
04-04 12:07:45.227 3988 3988 D WifiManagerWrapper: calculateSignalLevel called
04-04 12:07:45.227 3988 3988 D WifiManagerWrapper: calculateSignalLevel called
04-04 12:07:45.227 3988 3988 D AccessPointPreference: summary : Internet-Box-v3-5, Secured with WPA2 (WPS available)
04-04 12:07:45.227 3988 3988 E HtcPreference: [addPreference]:before size= 7
04-04 12:07:45.227 3988 3988 E HtcPreference: Thread =Thread[main,7,main]
04-04 12:07:45.227 3988 3988 E HtcPreference: [addPreference]:after size= 8
04-04 12:07:45.227 3988 3988 E HtcPreference: Thread =Thread[main,7,main]
04-04 12:07:45.227 3988 3988 D WifiManagerWrapper: calculateSignalLevel called
04-04 12:07:45.228 3988 3988 D WifiManagerWrapper: calculateSignalLevel called
04-04 12:07:45.228 3988 3988 D AccessPointPreference: summary : Ernest-sl-24, Secured with WPA2 (WPS available)
04-04 12:07:45.228 3988 3988 E HtcPreference: [addPreference]:before size= 8
04-04 12:07:45.228 3988 3988 E HtcPreference: Thread =Thread[main,7,main]
04-04 12:07:45.228 3988 3988 E HtcPreference: [addPreference]:after size= 9
04-04 12:07:45.228 3988 3988 E HtcPreference: Thread =Thread[main,7,main]
04-04 12:07:45.228 3988 3988 D WifiManagerWrapper: calculateSignalLevel called
04-04 12:07:45.228 3988 3988 D WifiManagerWrapper: calculateSignalLevel called
04-04 12:07:45.229 3988 3988 D AccessPointPreference: summary : Internet-Box-82451_5GHz, Secured with WPA2 (WPS available)
04-04 12:07:45.229 3988 3988 E HtcPreference: [addPreference]:before size= 9
04-04 12:07:45.229 3988 3988 E HtcPreference: Thread =Thread[main,7,main]
04-04 12:07:45.229 3988 3988 E HtcPreference: [addPreference]:after size= 10
04-04 12:07:45.229 3988 3988 E HtcPreference: Thread =Thread[main,7,main]
04-04 12:07:45.229 3988 3988 D WifiManagerWrapper: calculateSignalLevel called
04-04 12:07:45.229 3988 3988 D WifiManagerWrapper: calculateSignalLevel called
04-04 12:07:45.230 3988 3988 D AccessPointPreference: summary : HAE-7days, Secured with WPA2 (WPS available)
04-04 12:07:45.230 3988 3988 E HtcPreference: [addPreference]:before size= 10
04-04 12:07:45.230 3988 3988 E HtcPreference: Thread =Thread[main,7,main]
04-04 12:07:45.230 3988 3988 E HtcPreference: [addPreference]:after size= 11
04-04 12:07:45.230 3988 3988 E HtcPreference: Thread =Thread[main,7,main]
04-04 12:07:45.230 3988 3988 D WifiManagerWrapper: calculateSignalLevel called
04-04 12:07:45.230 3988 3988 D WifiManagerWrapper: calculateSignalLevel called
04-04 12:07:45.231 3988 3988 D AccessPointPreference: summary : IBv2-SK, Secured with WPA2 (WPS available)
04-04 12:07:45.232 3988 3988 E HtcPreference: [addPreference]:before size= 11
04-04 12:07:45.232 3988 3988 E HtcPreference: Thread =Thread[main,7,main]
04-04 12:07:45.232 3988 3988 E HtcPreference: [addPreference]:after size= 12
04-04 12:07:45.232 3988 3988 E HtcPreference: Thread =Thread[main,7,main]
04-04 12:07:45.232 3988 3988 D WifiManagerWrapper: calculateSignalLevel called
04-04 12:07:45.233 3988 3988 D WifiManagerWrapper: calculateSignalLevel called
04-04 12:07:45.233 3988 3988 D AccessPointPreference: summary : wifi_main, Secured with 802.1x
04-04 12:07:45.233 3988 3988 E HtcPreference: [addPreference]:before size= 12
04-04 12:07:45.233 3988 3988 E HtcPreference: Thread =Thread[main,7,main]
04-04 12:07:45.233 3988 3988 E HtcPreference: [addPreference]:after size= 13
04-04 12:07:45.233 3988 3988 E HtcPreference: Thread =Thread[main,7,main]
04-04 12:07:45.233 3988 3988 D WifiManagerWrapper: calculateSignalLevel called
04-04 12:07:45.233 3988 3988 D WifiManagerWrapper: calculateSignalLevel called
