04-04 12:07:45.234 3988 3988 D AccessPointPreference: summary : Internet-Box-82451, Secured with WPA2 (WPS available)
04-04 12:07:45.234 3988 3988 E HtcPreference: [addPreference]:before size= 13
04-04 12:07:45.234 3988 3988 E HtcPreference: Thread =Thread[main,7,main]
04-04 12:07:45.234 3988 3988 E HtcPreference: [addPreference]:after size= 14
04-04 12:07:45.234 3988 3988 E HtcPreference: Thread =Thread[main,7,main]
04-04 12:07:45.234 3988 3988 D WifiManagerWrapper: calculateSignalLevel called
04-04 12:07:45.234 3988 3988 D WifiManagerWrapper: calculateSignalLevel called
04-04 12:07:45.234 3988 3988 D AccessPointPreference: summary : Internet-Box-Weronika5GHz, Secured with WPA2
04-04 12:07:45.235 3988 3988 E HtcPreference: [addPreference]:before size= 14
04-04 12:07:45.235 3988 3988 E HtcPreference: Thread =Thread[main,7,main]
04-04 12:07:45.235 3988 3988 E HtcPreference: [addPreference]:after size= 15
04-04 12:07:45.235 3988 3988 E HtcPreference: Thread =Thread[main,7,main]
04-04 12:07:45.235 3988 3988 D WifiManagerWrapper: calculateSignalLevel called
04-04 12:07:45.235 3988 3988 D WifiManagerWrapper: calculateSignalLevel called
04-04 12:07:45.235 3988 3988 D AccessPointPreference: summary : MobileTest-5, Secured with WPA2 (WPS available)
04-04 12:07:45.235 3988 3988 E HtcPreference: [addPreference]:before size= 15
04-04 12:07:45.235 3988 3988 E HtcPreference: Thread =Thread[main,7,main]
04-04 12:07:45.235 3988 3988 E HtcPreference: [addPreference]:after size= 16
04-04 12:07:45.235 3988 3988 E HtcPreference: Thread =Thread[main,7,main]
04-04 12:07:45.235 3988 3988 D WifiManagerWrapper: calculateSignalLevel called
04-04 12:07:45.236 3988 3988 D WifiManagerWrapper: calculateSignalLevel called
04-04 12:07:45.236 3988 3988 D AccessPointPreference: summary : Ernest-sl-5, Secured with WPA2 (WPS available)
04-04 12:07:45.236 3988 3988 E HtcPreference: [addPreference]:before size= 16
04-04 12:07:45.236 3988 3988 E HtcPreference: Thread =Thread[main,7,main]
04-04 12:07:45.236 3988 3988 E HtcPreference: [addPreference]:after size= 17
04-04 12:07:45.236 3988 3988 E HtcPreference: Thread =Thread[main,7,main]
04-04 12:07:45.236 3988 3988 D WifiManagerWrapper: calculateSignalLevel called
04-04 12:07:45.237 3988 3988 D WifiManagerWrapper: calculateSignalLevel called
04-04 12:07:45.237 3988 3988 D AccessPointPreference: summary : netia_izolatka, Secured with WPA2 (WPS available)
04-04 12:07:45.237 3988 3988 E HtcPreference: [addPreference]:before size= 17
04-04 12:07:45.237 3988 3988 E HtcPreference: Thread =Thread[main,7,main]
04-04 12:07:45.237 3988 3988 E HtcPreference: [addPreference]:after size= 18
04-04 12:07:45.237 3988 3988 E HtcPreference: Thread =Thread[main,7,main]
04-04 12:07:45.237 3988 3988 D WifiManagerWrapper: calculateSignalLevel called
04-04 12:07:45.237 3988 3988 D WifiManagerWrapper: calculateSignalLevel called
04-04 12:07:45.238 3988 3988 D AccessPointPreference: summary : vestiacom_izolatka_5, Secured with 802.1x
04-04 12:07:45.238 3988 3988 E HtcPreference: [addPreference]:before size= 18
04-04 12:07:45.238 3988 3988 E HtcPreference: Thread =Thread[main,7,main]
04-04 12:07:45.238 3988 3988 E HtcPreference: [addPreference]:after size= 19
04-04 12:07:45.238 3988 3988 E HtcPreference: Thread =Thread[main,7,main]
04-04 12:07:45.238 3988 3988 D WifiManagerWrapper: calculateSignalLevel called
04-04 12:07:45.238 3988 3988 D WifiManagerWrapper: calculateSignalLevel called
04-04 12:07:45.238 3988 3988 D AccessPointPreference: summary : Internet-Box-IIIII, Secured with WPA2 (WPS available)
04-04 12:07:45.238 3988 3988 E HtcPreference: [addPreference]:before size= 19
04-04 12:07:45.238 3988 3988 E HtcPreference: Thread =Thread[main,7,main]
04-04 12:07:45.238 3988 3988 E HtcPreference: [addPreference]:after size= 20
04-04 12:07:45.239 3988 3988 E HtcPreference: Thread =Thread[main,7,main]
04-04 12:07:45.239 3988 3988 D WifiManagerWrapper: calculateSignalLevel called
04-04 12:07:45.239 3988 3988 D WifiManagerWrapper: calculateSignalLevel called
04-04 12:07:45.239 3988 3988 D AccessPointPreference: summary : my-0000E4,
04-04 12:07:45.239 3988 3988 E HtcPreference: [addPreference]:before size= 20
04-04 12:07:45.239 3988 3988 E HtcPreference: Thread =Thread[main,7,main]
04-04 12:07:45.239 3988 3988 E HtcPreference: [addPreference]:after size= 21
04-04 12:07:45.239 3988 3988 E HtcPreference: Thread =Thread[main,7,main]
04-04 12:07:45.239 3988 3988 D WifiManagerWrapper: calculateSignalLevel called
04-04 12:07:45.239 3988 3988 D WifiManagerWrapper: calculateSignalLevel called
04-04 12:07:45.240 3988 3988 D AccessPointPreference: summary : Starlite-2.4GHz, Secured with WPA2 (WPS available)
04-04 12:07:45.240 3988 3988 E HtcPreference: [addPreference]:before size= 21
04-04 12:07:45.240 3988 3988 E HtcPreference: Thread =Thread[main,7,main]
04-04 12:07:45.240 3988 3988 E HtcPreference: [addPreference]:after size= 22
04-04 12:07:45.240 3988 3988 E HtcPreference: Thread =Thread[main,7,main]
04-04 12:07:45.240 3988 3988 D WifiManagerWrapper: calculateSignalLevel called
04-04 12:07:45.240 3988 3988 D WifiManagerWrapper: calculateSignalLevel called
04-04 12:07:45.240 3988 3988 D AccessPointPreference: summary : v1krzysio, Secured with WPA2 (WPS available)
04-04 12:07:45.240 3988 3988 E HtcPreference: [addPreference]:before size= 22
04-04 12:07:45.240 3988 3988 E HtcPreference: Thread =Thread[main,7,main]
04-04 12:07:45.241 3988 3988 E HtcPreference: [addPreference]:after size= 23
04-04 12:07:45.241 3988 3988 E HtcPreference: Thread =Thread[main,7,main]
04-04 12:07:45.241 3988 3988 D WifiManagerWrapper: calculateSignalLevel called
04-04 12:07:45.241 3988 3988 D WifiManagerWrapper: calculateSignalLevel called
04-04 12:07:45.241 3988 3988 D AccessPointPreference: summary : monitoring_5ghz, Secured with WPA2 (WPS available)
04-04 12:07:45.241 3988 3988 E HtcPreference: [addPreference]:before size= 23
04-04 12:07:45.241 3988 3988 E HtcPreference: Thread =Thread[main,7,main]
04-04 12:07:45.241 3988 3988 E HtcPreference: [addPreference]:after size= 24
04-04 12:07:45.241 3988 3988 E HtcPreference: Thread =Thread[main,7,main]
04-04 12:07:45.241 3988 3988 D WifiManagerWrapper: calculateSignalLevel called
04-04 12:07:45.242 3988 3988 D WifiManagerWrapper: calculateSignalLevel called
04-04 12:07:45.242 3988 3988 D AccessPointPreference: summary : SGv2-Michal-5G-CH40, Secured with WPA/WPA2 (WPS available)
04-04 12:07:45.242 3988 3988 E HtcPreference: [addPreference]:before size= 24
04-04 12:07:45.242 3988 3988 E HtcPreference: Thread =Thread[main,7,main]
04-04 12:07:45.242 3988 3988 E HtcPreference: [addPreference]:after size= 25
04-04 12:07:45.242 3988 3988 E HtcPreference: Thread =Thread[main,7,main]
04-04 12:07:45.242 3988 3988 D WifiManagerWrapper: calculateSignalLevel called
04-04 12:07:45.242 3988 3988 D WifiManagerWrapper: calculateSignalLevel called
04-04 12:07:45.243 3988 3988 D AccessPointPreference: summary : Internet-Box-Artur_5GHz, Secured with WPA2 (WPS available)
04-04 12:07:45.243 3988 3988 E HtcPreference: [addPreference]:before size= 25
04-04 12:07:45.243 3988 3988 E HtcPreference: Thread =Thread[main,7,main]
04-04 12:07:45.243 3988 3988 E HtcPreference: [addPreference]:after size= 26
04-04 12:07:45.243 3988 3988 E HtcPreference: Thread =Thread[main,7,main]
04-04 12:07:45.243 3988 3988 D WifiManagerWrapper: calculateSignalLevel called
04-04 12:07:45.243 3988 3988 D WifiManagerWrapper: calculateSignalLevel called
04-04 12:07:45.243 3988 3988 D AccessPointPreference: summary : Internet-Box-47068_5GHz, Secured with WPA2 (WPS available)
04-04 12:07:45.244 3988 3988 E HtcPreference: [addPreference]:before size= 26
04-04 12:07:45.244 3988 3988 E HtcPreference: Thread =Thread[main,7,main]
04-04 12:07:45.244 3988 3988 E HtcPreference: [addPreference]:after size= 27
04-04 12:07:45.244 3988 3988 E HtcPreference: Thread =Thread[main,7,main]
04-04 12:07:45.244 3988 3988 D WifiManagerWrapper: calculateSignalLevel called
04-04 12:07:45.244 3988 3988 D WifiManagerWrapper: calculateSignalLevel called
04-04 12:07:45.244 3988 3988 D AccessPointPreference: summary : SL-SK, Secured with WPA2 (WPS available)
04-04 12:07:45.244 3988 3988 E HtcPreference: [addPreference]:before size= 27
04-04 12:07:45.244 3988 3988 E HtcPreference: Thread =Thread[main,7,main]
04-04 12:07:45.244 3988 3988 E HtcPreference: [addPreference]:after size= 28
04-04 12:07:45.244 3988 3988 E HtcPreference: Thread =Thread[main,7,main]
04-04 12:07:45.244 3988 3988 D WifiManagerWrapper: calculateSignalLevel called
04-04 12:07:45.245 3988 3988 D WifiManagerWrapper: calculateSignalLevel called
04-04 12:07:45.245 3988 3988 D AccessPointPreference: summary : Internet-Box-Starlink, Secured with WPA2 (WPS available)
04-04 12:07:45.245 3988 3988 E HtcPreference: [addPreference]:before size= 28
04-04 12:07:45.245 3988 3988 E HtcPreference: Thread =Thread[main,7,main]
04-04 12:07:45.245 3988 3988 E HtcPreference: [addPreference]:after size= 29
04-04 12:07:45.245 3988 3988 E HtcPreference: Thread =Thread[main,7,main]
04-04 12:07:45.245 3988 3988 D WifiManagerWrapper: calculateSignalLevel called
04-04 12:07:45.246 3988 3988 D WifiManagerWrapper: calculateSignalLevel called
04-04 12:07:45.246 3988 3988 D AccessPointPreference: summary : vestiacom_guest_5, Secured with WPA2 (WPS available)
04-04 12:07:45.246 3988 3988 E HtcPreference: [addPreference]:before size= 29
04-04 12:07:45.246 3988 3988 E HtcPreference: Thread =Thread[main,7,main]
04-04 12:07:45.246 3988 3988 E HtcPreference: [addPreference]:after size= 30
04-04 12:07:45.246 3988 3988 E HtcPreference: Thread =Thread[main,7,main]
04-04 12:07:45.246 3988 3988 D WifiManagerWrapper: calculateSignalLevel called
04-04 12:07:45.247 3988 3988 D WifiManagerWrapper: calculateSignalLevel called
04-04 12:07:45.247 3988 3988 D AccessPointPreference: summary : Internet-Box-Irek-5GHz, Secured with WPA/WPA2 (WPS available)
04-04 12:07:45.247 3988 3988 E HtcPreference: [addPreference]:before size= 30
04-04 12:07:45.247 3988 3988 E HtcPreference: Thread =Thread[main,7,main]
04-04 12:07:45.247 3988 3988 E HtcPreference: [addPreference]:after size= 31
04-04 12:07:45.247 3988 3988 E HtcPreference: Thread =Thread[main,7,main]
04-04 12:07:45.247 3988 3988 D WifiManagerWrapper: calculateSignalLevel called
04-04 12:07:45.247 3988 3988 D WifiManagerWrapper: calculateSignalLevel called
04-04 12:07:45.249 3988 3988 D AccessPointPreference: summary : SGv1-Julia-5G-c6, Secured with WPA2 (WPS available)
04-04 12:07:45.249 3988 3988 E HtcPreference: [addPreference]:before size= 31
04-04 12:07:45.249 3988 3988 E HtcPreference: Thread =Thread[main,7,main]
04-04 12:07:45.249 3988 3988 E HtcPreference: [addPreference]:after size= 32
04-04 12:07:45.249 3988 3988 E HtcPreference: Thread =Thread[main,7,main]
04-04 12:07:45.250 3988 3988 D WifiManagerWrapper: calculateSignalLevel called
04-04 12:07:45.250 3988 3988 D WifiManagerWrapper: calculateSignalLevel called
04-04 12:07:45.250 3988 3988 D AccessPointPreference: summary : Eniro, Secured with 802.1x
04-04 12:07:45.250 3988 3988 E HtcPreference: [addPreference]:before size= 32
04-04 12:07:45.250 3988 3988 E HtcPreference: Thread =Thread[main,7,main]
04-04 12:07:45.250 3988 3988 E HtcPreference: [addPreference]:after size= 33
04-04 12:07:45.250 3988 3988 E HtcPreference: Thread =Thread[main,7,main]
04-04 12:07:45.250 3988 3988 D WifiManagerWrapper: calculateSignalLevel called
04-04 12:07:45.251 3988 3988 D WifiManagerWrapper: calculateSignalLevel called
04-04 12:07:45.251 3988 3988 D AccessPointPreference: summary : Starlite-5GHz, Secured with WPA2 (WPS available)
04-04 12:07:45.251 3988 3988 E HtcPreference: [addPreference]:before size= 33
04-04 12:07:45.251 3988 3988 E HtcPreference: Thread =Thread[main,7,main]
04-04 12:07:45.251 3988 3988 E HtcPreference: [addPreference]:after size= 34
04-04 12:07:45.251 3988 3988 E HtcPreference: Thread =Thread[main,7,main]
04-04 12:07:45.251 3988 3988 D WifiManagerWrapper: calculateSignalLevel called
04-04 12:07:45.251 3988 3988 D WifiManagerWrapper: calculateSignalLevel called
04-04 12:07:45.252 3988 3988 D AccessPointPreference: summary : netia_izolatka_5, Secured with WPA2 (WPS available)
04-04 12:07:45.252 3988 3988 E HtcPreference: [addPreference]:before size= 34
04-04 12:07:45.252 3988 3988 E HtcPreference: Thread =Thread[main,7,main]
04-04 12:07:45.252 3988 3988 E HtcPreference: [addPreference]:after size= 35
04-04 12:07:45.252 3988 3988 E HtcPreference: Thread =Thread[main,7,main]
04-04 12:07:45.252 3988 3988 D WifiManagerWrapper: calculateSignalLevel called
04-04 12:07:45.252 1278 1287 I art : Background partial concurrent mark sweep GC freed 50929(4MB) AllocSpace objects, 34(2MB) LOS objects, 26% free, 45MB/61MB, paused 1.552ms total 127.959ms
04-04 12:07:45.252 3988 3988 D WifiManagerWrapper: calculateSignalLevel called
04-04 12:07:45.252 3988 3988 D AccessPointPreference: summary : Internet-Box-CapSel, Secured with WPA2 (WPS available)
04-04 12:07:45.252 3988 3988 E HtcPreference: [addPreference]:before size= 35
04-04 12:07:45.252 3988 3988 E HtcPreference: Thread =Thread[main,7,main]
04-04 12:07:45.252 3988 3988 E HtcPreference: [addPreference]:after size= 36
04-04 12:07:45.252 3988 3988 E HtcPreference: Thread =Thread[main,7,main]
04-04 12:07:45.253 3988 3988 D WifiManagerWrapper: calculateSignalLevel called
04-04 12:07:45.253 3988 3988 D WifiManagerWrapper: calculateSignalLevel called
04-04 12:07:45.253 3988 3988 D AccessPointPreference: summary : Internet-Box-Karol, Secured with WPA2 (WPS available)
04-04 12:07:45.253 3988 3988 E HtcPreference: [addPreference]:before size= 36
04-04 12:07:45.253 3988 3988 E HtcPreference: Thread =Thread[main,7,main]
04-04 12:07:45.253 3988 3988 E HtcPreference: [addPreference]:after size= 37
04-04 12:07:45.253 3988 3988 E HtcPreference: Thread =Thread[main,7,main]
04-04 12:07:45.253 3988 3988 D WifiManagerWrapper: calculateSignalLevel called
04-04 12:07:45.253 3988 3988 D WifiManagerWrapper: calculateSignalLevel called
04-04 12:07:45.254 3988 3988 D AccessPointPreference: summary : vestiacom-5g, Secured with 802.1x
04-04 12:07:45.254 3988 3988 E HtcPreference: [addPreference]:before size= 37
04-04 12:07:45.254 3988 3988 E HtcPreference: Thread =Thread[main,7,main]
04-04 12:07:45.254 3988 3988 E HtcPreference: [addPreference]:after size= 38
04-04 12:07:45.254 3988 3988 E HtcPreference: Thread =Thread[main,7,main]
04-04 12:07:45.254 3988 3988 D WifiManagerWrapper: calculateSignalLevel called
04-04 12:07:45.254 3988 3988 D WifiManagerWrapper: calculateSignalLevel called
04-04 12:07:45.254 3988 3988 D AccessPointPreference: summary : wb szl, Secured with WPA2
04-04 12:07:45.254 3988 3988 E HtcPreference: [addPreference]:before size= 38
04-04 12:07:45.254 3988 3988 E HtcPreference: Thread =Thread[main,7,main]
04-04 12:07:45.254 3988 3988 E HtcPreference: [addPreference]:after size= 39
04-04 12:07:45.254 3988 3988 E HtcPreference: Thread =Thread[main,7,main]
04-04 12:07:45.254 3988 3988 D WifiManagerWrapper: calculateSignalLevel called
04-04 12:07:45.255 3988 3988 D WifiManagerWrapper: calculateSignalLevel called
04-04 12:07:45.255 3988 3988 D AccessPointPreference: summary : SGv1_Irek_5Ghz, Secured with WPA2 (WPS available)
04-04 12:07:45.255 3988 3988 E HtcPreference: [addPreference]:before size= 39
04-04 12:07:45.255 3988 3988 E HtcPreference: Thread =Thread[main,7,main]
04-04 12:07:45.255 3988 3988 E HtcPreference: [addPreference]:after size= 40
04-04 12:07:45.255 3988 3988 E HtcPreference: Thread =Thread[main,7,main]
04-04 12:07:45.259 3988 3988 D WifiManagerWrapper: Lookup string definition:"EXTRA_NETWORK_ID", result:"networkID"
04-04 12:07:45.259 3988 4080 D Settings:HtcWifiWidgetEnabler: get debug: null , state=IDLE
04-04 12:07:45.260 3988 4080 D Settings:HtcWifiWidgetEnabler: get debug: null , state=SCANNING
04-04 12:07:45.260 3988 4080 D Settings:HtcWifiWidgetEnabler: get debug: null , state=SCANNING
04-04 12:07:45.287 3988 4083 D HtcWifiTracker: connection info-SSID: , BSSID: 00:00:00:00:00:00, Supplicant state: SCANNING, RSSI: -127, Link speed: -1Mbps, Frequency: -1MHz, Net ID: -1, Metered hint: false, score: 0
04-04 12:07:45.290 3988 4083 D HtcWifiTracker: connection info-SSID: , BSSID: 00:00:00:00:00:00, Supplicant state: SCANNING, RSSI: -127, Link speed: -1Mbps, Frequency: -1MHz, Net ID: -1, Metered hint: false, score: 0
04-04 12:07:45.352 3988 3988 E HtcPreference: [removeAll]:before size= 40
04-04 12:07:45.352 3988 3988 E HtcPreference: Thread =Thread[main,7,main]
04-04 12:07:45.352 3988 3988 E HtcPreference: [removeAll]:after size= 0
04-04 12:07:45.352 3988 3988 E HtcPreference: Thread =Thread[main,7,main]
04-04 12:07:45.352 3988 3988 D WifiManagerWrapper: calculateSignalLevel called
04-04 12:07:45.352 3988 3988 E HtcPreference: [addPreference]:before size= 0
04-04 12:07:45.352 3988 3988 E HtcPreference: Thread =Thread[main,7,main]
04-04 12:07:45.352 3988 3988 E HtcPreference: [addPreference]:after size= 1
04-04 12:07:45.352 3988 3988 E HtcPreference: Thread =Thread[main,7,main]
04-04 12:07:45.352 3988 3988 D WifiManagerWrapper: calculateSignalLevel called
04-04 12:07:45.352 3988 3988 E HtcPreference: [addPreference]:before size= 1
04-04 12:07:45.352 3988 3988 E HtcPreference: Thread =Thread[main,7,main]
04-04 12:07:45.352 3988 3988 E HtcPreference: [addPreference]:after size= 2
04-04 12:07:45.352 3988 3988 E HtcPreference: Thread =Thread[main,7,main]
04-04 12:07:45.352 3988 3988 D WifiManagerWrapper: calculateSignalLevel called
04-04 12:07:45.352 3988 3988 E HtcPreference: [addPreference]:before size= 2
04-04 12:07:45.352 3988 3988 E HtcPreference: Thread =Thread[main,7,main]
04-04 12:07:45.352 3988 3988 E HtcPreference: [addPreference]:after size= 3
04-04 12:07:45.352 3988 3988 E HtcPreference: Thread =Thread[main,7,main]
04-04 12:07:45.353 3988 3988 D WifiManagerWrapper: calculateSignalLevel called
04-04 12:07:45.353 3988 3988 E HtcPreference: [addPreference]:before size= 3
04-04 12:07:45.353 3988 3988 E HtcPreference: Thread =Thread[main,7,main]
04-04 12:07:45.353 3988 3988 E HtcPreference: [addPreference]:after size= 4
04-04 12:07:45.353 3988 3988 E HtcPreference: Thread =Thread[main,7,main]
04-04 12:07:45.353 3988 3988 D WifiManagerWrapper: calculateSignalLevel called
04-04 12:07:45.353 3988 3988 E HtcPreference: [addPreference]:before size= 4
04-04 12:07:45.353 3988 3988 E HtcPreference: Thread =Thread[main,7,main]
04-04 12:07:45.353 3988 3988 E HtcPreference: [addPreference]:after size= 5
04-04 12:07:45.353 3988 3988 E HtcPreference: Thread =Thread[main,7,main]
04-04 12:07:45.353 3988 3988 D WifiManagerWrapper: calculateSignalLevel called
04-04 12:07:45.353 3988 3988 E HtcPreference: [addPreference]:before size= 5
04-04 12:07:45.353 3988 3988 E HtcPreference: Thread =Thread[main,7,main]
04-04 12:07:45.353 3988 3988 E HtcPreference: [addPreference]:after size= 6
04-04 12:07:45.353 3988 3988 E HtcPreference: Thread =Thread[main,7,main]
04-04 12:07:45.353 3988 3988 D WifiManagerWrapper: calculateSignalLevel called
04-04 12:07:45.353 3988 3988 E HtcPreference: [addPreference]:before size= 6
04-04 12:07:45.353 3988 3988 E HtcPreference: Thread =Thread[main,7,main]
04-04 12:07:45.353 3988 3988 E HtcPreference: [addPreference]:after size= 7
04-04 12:07:45.353 3988 3988 E HtcPreference: Thread =Thread[main,7,main]
04-04 12:07:45.353 3988 3988 D WifiManagerWrapper: calculateSignalLevel called
04-04 12:07:45.353 3988 3988 E HtcPreference: [addPreference]:before size= 7
04-04 12:07:45.353 3988 3988 E HtcPreference: Thread =Thread[main,7,main]
04-04 12:07:45.353 3988 3988 E HtcPreference: [addPreference]:after size= 8
04-04 12:07:45.353 3988 3988 E HtcPreference: Thread =Thread[main,7,main]
04-04 12:07:45.353 3988 3988 D WifiManagerWrapper: calculateSignalLevel called
04-04 12:07:45.353 3988 3988 E HtcPreference: [addPreference]:before size= 8
04-04 12:07:45.353 3988 3988 E HtcPreference: Thread =Thread[main,7,main]
04-04 12:07:45.353 3988 3988 E HtcPreference: [addPreference]:after size= 9
04-04 12:07:45.353 3988 3988 E HtcPreference: Thread =Thread[main,7,main]
04-04 12:07:45.353 3988 3988 D WifiManagerWrapper: calculateSignalLevel called
04-04 12:07:45.353 3988 3988 E HtcPreference: [addPreference]:before size= 9
04-04 12:07:45.353 3988 3988 E HtcPreference: Thread =Thread[main,7,main]
04-04 12:07:45.353 3988 3988 E HtcPreference: [addPreference]:after size= 10
04-04 12:07:45.353 3988 3988 E HtcPreference: Thread =Thread[main,7,main]
04-04 12:07:45.353 3988 3988 D WifiManagerWrapper: calculateSignalLevel called
04-04 12:07:45.354 3988 3988 E HtcPreference: [addPreference]:before size= 10
04-04 12:07:45.354 3988 3988 E HtcPreference: Thread =Thread[main,7,main]
04-04 12:07:45.354 3988 3988 E HtcPreference: [addPreference]:after size= 11
04-04 12:07:45.354 3988 3988 E HtcPreference: Thread =Thread[main,7,main]
04-04 12:07:45.354 3988 3988 D WifiManagerWrapper: calculateSignalLevel called
04-04 12:07:45.354 3988 3988 E HtcPreference: [addPreference]:before size= 11
04-04 12:07:45.354 3988 3988 E HtcPreference: Thread =Thread[main,7,main]
04-04 12:07:45.354 3988 3988 E HtcPreference: [addPreference]:after size= 12
04-04 12:07:45.354 3988 3988 E HtcPreference: Thread =Thread[main,7,main]
04-04 12:07:45.354 3988 3988 D WifiManagerWrapper: calculateSignalLevel called
04-04 12:07:45.354 3988 3988 E HtcPreference: [addPreference]:before size= 12
04-04 12:07:45.354 3988 3988 E HtcPreference: Thread =Thread[main,7,main]
04-04 12:07:45.354 3988 3988 E HtcPreference: [addPreference]:after size= 13
04-04 12:07:45.354 3988 3988 E HtcPreference: Thread =Thread[main,7,main]
04-04 12:07:45.354 3988 3988 D WifiManagerWrapper: calculateSignalLevel called
04-04 12:07:45.354 3988 3988 E HtcPreference: [addPreference]:before size= 13
04-04 12:07:45.354 3988 3988 E HtcPreference: Thread =Thread[main,7,main]
04-04 12:07:45.354 3988 3988 E HtcPreference: [addPreference]:after size= 14
04-04 12:07:45.354 3988 3988 E HtcPreference: Thread =Thread[main,7,main]
04-04 12:07:45.354 3988 3988 D WifiManagerWrapper: calculateSignalLevel called
04-04 12:07:45.354 3988 3988 E HtcPreference: [addPreference]:before size= 14
04-04 12:07:45.354 3988 3988 E HtcPreference: Thread =Thread[main,7,main]
04-04 12:07:45.354 3988 3988 E HtcPreference: [addPreference]:after size= 15
04-04 12:07:45.354 3988 3988 E HtcPreference: Thread =Thread[main,7,main]
04-04 12:07:45.354 3988 3988 D WifiManagerWrapper: calculateSignalLevel called
04-04 12:07:45.354 3988 3988 E HtcPreference: [addPreference]:before size= 15
04-04 12:07:45.354 3988 3988 E HtcPreference: Thread =Thread[main,7,main]
04-04 12:07:45.354 3988 3988 E HtcPreference: [addPreference]:after size= 16
04-04 12:07:45.354 3988 3988 E HtcPreference: Thread =Thread[main,7,main]
04-04 12:07:45.354 3988 3988 D WifiManagerWrapper: calculateSignalLevel called
04-04 12:07:45.354 3988 3988 E HtcPreference: [addPreference]:before size= 16
04-04 12:07:45.354 3988 3988 E HtcPreference: Thread =Thread[main,7,main]
04-04 12:07:45.354 3988 3988 E HtcPreference: [addPreference]:after size= 17
04-04 12:07:45.354 3988 3988 E HtcPreference: Thread =Thread[main,7,main]
04-04 12:07:45.354 3988 3988 D WifiManagerWrapper: calculateSignalLevel called
04-04 12:07:45.355 3988 3988 E HtcPreference: [addPreference]:before size= 17
04-04 12:07:45.355 3988 3988 E HtcPreference: Thread =Thread[main,7,main]
04-04 12:07:45.355 3988 3988 E HtcPreference: [addPreference]:after size= 18
04-04 12:07:45.355 3988 3988 E HtcPreference: Thread =Thread[main,7,main]
04-04 12:07:45.355 3988 3988 D WifiManagerWrapper: calculateSignalLevel called
04-04 12:07:45.355 3988 3988 E HtcPreference: [addPreference]:before size= 18
04-04 12:07:45.355 3988 3988 E HtcPreference: Thread =Thread[main,7,main]
04-04 12:07:45.355 3988 3988 E HtcPreference: [addPreference]:after size= 19
04-04 12:07:45.355 3988 3988 E HtcPreference: Thread =Thread[main,7,main]
04-04 12:07:45.355 3988 3988 D WifiManagerWrapper: calculateSignalLevel called
04-04 12:07:45.355 3988 3988 E HtcPreference: [addPreference]:before size= 19
04-04 12:07:45.355 3988 3988 E HtcPreference: Thread =Thread[main,7,main]
04-04 12:07:45.355 3988 3988 E HtcPreference: [addPreference]:after size= 20
04-04 12:07:45.355 3988 3988 E HtcPreference: Thread =Thread[main,7,main]
04-04 12:07:45.355 3988 3988 D WifiManagerWrapper: calculateSignalLevel called
04-04 12:07:45.355 3988 3988 E HtcPreference: [addPreference]:before size= 20
04-04 12:07:45.355 3988 3988 E HtcPreference: Thread =Thread[main,7,main]
04-04 12:07:45.355 3988 3988 E HtcPreference: [addPreference]:after size= 21
04-04 12:07:45.355 3988 3988 E HtcPreference: Thread =Thread[main,7,main]
04-04 12:07:45.355 3988 3988 D WifiManagerWrapper: calculateSignalLevel called
04-04 12:07:45.355 3988 3988 E HtcPreference: [addPreference]:before size= 21
04-04 12:07:45.355 3988 3988 E HtcPreference: Thread =Thread[main,7,main]
04-04 12:07:45.355 3988 3988 E HtcPreference: [addPreference]:after size= 22
04-04 12:07:45.355 3988 3988 E HtcPreference: Thread =Thread[main,7,main]
04-04 12:07:45.355 3988 3988 D WifiManagerWrapper: calculateSignalLevel called
04-04 12:07:45.355 3988 3988 E HtcPreference: [addPreference]:before size= 22
04-04 12:07:45.355 3988 3988 E HtcPreference: Thread =Thread[main,7,main]
04-04 12:07:45.355 3988 3988 E HtcPreference: [addPreference]:after size= 23
04-04 12:07:45.355 3988 3988 E HtcPreference: Thread =Thread[main,7,main]
04-04 12:07:45.355 3988 3988 D WifiManagerWrapper: calculateSignalLevel called
04-04 12:07:45.355 3988 3988 E HtcPreference: [addPreference]:before size= 23
04-04 12:07:45.355 3988 3988 E HtcPreference: Thread =Thread[main,7,main]
04-04 12:07:45.355 3988 3988 E HtcPreference: [addPreference]:after size= 24
04-04 12:07:45.355 3988 3988 E HtcPreference: Thread =Thread[main,7,main]
04-04 12:07:45.355 3988 3988 D WifiManagerWrapper: calculateSignalLevel called
04-04 12:07:45.356 3988 3988 E HtcPreference: [addPreference]:before size= 24
04-04 12:07:45.356 3988 3988 E HtcPreference: Thread =Thread[main,7,main]
04-04 12:07:45.356 3988 3988 E HtcPreference: [addPreference]:after size= 25
04-04 12:07:45.356 3988 3988 E HtcPreference: Thread =Thread[main,7,main]
04-04 12:07:45.356 3988 3988 D WifiManagerWrapper: calculateSignalLevel called
04-04 12:07:45.356 3988 3988 E HtcPreference: [addPreference]:before size= 25
04-04 12:07:45.356 3988 3988 E HtcPreference: Thread =Thread[main,7,main]
04-04 12:07:45.356 3988 3988 E HtcPreference: [addPreference]:after size= 26
04-04 12:07:45.356 3988 3988 E HtcPreference: Thread =Thread[main,7,main]
04-04 12:07:45.356 3988 3988 D WifiManagerWrapper: calculateSignalLevel called
04-04 12:07:45.356 3988 3988 E HtcPreference: [addPreference]:before size= 26
04-04 12:07:45.356 3988 3988 E HtcPreference: Thread =Thread[main,7,main]
04-04 12:07:45.356 3988 3988 E HtcPreference: [addPreference]:after size= 27
04-04 12:07:45.356 3988 3988 E HtcPreference: Thread =Thread[main,7,main]
04-04 12:07:45.356 3988 3988 D WifiManagerWrapper: calculateSignalLevel called
04-04 12:07:45.356 3988 3988 E HtcPreference: [addPreference]:before size= 27
04-04 12:07:45.356 3988 3988 E HtcPreference: Thread =Thread[main,7,main]
04-04 12:07:45.356 3988 3988 E HtcPreference: [addPreference]:after size= 28
04-04 12:07:45.356 3988 3988 E HtcPreference: Thread =Thread[main,7,main]
04-04 12:07:45.356 3988 3988 D WifiManagerWrapper: calculateSignalLevel called
04-04 12:07:45.356 3988 3988 E HtcPreference: [addPreference]:before size= 28
04-04 12:07:45.356 3988 3988 E HtcPreference: Thread =Thread[main,7,main]
04-04 12:07:45.356 3988 3988 E HtcPreference: [addPreference]:after size= 29
04-04 12:07:45.356 3988 3988 E HtcPreference: Thread =Thread[main,7,main]
04-04 12:07:45.356 3988 3988 D WifiManagerWrapper: calculateSignalLevel called
04-04 12:07:45.356 3988 3988 E HtcPreference: [addPreference]:before size= 29
04-04 12:07:45.356 3988 3988 E HtcPreference: Thread =Thread[main,7,main]
04-04 12:07:45.356 3988 3988 E HtcPreference: [addPreference]:after size= 30
04-04 12:07:45.356 3988 3988 E HtcPreference: Thread =Thread[main,7,main]
04-04 12:07:45.356 3988 3988 D WifiManagerWrapper: calculateSignalLevel called
04-04 12:07:45.356 3988 3988 E HtcPreference: [addPreference]:before size= 30
04-04 12:07:45.356 3988 3988 E HtcPreference: Thread =Thread[main,7,main]
04-04 12:07:45.356 3988 3988 E HtcPreference: [addPreference]:after size= 31
04-04 12:07:45.356 3988 3988 E HtcPreference: Thread =Thread[main,7,main]
04-04 12:07:45.356 3988 3988 D WifiManagerWrapper: calculateSignalLevel called
04-04 12:07:45.357 3988 3988 E HtcPreference: [addPreference]:before size= 31
04-04 12:07:45.357 3988 3988 E HtcPreference: Thread =Thread[main,7,main]
04-04 12:07:45.357 3988 3988 E HtcPreference: [addPreference]:after size= 32
04-04 12:07:45.357 3988 3988 E HtcPreference: Thread =Thread[main,7,main]
04-04 12:07:45.357 3988 3988 D WifiManagerWrapper: calculateSignalLevel called
04-04 12:07:45.357 3988 3988 E HtcPreference: [addPreference]:before size= 32
04-04 12:07:45.357 3988 3988 E HtcPreference: Thread =Thread[main,7,main]
04-04 12:07:45.357 3988 3988 E HtcPreference: [addPreference]:after size= 33
04-04 12:07:45.357 3988 3988 E HtcPreference: Thread =Thread[main,7,main]
04-04 12:07:45.357 3988 3988 D WifiManagerWrapper: calculateSignalLevel called
04-04 12:07:45.357 3988 3988 E HtcPreference: [addPreference]:before size= 33
04-04 12:07:45.357 3988 3988 E HtcPreference: Thread =Thread[main,7,main]
04-04 12:07:45.357 3988 3988 E HtcPreference: [addPreference]:after size= 34
04-04 12:07:45.357 3988 3988 E HtcPreference: Thread =Thread[main,7,main]
04-04 12:07:45.357 3988 3988 D WifiManagerWrapper: calculateSignalLevel called
04-04 12:07:45.357 3988 3988 E HtcPreference: [addPreference]:before size= 34
04-04 12:07:45.357 3988 3988 E HtcPreference: Thread =Thread[main,7,main]
04-04 12:07:45.357 3988 3988 E HtcPreference: [addPreference]:after size= 35
04-04 12:07:45.357 3988 3988 E HtcPreference: Thread =Thread[main,7,main]
04-04 12:07:45.357 3988 3988 D WifiManagerWrapper: calculateSignalLevel called
04-04 12:07:45.357 3988 3988 E HtcPreference: [addPreference]:before size= 35
04-04 12:07:45.357 3988 3988 E HtcPreference: Thread =Thread[main,7,main]
04-04 12:07:45.357 3988 3988 E HtcPreference: [addPreference]:after size= 36
04-04 12:07:45.357 3988 3988 E HtcPreference: Thread =Thread[main,7,main]
04-04 12:07:45.357 3988 3988 D WifiManagerWrapper: calculateSignalLevel called
04-04 12:07:45.357 3988 3988 E HtcPreference: [addPreference]:before size= 36
04-04 12:07:45.357 3988 3988 E HtcPreference: Thread =Thread[main,7,main]
04-04 12:07:45.357 3988 3988 E HtcPreference: [addPreference]:after size= 37
04-04 12:07:45.357 3988 3988 E HtcPreference: Thread =Thread[main,7,main]
04-04 12:07:45.357 3988 3988 D WifiManagerWrapper: calculateSignalLevel called
04-04 12:07:45.357 3988 3988 E HtcPreference: [addPreference]:before size= 37
04-04 12:07:45.357 3988 3988 E HtcPreference: Thread =Thread[main,7,main]
04-04 12:07:45.357 3988 3988 E HtcPreference: [addPreference]:after size= 38
04-04 12:07:45.357 3988 3988 E HtcPreference: Thread =Thread[main,7,main]
04-04 12:07:45.357 3988 3988 D WifiManagerWrapper: calculateSignalLevel called
04-04 12:07:45.358 3988 3988 E HtcPreference: [addPreference]:before size= 38
04-04 12:07:45.358 3988 3988 E HtcPreference: Thread =Thread[main,7,main]
04-04 12:07:45.358 3988 3988 E HtcPreference: [addPreference]:after size= 39
04-04 12:07:45.358 3988 3988 E HtcPreference: Thread =Thread[main,7,main]
04-04 12:07:45.358 3988 3988 D WifiManagerWrapper: calculateSignalLevel called
04-04 12:07:45.358 3988 3988 E HtcPreference: [addPreference]:before size= 39
04-04 12:07:45.358 3988 3988 E HtcPreference: Thread =Thread[main,7,main]
04-04 12:07:45.358 3988 3988 E HtcPreference: [addPreference]:after size= 40
04-04 12:07:45.358 3988 3988 E HtcPreference: Thread =Thread[main,7,main]
04-04 12:07:45.401 1278 2378 D PMS : releaseWL(25959aa): PARTIAL_WAKE_LOCK *launch* 0x1 WorkSource{1000}
04-04 12:07:45.999 3023 3039 E MP-Decision: Update arg 1
04-04 12:07:46.070 3782 3927 I appium : AppiumResponse: {"sessionId":"a7438415-0244-4665-8e3d-3ca4e509339d","status":0,"value":true}
04-04 12:07:46.094 3782 3928 I appium : channel read invoked!
04-04 12:07:46.095 3782 3928 I appium : channel read: GET /wd/hub/session/a7438415-0244-4665-8e3d-3ca4e509339d
04-04 12:07:46.095 3782 3928 I appium : AppiumResponse: {"sessionId":"a7438415-0244-4665-8e3d-3ca4e509339d","status":0,"value":{}}
04-04 12:07:46.115 3782 3929 I appium : channel read invoked!
04-04 12:07:46.115 3782 3929 I appium : channel read: GET /wd/hub/session/a7438415-0244-4665-8e3d-3ca4e509339d
04-04 12:07:46.115 3782 3929 I appium : AppiumResponse: {"sessionId":"a7438415-0244-4665-8e3d-3ca4e509339d","status":0,"value":{}}
04-04 12:07:46.201 10696 10696 D wpa_supplicant: nl80211: Drv Event 34 (NL80211_CMD_NEW_SCAN_RESULTS) received for wlan0
04-04 12:07:46.201 10696 10696 D wpa_supplicant: wlan0: nl80211: New scan results available
04-04 12:07:46.201 10696 10696 D wpa_supplicant: nl80211: Scan included frequencies: 2412 2417 2422 2427 2432 2437 2442 2447 2452 2457 2462 5180 5200 5220 5240 5260 5280 5300 5320 5500 5520 5540 5560 5580 5600 5620 5640 5660 5680 5700 5745 5765 5785 5805 5825
04-04 12:07:46.201 10696 10696 D wpa_supplicant: wlan0: Event SCAN_RESULTS (3) received
04-04 12:07:46.201 10696 10696 I wpa_supplicant: Got an original EVENT_SCAN_RESULTS
04-04 12:07:46.201 10696 10696 D wpa_supplicant: wlan0: Scan completed in 2.366994 seconds
04-04 12:07:46.201 10696 10696 D wpa_supplicant: nl80211: Received scan results (52 BSSes)
04-04 12:07:46.202 1278 1298 D Tethering: interfaceLinkStateChanged wlan0, false
04-04 12:07:46.202 1278 1298 D Tethering: interfaceStatusChanged wlan0, false
04-04 12:07:46.203 10696 10696 I wpa_supplicant: [NULL] 88:41:fc:54:ba:7b freq=5200 level=-30
04-04 12:07:46.203 10696 10696 I wpa_supplicant: [NULL] fc:b4:e6:4f:a8:76 freq=5180 level=-39
04-04 12:07:46.203 10696 10696 I wpa_supplicant: [NULL] 48:8d:36:d5:c1:c5 freq=5260 level=-44
04-04 12:07:46.203 10696 10696 I wpa_supplicant: [NULL] 4c:09:d4:96:08:a7 freq=5500 level=-45
04-04 12:07:46.203 10696 10696 I wpa_supplicant: [NULL] a0:b5:49:00:07:80 freq=5500 level=-45
04-04 12:07:46.203 10696 10696 I wpa_supplicant: [NULL] d8:fb:5e:72:56:39 freq=5500 level=-47
04-04 12:07:46.203 10696 10696 I wpa_supplicant: [NULL] d4:7b:b0:bf:7e:b9 freq=5280 level=-47
04-04 12:07:46.203 10696 10696 I wpa_supplicant: [NULL] d4:7b:b0:d6:08:89 freq=5500 level=-49
04-04 12:07:46.203 10696 10696 I wpa_supplicant: [NULL] 78:29:ed:51:07:79 freq=5280 level=-50
04-04 12:07:46.203 10696 10696 I wpa_supplicant: [NULL] b4:ee:b4:91:ac:ea freq=5560 level=-50
04-04 12:07:46.203 10696 10696 I wpa_supplicant: [NULL] a8:d3:f7:d9:bc:4d freq=5180 level=-51
04-04 12:07:46.203 10696 10696 I wpa_supplicant: [NULL] 7c:b7:33:1e:f7:3a freq=5500 level=-55
04-04 12:07:46.203 10696 10696 I wpa_supplicant: [NULL] b4:ee:b4:81:cf:06 freq=5180 level=-58
04-04 12:07:46.203 10696 10696 I wpa_supplicant: [NULL] d8:fb:5e:97:83:59 freq=5200 level=-59
04-04 12:07:46.203 10696 10696 I wpa_supplicant: [NULL] 7c:b7:33:c5:fd:1a freq=5280 level=-60
04-04 12:07:46.203 10696 10696 I wpa_supplicant: [NULL] e0:51:63:0a:85:08 freq=5180 level=-61
04-04 12:07:46.203 10696 10696 I wpa_supplicant: [NULL] d4:63:fe:af:d8:74 freq=5180 level=-61
04-04 12:07:46.203 10696 10696 I wpa_supplicant: [NULL] d8:fb:5e:ac:e8:c9 freq=5520 level=-64
04-04 12:07:46.203 10696 10696 I wpa_supplicant: [NULL] 74:d0:2b:42:7d:e4 freq=5180 level=-65
04-04 12:07:46.203 10696 10696 I wpa_supplicant: [NULL] b4:ee:b4:82:01:3a freq=5180 level=-65
04-04 12:07:46.203 10696 10696 I wpa_supplicant: [NULL] 48:8d:36:d5:d8:05 freq=5320 level=-67
04-04 12:07:46.203 10696 10696 I wpa_supplicant: [NULL] b4:ee:b4:d2:4c:6d freq=5180 level=-67
04-04 12:07:46.203 10696 10696 I wpa_supplicant: [NULL] e0:51:63:13:51:7b freq=5180 level=-69
04-04 12:07:46.203 10696 10696 I wpa_supplicant: [NULL] 64:66:b3:a4:21:36 freq=5240 level=-70
04-04 12:07:46.203 10696 10696 I wpa_supplicant: [NULL] b4:ee:b4:60:fb:cf freq=5560 level=-73
04-04 12:07:46.203 10696 10696 I wpa_supplicant: [NULL] 18:28:61:24:10:de freq=5180 level=-54
04-04 12:07:46.203 10696 10696 I wpa_supplicant: [NULL] 12:09:0f:fd:8f:00 freq=5220 level=-68
04-04 12:07:46.203 10696 10696 I wpa_supplicant: [NULL] 48:8d:36:d5:c1:ca freq=2412 level=-31
04-04 12:07:46.203 10696 10696 I wpa_supplicant: [NULL] 48:8d:36:d5:c1:cb freq=2412 level=-31
04-04 12:07:46.203 10696 10696 I wpa_supplicant: [NULL] fc:b4:e6:4f:a8:65 freq=2427 level=-32
04-04 12:07:46.203 10696 10696 I wpa_supplicant: [NULL] 88:41:fc:54:ba:7a freq=2412 level=-38
04-04 12:07:46.203 10696 10696 I wpa_supplicant: [NULL] d4:7b:b0:bf:7e:b0 freq=2437 level=-40
04-04 12:07:46.203 10696 10696 I wpa_supplicant: [NULL] a0:b5:49:00:07:89 freq=2412 level=-43
04-04 12:07:46.203 10696 10696 I wpa_supplicant: [NULL] b4:ee:b4:82:01:29 freq=2412 level=-44
04-04 12:07:46.203 10696 10696 I wpa_supplicant: [NULL] a8:d3:f7:d9:bc:3c freq=2412 level=-46
04-04 12:07:46.203 10696 10696 I wpa_supplicant: [NULL] 32:09:0f:fd:8f:07 freq=2427 level=-47
04-04 12:07:46.203 10696 10696 I wpa_supplicant: [NULL] 00:09:0f:fd:8f:07 freq=2427 level=-47
04-04 12:07:46.203 10696 10696 I wpa_supplicant: [NULL] 22:09:0f:fd:8f:07 freq=2427 level=-48
04-04 12:07:46.203 10696 10696 I wpa_supplicant: [NULL] d8:fb:5e:72:56:30 freq=2457 level=-49
04-04 12:07:46.203 10696 10696 I wpa_supplicant: [NULL] 4c:09:d4:96:08:96 freq=2462 level=-49
04-04 12:07:46.203 10696 10696 I wpa_supplicant: [NULL] 64:66:b3:a4:21:37 freq=2462 level=-53
04-04 12:07:46.203 10696 10696 I wpa_supplicant: [NULL] e0:51:63:13:51:6a freq=2412 level=-53
04-04 12:07:46.203 10696 10696 I wpa_supplicant: [NULL] d4:7b:b0:30:d1:52 freq=2462 level=-55
04-04 12:07:46.203 10696 10696 I wpa_supplicant: [NULL] d8:fb:5e:97:83:50 freq=2442 level=-57
04-04 12:07:46.203 10696 10696 I wpa_supplicant: [NULL] 22:09:0f:fd:8f:00 freq=5220 level=-69
04-04 12:07:46.203 10696 10696 I wpa_supplicant: [NULL] 00:09:0f:fd:8f:00 freq=5220 level=-69
04-04 12:07:46.203 10696 10696 I wpa_supplicant: [NULL] fc:b4:e6:60:7d:53 freq=2412 level=-66
04-04 12:07:46.203 10696 10696 I wpa_supplicant: [NULL] 08:62:66:e7:03:2c freq=5180 level=-78
04-04 12:07:46.203 10696 10696 I wpa_supplicant: [NULL] 7c:b7:33:1e:fa:3c freq=5500 level=-79
04-04 12:07:46.203 10696 10696 I wpa_supplicant: [NULL] 7c:b7:33:9b:81:a6 freq=5180 level=-89
04-04 12:07:46.203 10696 10696 I wpa_supplicant: [NULL] fc:ec:da:2c:a4:d8 freq=5680 level=-84
04-04 12:07:46.203 10696 10696 I wpa_supplicant: [NULL] 64:00:2d:00:b1:50 freq=2412 level=-56
04-04 12:07:46.203 10696 10696 D wpa_supplicant: wlan0: BSS: Start scan result update 474
04-04 12:07:46.204 10696 10696 D wpa_supplicant: BSS: Remove ID 261 BSSID d4:63:fe:af:d8:63 SSID 'SL-SK' due to no match in scan
04-04 12:07:46.204 10696 10696 D wpa_supplicant: BSS: Remove ID 265 BSSID 48:8d:36:d5:d8:0b SSID '\x00\x00\x00\x00\x00\x00\x00\x00\x00\x00\x00\x00\x00' due to no match in scan
04-04 12:07:46.204 10696 10696 D wpa_supplicant: BSS: last_scan_res_used=52/64
04-04 12:07:46.204 10696 10696 D wpa_supplicant: wlan0: Scan-only results received
04-04 12:07:46.204 10696 10696 D wpa_supplicant: wlan0: Radio work 'scan'@0xb78b3630 done in 2.371366 seconds
04-04 12:07:46.204 10696 10696 D wpa_supplicant: Wireless event: cmd=0x8b19 len=8
04-04 12:07:46.204 10696 10696 D wpa_supplicant: RTM_NEWLINK: ifi_index=24 ifname=wlan0 wext ifi_family=0 ifi_flags=0x1003 ([UP])
04-04 12:07:46.205 1278 1352 D WifiStateMachine: [MLHD] enter handleMediaLinkEvent SupplicantStartedState
04-04 12:07:46.205 10696 10696 D wpa_supplicant: wlan0: Control interface command 'LIST_DONGLES'
04-04 12:07:46.206 1278 1352 W ContextImpl: Calling a method in the system process without a qualified user: android.app.ContextImpl.sendBroadcast:771 com.android.server.wifi.WifiStateMachine.sendDongleScanResultsAvailableBroadcast:13976 com.android.server.wifi.WifiStateMachine.handleMediaLinkEvent:14140 com.android.server.wifi.WifiStateMachine.access$2700:253 com.android.server.wifi.WifiStateMachine$SupplicantStartedState.processMessage:8317
04-04 12:07:46.206 1278 1382 D WirelessDisplayService: getDiscoveryDongleList
04-04 12:07:46.206 10696 10696 D wpa_supplicant: wlan0: Control interface command 'BSS RANGE=0- MASK=0x29d87'
04-04 12:07:46.208 10696 10696 D wpa_supplicant: wlan0: Control interface command 'BSS RANGE=60- MASK=0x29d87'
04-04 12:07:46.209 10696 10696 D wpa_supplicant: wlan0: Control interface command 'BSS RANGE=63- MASK=0x29d87'
04-04 12:07:46.211 10696 10696 D wpa_supplicant: wlan0: Control interface command 'BSS RANGE=68- MASK=0x29d87'
04-04 12:07:46.212 10696 10696 D wpa_supplicant: wlan0: Control interface command 'BSS RANGE=71- MASK=0x29d87'
04-04 12:07:46.214 10696 10696 D wpa_supplicant: wlan0: Control interface command 'BSS RANGE=76- MASK=0x29d87'
04-04 12:07:46.215 10696 10696 D wpa_supplicant: wlan0: Control interface command 'BSS RANGE=81- MASK=0x29d87'
04-04 12:07:46.217 10696 10696 D wpa_supplicant: wlan0: Control interface command 'BSS RANGE=95- MASK=0x29d87'
04-04 12:07:46.218 10696 10696 D wpa_supplicant: wlan0: Control interface command 'BSS RANGE=107- MASK=0x29d87'
04-04 12:07:46.220 10696 10696 D wpa_supplicant: wlan0: Control interface command 'BSS RANGE=170- MASK=0x29d87'
04-04 12:07:46.221 10696 10696 D wpa_supplicant: wlan0: Control interface command 'BSS RANGE=204- MASK=0x29d87'
04-04 12:07:46.223 10696 10696 D wpa_supplicant: wlan0: Control interface command 'BSS RANGE=254- MASK=0x29d87'
04-04 12:07:46.224 10696 10696 D wpa_supplicant: wlan0: Control interface command 'BSS RANGE=268- MASK=0x29d87'
04-04 12:07:46.242 1278 1352 D WifiConfigStore: "Ernest-SGv1-5"WPA_PSK- skip by invalid rssi
04-04 12:07:46.243 1278 1352 D WifiConfigStore: "Ernest-SGv1-24"WPA_PSK- skip by invalid rssi
04-04 12:07:46.243 1278 1352 D WifiConfigStore: "Ernest-v1-24"WPA_PSK- skip by invalid rssi
04-04 12:07:46.243 1278 1352 D WifiConfigStore: "Internet-Box-krzysioSL"WPA_PSK- skip by invalid rssi
04-04 12:07:46.243 10696 10696 D wpa_supplicant: wlan0: Control interface command 'STATUS-NO_EVENTS'
04-04 12:07:46.243 10696 10696 D wpa_supplicant: EAPOL: EAP Session-Id not available
04-04 12:07:46.244 1278 1278 D WifiNotificationController: setNotificationVisible visible = true, mLowSignalNWs = 2
04-04 12:07:46.244 1278 1382 D WirelessDisplayService: getDiscoveryDongleList
04-04 12:07:46.245 3988 3988 D HtcWifiTracker: onReceive(), action:android.net.wifi.SCAN_RESULTS
04-04 12:07:46.245 1278 4784 D PMS : acquireWL(4e04868): PARTIAL_WAKE_LOCK NlpWakeLock 0x1 2255 10011 WorkSource{10011 com.google.android.gms}
04-04 12:07:46.245 2255 2255 D WifiManager: getScanResults: Base Package Name=com.google.android.gms, uid=10011
04-04 12:07:46.246 2255 2831 D WifiManager: getScanResults: Base Package Name=com.google.android.gms, uid=10011
04-04 12:07:46.254 1278 2863 D PMS : acquireWL(1feb481): PARTIAL_WAKE_LOCK CMWakeLock 0x1 2255 10011 WorkSource{10011 com.google.android.gms}
04-04 12:07:46.254 1278 4783 D PMS : releaseWL(4e04868): PARTIAL_WAKE_LOCK NlpWakeLock 0x1 WorkSource{10011 com.google.android.gms}
04-04 12:07:46.262 1278 2378 D PMS : releaseWL(1feb481): PARTIAL_WAKE_LOCK CMWakeLock 0x1 WorkSource{10011 com.google.android.gms}
04-04 12:07:46.265 3988 4083 D HtcAccessPoint: ssid:Ernest-SGv1-5, bssid:null, security:2, networkid:1, signIn:2
04-04 12:07:46.265 3988 4083 D HtcAccessPoint: ssid:Ernest-SGv1-24, bssid:null, security:2, networkid:0, signIn:2
04-04 12:07:46.266 3988 4083 D HtcAccessPoint: ssid:Ernest-v1-24, bssid:null, security:2, networkid:3, signIn:2
04-04 12:07:46.266 3988 4083 D HtcAccessPoint: ssid:Internet-Box-krzysioSL, bssid:null, security:2, networkid:2, signIn:2
04-04 12:07:46.266 3988 4083 D WifiManager: getScanResults: Base Package Name=com.android.settings, uid=1000
04-04 12:07:46.272 3988 4083 D WifiManagerWrapper: calculateSignalLevel called
04-04 12:07:46.272 3988 4083 D WifiManagerWrapper: calculateSignalLevel called
04-04 12:07:46.272 3988 4083 D WifiManagerWrapper: calculateSignalLevel called
04-04 12:07:46.274 3988 4083 D AccessPointPreference: summary : Internet-Box-v3-5, Secured with WPA2 (WPS available)
04-04 12:07:46.274 3988 4083 D WifiManagerWrapper: calculateSignalLevel called
04-04 12:07:46.274 3988 4083 D WifiManagerWrapper: calculateSignalLevel called
04-04 12:07:46.274 3988 4083 D WifiManagerWrapper: calculateSignalLevel called
04-04 12:07:46.276 3988 4083 D AccessPointPreference: summary : Internet-Box-v3, Secured with WPA2 (WPS available)
04-04 12:07:46.276 3988 4083 D WifiManagerWrapper: calculateSignalLevel called
04-04 12:07:46.276 3988 4083 D WifiManagerWrapper: calculateSignalLevel called
04-04 12:07:46.277 3988 4083 D WifiManagerWrapper: calculateSignalLevel called
04-04 12:07:46.278 3988 4083 D AccessPointPreference: summary : Starlite-2.4GHz, Secured with WPA2 (WPS available)
04-04 12:07:46.278 3988 4083 D WifiManagerWrapper: calculateSignalLevel called
04-04 12:07:46.278 3988 4083 D WifiManagerWrapper: calculateSignalLevel called
04-04 12:07:46.278 3988 4083 D WifiManagerWrapper: calculateSignalLevel called
04-04 12:07:46.278 3988 4083 D AccessPointPreference: summary : Starlite-5GHz, Secured with WPA2 (WPS available)
04-04 12:07:46.278 3988 4083 D WifiManagerWrapper: calculateSignalLevel called
04-04 12:07:46.278 3988 4083 D WifiManagerWrapper: calculateSignalLevel called
04-04 12:07:46.279 3988 4083 D WifiManagerWrapper: calculateSignalLevel called
04-04 12:07:46.279 3988 4083 D AccessPointPreference: summary : AppiumPjonteczka, Secured with WPA2 (WPS available)
04-04 12:07:46.279 3988 4083 D WifiManagerWrapper: calculateSignalLevel called
04-04 12:07:46.279 3988 4083 D WifiManagerWrapper: calculateSignalLevel called
04-04 12:07:46.279 3988 4083 D WifiManagerWrapper: calculateSignalLevel called
04-04 12:07:46.279 3988 4083 D AccessPointPreference: summary : visitor-35703, Secured with WPA2
04-04 12:07:46.279 3988 4083 D WifiManagerWrapper: calculateSignalLevel called
04-04 12:07:46.279 3988 4083 D WifiManagerWrapper: calculateSignalLevel called
04-04 12:07:46.279 3988 4083 D WifiManagerWrapper: calculateSignalLevel called
04-04 12:07:46.280 3988 4083 D AccessPointPreference: summary : vestiacom_guest_5, Secured with WPA2 (WPS available)
04-04 12:07:46.280 3988 4083 D WifiManagerWrapper: calculateSignalLevel called
04-04 12:07:46.280 3988 4083 D WifiManagerWrapper: calculateSignalLevel called
04-04 12:07:46.280 3988 4083 D WifiManagerWrapper: calculateSignalLevel called
04-04 12:07:46.282 3988 4083 D AccessPointPreference: summary : wifi_main, Secured with 802.1x
04-04 12:07:46.282 3988 4083 D WifiManagerWrapper: calculateSignalLevel called
04-04 12:07:46.282 3988 4083 D WifiManagerWrapper: calculateSignalLevel called
04-04 12:07:46.282 3988 4083 D WifiManagerWrapper: calculateSignalLevel called
04-04 12:07:46.283 3988 4083 D AccessPointPreference: summary : Dzbanek-v1, Secured with WPA2 (WPS available)
04-04 12:07:46.283 3988 4083 D WifiManagerWrapper: calculateSignalLevel called
04-04 12:07:46.283 3988 4083 D WifiManagerWrapper: calculateSignalLevel called
04-04 12:07:46.283 3988 4083 D WifiManagerWrapper: calculateSignalLevel called
04-04 12:07:46.283 3988 4083 D AccessPointPreference: summary : IBv2-SK, Secured with WPA2 (WPS available)
04-04 12:07:46.283 3988 4083 D WifiManagerWrapper: calculateSignalLevel called
04-04 12:07:46.283 3988 4083 D WifiManagerWrapper: calculateSignalLevel called
04-04 12:07:46.283 3988 4083 D WifiManagerWrapper: calculateSignalLevel called
04-04 12:07:46.283 3988 4083 D AccessPointPreference: summary : vestiacom_izolatka_5, Secured with 802.1x
04-04 12:07:46.283 3988 4083 D WifiManagerWrapper: calculateSignalLevel called
04-04 12:07:46.283 3988 4083 D WifiManagerWrapper: calculateSignalLevel called
04-04 12:07:46.284 3988 4083 D WifiManagerWrapper: calculateSignalLevel called
04-04 12:07:46.284 3988 4083 D AccessPointPreference: summary : wifi_main, Secured with 802.1x
04-04 12:07:46.284 3988 4083 D WifiManagerWrapper: calculateSignalLevel called
04-04 12:07:46.284 3988 4083 D WifiManagerWrapper: calculateSignalLevel called
04-04 12:07:46.284 3988 4083 D WifiManagerWrapper: calculateSignalLevel called
04-04 12:07:46.284 3988 4083 D AccessPointPreference: summary : Internet-Box-Irek-5GHz, Secured with WPA/WPA2 (WPS available)
04-04 12:07:46.284 3988 4083 D WifiManagerWrapper: calculateSignalLevel called
04-04 12:07:46.284 3988 4083 D WifiManagerWrapper: calculateSignalLevel called
04-04 12:07:46.284 3988 4083 D WifiManagerWrapper: calculateSignalLevel called
04-04 12:07:46.285 3988 4083 D AccessPointPreference: summary : MobileTest-5, Secured with WPA2 (WPS available)
04-04 12:07:46.285 3988 4083 D WifiManagerWrapper: calculateSignalLevel called
04-04 12:07:46.285 3988 4083 D WifiManagerWrapper: calculateSignalLevel called
04-04 12:07:46.285 3988 4083 D WifiManagerWrapper: calculateSignalLevel called
04-04 12:07:46.289 3988 4083 D AccessPointPreference: summary : WLAN_Repeater_N263, Secured with WPA2 (WPS available)
04-04 12:07:46.289 3988 4083 D WifiManagerWrapper: calculateSignalLevel called
04-04 12:07:46.289 3988 4083 D WifiManagerWrapper: calculateSignalLevel called
04-04 12:07:46.290 3988 4083 D WifiManagerWrapper: calculateSignalLevel called
04-04 12:07:46.290 3988 4083 D AccessPointPreference: summary : Eniro, Secured with 802.1x
04-04 12:07:46.290 3988 4083 D WifiManagerWrapper: calculateSignalLevel called
04-04 12:07:46.290 3988 4083 D WifiManagerWrapper: calculateSignalLevel called
04-04 12:07:46.290 3988 4083 D WifiManagerWrapper: calculateSignalLevel called
04-04 12:07:46.291 3988 4083 D AccessPointPreference: summary : Internet-Box-Irek-5GHz, Secured with WPA/WPA2 (WPS available)
04-04 12:07:46.291 3988 4083 D WifiManagerWrapper: calculateSignalLevel called
04-04 12:07:46.291 3988 4083 D WifiManagerWrapper: calculateSignalLevel called
