04-04 12:05:43.789 1278 1352 D WirelessDisplayService: getMirrorDisplayStatus:falsecurState:1
04-04 12:05:43.790 10696 10696 D wpa_supplicant: wlan0: Control interface command 'SET pno 0'
04-04 12:05:43.790 10696 10696 D wpa_supplicant: CTRL_IFACE SET 'pno'='0'
04-04 12:05:43.791 10696 10696 D wpa_supplicant: wlan0: Control interface command 'SCAN TYPE=ONLY'
04-04 12:05:43.791 10696 10696 D wpa_supplicant: wlan0: Setting scan request: 0.000000 sec
04-04 12:05:43.791 10696 10696 I wpa_supplicant: wpa_supplicant_scan enter
04-04 12:05:43.792 10696 10696 D wpa_supplicant: wlan0: Starting AP scan for wildcard SSID
04-04 12:05:43.792 10696 10696 D wpa_supplicant: WPS: Building WPS IE for Probe Request
04-04 12:05:43.792 10696 10696 D wpa_supplicant: WPS: * Version (hardcoded 0x10)
04-04 12:05:43.792 10696 10696 D wpa_supplicant: WPS: * Request Type
04-04 12:05:43.792 10696 10696 D wpa_supplicant: WPS: * Config Methods (4288)
04-04 12:05:43.792 10696 10696 D wpa_supplicant: WPS: * UUID-E
04-04 12:05:43.792 10696 10696 D wpa_supplicant: WPS: * Primary Device Type
04-04 12:05:43.792 10696 10696 D wpa_supplicant: WPS: * RF Bands (3)
04-04 12:05:43.792 10696 10696 D wpa_supplicant: WPS: * Association State
04-04 12:05:43.792 10696 10696 D wpa_supplicant: WPS: * Configuration Error (0)
04-04 12:05:43.792 10696 10696 D wpa_supplicant: WPS: * Device Password ID (0)
04-04 12:05:43.792 10696 10696 D wpa_supplicant: WPS: * Manufacturer
04-04 12:05:43.792 10696 10696 D wpa_supplicant: WPS: * Model Name
04-04 12:05:43.792 10696 10696 D wpa_supplicant: WPS: * Model Number
04-04 12:05:43.792 10696 10696 D wpa_supplicant: WPS: * Device Name
04-04 12:05:43.792 10696 10696 D wpa_supplicant: WPS: * Version2 (0x20)
04-04 12:05:43.792 10696 10696 D wpa_supplicant: P2P: * P2P IE header
04-04 12:05:43.792 10696 10696 D wpa_supplicant: P2P: * Capability dev=25 group=00
04-04 12:05:43.792 10696 10696 D wpa_supplicant: P2P: * Listen Channel: Regulatory Class 81 Channel 11
04-04 12:05:43.792 10696 10696 D wpa_supplicant: wlan0: Add radio work 'scan'@0xb78b80a8
04-04 12:05:43.792 10696 10696 D wpa_supplicant: wlan0: First radio work item in the queue - schedule start immediately
04-04 12:05:43.792 10696 10696 D wpa_supplicant: wlan0: Starting radio work 'scan'@0xb78b80a8 after 0.000078 second wait
04-04 12:05:43.792 10696 10696 D wpa_supplicant: wlan0: nl80211: scan request
04-04 12:05:43.793 10696 10696 D wpa_supplicant: Scan requested (ret=0) - scan timeout 30 seconds
04-04 12:05:43.793 10696 10696 D wpa_supplicant: nl80211: Drv Event 33 (NL80211_CMD_TRIGGER_SCAN) received for wlan0
04-04 12:05:43.793 10696 10696 D wpa_supplicant: wlan0: nl80211: Scan trigger
04-04 12:05:43.793 10696 10696 D wpa_supplicant: wlan0: Event SCAN_STARTED (47) received
04-04 12:05:43.793 10696 10696 D wpa_supplicant: wlan0: Own scan request started a scan in 0.000163 seconds
04-04 12:05:43.948 1278 1326 W SensorService: D/Accel(x, y, z, t) = ( 0.0, 0.1, 9.8, 579168392ms), calendar = 1554372343, sys_time = 579168400ms
04-04 12:05:43.973 638 820 I appium : channel read invoked!
04-04 12:05:43.974 638 820 I appium : channel read: POST /wd/hub/session/e42f59eb-4d3b-4a3e-969d-622e533298fb/element
04-04 12:05:43.975 638 820 I appium : Find element command
04-04 12:05:43.976 638 820 I appium : find element command using 'xpath' with selector '//android.widget.ListView/android.widget.LinearLayout[last()]//android.widget.TextView'.
04-04 12:05:44.256 638 820 E appium : Element not found:
04-04 12:05:44.256 638 820 E appium : io.appium.uiautomator2.common.exceptions.ElementNotFoundException: Could not find an element using supplied strategy.
04-04 12:05:44.256 638 820 E appium : at io.appium.uiautomator2.handler.FindElement.findElement(FindElement.java:105)
04-04 12:05:44.256 638 820 E appium : at io.appium.uiautomator2.handler.FindElement.safeHandle(FindElement.java:75)
04-04 12:05:44.256 638 820 E appium : at io.appium.uiautomator2.handler.request.SafeRequestHandler.handle(SafeRequestHandler.java:36)
04-04 12:05:44.256 638 820 E appium : at io.appium.uiautomator2.server.AppiumServlet.handleRequest(AppiumServlet.java:250)
04-04 12:05:44.256 638 820 E appium : at io.appium.uiautomator2.server.AppiumServlet.handleHttpRequest(AppiumServlet.java:241)
04-04 12:05:44.256 638 820 E appium : at io.appium.uiautomator2.http.ServerHandler.channelRead(ServerHandler.java:44)
04-04 12:05:44.256 638 820 E appium : at io.netty.channel.AbstractChannelHandlerContext.invokeChannelRead(AbstractChannelHandlerContext.java:366)
04-04 12:05:44.256 638 820 E appium : at io.netty.channel.AbstractChannelHandlerContext.invokeChannelRead(AbstractChannelHandlerContext.java:352)
04-04 12:05:44.256 638 820 E appium : at io.netty.channel.AbstractChannelHandlerContext.fireChannelRead(AbstractChannelHandlerContext.java:345)
04-04 12:05:44.256 638 820 E appium : at io.netty.handler.codec.MessageToMessageDecoder.channelRead(MessageToMessageDecoder.java:102)
04-04 12:05:44.256 638 820 E appium : at io.netty.channel.AbstractChannelHandlerContext.invokeChannelRead(AbstractChannelHandlerContext.java:366)
04-04 12:05:44.256 638 820 E appium : at io.netty.channel.AbstractChannelHandlerContext.invokeChannelRead(AbstractChannelHandlerContext.java:352)
04-04 12:05:44.256 638 820 E appium : at io.netty.channel.AbstractChannelHandlerContext.fireChannelRead(AbstractChannelHandlerContext.java:345)
04-04 12:05:44.256 638 820 E appium : at io.netty.channel.CombinedChannelDuplexHandler$DelegatingChannelHandlerContext.fireChannelRead(CombinedChannelDuplexHandler.java:435)
04-04 12:05:44.256 638 820 E appium : at io.netty.handler.codec.ByteToMessageDecoder.fireChannelRead(ByteToMessageDecoder.java:293)
04-04 12:05:44.256 638 820 E appium : at io.netty.handler.codec.ByteToMessageDecoder.channelRead(ByteToMessageDecoder.java:267)
04-04 12:05:44.256 638 820 E appium : at io.netty.channel.CombinedChannelDuplexHandler.channelRead(CombinedChannelDuplexHandler.java:250)
04-04 12:05:44.256 638 820 E appium : at io.netty.channel.AbstractChannelHandlerContext.invokeChannelRead(AbstractChannelHandlerContext.java:366)
04-04 12:05:44.256 638 820 E appium : at io.netty.channel.AbstractChannelHandlerContext.invokeChannelRead(AbstractChannelHandlerContext.java:352)
04-04 12:05:44.256 638 820 E appium : at io.netty.channel.AbstractChannelHandlerContext.fireChannelRead(AbstractChannelHandlerContext.java:345)
04-04 12:05:44.256 638 820 E appium : at io.netty.channel.DefaultChannelPipeline$HeadContext.channelRead(DefaultChannelPipeline.java:1294)
04-04 12:05:44.256 638 820 E appium : at io.netty.channel.AbstractChannelHandlerContext.invokeChannelRead(AbstractChannelHandlerContext.java:366)
04-04 12:05:44.256 638 820 E appium : at io.netty.channel.AbstractChannelHandlerContext.invokeChannelRead(AbstractChannelHandlerContext.java:352)
04-04 12:05:44.256 638 820 E appium : at io.netty.channel.DefaultChannelPipeline.fireChannelRead(DefaultChannelPipeline.java:911)
04-04 12:05:44.256 638 820 E appium : at io.netty.channel.nio.AbstractNioByteChannel$NioByteUnsafe.read(AbstractNioByteChannel.java:131)
04-04 12:05:44.256 638 820 E appium : at io.netty.channel.nio.NioEventLoop.processSelectedKey(NioEventLoop.java:611)
04-04 12:05:44.256 638 820 E appium : at io.netty.channel.nio.NioEventLoop.processSelectedKeysPlain(NioEventLoop.java:514)
04-04 12:05:44.256 638 820 E appium : at io.netty.channel.nio.NioEventLoop.processSelectedKeys(NioEventLoop.java:468)
04-04 12:05:44.256 638 820 E appium : at io.netty.channel.nio.NioEventLoop.run(NioEventLoop.java:438)
04-04 12:05:44.256 638 820 E appium : at io.netty.util.concurrent.SingleThreadEventExecutor$2.run(SingleThreadEventExecutor.java:140)
04-04 12:05:44.256 638 820 E appium : at io.netty.util.concurrent.DefaultThreadFactory$DefaultRunnableDecorator.run(DefaultThreadFactory.java:144)
04-04 12:05:44.256 638 820 E appium : at java.lang.Thread.run(Thread.java:818)
04-04 12:05:44.257 638 820 I appium : AppiumResponse: {"sessionId":"e42f59eb-4d3b-4a3e-969d-622e533298fb","status":7,"value":"An element could not be located on the page using the given search parameters."}
04-04 12:05:44.788 638 821 I appium : channel read invoked!
04-04 12:05:44.789 638 821 I appium : channel read: POST /wd/hub/session/e42f59eb-4d3b-4a3e-969d-622e533298fb/element
04-04 12:05:44.790 638 821 I appium : Find element command
04-04 12:05:44.791 638 821 I appium : find element command using 'xpath' with selector '//android.widget.ListView/android.widget.LinearLayout[last()]//android.widget.TextView'.
04-04 12:05:45.082 638 821 E appium : Element not found:
04-04 12:05:45.082 638 821 E appium : io.appium.uiautomator2.common.exceptions.ElementNotFoundException: Could not find an element using supplied strategy.
04-04 12:05:45.082 638 821 E appium : at io.appium.uiautomator2.handler.FindElement.findElement(FindElement.java:105)
04-04 12:05:45.082 638 821 E appium : at io.appium.uiautomator2.handler.FindElement.safeHandle(FindElement.java:75)
04-04 12:05:45.082 638 821 E appium : at io.appium.uiautomator2.handler.request.SafeRequestHandler.handle(SafeRequestHandler.java:36)
04-04 12:05:45.082 638 821 E appium : at io.appium.uiautomator2.server.AppiumServlet.handleRequest(AppiumServlet.java:250)
04-04 12:05:45.082 638 821 E appium : at io.appium.uiautomator2.server.AppiumServlet.handleHttpRequest(AppiumServlet.java:241)
04-04 12:05:45.082 638 821 E appium : at io.appium.uiautomator2.http.ServerHandler.channelRead(ServerHandler.java:44)
04-04 12:05:45.082 638 821 E appium : at io.netty.channel.AbstractChannelHandlerContext.invokeChannelRead(AbstractChannelHandlerContext.java:366)
04-04 12:05:45.082 638 821 E appium : at io.netty.channel.AbstractChannelHandlerContext.invokeChannelRead(AbstractChannelHandlerContext.java:352)
04-04 12:05:45.082 638 821 E appium : at io.netty.channel.AbstractChannelHandlerContext.fireChannelRead(AbstractChannelHandlerContext.java:345)
04-04 12:05:45.082 638 821 E appium : at io.netty.handler.codec.MessageToMessageDecoder.channelRead(MessageToMessageDecoder.java:102)
04-04 12:05:45.082 638 821 E appium : at io.netty.channel.AbstractChannelHandlerContext.invokeChannelRead(AbstractChannelHandlerContext.java:366)
04-04 12:05:45.082 638 821 E appium : at io.netty.channel.AbstractChannelHandlerContext.invokeChannelRead(AbstractChannelHandlerContext.java:352)
04-04 12:05:45.082 638 821 E appium : at io.netty.channel.AbstractChannelHandlerContext.fireChannelRead(AbstractChannelHandlerContext.java:345)
04-04 12:05:45.082 638 821 E appium : at io.netty.channel.CombinedChannelDuplexHandler$DelegatingChannelHandlerContext.fireChannelRead(CombinedChannelDuplexHandler.java:435)
04-04 12:05:45.082 638 821 E appium : at io.netty.handler.codec.ByteToMessageDecoder.fireChannelRead(ByteToMessageDecoder.java:293)
04-04 12:05:45.082 638 821 E appium : at io.netty.handler.codec.ByteToMessageDecoder.channelRead(ByteToMessageDecoder.java:267)
04-04 12:05:45.082 638 821 E appium : at io.netty.channel.CombinedChannelDuplexHandler.channelRead(CombinedChannelDuplexHandler.java:250)
04-04 12:05:45.082 638 821 E appium : at io.netty.channel.AbstractChannelHandlerContext.invokeChannelRead(AbstractChannelHandlerContext.java:366)
04-04 12:05:45.082 638 821 E appium : at io.netty.channel.AbstractChannelHandlerContext.invokeChannelRead(AbstractChannelHandlerContext.java:352)
04-04 12:05:45.082 638 821 E appium : at io.netty.channel.AbstractChannelHandlerContext.fireChannelRead(AbstractChannelHandlerContext.java:345)
04-04 12:05:45.082 638 821 E appium : at io.netty.channel.DefaultChannelPipeline$HeadContext.channelRead(DefaultChannelPipeline.java:1294)
04-04 12:05:45.082 638 821 E appium : at io.netty.channel.AbstractChannelHandlerContext.invokeChannelRead(AbstractChannelHandlerContext.java:366)
04-04 12:05:45.082 638 821 E appium : at io.netty.channel.AbstractChannelHandlerContext.invokeChannelRead(AbstractChannelHandlerContext.java:352)
04-04 12:05:45.082 638 821 E appium : at io.netty.channel.DefaultChannelPipeline.fireChannelRead(DefaultChannelPipeline.java:911)
04-04 12:05:45.082 638 821 E appium : at io.netty.channel.nio.AbstractNioByteChannel$NioByteUnsafe.read(AbstractNioByteChannel.java:131)
04-04 12:05:45.082 638 821 E appium : at io.netty.channel.nio.NioEventLoop.processSelectedKey(NioEventLoop.java:611)
04-04 12:05:45.082 638 821 E appium : at io.netty.channel.nio.NioEventLoop.processSelectedKeysPlain(NioEventLoop.java:514)
04-04 12:05:45.082 638 821 E appium : at io.netty.channel.nio.NioEventLoop.processSelectedKeys(NioEventLoop.java:468)
04-04 12:05:45.082 638 821 E appium : at io.netty.channel.nio.NioEventLoop.run(NioEventLoop.java:438)
04-04 12:05:45.082 638 821 E appium : at io.netty.util.concurrent.SingleThreadEventExecutor$2.run(SingleThreadEventExecutor.java:140)
04-04 12:05:45.082 638 821 E appium : at io.netty.util.concurrent.DefaultThreadFactory$DefaultRunnableDecorator.run(DefaultThreadFactory.java:144)
04-04 12:05:45.082 638 821 E appium : at java.lang.Thread.run(Thread.java:818)
04-04 12:05:45.082 638 821 I appium : AppiumResponse: {"sessionId":"e42f59eb-4d3b-4a3e-969d-622e533298fb","status":7,"value":"An element could not be located on the page using the given search parameters."}
04-04 12:05:45.103 638 717 I appium : channel read invoked!
04-04 12:05:45.103 638 717 I appium : channel read: GET /wd/hub/session/e42f59eb-4d3b-4a3e-969d-622e533298fb/screenshot
04-04 12:05:45.103 638 717 I appium : Capture screenshot command
04-04 12:05:45.587 638 717 I appium : AppiumResponse: {"sessionId":"e42f59eb-4d3b-4a3e-969d-622e533298fb","status":0,"value":"iVBORw0KGgoAAAANSUhEUgAABDgAAAeACAIAAACkA3BdAAAAA3NCSVQICAjb4U\/gAAAgAElEQVR4\nnOzdd0BT5\/oH8Dc7IYOw9xZUnDhBcdWtrdZdbe24bW\/n73bZ3va23u5129txb8fttNu6R917oyIq\nSwRk7x3CyM75\/REbDgmEAEk44PfzV3JyzskLxnCe877P87Bk935IAAAAAAAAmITd1wMAAAAAAACw\nhEAFAAAAAAAYB4EKAAAAAAAwDgIVAAAAAABgHAQqAAAAAADAOAhUAAAAAACAcRCoAAAAAAAA4yBQ\nAQAAAAAAxkGgAgAAAAAAjINABQAAAAAAGAeBCgAAAAAAMA4CFQAAAAAAYBwEKgAAAAAAwDgIVAAG\noAC55JnbJ8QGe3f3wMGBns\/cPmFokJczRgUAAwObxbJ\/Zw67GzsDANAhUAEYgNZMGfbq8ikrE4Z2\n53KCsFhkyYTBry6f8vyieKcNDQD6txBv2dUPHnzwtlH27PzSkkln37rP193N2aMCgAGJ29cD6PdY\nLBLm7R7hJxcLeO22ExZFKIunHW7s1iEURWqUrddKa5vVWqf8PDAg5FbUs1gkNsRbyOOptDo7jxLy\nuOMHBbJY5EZlg1OHBwDn3r5vWPfnPO2UVlQ95Z8\/O+PMQZ7SPS+uDPNx\/\/e9swQ87hcHU2zsvH5Z\n4rpFEwkhe19adcd7mysVLc4YEgAMYEwMVKQivvlxk4rRl+NcDvueKcP\/b\/64IE+piO+KX6aRohqa\n1edzy5749mBDi9oF7wj9UVJOGSEkNshbyOPYH6jwuZzhIT6EkLPZpU4cHAAQ4rwohRAyMszXSWfe\n8fzycB93QgiLRd5dM53HYX+6L7nDPV9fOeXphRNMj2MCPLevWzbplZ+cNCoAGKj6LFBhs1hcDpvD\nZsndhGIhz0Ms5HM5MjdBhzsrWzVavaGhRd2i1ilaNQajUW8wGimqw51daXxUwBurprp3MmxnYLNY\nXlLRwjGD\/J4Tz3zjN5e974AhEfI9JEIWIU0qraJV3ZsPkYjPFfK4zAwXa5StVwqq4iL8Aj0k9o9w\nfFSAv1ysNxjTi2ucOjwA6Kf+tSvp60cWmNNO3lg1lcdlf7j7gsVub9017f\/mjzM\/NRipD6z2AQDo\nkqsDFRaLiAV8T4lQLhZKhXwRn8vjcro8yhTAeMvcCCF6g7FVo2vW6BqaVQ0t6ma1tg8DlqcXTnBl\nlEI3wmk3zAawIE\/pm6umzhkVyWaxMkpqtl24vvlcVs8iDQ+x8NUVU8J8ZE9tOFxcq3T4UHtv16Wc\nuAi\/GcPDMktr7Txk8fgYQkhyXkV9s8qZQwOANu73\/duBZ2v88TkHns3a1vPXBTzO5w\/OM+e\/rV+W\nKOBy395+1vSUxSLv3T3j0dljzIcYjNSjX+\/fcTHbqQMDgAHJpYGKr7tblJ+HTCRgsQirW0m+NFwO\nW+YmkLkJAuRiiiJKlSa\/SlHV2DcrX6cODemT9yWE8DldB3hg4b27Z9wxNtr00ZsYHTh+UMBjc8Y8\nteHwyWvF3ToPj8N+Zdnk+6aPYBHW94\/fvvCdTRq9wSkj7oVdyTmvrZhyx7jozw60LSJ3E\/AifNzN\nTy1imHumDieE\/HEp12WDBIB+59fTmVw2+9MH5pj\/jL+wOJ7PZb+6+TSLRT5cO\/OhmaPNO1MU+b\/v\nD25OyuqbsQJAP+f0QIXFIhIh30siCvaSSkWOnHxgsVgsFpGLhWMi\/ZtUmtK6prpmlYsnWNxoCfTj\nX9yQU1HP47BXTYr966zRI8J8u1XAsTNKlWb3pdxP9ibnVtQTQpLfeyAmwJMQ4ohzdxuHzRIL+D4y\nt1AfWWyQd7ive6CHVC4WmvJz1Dq9okVdpWgpqFZkl9cXVCtqlK1KlcZg7PtFeiazRoTTf29sFivC\nV77j+eX7r+R9dyw1KafMnnQOuVj498XxD8wYZfr3HR8VsPHpO9d+trtFbW8qiLNx2KxAT2mwl6yu\nSRUfHfTOmunubgJfmZjP7bjKX5Na29Cs5nM5bBaLokhVY4u\/XFzbpNIbjC4eOQD0Cz+eTBfwuP+6\n5zbzN+rTCyfwuByxgHf\/9JHm3SiKPLXh0K+nM3v\/jsvjh1hv3Hr+eu\/PDABM5txAhcthDw7w9HEX\nOzvRXCoSDA0WqLT6msaW7Ir6PrzA0hmMv57JOJ5Z9NDMUU\/OG8e3Y2GbDWlF1a\/8fvLijXKVVu+o\nEfaYgMvxlYvHRPjPHBHuI3PLr1KkFVXvvpRb16Rq1egoQtz4XC+pKMRLNjTYe0J0oLJVezqr+FxO\nWXVjCxPGT9oHlmYcNuv2sYMShwSfyyl7c+uZazYXSkmE\/DdWTV07dbg5CjUYqZ3JOTo9U67px0b6\n3z52ULCXzLwocdrQ0NqmVhuHSIV8qZAf7CUjhKh1ursmx84aGVFYrdhz+UYGklUAXOXKvx6M9JP3\n4MC8qoYxL3zv8PHY9vWRKzwO+501081bnpg7lr4DRZF1Px\/98WS6iwcGTODsJYi94djFluBszoof\nuBy2r7s4NsjLnhQURxHxuaE+7gEekqyyuqrGlr4KVyiKlNU3vb7lzKHUgjfvmjY63I\/H6V6\/Gooi\ntU2tm85lvbvjHBPKELNZLJmbYFyk\/\/y4KD6Xcz637Gphda2yVaXVa3R6vfFmYQM2i8WtYqcWVR\/L\nKPKUCEeE+k6MDoyPCTqWUXQ6q0Sp0jD5Dr1cLFwQFzVzRPjXh6\/8cCItv0phXa3BTcB7YXH8PVPa\nopQmlfbljSd+YsZfYi6HfXfisEXjY7h\/5rkW1TZqdHo7E06qG1vkYmFlQzOPww6QiwPk4nFRAVuS\nsrZfyNYx+B8OYMDoWZRCCIny83DsSOz0+cEUHpfz+sopHb760m\/Hvz161cVDYoIgT2mknzxALlFp\n9eUNTZkltWpdT27V9fI8Eb7ycVEBIj63vL7p5LVifI33L6HesuEhPu5uApVOX6tUXS2sctLVoK+7\nW7S\/Z4CHRGcwViqas0rrlCqNM96oxxwfqLBYRO4mjPSTe0vd2H3Rj5bH5QwP8fGXi\/OrFL0s69RL\nSTllaz7duWTC4CfnjQv1ltl5FEWRPSm5nx9MOZ9bxoDCZoTDZgV4SBeNix4S6JlZWpuUU1ZSq2xS\na62jDgNFGYwGjd7QpNLWNrWWNzRnlNRMjA6cMSws0k++KzmnqKaROcvAOiTgcp6cN27hmEG7L+V+\nd+wqPUveQyx8feWUe6aOMJe7MRipN7ae2XSOKWuv75s2YvH4GIr2oVG2apSt9n7jaPWGjOJq+hYe\nh7104hCpSHBrXm0AQJc+2XtRyOO8tGSSxfaXN5748tDlPhlSL0mE\/DWJw+6cEDMqzDfokf\/af6Cb\ngLfujonzRkcODfamL\/xWqjQXb1R8dfjyodQC15wncUjwK8sSJ0YHmg9XtKh\/PZP56qZTLg5XmDZ3\n4cp5nmAv2dqpwxeOidLoDPbXaB0e6vPo7DHTY0ND2l80avSG7LK6nck53x9LdUitUSGP+9TC8Qvi\nooaH+HBpN9NVWv3VwqotSVnfHUvt8iSn31jr051ers\/8cGT\/lbzuDtXxgUqgh3SoaydSrLHZLF93\nsadElFVWV1rngIpM5g93fpUi7oXv7D+wurH1q8NX\/ki58cPjt48fFNBl1kp9s+qFX45vYUzeIZvF\nCvCQ3jNlmL9ccjC14Fx2qZ05JwYj1diqUao0ZfVN+VWK28cO+suMUV8fuVLe0MzkeRVCCItFIv3k\nTy8cv3bq8PWbTm48c81IUWwW66Ulk9ZOG2H+F9QbjI9+c4A5\/1JuAt6\/7511pbDS\/sjEHpF+8n\/f\nO\/O3M5mtGqZk4AAAc7BYx
04-04 12:05:45.680 10696 10696 D wpa_supplicant: nl80211: Drv Event 34 (NL80211_CMD_NEW_SCAN_RESULTS) received for wlan0
04-04 12:05:45.680 10696 10696 D wpa_supplicant: wlan0: nl80211: New scan results available
04-04 12:05:45.680 10696 10696 D wpa_supplicant: nl80211: Scan included frequencies: 2412 2417 2422 2427 2432 2437 2442 2447 2452 2457 2462 5180 5200 5220 5240 5260 5280 5300 5320 5500 5520 5540 5560 5580 5600 5620 5640 5660 5680 5700 5745 5765 5785 5805 5825
04-04 12:05:45.680 10696 10696 D wpa_supplicant: wlan0: Event SCAN_RESULTS (3) received
04-04 12:05:45.681 10696 10696 I wpa_supplicant: Got an original EVENT_SCAN_RESULTS
04-04 12:05:45.681 10696 10696 D wpa_supplicant: wlan0: Scan completed in 1.887717 seconds
04-04 12:05:45.681 10696 10696 D wpa_supplicant: nl80211: Received scan results (51 BSSes)
04-04 12:05:45.682 10696 10696 I wpa_supplicant: [NULL] 88:41:fc:54:ba:7b freq=5200 level=-30
04-04 12:05:45.682 1278 1298 D Tethering: interfaceLinkStateChanged wlan0, false
04-04 12:05:45.682 10696 10696 I wpa_supplicant: [NULL] fc:b4:e6:4f:a8:76 freq=5180 level=-39
04-04 12:05:45.682 1278 1298 D Tethering: interfaceStatusChanged wlan0, false
04-04 12:05:45.682 10696 10696 I wpa_supplicant: [NULL] 48:8d:36:d5:c1:c5 freq=5260 level=-44
04-04 12:05:45.682 10696 10696 I wpa_supplicant: [NULL] 4c:09:d4:96:08:a7 freq=5500 level=-45
04-04 12:05:45.682 10696 10696 I wpa_supplicant: [NULL] d4:7b:b0:bf:7e:b9 freq=5280 level=-47
04-04 12:05:45.682 10696 10696 I wpa_supplicant: [NULL] a0:b5:49:00:07:80 freq=5500 level=-47
04-04 12:05:45.682 10696 10696 I wpa_supplicant: [NULL] d8:fb:5e:72:56:39 freq=5500 level=-48
04-04 12:05:45.682 10696 10696 I wpa_supplicant: [NULL] d4:7b:b0:d6:08:89 freq=5500 level=-48
04-04 12:05:45.682 10696 10696 I wpa_supplicant: [NULL] b4:ee:b4:91:ac:ea freq=5560 level=-49
04-04 12:05:45.682 10696 10696 I wpa_supplicant: [NULL] 78:29:ed:51:07:79 freq=5280 level=-49
04-04 12:05:45.682 10696 10696 I wpa_supplicant: [NULL] a8:d3:f7:d9:bc:4d freq=5180 level=-50
04-04 12:05:45.682 10696 10696 I wpa_supplicant: [NULL] 7c:b7:33:1e:f7:3a freq=5500 level=-56
04-04 12:05:45.682 10696 10696 I wpa_supplicant: [NULL] b4:ee:b4:81:cf:06 freq=5180 level=-58
04-04 12:05:45.682 10696 10696 I wpa_supplicant: [NULL] d8:fb:5e:97:83:59 freq=5200 level=-58
04-04 12:05:45.682 10696 10696 I wpa_supplicant: [NULL] 7c:b7:33:c5:fd:1a freq=5280 level=-60
04-04 12:05:45.682 10696 10696 I wpa_supplicant: [NULL] d4:63:fe:af:d8:74 freq=5180 level=-61
04-04 12:05:45.682 10696 10696 I wpa_supplicant: [NULL] e0:51:63:0a:85:08 freq=5180 level=-61
04-04 12:05:45.682 10696 10696 I wpa_supplicant: [NULL] d8:fb:5e:ac:e8:c9 freq=5520 level=-63
04-04 12:05:45.682 10696 10696 I wpa_supplicant: [NULL] 74:d0:2b:42:7d:e4 freq=5180 level=-65
04-04 12:05:45.682 10696 10696 I wpa_supplicant: [NULL] b4:ee:b4:82:01:3a freq=5180 level=-65
04-04 12:05:45.682 10696 10696 I wpa_supplicant: [NULL] b4:ee:b4:d2:4c:6d freq=5180 level=-67
04-04 12:05:45.682 10696 10696 I wpa_supplicant: [NULL] 48:8d:36:d5:d8:05 freq=5320 level=-67
04-04 12:05:45.682 10696 10696 I wpa_supplicant: [NULL] b4:ee:b4:91:ac:d9 freq=2422 level=-46
04-04 12:05:45.682 10696 10696 I wpa_supplicant: [NULL] e0:51:63:13:51:7b freq=5180 level=-69
04-04 12:05:45.682 10696 10696 I wpa_supplicant: [NULL] 64:66:b3:a4:21:36 freq=5240 level=-71
04-04 12:05:45.682 10696 10696 I wpa_supplicant: [NULL] b4:ee:b4:60:fb:cf freq=5560 level=-72
04-04 12:05:45.682 10696 10696 I wpa_supplicant: [NULL] 08:62:66:e7:03:2c freq=5180 level=-75
04-04 12:05:45.682 10696 10696 I wpa_supplicant: [NULL] 18:28:61:24:10:de freq=5180 level=-54
04-04 12:05:45.682 10696 10696 I wpa_supplicant: [NULL] 12:09:0f:fd:8f:00 freq=5220 level=-67
04-04 12:05:45.682 10696 10696 I wpa_supplicant: [NULL] 22:09:0f:fd:8f:00 freq=5220 level=-68
04-04 12:05:45.682 10696 10696 I wpa_supplicant: [NULL] 00:09:0f:fd:8f:00 freq=5220 level=-68
04-04 12:05:45.682 10696 10696 I wpa_supplicant: [NULL] 48:8d:36:d5:c1:ca freq=2412 level=-30
04-04 12:05:45.682 10696 10696 I wpa_supplicant: [NULL] 48:8d:36:d5:c1:cb freq=2412 level=-30
04-04 12:05:45.682 10696 10696 I wpa_supplicant: [NULL] fc:b4:e6:4f:a8:65 freq=2427 level=-33
04-04 12:05:45.682 10696 10696 I wpa_supplicant: [NULL] 78:29:ed:51:07:70 freq=2412 level=-39
04-04 12:05:45.682 10696 10696 I wpa_supplicant: [NULL] d4:7b:b0:bf:7e:b0 freq=2437 level=-40
04-04 12:05:45.682 10696 10696 I wpa_supplicant: [NULL] a0:b5:49:00:07:89 freq=2412 level=-42
04-04 12:05:45.682 10696 10696 I wpa_supplicant: [NULL] 88:41:fc:54:ba:7a freq=2412 level=-42
04-04 12:05:45.682 10696 10696 I wpa_supplicant: [NULL] a8:d3:f7:d9:bc:3c freq=2412 level=-42
04-04 12:05:45.682 10696 10696 I wpa_supplicant: [NULL] e0:51:63:0a:84:f7 freq=2412 level=-45
04-04 12:05:45.682 10696 10696 I wpa_supplicant: [NULL] d8:fb:5e:72:56:30 freq=2457 level=-46
04-04 12:05:45.682 10696 10696 I wpa_supplicant: [NULL] 00:09:0f:fd:8f:07 freq=2427 level=-47
04-04 12:05:45.682 10696 10696 I wpa_supplicant: [NULL] 32:09:0f:fd:8f:07 freq=2427 level=-47
04-04 12:05:45.682 10696 10696 I wpa_supplicant: [NULL] 4c:09:d4:96:08:96 freq=2462 level=-50
04-04 12:05:45.682 10696 10696 I wpa_supplicant: [NULL] d4:7b:b0:30:d1:52 freq=2462 level=-51
04-04 12:05:45.682 10696 10696 I wpa_supplicant: [NULL] 64:66:b3:a4:21:37 freq=2462 level=-53
04-04 12:05:45.682 10696 10696 I wpa_supplicant: [NULL] d8:fb:5e:97:83:50 freq=2442 level=-56
04-04 12:05:45.682 10696 10696 I wpa_supplicant: [NULL] 7c:b7:33:1e:fa:3c freq=5500 level=-79
04-04 12:05:45.682 10696 10696 I wpa_supplicant: [NULL] 7c:b7:33:9b:81:a6 freq=5180 level=-88
04-04 12:05:45.682 10696 10696 I wpa_supplicant: [NULL] fc:ec:da:2c:a4:d8 freq=5680 level=-84
04-04 12:05:45.682 10696 10696 I wpa_supplicant: [NULL] 64:00:2d:00:b1:50 freq=2412 level=-59
04-04 12:05:45.682 10696 10696 D wpa_supplicant: wlan0: BSS: Start scan result update 457
04-04 12:05:45.683 10696 10696 D wpa_supplicant: BSS: Remove ID 246 BSSID d4:7b:b0:d6:08:80 SSID 'v2krzysio-vlanid1' due to no match in scan
04-04 12:05:45.683 10696 10696 D wpa_supplicant: BSS: Remove ID 236 BSSID 64:00:2d:00:00:e4 SSID 'my-0000E4' due to no match in scan
04-04 12:05:45.683 10696 10696 D wpa_supplicant: BSS: last_scan_res_used=51/64
04-04 12:05:45.683 10696 10696 D wpa_supplicant: wlan0: Scan-only results received
04-04 12:05:45.684 1278 1352 D WifiStateMachine: [MLHD] enter handleMediaLinkEvent SupplicantStartedState
04-04 12:05:45.684 10696 10696 D wpa_supplicant: wlan0: Radio work 'scan'@0xb78b80a8 done in 1.891821 seconds
04-04 12:05:45.684 10696 10696 D wpa_supplicant: wlan0: Control interface command 'LIST_DONGLES'
04-04 12:05:45.684 10696 10696 D wpa_supplicant: Wireless event: cmd=0x8b19 len=8
04-04 12:05:45.684 10696 10696 D wpa_supplicant: RTM_NEWLINK: ifi_index=24 ifname=wlan0 wext ifi_family=0 ifi_flags=0x1003 ([UP])
04-04 12:05:45.685 1278 1352 W ContextImpl: Calling a method in the system process without a qualified user: android.app.ContextImpl.sendBroadcast:771 com.android.server.wifi.WifiStateMachine.sendDongleScanResultsAvailableBroadcast:13976 com.android.server.wifi.WifiStateMachine.handleMediaLinkEvent:14140 com.android.server.wifi.WifiStateMachine.access$2700:253 com.android.server.wifi.WifiStateMachine$SupplicantStartedState.processMessage:8317
04-04 12:05:45.685 1278 1382 D WirelessDisplayService: getDiscoveryDongleList
04-04 12:05:45.692 10696 10696 D wpa_supplicant: wlan0: Control interface command 'BSS RANGE=0- MASK=0x29d87'
04-04 12:05:45.693 10696 10696 D wpa_supplicant: wlan0: Control interface command 'BSS RANGE=60- MASK=0x29d87'
04-04 12:05:45.695 10696 10696 D wpa_supplicant: wlan0: Control interface command 'BSS RANGE=63- MASK=0x29d87'
04-04 12:05:45.697 10696 10696 D wpa_supplicant: wlan0: Control interface command 'BSS RANGE=68- MASK=0x29d87'
04-04 12:05:45.698 10696 10696 D wpa_supplicant: wlan0: Control interface command 'BSS RANGE=71- MASK=0x29d87'
04-04 12:05:45.700 10696 10696 D wpa_supplicant: wlan0: Control interface command 'BSS RANGE=76- MASK=0x29d87'
04-04 12:05:45.701 10696 10696 D wpa_supplicant: wlan0: Control interface command 'BSS RANGE=81- MASK=0x29d87'
04-04 12:05:45.703 10696 10696 D wpa_supplicant: wlan0: Control interface command 'BSS RANGE=95- MASK=0x29d87'
04-04 12:05:45.704 10696 10696 D wpa_supplicant: wlan0: Control interface command 'BSS RANGE=107- MASK=0x29d87'
04-04 12:05:45.706 10696 10696 D wpa_supplicant: wlan0: Control interface command 'BSS RANGE=170- MASK=0x29d87'
04-04 12:05:45.708 10696 10696 D wpa_supplicant: wlan0: Control interface command 'BSS RANGE=204- MASK=0x29d87'
04-04 12:05:45.709 10696 10696 D wpa_supplicant: wlan0: Control interface command 'BSS RANGE=241- MASK=0x29d87'
04-04 12:05:45.711 10696 10696 D wpa_supplicant: wlan0: Control interface command 'BSS RANGE=252- MASK=0x29d87'
04-04 12:05:45.727 1278 1352 D WifiConfigStore: "Ernest-SGv1-5"WPA_PSK- skip by invalid rssi
04-04 12:05:45.727 1278 1352 D WifiConfigStore: "Ernest-SGv1-24"WPA_PSK- skip by invalid rssi
04-04 12:05:45.727 1278 1352 D WifiConfigStore: "Ernest-v1-24"WPA_PSK- skip by invalid rssi
04-04 12:05:45.727 1278 1352 D WifiConfigStore: "Internet-Box-krzysioSL"WPA_PSK- skip by invalid rssi
04-04 12:05:45.728 10696 10696 D wpa_supplicant: wlan0: Control interface command 'STATUS-NO_EVENTS'
04-04 12:05:45.728 10696 10696 D wpa_supplicant: EAPOL: EAP Session-Id not available
04-04 12:05:45.729 1278 1278 D WifiNotificationController: setNotificationVisible visible = true, mLowSignalNWs = 1
04-04 12:05:45.730 1278 1382 D WirelessDisplayService: getDiscoveryDongleList
04-04 12:05:45.730 864 864 D HtcWifiTracker: onReceive(), action:android.net.wifi.SCAN_RESULTS
04-04 12:05:45.730 1278 2863 D PMS : acquireWL(d465d71): PARTIAL_WAKE_LOCK NlpWakeLock 0x1 2255 10011 WorkSource{10011 com.google.android.gms}
04-04 12:05:45.730 2255 2255 D WifiManager: getScanResults: Base Package Name=com.google.android.gms, uid=10011
04-04 12:05:45.730 2255 2831 D WifiManager: getScanResults: Base Package Name=com.google.android.gms, uid=10011
04-04 12:05:45.736 1278 2889 D PMS : releaseWL(d465d71): PARTIAL_WAKE_LOCK NlpWakeLock 0x1 WorkSource{10011 com.google.android.gms}
04-04 12:05:45.742 1278 4783 D PMS : acquireWL(dd46756): PARTIAL_WAKE_LOCK CMWakeLock 0x1 2255 10011 WorkSource{10011 com.google.android.gms}
04-04 12:05:45.747 864 1587 D HtcAccessPoint: ssid:Ernest-SGv1-5, bssid:null, security:2, networkid:1, signIn:2
04-04 12:05:45.747 864 1587 D HtcAccessPoint: ssid:Ernest-SGv1-24, bssid:null, security:2, networkid:0, signIn:2
04-04 12:05:45.747 864 1587 D HtcAccessPoint: ssid:Ernest-v1-24, bssid:null, security:2, networkid:3, signIn:2
04-04 12:05:45.747 864 1587 D HtcAccessPoint: ssid:Internet-Box-krzysioSL, bssid:null, security:2, networkid:2, signIn:2
04-04 12:05:45.747 864 1587 D WifiManager: getScanResults: Base Package Name=com.android.settings, uid=1000
04-04 12:05:45.750 1278 2863 D PMS : releaseWL(dd46756): PARTIAL_WAKE_LOCK CMWakeLock 0x1 WorkSource{10011 com.google.android.gms}
04-04 12:05:45.751 864 1587 D WifiManagerWrapper: calculateSignalLevel called
04-04 12:05:45.751 864 1587 D WifiManagerWrapper: calculateSignalLevel called
04-04 12:05:45.755 864 1587 D WifiManagerWrapper: calculateSignalLevel called
04-04 12:05:45.756 864 1587 D AccessPointPreference: summary : Internet-Box-v3-5, Secured with WPA2 (WPS available)
04-04 12:05:45.756 864 1587 D WifiManagerWrapper: calculateSignalLevel called
04-04 12:05:45.756 864 1587 D WifiManagerWrapper: calculateSignalLevel called
04-04 12:05:45.756 864 1587 D WifiManagerWrapper: calculateSignalLevel called
04-04 12:05:45.757 864 1587 D AccessPointPreference: summary : AppiumAutotests, Secured with WPA2 (WPS available)
04-04 12:05:45.757 864 1587 D WifiManagerWrapper: calculateSignalLevel called
04-04 12:05:45.757 864 1587 D WifiManagerWrapper: calculateSignalLevel called
04-04 12:05:45.757 864 1587 D WifiManagerWrapper: calculateSignalLevel called
04-04 12:05:45.758 864 1587 D AccessPointPreference: summary : SGv2-Michal-2G-CH7, Secured with WPA/WPA2 (WPS available)
04-04 12:05:45.758 864 1587 D WifiManagerWrapper: calculateSignalLevel called
04-04 12:05:45.758 864 1587 D WifiManagerWrapper: calculateSignalLevel called
04-04 12:05:45.758 864 1587 D WifiManagerWrapper: calculateSignalLevel called
04-04 12:05:45.758 864 1587 D AccessPointPreference: summary : Internet-Box-v3, Secured with WPA2 (WPS available)
04-04 12:05:45.758 864 1587 D WifiManagerWrapper: calculateSignalLevel called
04-04 12:05:45.758 864 1587 D WifiManagerWrapper: calculateSignalLevel called
04-04 12:05:45.758 864 1587 D WifiManagerWrapper: calculateSignalLevel called
04-04 12:05:45.759 864 1587 D AccessPointPreference: summary : Internet-Box-krzysioSL2, Secured with WPA2 (WPS available)
04-04 12:05:45.759 864 1587 D WifiManagerWrapper: calculateSignalLevel called
04-04 12:05:45.759 864 1587 D WifiManagerWrapper: calculateSignalLevel called
04-04 12:05:45.759 864 1587 D WifiManagerWrapper: calculateSignalLevel called
04-04 12:05:45.759 864 1587 D AccessPointPreference: summary : Starlite-2.4GHz, Secured with WPA2 (WPS available)
04-04 12:05:45.759 864 1587 D WifiManagerWrapper: calculateSignalLevel called
04-04 12:05:45.759 864 1587 D WifiManagerWrapper: calculateSignalLevel called
04-04 12:05:45.759 864 1587 D WifiManagerWrapper: calculateSignalLevel called
04-04 12:05:45.759 864 1587 D AccessPointPreference: summary : Starlite-5GHz, Secured with WPA2 (WPS available)
04-04 12:05:45.759 864 1587 D WifiManagerWrapper: calculateSignalLevel called
04-04 12:05:45.759 864 1587 D WifiManagerWrapper: calculateSignalLevel called
04-04 12:05:45.759 864 1587 D WifiManagerWrapper: calculateSignalLevel called
04-04 12:05:45.760 864 1587 D AccessPointPreference: summary : AppiumPjonteczka, Secured with WPA2 (WPS available)
04-04 12:05:45.760 864 1587 D WifiManagerWrapper: calculateSignalLevel called
04-04 12:05:45.760 864 1587 D WifiManagerWrapper: calculateSignalLevel called
04-04 12:05:45.760 864 1587 D WifiManagerWrapper: calculateSignalLevel called
04-04 12:05:45.760 864 1587 D AccessPointPreference: summary : visitor-35703, Secured with WPA2
04-04 12:05:45.760 864 1587 D WifiManagerWrapper: calculateSignalLevel called
04-04 12:05:45.760 864 1587 D WifiManagerWrapper: calculateSignalLevel called
04-04 12:05:45.760 864 1587 D WifiManagerWrapper: calculateSignalLevel called
04-04 12:05:45.760 864 1587 D AccessPointPreference: summary : vestiacom_guest_5, Secured with WPA2 (WPS available)
04-04 12:05:45.760 864 1587 D WifiManagerWrapper: calculateSignalLevel called
04-04 12:05:45.761 864 1587 D WifiManagerWrapper: calculateSignalLevel called
04-04 12:05:45.763 864 1587 D WifiManagerWrapper: calculateSignalLevel called
04-04 12:05:45.764 864 1587 D AccessPointPreference: summary : wifi_main, Secured with 802.1x
04-04 12:05:45.764 864 1587 D WifiManagerWrapper: calculateSignalLevel called
04-04 12:05:45.764 864 1587 D WifiManagerWrapper: calculateSignalLevel called
04-04 12:05:45.764 864 1587 D WifiManagerWrapper: calculateSignalLevel called
04-04 12:05:45.764 864 1587 D AccessPointPreference: summary : MobileTest-24, Secured with WPA2 (WPS available)
04-04 12:05:45.764 864 1587 D WifiManagerWrapper: calculateSignalLevel called
04-04 12:05:45.764 864 1587 D WifiManagerWrapper: calculateSignalLevel called
04-04 12:05:45.764 864 1587 D WifiManagerWrapper: calculateSignalLevel called
04-04 12:05:45.764 864 1587 D AccessPointPreference: summary : Dzbanek-v1, Secured with WPA2 (WPS available)
04-04 12:05:45.764 864 1587 D WifiManagerWrapper: calculateSignalLevel called
04-04 12:05:45.764 864 1587 D WifiManagerWrapper: calculateSignalLevel called
04-04 12:05:45.765 864 1587 D WifiManagerWrapper: calculateSignalLevel called
04-04 12:05:45.765 864 1587 D AccessPointPreference: summary : IBv2-SK, Secured with WPA2 (WPS available)
04-04 12:05:45.765 864 1587 D WifiManagerWrapper: calculateSignalLevel called
04-04 12:05:45.765 864 1587 D WifiManagerWrapper: calculateSignalLevel called
04-04 12:05:45.765 864 1587 D WifiManagerWrapper: calculateSignalLevel called
04-04 12:05:45.765 864 1587 D AccessPointPreference: summary : vestiacom_izolatka_5, Secured with 802.1x
04-04 12:05:45.765 864 1587 D WifiManagerWrapper: calculateSignalLevel called
04-04 12:05:45.765 864 1587 D WifiManagerWrapper: calculateSignalLevel called
04-04 12:05:45.765 864 1587 D WifiManagerWrapper: calculateSignalLevel called
04-04 12:05:45.765 864 1587 D AccessPointPreference: summary : wifi_main, Secured with 802.1x
04-04 12:05:45.765 864 1587 D WifiManagerWrapper: calculateSignalLevel called
04-04 12:05:45.765 864 1587 D WifiManagerWrapper: calculateSignalLevel called
04-04 12:05:45.766 864 1587 D WifiManagerWrapper: calculateSignalLevel called
04-04 12:05:45.766 864 1587 D AccessPointPreference: summary : Internet-Box-Irek-5GHz, Secured with WPA/WPA2 (WPS available)
04-04 12:05:45.766 864 1587 D WifiManagerWrapper: calculateSignalLevel called
04-04 12:05:45.766 864 1587 D WifiManagerWrapper: calculateSignalLevel called
04-04 12:05:45.766 864 1587 D WifiManagerWrapper: calculateSignalLevel called
04-04 12:05:45.766 864 1587 D AccessPointPreference: summary : MobileTest-5, Secured with WPA2 (WPS available)
04-04 12:05:45.766 864 1587 D WifiManagerWrapper: calculateSignalLevel called
04-04 12:05:45.766 864 1587 D WifiManagerWrapper: calculateSignalLevel called
04-04 12:05:45.766 864 1587 D WifiManagerWrapper: calculateSignalLevel called
04-04 12:05:45.767 864 1587 D AccessPointPreference: summary : WLAN_Repeater_N263, Secured with WPA2 (WPS available)
04-04 12:05:45.767 864 1587 D WifiManagerWrapper: calculateSignalLevel called
04-04 12:05:45.767 864 1587 D WifiManagerWrapper: calculateSignalLevel called
04-04 12:05:45.767 864 1587 D WifiManagerWrapper: calculateSignalLevel called
04-04 12:05:45.767 864 1587 D AccessPointPreference: summary : Eniro, Secured with 802.1x
04-04 12:05:45.767 864 1587 D WifiManagerWrapper: calculateSignalLevel called
04-04 12:05:45.767 864 1587 D WifiManagerWrapper: calculateSignalLevel called
04-04 12:05:45.767 864 1587 D WifiManagerWrapper: calculateSignalLevel called
04-04 12:05:45.768 864 1587 D AccessPointPreference: summary : Internet-Box-Irek-5GHz, Secured with WPA/WPA2 (WPS available)
04-04 12:05:45.768 864 1587 D WifiManagerWrapper: calculateSignalLevel called
04-04 12:05:45.768 864 1587 D WifiManagerWrapper: calculateSignalLevel called
04-04 12:05:45.768 864 1587 D WifiManagerWrapper: calculateSignalLevel called
04-04 12:05:45.770 864 1587 D AccessPointPreference: summary : netia_izolatka, Secured with WPA2 (WPS available)
04-04 12:05:45.770 864 1587 D WifiManagerWrapper: calculateSignalLevel called
04-04 12:05:45.770 864 1587 D WifiManagerWrapper: calculateSignalLevel called
04-04 12:05:45.770 864 1587 D WifiManagerWrapper: calculateSignalLevel called
04-04 12:05:45.770 864 1587 D AccessPointPreference: summary : Internet-Box-IIIII, Secured with WPA2 (WPS available)
04-04 12:05:45.770 864 1587 D WifiManagerWrapper: calculateSignalLevel called
04-04 12:05:45.770 864 1587 D WifiManagerWrapper: calculateSignalLevel called
04-04 12:05:45.771 864 1587 D WifiManagerWrapper: calculateSignalLevel called
04-04 12:05:45.771 864 1587 D AccessPointPreference: summary : v1krzysio, Secured with WPA2 (WPS available)
04-04 12:05:45.771 864 1587 D WifiManagerWrapper: calculateSignalLevel called
04-04 12:05:45.771 864 1587 D WifiManagerWrapper: calculateSignalLevel called
04-04 12:05:45.771 864 1587 D WifiManagerWrapper: calculateSignalLevel called
04-04 12:05:45.771 864 1587 D AccessPointPreference: summary : v2krzysio-vlanid1, Secured with WPA2 (WPS available)
04-04 12:05:45.771 864 1587 D WifiManagerWrapper: calculateSignalLevel called
04-04 12:05:45.771 864 1587 D WifiManagerWrapper: calculateSignalLevel called
04-04 12:05:45.772 864 1587 D WifiManagerWrapper: calculateSignalLevel called
04-04 12:05:45.772 864 1587 D AccessPointPreference: summary : Ernest-sl-24, Secured with WPA2 (WPS available)
04-04 12:05:45.772 864 1587 D WifiManagerWrapper: calculateSignalLevel called
04-04 12:05:45.772 864 1587 D WifiManagerWrapper: calculateSignalLevel called
04-04 12:05:45.772 864 1587 D WifiManagerWrapper: calculateSignalLevel called
04-04 12:05:45.774 864 1587 D AccessPointPreference: summary : Internet-Box-Karol, Secured with WPA2 (WPS available)
04-04 12:05:45.774 864 1587 D WifiManagerWrapper: calculateSignalLevel called
04-04 12:05:45.774 864 1587 D WifiManagerWrapper: calculateSignalLevel called
04-04 12:05:45.774 864 1587 D WifiManagerWrapper: calculateSignalLevel called
04-04 12:05:45.774 864 1587 D AccessPointPreference: summary : SL-SK, Secured with WPA2 (WPS available)
04-04 12:05:45.775 864 1587 D WifiManagerWrapper: calculateSignalLevel called
04-04 12:05:45.775 864 1587 D WifiManagerWrapper: calculateSignalLevel called
04-04 12:05:45.775 864 1587 D WifiManagerWrapper: calculateSignalLevel called
04-04 12:05:45.775 864 1587 D AccessPointPreference: summary : my-00B150,
04-04 12:05:45.775 864 1587 D WifiManagerWrapper: calculateSignalLevel called
04-04 12:05:45.777 864 1587 D WifiManagerWrapper: calculateSignalLevel called
04-04 12:05:45.777 864 1587 D WifiManagerWrapper: calculateSignalLevel called
04-04 12:05:45.777 864 1587 D AccessPointPreference: summary : Internet-Box-82451, Secured with WPA2 (WPS available)
04-04 12:05:45.777 864 1587 D WifiManagerWrapper: calculateSignalLevel called
04-04 12:05:45.777 864 1587 D WifiManagerWrapper: calculateSignalLevel called
04-04 12:05:45.777 864 1587 D WifiManagerWrapper: calculateSignalLevel called
04-04 12:05:45.780 864 1587 D AccessPointPreference: summary : SL-SK, Secured with WPA2 (WPS available)
04-04 12:05:45.780 864 1587 D WifiManagerWrapper: calculateSignalLevel called
04-04 12:05:45.780 864 1587 D WifiManagerWrapper: calculateSignalLevel called
04-04 12:05:45.780 864 1587 D WifiManagerWrapper: calculateSignalLevel called
04-04 12:05:45.781 864 1587 D AccessPointPreference: summary : SGv2-Michal-5G-CH40, Secured with WPA/WPA2 (WPS available)
04-04 12:05:45.781 864 1587 D WifiManagerWrapper: calculateSignalLevel called
04-04 12:05:45.781 864 1587 D WifiManagerWrapper: calculateSignalLevel called
04-04 12:05:45.781 864 1587 D WifiManagerWrapper: calculateSignalLevel called
04-04 12:05:45.781 864 1587 D AccessPointPreference: summary : HAE-7days, Secured with WPA2 (WPS available)
04-04 12:05:45.781 864 1587 D WifiManagerWrapper: calculateSignalLevel called
04-04 12:05:45.781 864 1587 D WifiManagerWrapper: calculateSignalLevel called
04-04 12:05:45.781 864 1587 D WifiManagerWrapper: calculateSignalLevel called
04-04 12:05:45.782 864 1587 D AccessPointPreference: summary : Internet-Box-Weronika, Secured with WPA2
04-04 12:05:45.782 864 1587 D WifiManagerWrapper: calculateSignalLevel called
04-04 12:05:45.782 864 1587 D WifiManagerWrapper: calculateSignalLevel called
04-04 12:05:45.782 864 1587 D WifiManagerWrapper: calculateSignalLevel called
04-04 12:05:45.782 864 1587 D AccessPointPreference: summary : Eniro, Secured with 802.1x
04-04 12:05:45.782 864 1587 D WifiManagerWrapper: calculateSignalLevel called
04-04 12:05:45.782 864 1587 D WifiManagerWrapper: calculateSignalLevel called
04-04 12:05:45.782 864 1587 D WifiManagerWrapper: calculateSignalLevel called
04-04 12:05:45.783 864 1587 D AccessPointPreference: summary : IBv2-SK, Secured with WPA2 (WPS available)
04-04 12:05:45.783 864 1587 D WifiManagerWrapper: calculateSignalLevel called
04-04 12:05:45.783 864 1587 D WifiManagerWrapper: calculateSignalLevel called
04-04 12:05:45.783 864 1587 D WifiManagerWrapper: calculateSignalLevel called
04-04 12:05:45.785 864 1587 D AccessPointPreference: summary : netia_izolatka_5, Secured with WPA2 (WPS available)
04-04 12:05:45.785 864 1587 D WifiManagerWrapper: calculateSignalLevel called
04-04 12:05:45.785 864 1587 D WifiManagerWrapper: calculateSignalLevel called
04-04 12:05:45.785 864 1587 D WifiManagerWrapper: calculateSignalLevel called
04-04 12:05:45.787 864 1587 D AccessPointPreference: summary : v2krzysio-vlanid1, Secured with WPA2 (WPS available)
04-04 12:05:45.787 864 1587 D WifiManagerWrapper: calculateSignalLevel called
04-04 12:05:45.787 864 1587 D WifiManagerWrapper: calculateSignalLevel called
04-04 12:05:45.787 864 1587 D WifiManagerWrapper: calculateSignalLevel called
04-04 12:05:45.788 864 1587 D AccessPointPreference: summary : SGv1-Julia-5G-c6, Secured with WPA2 (WPS available)
04-04 12:05:45.788 864 1587 D WifiManagerWrapper: calculateSignalLevel called
04-04 12:05:45.788 864 1587 D WifiManagerWrapper: calculateSignalLevel called
04-04 12:05:45.788 864 1587 D WifiManagerWrapper: calculateSignalLevel called
04-04 12:05:45.788 864 1587 D AccessPointPreference: summary : monitoring_5ghz, Secured with WPA2 (WPS available)
04-04 12:05:45.788 864 1587 D WifiManagerWrapper: calculateSignalLevel called
04-04 12:05:45.788 864 1587 D WifiManagerWrapper: calculateSignalLevel called
04-04 12:05:45.789 864 1587 D WifiManagerWrapper: calculateSignalLevel called
04-04 12:05:45.789 864 1587 D AccessPointPreference: summary : Internet-Box-Artur_5GHz, Secured with WPA2 (WPS available)
04-04 12:05:45.789 864 1587 D WifiManagerWrapper: calculateSignalLevel called
04-04 12:05:45.789 864 1587 D WifiManagerWrapper: calculateSignalLevel called
04-04 12:05:45.789 864 1587 D WifiManagerWrapper: calculateSignalLevel called
04-04 12:05:45.789 864 1587 D AccessPointPreference: summary : SGv1_Irek_5Ghz, Secured with WPA2 (WPS available)
04-04 12:05:45.789 864 1587 D WifiManagerWrapper: calculateSignalLevel called
04-04 12:05:45.789 864 1587 D WifiManagerWrapper: calculateSignalLevel called
04-04 12:05:45.789 864 1587 D WifiManagerWrapper: calculateSignalLevel called
04-04 12:05:45.789 864 1587 D AccessPointPreference: summary : Internet-Box-Weronika5GHz, Secured with WPA2
04-04 12:05:45.789 864 1587 D WifiManagerWrapper: calculateSignalLevel called
04-04 12:05:45.790 864 1587 D WifiManagerWrapper: calculateSignalLevel called
04-04 12:05:45.790 864 1587 D WifiManagerWrapper: calculateSignalLevel called
04-04 12:05:45.790 864 1587 D AccessPointPreference: summary : HAE-7days, Secured with WPA2 (WPS available)
04-04 12:05:45.790 864 1587 D WifiManagerWrapper: calculateSignalLevel called
04-04 12:05:45.790 864 1587 D WifiManagerWrapper: calculateSignalLevel called
04-04 12:05:45.790 864 1587 D WifiManagerWrapper: calculateSignalLevel called
04-04 12:05:45.790 864 1587 D AccessPointPreference: summary : Internet-Box-82451_5GHz, Secured with WPA2 (WPS available)
04-04 12:05:45.790 864 1587 D WifiManagerWrapper: calculateSignalLevel called
04-04 12:05:45.790 864 1587 D WifiManagerWrapper: calculateSignalLevel called
04-04 12:05:45.790 864 1587 D WifiManagerWrapper: calculateSignalLevel called
04-04 12:05:45.791 864 1587 D AccessPointPreference: summary : v2krzysio-vlanid1, Secured with WPA2 (WPS available)
04-04 12:05:45.791 864 1587 D WifiManagerWrapper: calculateSignalLevel called
04-04 12:05:45.791 864 1587 D WifiManagerWrapper: calculateSignalLevel called
04-04 12:05:45.791 864 1587 D WifiManagerWrapper: calculateSignalLevel called
04-04 12:05:45.791 864 1587 D AccessPointPreference: summary : WLAN_Repeater_N263, Secured with WPA2 (WPS available)
04-04 12:05:45.791 864 1587 D WifiManagerWrapper: calculateSignalLevel called
04-04 12:05:45.791 864 1587 D WifiManagerWrapper: calculateSignalLevel called
04-04 12:05:45.791 864 1587 D WifiManagerWrapper: calculateSignalLevel called
04-04 12:05:45.791 864 1587 D AccessPointPreference: summary : Internet-Box-CapSel, Secured with WPA2 (WPS available)
04-04 12:05:45.791 864 1587 D WifiManagerWrapper: calculateSignalLevel called
04-04 12:05:45.791 864 1587 D WifiManagerWrapper: calculateSignalLevel called
04-04 12:05:45.792 864 1587 D WifiManagerWrapper: calculateSignalLevel called
04-04 12:05:45.792 864 1587 D AccessPointPreference: summary : Dzbanek-v1, Secured with WPA2 (WPS available)
04-04 12:05:45.792 864 1587 D WifiManagerWrapper: calculateSignalLevel called
04-04 12:05:45.792 864 1587 D WifiManagerWrapper: calculateSignalLevel called
04-04 12:05:45.792 864 1587 D WifiManagerWrapper: calculateSignalLevel called
04-04 12:05:45.792 864 1587 D AccessPointPreference: summary : Internet-Box-47068_5GHz, Secured with WPA2 (WPS available)
04-04 12:05:45.792 864 1587 D WifiManagerWrapper: calculateSignalLevel called
04-04 12:05:45.792 864 1587 D WifiManagerWrapper: calculateSignalLevel called
04-04 12:05:45.792 864 1587 D WifiManagerWrapper: calculateSignalLevel called
04-04 12:05:45.792 864 1587 D AccessPointPreference: summary : vestiacom-5g, Secured with 802.1x
04-04 12:05:45.793 864 1587 D WifiManagerWrapper: calculateSignalLevel called
04-04 12:05:45.793 864 1587 D WifiManagerWrapper: calculateSignalLevel called
04-04 12:05:45.793 864 1587 D WifiManagerWrapper: calculateSignalLevel called
04-04 12:05:45.793 864 1587 D AccessPointPreference: summary : my-0000E4,
04-04 12:05:45.793 864 1587 D WifiManagerWrapper: calculateSignalLevel called
04-04 12:05:45.793 864 1587 D WifiManagerWrapper: calculateSignalLevel called
04-04 12:05:45.793 864 1587 D WifiManagerWrapper: calculateSignalLevel called
04-04 12:05:45.793 864 1587 D AccessPointPreference: summary : v2krzysio-vlanid1, Secured with WPA2 (WPS available)
04-04 12:05:45.793 864 1587 D WifiManagerWrapper: calculateSignalLevel called
04-04 12:05:45.793 864 1587 D WifiManagerWrapper: calculateSignalLevel called
04-04 12:05:45.793 864 1587 D WifiManagerWrapper: calculateSignalLevel called
04-04 12:05:45.793 864 1587 D AccessPointPreference: summary : Ernest-sl-5, Secured with WPA2 (WPS available)
04-04 12:05:45.794 864 1587 D WifiManagerWrapper: calculateSignalLevel called
04-04 12:05:45.794 864 1587 D WifiManagerWrapper: calculateSignalLevel called
04-04 12:05:45.794 864 1587 D WifiManagerWrapper: calculateSignalLevel called
04-04 12:05:45.794 864 1587 D AccessPointPreference: summary : wb szl, Secured with WPA2
04-04 12:05:45.878 638 718 I appium : channel read invoked!
04-04 12:05:45.878 638 718 I appium : channel read: GET /wd/hub/session/e42f59eb-4d3b-4a3e-969d-622e533298fb/window/current/size
04-04 12:05:45.879 638 718 I appium : Get window size of the device
04-04 12:05:45.879 638 718 I appium : AppiumResponse: {"sessionId":"e42f59eb-4d3b-4a3e-969d-622e533298fb","status":0,"value":{"height":1776,"width":1080}}
04-04 12:05:45.894 864 864 E HtcPreference: [removeAll]:before size= 45
04-04 12:05:45.894 864 864 E HtcPreference: Thread =Thread[main,5,main]
04-04 12:05:45.894 864 864 E HtcPreference: [removeAll]:after size= 0
04-04 12:05:45.894 864 864 E HtcPreference: Thread =Thread[main,5,main]
04-04 12:05:45.894 864 864 D WifiManagerWrapper: calculateSignalLevel called
04-04 12:05:45.894 864 864 E HtcPreference: [addPreference]:before size= 0
04-04 12:05:45.895 864 864 E HtcPreference: Thread =Thread[main,5,main]
04-04 12:05:45.895 864 864 E HtcPreference: [addPreference]:after size= 1
04-04 12:05:45.895 864 864 E HtcPreference: Thread =Thread[main,5,main]
04-04 12:05:45.895 864 864 D WifiManagerWrapper: calculateSignalLevel called
04-04 12:05:45.895 864 864 E HtcPreference: [addPreference]:before size= 1
04-04 12:05:45.895 864 864 E HtcPreference: Thread =Thread[main,5,main]
04-04 12:05:45.895 864 864 E HtcPreference: [addPreference]:after size= 2
04-04 12:05:45.895 864 864 E HtcPreference: Thread =Thread[main,5,main]
04-04 12:05:45.895 864 864 D WifiManagerWrapper: calculateSignalLevel called
04-04 12:05:45.895 864 864 E HtcPreference: [addPreference]:before size= 2
04-04 12:05:45.895 864 864 E HtcPreference: Thread =Thread[main,5,main]
04-04 12:05:45.895 864 864 E HtcPreference: [addPreference]:after size= 3
04-04 12:05:45.895 864 864 E HtcPreference: Thread =Thread[main,5,main]
04-04 12:05:45.895 864 864 D WifiManagerWrapper: calculateSignalLevel called
04-04 12:05:45.895 864 864 E HtcPreference: [addPreference]:before size= 3
04-04 12:05:45.895 864 864 E HtcPreference: Thread =Thread[main,5,main]
04-04 12:05:45.895 864 864 E HtcPreference: [addPreference]:after size= 4
04-04 12:05:45.895 864 864 E HtcPreference: Thread =Thread[main,5,main]
04-04 12:05:45.895 864 864 D WifiManagerWrapper: calculateSignalLevel called
04-04 12:05:45.895 864 864 E HtcPreference: [addPreference]:before size= 4
04-04 12:05:45.895 864 864 E HtcPreference: Thread =Thread[main,5,main]
04-04 12:05:45.895 864 864 E HtcPreference: [addPreference]:after size= 5
