04-04 12:04:59.868 864 973 D WifiManagerWrapper: calculateSignalLevel called
04-04 12:04:59.869 864 973 D WifiManagerWrapper: calculateSignalLevel called
04-04 12:04:59.869 864 973 D WifiManagerWrapper: calculateSignalLevel called
04-04 12:04:59.869 864 973 D AccessPointPreference: summary : WLAN_Repeater_N263, Secured with WPA2 (WPS available)
04-04 12:04:59.869 864 973 D WifiManagerWrapper: calculateSignalLevel called
04-04 12:04:59.869 864 973 D WifiManagerWrapper: calculateSignalLevel called
04-04 12:04:59.869 864 973 D WifiManagerWrapper: calculateSignalLevel called
04-04 12:04:59.869 864 973 D AccessPointPreference: summary : Internet-Box-CapSel, Secured with WPA2 (WPS available)
04-04 12:04:59.869 864 973 D WifiManagerWrapper: calculateSignalLevel called
04-04 12:04:59.869 864 973 D WifiManagerWrapper: calculateSignalLevel called
04-04 12:04:59.869 864 973 D WifiManagerWrapper: calculateSignalLevel called
04-04 12:04:59.870 864 973 D AccessPointPreference: summary : Dzbanek-v1, Secured with WPA2 (WPS available)
04-04 12:04:59.870 864 973 D WifiManagerWrapper: calculateSignalLevel called
04-04 12:04:59.870 864 973 D WifiManagerWrapper: calculateSignalLevel called
04-04 12:04:59.870 864 973 D WifiManagerWrapper: calculateSignalLevel called
04-04 12:04:59.871 864 973 D AccessPointPreference: summary : Internet-Box-47068_5GHz, Secured with WPA2 (WPS available)
04-04 12:04:59.871 864 973 D WifiManagerWrapper: calculateSignalLevel called
04-04 12:04:59.871 864 973 D WifiManagerWrapper: calculateSignalLevel called
04-04 12:04:59.871 864 973 D WifiManagerWrapper: calculateSignalLevel called
04-04 12:04:59.871 864 973 D AccessPointPreference: summary : vestiacom-5g, Secured with 802.1x
04-04 12:04:59.878 864 973 D WifiManagerWrapper: calculateSignalLevel called
04-04 12:04:59.878 864 973 D WifiManagerWrapper: calculateSignalLevel called
04-04 12:04:59.878 864 973 D WifiManagerWrapper: calculateSignalLevel called
04-04 12:04:59.878 864 973 D AccessPointPreference: summary : my-0000E4,
04-04 12:04:59.878 864 973 D WifiManagerWrapper: calculateSignalLevel called
04-04 12:04:59.878 864 973 D WifiManagerWrapper: calculateSignalLevel called
04-04 12:04:59.878 864 973 D WifiManagerWrapper: calculateSignalLevel called
04-04 12:04:59.878 864 973 D AccessPointPreference: summary : v2krzysio-vlanid1, Secured with WPA2 (WPS available)
04-04 12:04:59.878 864 973 D WifiManagerWrapper: calculateSignalLevel called
04-04 12:04:59.878 864 973 D WifiManagerWrapper: calculateSignalLevel called
04-04 12:04:59.878 864 973 D WifiManagerWrapper: calculateSignalLevel called
04-04 12:04:59.879 864 973 D AccessPointPreference: summary : Ernest-sl-5, Secured with WPA2 (WPS available)
04-04 12:04:59.879 864 973 D WifiManagerWrapper: calculateSignalLevel called
04-04 12:04:59.879 864 973 D WifiManagerWrapper: calculateSignalLevel called
04-04 12:04:59.879 864 973 D WifiManagerWrapper: calculateSignalLevel called
04-04 12:04:59.879 864 973 D AccessPointPreference: summary : wb szl, Secured with WPA2
04-04 12:04:59.945 864 973 D HtcAccessPoint: ssid:Ernest-SGv1-5, bssid:null, security:2, networkid:1, signIn:2
04-04 12:04:59.945 864 973 D HtcAccessPoint: ssid:Ernest-SGv1-24, bssid:null, security:2, networkid:0, signIn:2
04-04 12:04:59.945 864 973 D HtcAccessPoint: ssid:Ernest-v1-24, bssid:null, security:2, networkid:3, signIn:2
04-04 12:04:59.945 864 973 D HtcAccessPoint: ssid:Internet-Box-krzysioSL, bssid:null, security:2, networkid:2, signIn:2
04-04 12:04:59.945 864 973 D WifiManager: getScanResults: Base Package Name=com.android.settings, uid=1000
04-04 12:04:59.972 864 864 E HtcPreference: [removeAll]:before size= 43
04-04 12:04:59.972 864 864 E HtcPreference: Thread =Thread[main,5,main]
04-04 12:04:59.972 864 864 E HtcPreference: [removeAll]:after size= 0
04-04 12:04:59.972 864 864 E HtcPreference: Thread =Thread[main,5,main]
04-04 12:04:59.972 864 864 D WifiManagerWrapper: calculateSignalLevel called
04-04 12:04:59.972 864 864 E HtcPreference: [addPreference]:before size= 0
04-04 12:04:59.972 864 864 E HtcPreference: Thread =Thread[main,5,main]
04-04 12:04:59.972 864 864 E HtcPreference: [addPreference]:after size= 1
04-04 12:04:59.972 864 864 E HtcPreference: Thread =Thread[main,5,main]
04-04 12:04:59.972 864 864 D WifiManagerWrapper: calculateSignalLevel called
04-04 12:04:59.972 864 864 E HtcPreference: [addPreference]:before size= 1
04-04 12:04:59.972 864 864 E HtcPreference: Thread =Thread[main,5,main]
04-04 12:04:59.972 864 864 E HtcPreference: [addPreference]:after size= 2
04-04 12:04:59.972 864 864 E HtcPreference: Thread =Thread[main,5,main]
04-04 12:04:59.972 864 864 D WifiManagerWrapper: calculateSignalLevel called
04-04 12:04:59.972 864 864 E HtcPreference: [addPreference]:before size= 2
04-04 12:04:59.972 864 864 E HtcPreference: Thread =Thread[main,5,main]
04-04 12:04:59.972 864 864 E HtcPreference: [addPreference]:after size= 3
04-04 12:04:59.972 864 864 E HtcPreference: Thread =Thread[main,5,main]
04-04 12:04:59.972 864 864 D WifiManagerWrapper: calculateSignalLevel called
04-04 12:04:59.972 864 864 E HtcPreference: [addPreference]:before size= 3
04-04 12:04:59.973 864 864 E HtcPreference: Thread =Thread[main,5,main]
04-04 12:04:59.973 864 864 E HtcPreference: [addPreference]:after size= 4
04-04 12:04:59.973 864 864 E HtcPreference: Thread =Thread[main,5,main]
04-04 12:04:59.973 864 864 D WifiManagerWrapper: calculateSignalLevel called
04-04 12:04:59.973 864 864 E HtcPreference: [addPreference]:before size= 4
04-04 12:04:59.973 864 864 E HtcPreference: Thread =Thread[main,5,main]
04-04 12:04:59.973 864 864 E HtcPreference: [addPreference]:after size= 5
04-04 12:04:59.973 864 864 E HtcPreference: Thread =Thread[main,5,main]
04-04 12:04:59.973 864 864 D WifiManagerWrapper: calculateSignalLevel called
04-04 12:04:59.973 864 864 E HtcPreference: [addPreference]:before size= 5
04-04 12:04:59.973 864 864 E HtcPreference: Thread =Thread[main,5,main]
04-04 12:04:59.973 864 864 E HtcPreference: [addPreference]:after size= 6
04-04 12:04:59.973 864 864 E HtcPreference: Thread =Thread[main,5,main]
04-04 12:04:59.973 864 864 D WifiManagerWrapper: calculateSignalLevel called
04-04 12:04:59.973 864 864 E HtcPreference: [addPreference]:before size= 6
04-04 12:04:59.973 864 864 E HtcPreference: Thread =Thread[main,5,main]
04-04 12:04:59.973 864 864 E HtcPreference: [addPreference]:after size= 7
04-04 12:04:59.973 864 864 E HtcPreference: Thread =Thread[main,5,main]
04-04 12:04:59.973 864 864 D WifiManagerWrapper: calculateSignalLevel called
04-04 12:04:59.973 864 864 E HtcPreference: [addPreference]:before size= 7
04-04 12:04:59.973 864 864 E HtcPreference: Thread =Thread[main,5,main]
04-04 12:04:59.973 864 864 E HtcPreference: [addPreference]:after size= 8
04-04 12:04:59.973 864 864 E HtcPreference: Thread =Thread[main,5,main]
04-04 12:04:59.973 864 864 D WifiManagerWrapper: calculateSignalLevel called
04-04 12:04:59.973 864 864 E HtcPreference: [addPreference]:before size= 8
04-04 12:04:59.974 864 864 E HtcPreference: Thread =Thread[main,5,main]
04-04 12:04:59.974 864 864 E HtcPreference: [addPreference]:after size= 9
04-04 12:04:59.974 864 864 E HtcPreference: Thread =Thread[main,5,main]
04-04 12:04:59.974 864 864 D WifiManagerWrapper: calculateSignalLevel called
04-04 12:04:59.974 864 864 E HtcPreference: [addPreference]:before size= 9
04-04 12:04:59.974 864 864 E HtcPreference: Thread =Thread[main,5,main]
04-04 12:04:59.974 864 864 E HtcPreference: [addPreference]:after size= 10
04-04 12:04:59.974 864 864 E HtcPreference: Thread =Thread[main,5,main]
04-04 12:04:59.974 864 864 D WifiManagerWrapper: calculateSignalLevel called
04-04 12:04:59.974 864 864 E HtcPreference: [addPreference]:before size= 10
04-04 12:04:59.974 864 864 E HtcPreference: Thread =Thread[main,5,main]
04-04 12:04:59.974 864 864 E HtcPreference: [addPreference]:after size= 11
04-04 12:04:59.974 864 864 E HtcPreference: Thread =Thread[main,5,main]
04-04 12:04:59.974 864 864 D WifiManagerWrapper: calculateSignalLevel called
04-04 12:04:59.974 864 864 E HtcPreference: [addPreference]:before size= 11
04-04 12:04:59.974 864 864 E HtcPreference: Thread =Thread[main,5,main]
04-04 12:04:59.974 864 864 E HtcPreference: [addPreference]:after size= 12
04-04 12:04:59.974 864 864 E HtcPreference: Thread =Thread[main,5,main]
04-04 12:04:59.974 864 864 D WifiManagerWrapper: calculateSignalLevel called
04-04 12:04:59.974 864 864 E HtcPreference: [addPreference]:before size= 12
04-04 12:04:59.974 864 864 E HtcPreference: Thread =Thread[main,5,main]
04-04 12:04:59.974 864 864 E HtcPreference: [addPreference]:after size= 13
04-04 12:04:59.974 864 864 E HtcPreference: Thread =Thread[main,5,main]
04-04 12:04:59.974 864 864 D WifiManagerWrapper: calculateSignalLevel called
04-04 12:04:59.974 864 864 E HtcPreference: [addPreference]:before size= 13
04-04 12:04:59.975 864 864 E HtcPreference: Thread =Thread[main,5,main]
04-04 12:04:59.975 864 864 E HtcPreference: [addPreference]:after size= 14
04-04 12:04:59.975 864 864 E HtcPreference: Thread =Thread[main,5,main]
04-04 12:04:59.975 864 864 D WifiManagerWrapper: calculateSignalLevel called
04-04 12:04:59.975 864 864 E HtcPreference: [addPreference]:before size= 14
04-04 12:04:59.975 864 864 E HtcPreference: Thread =Thread[main,5,main]
04-04 12:04:59.975 864 864 E HtcPreference: [addPreference]:after size= 15
04-04 12:04:59.975 864 864 E HtcPreference: Thread =Thread[main,5,main]
04-04 12:04:59.975 864 864 D WifiManagerWrapper: calculateSignalLevel called
04-04 12:04:59.975 864 864 E HtcPreference: [addPreference]:before size= 15
04-04 12:04:59.975 864 864 E HtcPreference: Thread =Thread[main,5,main]
04-04 12:04:59.975 864 864 E HtcPreference: [addPreference]:after size= 16
04-04 12:04:59.975 864 864 E HtcPreference: Thread =Thread[main,5,main]
04-04 12:04:59.975 864 864 D WifiManagerWrapper: calculateSignalLevel called
04-04 12:04:59.975 864 864 E HtcPreference: [addPreference]:before size= 16
04-04 12:04:59.975 864 864 E HtcPreference: Thread =Thread[main,5,main]
04-04 12:04:59.975 864 864 E HtcPreference: [addPreference]:after size= 17
04-04 12:04:59.975 864 864 E HtcPreference: Thread =Thread[main,5,main]
04-04 12:04:59.975 864 864 D WifiManagerWrapper: calculateSignalLevel called
04-04 12:04:59.975 864 864 E HtcPreference: [addPreference]:before size= 17
04-04 12:04:59.975 864 864 E HtcPreference: Thread =Thread[main,5,main]
04-04 12:04:59.975 864 864 E HtcPreference: [addPreference]:after size= 18
04-04 12:04:59.975 864 864 E HtcPreference: Thread =Thread[main,5,main]
04-04 12:04:59.975 864 864 D WifiManagerWrapper: calculateSignalLevel called
04-04 12:04:59.975 864 864 E HtcPreference: [addPreference]:before size= 18
04-04 12:04:59.975 864 864 E HtcPreference: Thread =Thread[main,5,main]
04-04 12:04:59.975 864 864 E HtcPreference: [addPreference]:after size= 19
04-04 12:04:59.975 864 864 E HtcPreference: Thread =Thread[main,5,main]
04-04 12:04:59.975 864 864 D WifiManagerWrapper: calculateSignalLevel called
04-04 12:04:59.975 864 864 E HtcPreference: [addPreference]:before size= 19
04-04 12:04:59.975 864 864 E HtcPreference: Thread =Thread[main,5,main]
04-04 12:04:59.975 864 864 E HtcPreference: [addPreference]:after size= 20
04-04 12:04:59.975 864 864 E HtcPreference: Thread =Thread[main,5,main]
04-04 12:04:59.975 864 864 D WifiManagerWrapper: calculateSignalLevel called
04-04 12:04:59.975 864 864 E HtcPreference: [addPreference]:before size= 20
04-04 12:04:59.976 864 864 E HtcPreference: Thread =Thread[main,5,main]
04-04 12:04:59.976 864 864 E HtcPreference: [addPreference]:after size= 21
04-04 12:04:59.976 864 864 E HtcPreference: Thread =Thread[main,5,main]
04-04 12:04:59.976 864 864 D WifiManagerWrapper: calculateSignalLevel called
04-04 12:04:59.976 864 864 E HtcPreference: [addPreference]:before size= 21
04-04 12:04:59.976 864 864 E HtcPreference: Thread =Thread[main,5,main]
04-04 12:04:59.976 864 864 E HtcPreference: [addPreference]:after size= 22
04-04 12:04:59.976 864 864 E HtcPreference: Thread =Thread[main,5,main]
04-04 12:04:59.976 864 864 D WifiManagerWrapper: calculateSignalLevel called
04-04 12:04:59.976 864 864 E HtcPreference: [addPreference]:before size= 22
04-04 12:04:59.976 864 864 E HtcPreference: Thread =Thread[main,5,main]
04-04 12:04:59.976 864 864 E HtcPreference: [addPreference]:after size= 23
04-04 12:04:59.976 864 864 E HtcPreference: Thread =Thread[main,5,main]
04-04 12:04:59.976 864 864 D WifiManagerWrapper: calculateSignalLevel called
04-04 12:04:59.976 864 864 E HtcPreference: [addPreference]:before size= 23
04-04 12:04:59.976 864 864 E HtcPreference: Thread =Thread[main,5,main]
04-04 12:04:59.976 864 864 E HtcPreference: [addPreference]:after size= 24
04-04 12:04:59.976 864 864 E HtcPreference: Thread =Thread[main,5,main]
04-04 12:04:59.976 864 864 D WifiManagerWrapper: calculateSignalLevel called
04-04 12:04:59.976 864 864 E HtcPreference: [addPreference]:before size= 24
04-04 12:04:59.976 864 864 E HtcPreference: Thread =Thread[main,5,main]
04-04 12:04:59.976 864 864 E HtcPreference: [addPreference]:after size= 25
04-04 12:04:59.976 864 864 E HtcPreference: Thread =Thread[main,5,main]
04-04 12:04:59.976 864 864 D WifiManagerWrapper: calculateSignalLevel called
04-04 12:04:59.976 864 864 E HtcPreference: [addPreference]:before size= 25
04-04 12:04:59.976 864 864 E HtcPreference: Thread =Thread[main,5,main]
04-04 12:04:59.976 864 864 E HtcPreference: [addPreference]:after size= 26
04-04 12:04:59.976 864 864 E HtcPreference: Thread =Thread[main,5,main]
04-04 12:04:59.976 864 864 D WifiManagerWrapper: calculateSignalLevel called
04-04 12:04:59.976 864 864 E HtcPreference: [addPreference]:before size= 26
04-04 12:04:59.976 864 864 E HtcPreference: Thread =Thread[main,5,main]
04-04 12:04:59.976 864 864 E HtcPreference: [addPreference]:after size= 27
04-04 12:04:59.976 864 864 E HtcPreference: Thread =Thread[main,5,main]
04-04 12:04:59.976 864 864 D WifiManagerWrapper: calculateSignalLevel called
04-04 12:04:59.976 864 864 E HtcPreference: [addPreference]:before size= 27
04-04 12:04:59.977 864 864 E HtcPreference: Thread =Thread[main,5,main]
04-04 12:04:59.977 864 864 E HtcPreference: [addPreference]:after size= 28
04-04 12:04:59.977 864 864 E HtcPreference: Thread =Thread[main,5,main]
04-04 12:04:59.977 864 864 D WifiManagerWrapper: calculateSignalLevel called
04-04 12:04:59.977 864 864 E HtcPreference: [addPreference]:before size= 28
04-04 12:04:59.977 864 864 E HtcPreference: Thread =Thread[main,5,main]
04-04 12:04:59.977 864 864 E HtcPreference: [addPreference]:after size= 29
04-04 12:04:59.977 864 864 E HtcPreference: Thread =Thread[main,5,main]
04-04 12:04:59.977 864 864 D WifiManagerWrapper: calculateSignalLevel called
04-04 12:04:59.977 864 864 E HtcPreference: [addPreference]:before size= 29
04-04 12:04:59.977 864 864 E HtcPreference: Thread =Thread[main,5,main]
04-04 12:04:59.977 864 864 E HtcPreference: [addPreference]:after size= 30
04-04 12:04:59.977 864 864 E HtcPreference: Thread =Thread[main,5,main]
04-04 12:04:59.977 864 864 D WifiManagerWrapper: calculateSignalLevel called
04-04 12:04:59.977 864 864 E HtcPreference: [addPreference]:before size= 30
04-04 12:04:59.977 864 864 E HtcPreference: Thread =Thread[main,5,main]
04-04 12:04:59.977 864 864 E HtcPreference: [addPreference]:after size= 31
04-04 12:04:59.977 864 864 E HtcPreference: Thread =Thread[main,5,main]
04-04 12:04:59.977 864 864 D WifiManagerWrapper: calculateSignalLevel called
04-04 12:04:59.977 864 864 E HtcPreference: [addPreference]:before size= 31
04-04 12:04:59.977 864 864 E HtcPreference: Thread =Thread[main,5,main]
04-04 12:04:59.977 864 864 E HtcPreference: [addPreference]:after size= 32
04-04 12:04:59.977 864 864 E HtcPreference: Thread =Thread[main,5,main]
04-04 12:04:59.977 864 864 D WifiManagerWrapper: calculateSignalLevel called
04-04 12:04:59.977 864 864 E HtcPreference: [addPreference]:before size= 32
04-04 12:04:59.977 864 864 E HtcPreference: Thread =Thread[main,5,main]
04-04 12:04:59.977 864 864 E HtcPreference: [addPreference]:after size= 33
04-04 12:04:59.977 864 864 E HtcPreference: Thread =Thread[main,5,main]
04-04 12:04:59.977 864 864 D WifiManagerWrapper: calculateSignalLevel called
04-04 12:04:59.977 864 864 E HtcPreference: [addPreference]:before size= 33
04-04 12:04:59.978 864 864 E HtcPreference: Thread =Thread[main,5,main]
04-04 12:04:59.978 864 864 E HtcPreference: [addPreference]:after size= 34
04-04 12:04:59.978 864 864 E HtcPreference: Thread =Thread[main,5,main]
04-04 12:04:59.978 864 864 D WifiManagerWrapper: calculateSignalLevel called
04-04 12:04:59.978 864 864 E HtcPreference: [addPreference]:before size= 34
04-04 12:04:59.978 864 864 E HtcPreference: Thread =Thread[main,5,main]
04-04 12:04:59.978 864 864 E HtcPreference: [addPreference]:after size= 35
04-04 12:04:59.978 864 864 E HtcPreference: Thread =Thread[main,5,main]
04-04 12:04:59.978 864 864 D WifiManagerWrapper: calculateSignalLevel called
04-04 12:04:59.978 864 864 E HtcPreference: [addPreference]:before size= 35
04-04 12:04:59.978 864 864 E HtcPreference: Thread =Thread[main,5,main]
04-04 12:04:59.978 864 864 E HtcPreference: [addPreference]:after size= 36
04-04 12:04:59.978 864 864 E HtcPreference: Thread =Thread[main,5,main]
04-04 12:04:59.978 864 864 D WifiManagerWrapper: calculateSignalLevel called
04-04 12:04:59.978 864 864 E HtcPreference: [addPreference]:before size= 36
04-04 12:04:59.978 864 864 E HtcPreference: Thread =Thread[main,5,main]
04-04 12:04:59.978 864 864 E HtcPreference: [addPreference]:after size= 37
04-04 12:04:59.978 864 864 E HtcPreference: Thread =Thread[main,5,main]
04-04 12:04:59.978 864 864 D WifiManagerWrapper: calculateSignalLevel called
04-04 12:04:59.978 864 864 E HtcPreference: [addPreference]:before size= 37
04-04 12:04:59.978 864 864 E HtcPreference: Thread =Thread[main,5,main]
04-04 12:04:59.978 864 864 E HtcPreference: [addPreference]:after size= 38
04-04 12:04:59.978 864 864 E HtcPreference: Thread =Thread[main,5,main]
04-04 12:04:59.978 864 864 D WifiManagerWrapper: calculateSignalLevel called
04-04 12:04:59.978 864 864 E HtcPreference: [addPreference]:before size= 38
04-04 12:04:59.978 864 864 E HtcPreference: Thread =Thread[main,5,main]
04-04 12:04:59.978 864 864 E HtcPreference: [addPreference]:after size= 39
04-04 12:04:59.978 864 864 E HtcPreference: Thread =Thread[main,5,main]
04-04 12:04:59.978 864 864 D WifiManagerWrapper: calculateSignalLevel called
04-04 12:04:59.979 864 864 E HtcPreference: [addPreference]:before size= 39
04-04 12:04:59.979 864 864 E HtcPreference: Thread =Thread[main,5,main]
04-04 12:04:59.979 864 864 E HtcPreference: [addPreference]:after size= 40
04-04 12:04:59.979 864 864 E HtcPreference: Thread =Thread[main,5,main]
04-04 12:04:59.979 864 864 D WifiManagerWrapper: calculateSignalLevel called
04-04 12:04:59.979 864 864 E HtcPreference: [addPreference]:before size= 40
04-04 12:04:59.979 864 864 E HtcPreference: Thread =Thread[main,5,main]
04-04 12:04:59.979 864 864 E HtcPreference: [addPreference]:after size= 41
04-04 12:04:59.979 864 864 E HtcPreference: Thread =Thread[main,5,main]
04-04 12:04:59.979 864 864 D WifiManagerWrapper: calculateSignalLevel called
04-04 12:04:59.979 864 864 E HtcPreference: [addPreference]:before size= 41
04-04 12:04:59.979 864 864 E HtcPreference: Thread =Thread[main,5,main]
04-04 12:04:59.979 864 864 E HtcPreference: [addPreference]:after size= 42
04-04 12:04:59.979 864 864 E HtcPreference: Thread =Thread[main,5,main]
04-04 12:04:59.979 864 864 D WifiManagerWrapper: calculateSignalLevel called
04-04 12:04:59.979 864 864 E HtcPreference: [addPreference]:before size= 42
04-04 12:04:59.979 864 864 E HtcPreference: Thread =Thread[main,5,main]
04-04 12:04:59.979 864 864 E HtcPreference: [addPreference]:after size= 43
04-04 12:04:59.979 864 864 E HtcPreference: Thread =Thread[main,5,main]
04-04 12:04:59.987 1864 1864 D HtcNLPSwitchReceiver: onReceive() isWeatherAppMigrate is true
04-04 12:04:59.993 864 973 D WifiManagerWrapper: calculateSignalLevel called
04-04 12:04:59.993 864 973 D WifiManagerWrapper: calculateSignalLevel called
04-04 12:04:59.993 864 973 D WifiManagerWrapper: calculateSignalLevel called
04-04 12:04:59.993 864 973 D AccessPointPreference: summary : Internet-Box-v3-5, Secured with WPA2 (WPS available)
04-04 12:04:59.993 864 973 D WifiManagerWrapper: calculateSignalLevel called
04-04 12:04:59.993 864 973 D WifiManagerWrapper: calculateSignalLevel called
04-04 12:04:59.993 864 973 D WifiManagerWrapper: calculateSignalLevel called
04-04 12:04:59.994 864 973 D AccessPointPreference: summary : AppiumAutotests, Secured with WPA2 (WPS available)
04-04 12:04:59.994 864 973 D WifiManagerWrapper: calculateSignalLevel called
04-04 12:04:59.994 864 973 D WifiManagerWrapper: calculateSignalLevel called
04-04 12:04:59.994 864 973 D WifiManagerWrapper: calculateSignalLevel called
04-04 12:04:59.994 864 973 D AccessPointPreference: summary : SGv2-Michal-2G-CH7, Secured with WPA/WPA2 (WPS available)
04-04 12:04:59.994 864 973 D WifiManagerWrapper: calculateSignalLevel called
04-04 12:04:59.994 864 973 D WifiManagerWrapper: calculateSignalLevel called
04-04 12:04:59.994 864 973 D WifiManagerWrapper: calculateSignalLevel called
04-04 12:04:59.995 864 973 D AccessPointPreference: summary : Internet-Box-v3, Secured with WPA2 (WPS available)
04-04 12:04:59.995 864 973 D WifiManagerWrapper: calculateSignalLevel called
04-04 12:04:59.995 864 973 D WifiManagerWrapper: calculateSignalLevel called
04-04 12:04:59.995 864 973 D WifiManagerWrapper: calculateSignalLevel called
04-04 12:04:59.995 864 973 D AccessPointPreference: summary : Starlite-2.4GHz, Secured with WPA2 (WPS available)
04-04 12:04:59.995 864 973 D WifiManagerWrapper: calculateSignalLevel called
04-04 12:04:59.995 864 973 D WifiManagerWrapper: calculateSignalLevel called
04-04 12:04:59.995 864 973 D WifiManagerWrapper: calculateSignalLevel called
04-04 12:04:59.995 864 973 D AccessPointPreference: summary : Starlite-5GHz, Secured with WPA2 (WPS available)
04-04 12:04:59.996 864 973 D WifiManagerWrapper: calculateSignalLevel called
04-04 12:04:59.996 864 973 D WifiManagerWrapper: calculateSignalLevel called
04-04 12:04:59.996 864 973 D WifiManagerWrapper: calculateSignalLevel called
04-04 12:04:59.996 1126 1126 D HtcNLPSwitchReceiver: onReceive(): android.net.wifi.STATE_CHANGE
04-04 12:05:00.000 1278 1328 D PMS : acquireWL(78ad334): PARTIAL_WAKE_LOCK *alarm* 0x40000001 1278 1000 WorkSource{1000}
04-04 12:05:00.000 1278 1328 V AlarmManager: sending alarm PendingIntent{eae08a6: PendingIntentRecord{d2072e7 android broadcastIntent}}, i=android.intent.action.TIME_TICK, t=3, cnt=1, w=579124444, Int=0
04-04 12:05:00.000 864 973 D AccessPointPreference: summary : AppiumPjonteczka, Connected
04-04 12:05:00.001 864 973 D WifiManagerWrapper: calculateSignalLevel called
04-04 12:05:00.001 864 973 D WifiManagerWrapper: calculateSignalLevel called
04-04 12:05:00.004 1278 2889 I AccountManagerService: getTypesVisibleToCaller: isPermitted? true
04-04 12:05:00.004 1596 2005 D WeatherUtility: Weather sync is On
04-04 12:05:00.004 1596 2005 W WeatherTimeKeeper: [refreshWeatherData] no weather data
04-04 12:05:00.005 864 973 D WifiManagerWrapper: calculateSignalLevel called
04-04 12:05:00.005 864 973 D AccessPointPreference: summary : visitor-35703, Secured with WPA2
04-04 12:05:00.005 864 973 D WifiManagerWrapper: calculateSignalLevel called
04-04 12:05:00.005 864 973 D WifiManagerWrapper: calculateSignalLevel called
04-04 12:05:00.005 864 973 D WifiManagerWrapper: calculateSignalLevel called
04-04 12:05:00.005 864 973 D AccessPointPreference: summary : vestiacom_guest_5, Secured with WPA2 (WPS available)
04-04 12:05:00.007 864 973 D WifiManagerWrapper: calculateSignalLevel called
04-04 12:05:00.007 864 973 D WifiManagerWrapper: calculateSignalLevel called
04-04 12:05:00.007 864 973 D WifiManagerWrapper: calculateSignalLevel called
04-04 12:05:00.007 864 973 D AccessPointPreference: summary : wifi_main, Secured with 802.1x
04-04 12:05:00.007 864 973 D WifiManagerWrapper: calculateSignalLevel called
04-04 12:05:00.007 864 973 D WifiManagerWrapper: calculateSignalLevel called
04-04 12:05:00.007 864 973 D WifiManagerWrapper: calculateSignalLevel called
04-04 12:05:00.008 864 973 D AccessPointPreference: summary : MobileTest-24, Secured with WPA2 (WPS available)
04-04 12:05:00.009 1141 1141 D MdScPhnSt: [da1.2.] listen, callback - (remain -) tmr3e8
04-04 12:05:00.015 864 973 D WifiManagerWrapper: calculateSignalLevel called
04-04 12:05:00.015 864 973 D WifiManagerWrapper: calculateSignalLevel called
04-04 12:05:00.016 864 973 D WifiManagerWrapper: calculateSignalLevel called
04-04 12:05:00.023 864 973 D AccessPointPreference: summary : Dzbanek-v1, Secured with WPA2 (WPS available)
04-04 12:05:00.023 864 973 D WifiManagerWrapper: calculateSignalLevel called
04-04 12:05:00.023 864 973 D WifiManagerWrapper: calculateSignalLevel called
04-04 12:05:00.023 864 973 D WifiManagerWrapper: calculateSignalLevel called
04-04 12:05:00.039 864 973 D AccessPointPreference: summary : IBv2-SK, Secured with WPA2 (WPS available)
04-04 12:05:00.039 864 973 D WifiManagerWrapper: calculateSignalLevel called
04-04 12:05:00.039 864 973 D WifiManagerWrapper: calculateSignalLevel called
04-04 12:05:00.039 864 973 D WifiManagerWrapper: calculateSignalLevel called
04-04 12:05:00.040 864 973 D AccessPointPreference: summary : vestiacom_izolatka_5, Secured with 802.1x
04-04 12:05:00.041 864 973 D WifiManagerWrapper: calculateSignalLevel called
04-04 12:05:00.041 864 973 D WifiManagerWrapper: calculateSignalLevel called
04-04 12:05:00.041 864 973 D WifiManagerWrapper: calculateSignalLevel called
04-04 12:05:00.041 864 973 D AccessPointPreference: summary : wifi_main, Secured with 802.1x
04-04 12:05:00.042 864 973 D WifiManagerWrapper: calculateSignalLevel called
04-04 12:05:00.046 864 973 D WifiManagerWrapper: calculateSignalLevel called
04-04 12:05:00.046 864 973 D WifiManagerWrapper: calculateSignalLevel called
04-04 12:05:00.047 864 973 D AccessPointPreference: summary : Internet-Box-Irek-5GHz, Secured with WPA/WPA2 (WPS available)
04-04 12:05:00.047 864 973 D WifiManagerWrapper: calculateSignalLevel called
04-04 12:05:00.047 864 973 D WifiManagerWrapper: calculateSignalLevel called
04-04 12:05:00.048 864 973 D WifiManagerWrapper: calculateSignalLevel called
04-04 12:05:00.048 864 973 D AccessPointPreference: summary : MobileTest-5, Secured with WPA2 (WPS available)
04-04 12:05:00.048 864 973 D WifiManagerWrapper: calculateSignalLevel called
04-04 12:05:00.048 864 973 D WifiManagerWrapper: calculateSignalLevel called
04-04 12:05:00.048 864 973 D WifiManagerWrapper: calculateSignalLevel called
04-04 12:05:00.049 864 973 D AccessPointPreference: summary : WLAN_Repeater_N263, Secured with WPA2 (WPS available)
04-04 12:05:00.049 864 973 D WifiManagerWrapper: calculateSignalLevel called
04-04 12:05:00.049 864 973 D WifiManagerWrapper: calculateSignalLevel called
04-04 12:05:00.049 864 973 D WifiManagerWrapper: calculateSignalLevel called
04-04 12:05:00.049 864 973 D AccessPointPreference: summary : Eniro, Secured with 802.1x
04-04 12:05:00.049 864 973 D WifiManagerWrapper: calculateSignalLevel called
04-04 12:05:00.049 864 973 D WifiManagerWrapper: calculateSignalLevel called
04-04 12:05:00.049 864 973 D WifiManagerWrapper: calculateSignalLevel called
04-04 12:05:00.049 864 973 D AccessPointPreference: summary : Internet-Box-Irek-5GHz, Secured with WPA/WPA2 (WPS available)
04-04 12:05:00.049 864 973 D WifiManagerWrapper: calculateSignalLevel called
04-04 12:05:00.049 864 973 D WifiManagerWrapper: calculateSignalLevel called
04-04 12:05:00.050 864 973 D WifiManagerWrapper: calculateSignalLevel called
04-04 12:05:00.050 1126 1126 D HtcNLPSwitchReceiver: onReceive(): AutoNavi NLP package not installed!
04-04 12:05:00.050 864 973 D AccessPointPreference: summary : netia_izolatka, Secured with WPA2 (WPS available)
04-04 12:05:00.050 864 973 D WifiManagerWrapper: calculateSignalLevel called
04-04 12:05:00.050 864 973 D WifiManagerWrapper: calculateSignalLevel called
04-04 12:05:00.050 864 973 D WifiManagerWrapper: calculateSignalLevel called
04-04 12:05:00.050 864 973 D AccessPointPreference: summary : Internet-Box-IIIII, Secured with WPA2 (WPS available)
04-04 12:05:00.050 864 973 D WifiManagerWrapper: calculateSignalLevel called
04-04 12:05:00.050 864 973 D WifiManagerWrapper: calculateSignalLevel called
04-04 12:05:00.050 864 973 D WifiManagerWrapper: calculateSignalLevel called
04-04 12:05:00.051 864 973 D AccessPointPreference: summary : v1krzysio, Secured with WPA2 (WPS available)
04-04 12:05:00.051 864 973 D WifiManagerWrapper: calculateSignalLevel called
04-04 12:05:00.051 864 973 D WifiManagerWrapper: calculateSignalLevel called
04-04 12:05:00.051 864 973 D WifiManagerWrapper: calculateSignalLevel called
04-04 12:05:00.051 864 973 D AccessPointPreference: summary : v2krzysio-vlanid1, Secured with WPA2 (WPS available)
04-04 12:05:00.051 864 973 D WifiManagerWrapper: calculateSignalLevel called
04-04 12:05:00.051 864 973 D WifiManagerWrapper: calculateSignalLevel called
04-04 12:05:00.051 864 973 D WifiManagerWrapper: calculateSignalLevel called
04-04 12:05:00.052 864 973 D AccessPointPreference: summary : Internet-Box-Karol, Secured with WPA2 (WPS available)
04-04 12:05:00.052 864 973 D WifiManagerWrapper: calculateSignalLevel called
04-04 12:05:00.052 864 973 D WifiManagerWrapper: calculateSignalLevel called
04-04 12:05:00.052 864 973 D WifiManagerWrapper: calculateSignalLevel called
04-04 12:05:00.052 1864 1864 D HtcNLPSwitchReceiver: onReceive() isWeatherAppMigrate is true
04-04 12:05:00.055 1126 1126 D HtcNLPSwitchReceiver: onReceive(): android.net.wifi.STATE_CHANGE
04-04 12:05:00.057 864 973 D AccessPointPreference: summary : Internet-Box-Starlink, Secured with WPA2 (WPS available)
04-04 12:05:00.057 864 973 D WifiManagerWrapper: calculateSignalLevel called
04-04 12:05:00.057 864 973 D WifiManagerWrapper: calculateSignalLevel called
04-04 12:05:00.057 864 973 D WifiManagerWrapper: calculateSignalLevel called
04-04 12:05:00.057 864 973 D AccessPointPreference: summary : my-00B150,
04-04 12:05:00.057 864 973 D WifiManagerWrapper: calculateSignalLevel called
04-04 12:05:00.057 864 973 D WifiManagerWrapper: calculateSignalLevel called
04-04 12:05:00.057 864 973 D WifiManagerWrapper: calculateSignalLevel called
04-04 12:05:00.057 864 973 D AccessPointPreference: summary : Internet-Box-82451, Secured with WPA2 (WPS available)
04-04 12:05:00.058 864 973 D WifiManagerWrapper: calculateSignalLevel called
04-04 12:05:00.058 864 973 D WifiManagerWrapper: calculateSignalLevel called
04-04 12:05:00.058 864 973 D WifiManagerWrapper: calculateSignalLevel called
04-04 12:05:00.058 864 973 D AccessPointPreference: summary : SL-SK, Secured with WPA2 (WPS available)
04-04 12:05:00.058 864 973 D WifiManagerWrapper: calculateSignalLevel called
04-04 12:05:00.058 864 973 D WifiManagerWrapper: calculateSignalLevel called
04-04 12:05:00.058 864 973 D WifiManagerWrapper: calculateSignalLevel called
04-04 12:05:00.058 864 973 D AccessPointPreference: summary : SGv2-Michal-5G-CH40, Secured with WPA/WPA2 (WPS available)
04-04 12:05:00.058 864 973 D WifiManagerWrapper: calculateSignalLevel called
04-04 12:05:00.058 864 973 D WifiManagerWrapper: calculateSignalLevel called
04-04 12:05:00.064 864 973 D WifiManagerWrapper: calculateSignalLevel called
04-04 12:05:00.065 1278 1278 D PMS : releaseWL(78ad334): PARTIAL_WAKE_LOCK *alarm* 0x40000001 WorkSource{1000}
04-04 12:05:00.065 864 973 D AccessPointPreference: summary : HAE-7days, Secured with WPA2 (WPS available)
04-04 12:05:00.066 864 973 D WifiManagerWrapper: calculateSignalLevel called
04-04 12:05:00.066 864 973 D WifiManagerWrapper: calculateSignalLevel called
04-04 12:05:00.066 864 973 D WifiManagerWrapper: calculateSignalLevel called
04-04 12:05:00.066 864 973 D AccessPointPreference: summary : Internet-Box-Weronika, Secured with WPA2
04-04 12:05:00.066 864 973 D WifiManagerWrapper: calculateSignalLevel called
04-04 12:05:00.066 864 973 D WifiManagerWrapper: calculateSignalLevel called
04-04 12:05:00.066 864 973 D WifiManagerWrapper: calculateSignalLevel called
04-04 12:05:00.067 864 973 D AccessPointPreference: summary : Eniro, Secured with 802.1x
04-04 12:05:00.067 864 973 D WifiManagerWrapper: calculateSignalLevel called
04-04 12:05:00.067 864 973 D WifiManagerWrapper: calculateSignalLevel called
04-04 12:05:00.067 864 973 D WifiManagerWrapper: calculateSignalLevel called
04-04 12:05:00.067 864 973 D AccessPointPreference: summary : IBv2-SK, Secured with WPA2 (WPS available)
04-04 12:05:00.067 864 973 D WifiManagerWrapper: calculateSignalLevel called
04-04 12:05:00.067 864 973 D WifiManagerWrapper: calculateSignalLevel called
04-04 12:05:00.067 864 973 D WifiManagerWrapper: calculateSignalLevel called
04-04 12:05:00.068 864 973 D AccessPointPreference: summary : netia_izolatka_5, Secured with WPA2 (WPS available)
04-04 12:05:00.068 864 973 D WifiManagerWrapper: calculateSignalLevel called
04-04 12:05:00.068 864 973 D WifiManagerWrapper: calculateSignalLevel called
04-04 12:05:00.068 864 973 D WifiManagerWrapper: calculateSignalLevel called
04-04 12:05:00.068 864 973 D AccessPointPreference: summary : v2krzysio-vlanid1, Secured with WPA2 (WPS available)
04-04 12:05:00.068 864 973 D WifiManagerWrapper: calculateSignalLevel called
04-04 12:05:00.068 864 973 D WifiManagerWrapper: calculateSignalLevel called
04-04 12:05:00.068 864 973 D WifiManagerWrapper: calculateSignalLevel called
04-04 12:05:00.086 1116 1116 E cutils-trace: Error opening trace file: No such file or directory (2)
04-04 12:05:00.092 1116 1116 W art : 708e7000-713c2000 rw-p 00000000 103:1f 524292 /data/dalvik-cache/arm/system@framework@boot.art
04-04 12:05:00.092 1116 1116 W art : b0cf4000-b2f4a000 r--p 00000000 103:1d 16506 /system/framework/arm/boot.oat
04-04 12:05:00.092 1116 1116 W art : b2f4a000-b48e4000 r-xp 02256000 103:1d 16506 /system/framework/arm/boot.oat
04-04 12:05:00.092 1116 1116 W art : b48e4000-b48e5000 rw-p 03bf0000 103:1d 16506 /system/framework/arm/boot.oat
04-04 12:05:00.092 1116 1116 W art : b48e6000-b4906000 r--p 00adb000 103:1f 524292 /data/dalvik-cache/arm/system@framework@boot.art
04-04 12:05:00.092 1116 1116 W art : b4906000-b4909000 r-xp 00000000 103:1d 1308 /system/lib/libsigchain.so
04-04 12:05:00.092 1116 1116 W art : b4909000-b490a000 r--p 00002000 103:1d 1308 /system/lib/libsigchain.so
04-04 12:05:00.092 1116 1116 W art : b490a000-b490b000 rw-p 00003000 103:1d 1308 /system/lib/libsigchain.so
04-04 12:05:00.092 1116 1116 W art : b490b000-b4d5d000 r-xp 00000000 103:1d 659 /system/lib/libart.so
04-04 12:05:00.092 1116 1116 W art : b4d5d000-b4d67000 r--p 00451000 103:1d 659 /system/lib/libart.so
04-04 12:05:00.092 1116 1116 W art : b4d67000-b4d68000 rw-p 0045b000 103:1d 659 /system/lib/libart.so
04-04 12:05:00.092 1116 1116 W art : b4d68000-b4d6a000 rw-p 00000000 00:00 0
04-04 12:05:00.092 1116 1116 W art : b4d6b000-b4d8b000 r--s 00000000 00:0b 8195 /dev/__properties__
04-04 12:05:00.092 1116 1116 W art : b4d8b000-b4d92000 r-xp 00000000 103:1d 1292 /system/lib/libqservice.so
04-04 12:05:00.092 1116 1116 W art : b4d92000-b4d94000 r--p 00006000 103:1d 1292 /system/lib/libqservice.so
04-04 12:05:00.092 1116 1116 W art : b4d94000-b4d95000 rw-p 00008000 103:1d 1292 /system/lib/libqservice.so
04-04 12:05:00.092 1116 1116 W art : b4d95000-b4d9d000 r-xp 00000000 103:1d 1289 /system/lib/libqdutils.so
04-04 12:05:00.092 1116 1116 W art : b4d9d000-b4d9e000 ---p 00000000 00:00 0
04-04 12:05:00.092 1116 1116 W art : b4d9e000-b4d9f000 r--p 00008000 103:1d 1289 /system/lib/libqdutils.so
04-04 12:05:00.092 1116 1116 W art : b4d9f000-b4da0000 rw-p 00009000 103:1d 1289 /system/lib/libqdutils.so
04-04 12:05:00.092 1116 1116 W art : b4da0000-b57b2000 r-xp 00000000 103:1d 616 /system/lib/libLLVM.so
04-04 12:05:00.092 1116 1116 W art : b57b2000-b57fb000 r--p 00a11000 103:1d 616 /system/lib/libLLVM.so
04-04 12:05:00.092 1116 1116 W art : b57fb000-b57fc000 rw-p 00a5a000 103:1d 616 /system/lib/libLLVM.so
04-04 12:05:00.092 1116 1116 W art : b57fc000-b5804000 rw-p 00000000 00:00 0
04-04 12:05:00.092 1116 1116 W art : b5804000-b583a000 r-xp 00000000 103:1d 758 /system/lib/libbcinfo.so
04-04 12:05:00.092 1116 1116 W art : b583a000-b583b000 r--p 00035000 103:1d 758 /system/lib/libbcinfo.so
04-04 12:05:00.092 1116 1116 W art : b583b000-b583c000 rw-p 00036000 103:1d 758 /system/lib/libbcinfo.so
04-04 12:05:00.092 1116 1116 W art : b583c000-b5895000 r-xp 00000000 103:1d 757 /system/lib/libbcc.so
04-04 12:05:00.092 1116 1116 W art : b5895000-b5896000 r--p 00058000 103:1d 757 /system/lib/libbcc.so
04-04 12:05:00.092 1116 1116 W art : b5896000-b5897000 rw-p 00059000 103:1d 757 /system/lib/libbcc.so
04-04 12:05:00.092 1116 1116 W art : b5898000-b58a2000 r-xp 00000000 103:1d 796 /system/lib/libcommon_time_client.so
04-04 12:05:00.092 1116 1116 W art : b58a2000-b58a5000 r--p 00009000 103:1d 796 /system/lib/libcommon_time_client.so
04-04 12:05:00.092 1116 1116 W art : b58a5000-b58a6000 rw-p 0000c000 103:1d 796 /system/lib/libcommon_time_client.so
04-04 12:05:00.092 1116 1116 W art : b58a7000-b58be000 r-xp 00000000 103:1d 2326 /system/lib/libprotobuf-cpp-lite.so
04-04 12:05:00.092 1116 1116 W art : b58be000-b58bf000 ---p 00000000 00:00 0
04-04 12:05:00.092 1116 1116 W art : b58bf000-b58c0000 r--p 00017000 103:1d 2326 /system/lib/libprotobuf-cpp-lite.so
04-04 12:05:00.092 1116 1116 W art : b58c0000-b58c1000 rw-p 00018000 103:1d 2326 /system/lib/libprotobuf-cpp-lite.so
04-04 12:05:00.093 1116 1116 W art : b58c1000-b58c7000 r-xp 00000000 103:1d 1233 /system/lib/libmemalloc.so
04-04 12:05:00.093 1116 1116 W art : b58c7000-b58c8000 r--p 00005000 103:1d 1233 /system/lib/libmemalloc.so
04-04 12:05:00.093 1116 1116 W art : b58c8000-b58c9000 rw-p 00006000 103:1d 1233 /system/lib/libmemalloc.so
04-04 12:05:00.093 1116 1116 W art : b58c9000-b58cd000 r-xp 00000000 103:1d 1775 /system/vendor/lib/libmm-color-convertor.so
04-04 12:05:00.093 1116 1116 W art : b58cd000-b58ce000 ---p 00000000 00:00 0
04-04 12:05:00.094 1116 1116 W art : b58ce000-b58cf000 r--p 00004000 103:1d 1775 /system/vendor/lib/libmm-color-convertor.so
04-04 12:05:00.094 1116 1116 W art : b58cf000-b58d0000 rw-p 00005000 103:1d 1775 /system/vendor/lib/libmm-color-convertor.so
04-04 12:05:00.094 1116 1116 W art : b58d1000-b58d8000 r-xp 00000000 103:1d 1324 /system/lib/libstagef
04-04 12:05:00.094 1116 1116 W art : right_avc_common.so
04-04 12:05:00.094 1116 1116 W art : b58d8000-b58d9000 r--p 00006000 103:1d 1324 /system/lib/libstagefright_avc_common.so
04-04 12:05:00.094 1116 1116 W art : b58d9000-b58da000 rw-p 00007000 103:1d 1324 /system/lib/libstagefright_avc_common.so
04-04 12:05:00.094 1116 1116 W art : b58db000-b58de000 r-xp 00000000 103:1d 1325 /system/lib/libstagefright_
04-04 12:05:00.094 1116 1116 W art : enc_common.so
04-04 12:05:00.094 1116 1116 W art : b58de000-b58df000 r--p 00002000 103:1d 1325 /system/lib/libstagefright_enc_common.so
04-04 12:05:00.094 1116 1116 W art : b58df000-b58e0000 rw-p 00003000 103:1d 1325 /system/lib/libstagefright_enc_common.so
04-04 12:05:00.094 1116 1116 W art : b58e1000-b58e5000 r-xp 00000000 103:1d 1275 /system/lib/libpowermanager
04-04 12:05:00.094 1116 1116 W art : .so
04-04 12:05:00.094 1116 1116 W art : b58e5000-b58e6000 ---p 00000000 00:00 0
04-04 12:05:00.094 1116 1116 W art : b58e6000-b58e7000 r--p 00004000 103:1d 1275 /system/lib/libpowermanager.so
04-04 12:05:00.094 1116 1116 W art : b58e7000-b58e8000 rw-p 00005000 103:1d 1275 /system/lib/libpowermanager.so
04-04 12:05:00.094 1116 1116 W art : b58e9000-b5906000 r-xp 00000000 103:1d 1408 /syste
04-04 12:05:00.094 1116 1116 W art : m/lib/libvorbisidec.so
04-04 12:05:00.094 1116 1116 W art : b5906000-b5907000 r--p 0001c000 103:1d 1408 /system/lib/libvorbisidec.so
04-04 12:05:00.094 1116 1116 W art : b5907000-b5908000 rw-p 0001d000 103:1d 1408 /system/lib/libvorbisidec.so
04-04 12:05:00.094 1116 1116 W art : b5909000-b590e000 r-xp 00000000 103:1d 1351 /system/lib/libstagefright_yuv.so
04-04 12:05:00.094 1116 1116 W art : b590e000-b590f000 r--p 00004000 103:1d 1351 /system/lib/libstagefright_yuv.so
04-04 12:05:00.094 1116 1116 W art : b590f000-b5910000 rw-p 00005000 103:1d 1351 /system/lib/libstagefright_yuv.so
04-04 12:05:00.094 1116 1116 W art : b5911000-b5943000 r-xp 00000000 103:1d 1332 /system/lib/libstagefright_omx.so
04-04 12:05:00.094 1116 1116 W art : b5943000-b5946000 r--p 00031000 103:1d 1332 /system/lib/libstagefright_omx.so
04-04 12:05:00.094 1116 1116 W art : b5946000-b5947000 rw-p 00034000 103:1d 1332 /system/lib/libstagefright_omx.so
04-04 12:05:00.094 1116 1116 W art : b5948000-b5983000 r-xp 00000000 103:1d 1262 /system/lib/libopus.so
04-04 12:05:00.094 1116 1116 W art : b5983000-b5984000 r--p 0003a000 103:1d 1262 /system/lib/libopus.so
04-04 12:05:00.094 1116 1116 W art : b5984000-b5985000 rw-p 0003b000 103:1d 1262 /system/lib/libopus.so
04-04 12:05:00.094 1116 1116 W art : b5986000-b598b000 r-xp 00000000 103:1d 2300 /system/lib/libmediautils.so
04-04 12:05:00.094 1116 1116 W art : b598b000-b598c000 r--p 00004000 103:1d 2300 /system/lib/libmediautils.so
04-04 12:05:00.094 1116 1116 W art : b598c000-b598d000 rw-p 00005000 103:1d 2300 /system/lib/libmediautils.so
04-04 12:05:00.094 1116 1116 W art : b598e000-b59a4000 r-xp 00000000 103:1d 817 /system/lib/libdrmframework.so
04-04 12:05:00.094 1116 1116 W art : b59a4000-b59a5000 ---p 00000000 00:00 0
04-04 12:05:00.094 1116 1116 W art : b59a5000-b59a8000 r--p 00016000 103:1d 817 /system/lib/libdrmframework.so
04-04 12:05:00.094 1116 1116 W art : b59a8000-b59a9000 rw-p 00019000 103:1d 817 /system/lib/libdrmframework.so
04-04 12:05:00.094 1116 1116 W art : b59a9000-b59c8000 r-xp 00000000 103:1d 637 /system/lib/libRScpp.so
04-04 12:05:00.094 1116 1116 W art : b59c8000-b59c9000 r--p 0001e000 103:1d 637 /system/lib/libRScpp.so
04-04 12:05:00.094 1116 1116 W art : b59c9000-b59ca000 rw-p 0001f000 103:1d 637 /system/lib/libRScpp.so
04-04 12:05:00.094 1116 1116 W art : b59ca000-b5a0b000 r-xp 00000000 103:1d 633 /system/lib/libRS.so
04-04 12:05:00.094 1116 1116 W art : b5a0b000-b5a0c000 ---p 00000000 00:00 0
04-04 12:05:00.094 1116 1116 W art : b5a0c000-b5a0e000 r--p 00041000 103:1d 633 /system/lib/libRS.so
04-04 12:05:00.094 1116 1116 W art : b5a0e000-b5a0f000 rw-p 00043000 103:1d 633 /system/lib/libRS.so
04-04 12:05:00.094 1116 1116 W art : b5a0f000-b5a16000 r-xp 00000000 103:1d 1317 /system/lib/libspeexresampler.so
04-04 12:05:00.095 1116 1116 W art : b5a16000-b5a17000 r--p 00006000 103:1d 1317 /system/lib/libspeexresampler.so
04-04 12:05:00.095 1116 1116 W art : b5a17000-b5a18000 rw-p 00007000 103:1d 1317 /system/lib/libspeexresampler.so
04-04 12:05:00.095 1116 1116 W art : b5a18000-b5a21000 r-xp 00000000 103:1d 1245 /system/lib/libnbaio.so
04-04 12:05:00.095 1116 1116 W art : b5a21000-b5a22000 r--p 00008000 103:1d 1245 /system/lib/libnbaio.so
04-04 12:05:00.095 1116 1116 W art : b5a22000-b5a23000 rw-p 00009000 103:1d 1245 /system/lib/libnbaio.so
04-04 12:05:00.095 1116 1116 W art : b5a23000-b5a35000 r-xp 00000000 103:1d 2323 /system/lib/libpcre.so
04-04 12:05:00.095 1116 1116 W art : b5a35000-b5a36000 r--p 00011000 103:1d 2323 /system/lib/libpcre.so
04-04 12:05:00.095 1116 1116 W art : b5a36000-b5a37000 rw-p 00012000 103:1d 2323 /system/lib/libpcre.so
04-04 12:05:00.095 1116 1116 W art : b5a38000-b5a3d000 r-xp 00000000 103:1d 1415 /system/lib/libwpa_client.so
04-04 12:05:00.095 1116 1116 W art : b5a3d000-b5a3e000 r--p 00004000 103:1d 1415 /system/lib/libwpa_client.so
04-04 12:05:00.095 1116 1116 W art : b5a3e000-b5a3f000 rw-p 00005000 103:1d 1415 /system/lib/libwpa_client.so
04-04 12:05:00.095 1116 1116 W art : b5a40000-b5a4a000 r-xp 00000000 103:1d 961 /system/lib/libhostapd_client.so
04-04 12:05:00.095 1116 1116 W art : b5a4a000-b5a4b000 r--p 00009000 103:1d 961 /system/lib/libhostapd_client.so
04-04 12:05:00.095 1116 1116 W art : b5a4b000-b5a4c000 rw-p 0000a000 103:1d 961 /system/lib/libhostapd_client.so
04-04 12:05:00.095 1116 1116 W art : b5a4d000-b5abb000 r-xp 00000000 103:1d 561 /system/lib/libGLES_trace.so
04-04 12:05:00.095 1116 1116 W art : b5abb000-b5abd000 r--p 0006d000 103:1d 561 /system/lib/libGLES_trace.so
04-04 12:05:00.095 1116 1116 W art : b5abd000-b5abe000 rw-p 0006f000 103:1d 561 /system/lib/libGLES_trace.so
04-04 12:05:00.095 1116 1116 W art : b5abe000-b5abf000 r--p 00000000 00:00 0 [anon:linker_alloc]
04-04 12:05:00.095 1116 1116 W art : b5abf000-b5b20000 r-xp 00000000 103:1d 912 /system/lib/libft2.so
04-04 12:05:00.095 1116 1116 W art : b5b20000-b5b22000 r--p 00060000 103:1d 912 /system/lib/libft2.so
04-04 12:05:00.095 1116 1116 W art : b5b22000-b5b23000 rw-p 00062000 103:1d 912 /system/lib/libft2.so
04-04 12:05:00.095 1116 1116 W art : b5b24000-b5b4b000 r-xp 00000000 103:1d 1270 /system/lib/libpng.so
04-04 12:05:00.095 1116 1116 W art : b5b4b000-b5b4c000 r--p 00026000 103:1d 1270 /system/lib/libpng.so
04-04 12:05:00.095 1116 1116 W art : b5b4c000-b5b4d000 rw-p 00027000 103:1d 1270 /system/lib/libpng.so
04-04 12:05:00.095 1116 1116 W art : b5b4e000-b5b51000 r-xp 00000000 103:1d 1360 /system/lib/libsync.so
04-04 12:05:00.095 1116 1116 W art : b5b51000-b5b52000 r--p 00002000 103:1d 1360 /system/lib/libsync.so
04-04 12:05:00.095 1116 1116 W art : b5b52000-b5b53000 rw-p 00003000 103:1d 1360 /system/lib/libsync.so
04-04 12:05:00.095 1116 1116 W art : b5b53000-b5b58000 r-xp 00000000 103:1d 1353 /system/lib/libstdc++.so
04-04 12:05:00.095 1116 1116 W art : b5b58000-b5b59000 r--p 00004000 103:1d 1353 /system/lib/libstdc++.so
04-04 12:05:00.095 1116 1116 W art : b5b59000-b5b5a000 rw-p 00005000 103:1d 1353 /system/lib/libstdc++.so
04-04 12:05:00.095 1116 1116 W art : b5b5a000-b5b6a000 r-xp 00000000 103:1d 1401 /system/lib/libunwind.so
04-04 12:05:00.095 1116 1116 W art : b5b6a000-b5b6b000 r--p 0000f000 103:1d 1401 /system/lib/libunwind.so
04-04 12:05:00.095 1116 1116 W art : b5b6b000-b5b6c000 rw-p 00010000 103:1d 1401 /system/lib/libunwind.so
04-04 12:05:00.095 1116 1116 W art : b5b6c000-b5bb2000 rw-p 00000000 00:00 0
04-04 12:05:00.095 1116 1116 W art : b5bb2000-b5bbb000 r-xp 00000000 103:1d 2262 /system/lib/libbase.so
04-04 12:05:00.095 1116 1116 W art : b5bbb000-b5bbc000 r--p 00008000 103:1d 2262 /system/lib/libbase.so
04-04 12:05:00.095 1116 1116 W art : b5bbc000-b5bbd000 rw-p 00009000 103:1d 2262 /system/lib/libbase.so
04-04 12:05:00.095 1116 1116 W art : b5bbd000-b5bc3000 r-xp 00000000 103:1d 858 /system/lib/libeffects.so
04-04 12:05:00.095 1116 1116 W art : b5bc3000-b5bc4000 r--p 00005000 103:1d 858 /system/lib/libeffects.so
04-04 12:05:00.095 1116 1116 W art : b5bc4000-b5bc5000 rw-p 00006000 103:1d 858 /system/lib/libeffects.so
04-04 12:05:00.095 1116 1116 W art : b5bc5000-b5bc8000 r-xp 00000000 103:1d 1330 /system/lib/libstagefright_http_support.so
04-04 12:05:00.096 1116 1116 W art : b5bc8000-b5bc9000 ---p 00000000 00:00 0
04-04 12:05:00.096 1116 1116 W art : b5bc9000-b5bca000 r--p 00003000 103:1d 1330 /system/lib/libstagefright_http_support.so
04-04 12:05:00.096 1116 1116 W art : b5bca000-b5bcb000 rw-p 00004000 103:1d 1330 /system/lib/libstagefright_http_support.so
04-04 12:05:00.096 1116 1116 W art : b5bcc000-b5be4000 r-xp 00000000 103:1d 1326 /system/lib/libstagefright_foundation.so
04-04 12:05:00.096 1116 1116 W art : b5be4000-b5be5000 ---p 00000000 00:00 0
04-04 12:05:00.096 1116 1116 W art : b5be5000-b5be6000 r--p 00018000 103:1d 1326 /system/lib/libstagefright_foundation.so
04-04 12:05:00.096 1116 1116 W art : b5be6000-b5be7000 rw-p 00019000 103:1d 1326 /system/lib/libstagefright_foundation.so
04-04 12:05:00.096 1116 1116 W art : b5be7000-b5be8000 r--p 00000000 00:00 0 [anon:linker_alloc]
04-04 12:05:00.096 1116 1116 W art : b5be8000-b5d8d000 r-xp 00000000 103:1d 1322 /system/lib/libstagefright.so
04-04 12:05:00.096 1116 1116 W art : b5d8d000-b5d9b000 r--p 001a4000 103:1d 1322 /system/lib/libstagefright.so
04-04 12:05:00.096 864 973 D AccessPointPreference: summary : SGv1-Julia-5G-c6, Secured with WPA2 (WPS available)
04-04 12:05:00.096 1116 1116 W art : b5d9b000-b5d9c000 rw-p 001b2000 103:1d 1322 /system/lib/libstagefright.so
04-04 12:05:00.096 1116 1116 W art : b5d9c000-b5d9d000 rw-p 00000000 00:00 0
04-04 12:05:00.096 1116 1116 W art : b5d9d000-b5d9e000 rw-p 00000000 00:00 0 [anon:linker_alloc_vector]
04-04 12:05:00.096 1116 1116 W art : b5d9e000-b5e0d000 r-xp 00000000 103:1d 991 /system/lib/libhwui.so
04-04 12:05:00.096 1116 1116 W art : b5e0d000-b5e10000 r--p 0006e000 103:1d 991 /system/lib/libhwui.so
04-04 12:05:00.096 1116 1116 W art : b5e10000-b5e11000 rw-p 00071000 103:1d 991 /system/lib/libhwui.so
04-04 12:05:00.096 864 973 D WifiManagerWrapper: calculateSignalLevel called
04-04 12:05:00.096 1116 1116 W art : b5e11000-b5e12000 r--p 00000000 00:00 0
04-04 12:05:00.096 1116 1116 W art : b5e12000-b5e15000 r-xp 00000000 103:1d 2329 /system/lib/libradio_metadata.so
04-04 12:05:00.096 1116 1116 W art : b5e15000-b5e16000 r--p 00002000 103:1d 2329 /system/lib/libradio_metadata.so
04-04 12:05:00.096 1116 1116 W art : b5e16000-b5e17000 rw-p 00003000 103:1d 2329 /system/lib/libradio_metadata.so
04-04 12:05:00.096 864 973 D WifiManagerWrapper: calculateSignalLevel called
04-04 12:05:00.096 1116 1116 W art : b5e17000-b5e18000 r--p 00000000 00:00 0
04-04 12:05:00.096 1116 1116 W art : b5e18000-b5e1c000 r-xp 00000000 103:1d 1243 /system/lib/libnativebridge.so
04-04 12:05:00.096 1116 1116 W art : b5e1c000-b5e1d000 ---p 00000000 00:00 0
04-04 12:05:00.096 864 973 D WifiManagerWrapper: calculateSignalLevel called
04-04 12:05:00.096 1116 1116 W art : b5e1d000-b5e1e000 r--p 00004000 103:1d 1243 /system/lib/libnativebridge.so
04-04 12:05:00.096 1116 1116 W art : b5e1e000-b5e1f000 rw-p 00005000 103:1d 1243 /system/lib/libnativebridge.so
04-04 12:05:00.096 1116 1116 W art : b5e1f000-b5e20000 r--p 00000000 00:00 0
04-04 12:05:00.096 1116 1116 W art : b5e20000-b5e24000 r-xp 00000000 103:1d 1284 /system/lib/libprocessgroup.so
