04-04 12:05:18.631 864 864 D WifiManagerWrapper: calculateSignalLevel called
04-04 12:05:18.631 864 864 E HtcPreference: [addPreference]:before size= 3
04-04 12:05:18.631 864 864 E HtcPreference: Thread =Thread[main,5,main]
04-04 12:05:18.631 864 864 E HtcPreference: [addPreference]:after size= 4
04-04 12:05:18.631 864 864 E HtcPreference: Thread =Thread[main,5,main]
04-04 12:05:18.631 864 864 D WifiManagerWrapper: calculateSignalLevel called
04-04 12:05:18.631 864 864 E HtcPreference: [addPreference]:before size= 4
04-04 12:05:18.631 864 864 E HtcPreference: Thread =Thread[main,5,main]
04-04 12:05:18.631 864 864 E HtcPreference: [addPreference]:after size= 5
04-04 12:05:18.631 864 864 E HtcPreference: Thread =Thread[main,5,main]
04-04 12:05:18.631 864 864 D WifiManagerWrapper: calculateSignalLevel called
04-04 12:05:18.631 864 864 E HtcPreference: [addPreference]:before size= 5
04-04 12:05:18.631 864 864 E HtcPreference: Thread =Thread[main,5,main]
04-04 12:05:18.631 864 864 E HtcPreference: [addPreference]:after size= 6
04-04 12:05:18.631 864 864 E HtcPreference: Thread =Thread[main,5,main]
04-04 12:05:18.631 864 864 D WifiManagerWrapper: calculateSignalLevel called
04-04 12:05:18.631 864 864 E HtcPreference: [addPreference]:before size= 6
04-04 12:05:18.631 864 864 E HtcPreference: Thread =Thread[main,5,main]
04-04 12:05:18.631 864 864 E HtcPreference: [addPreference]:after size= 7
04-04 12:05:18.631 864 864 E HtcPreference: Thread =Thread[main,5,main]
04-04 12:05:18.631 864 864 D WifiManagerWrapper: calculateSignalLevel called
04-04 12:05:18.631 864 864 E HtcPreference: [addPreference]:before size= 7
04-04 12:05:18.631 864 864 E HtcPreference: Thread =Thread[main,5,main]
04-04 12:05:18.631 864 864 E HtcPreference: [addPreference]:after size= 8
04-04 12:05:18.631 864 864 E HtcPreference: Thread =Thread[main,5,main]
04-04 12:05:18.631 864 864 D WifiManagerWrapper: calculateSignalLevel called
04-04 12:05:18.631 864 864 E HtcPreference: [addPreference]:before size= 8
04-04 12:05:18.631 864 864 E HtcPreference: Thread =Thread[main,5,main]
04-04 12:05:18.631 864 864 E HtcPreference: [addPreference]:after size= 9
04-04 12:05:18.631 864 864 E HtcPreference: Thread =Thread[main,5,main]
04-04 12:05:18.631 864 864 D WifiManagerWrapper: calculateSignalLevel called
04-04 12:05:18.632 864 864 E HtcPreference: [addPreference]:before size= 9
04-04 12:05:18.632 864 864 E HtcPreference: Thread =Thread[main,5,main]
04-04 12:05:18.632 864 864 E HtcPreference: [addPreference]:after size= 10
04-04 12:05:18.632 864 864 E HtcPreference: Thread =Thread[main,5,main]
04-04 12:05:18.632 864 864 D WifiManagerWrapper: calculateSignalLevel called
04-04 12:05:18.632 864 864 E HtcPreference: [addPreference]:before size= 10
04-04 12:05:18.632 864 864 E HtcPreference: Thread =Thread[main,5,main]
04-04 12:05:18.632 864 864 E HtcPreference: [addPreference]:after size= 11
04-04 12:05:18.632 864 864 E HtcPreference: Thread =Thread[main,5,main]
04-04 12:05:18.632 864 864 D WifiManagerWrapper: calculateSignalLevel called
04-04 12:05:18.632 864 864 E HtcPreference: [addPreference]:before size= 11
04-04 12:05:18.632 864 864 E HtcPreference: Thread =Thread[main,5,main]
04-04 12:05:18.632 864 864 E HtcPreference: [addPreference]:after size= 12
04-04 12:05:18.632 864 864 E HtcPreference: Thread =Thread[main,5,main]
04-04 12:05:18.632 864 864 D WifiManagerWrapper: calculateSignalLevel called
04-04 12:05:18.632 864 864 E HtcPreference: [addPreference]:before size= 12
04-04 12:05:18.632 864 864 E HtcPreference: Thread =Thread[main,5,main]
04-04 12:05:18.632 864 864 E HtcPreference: [addPreference]:after size= 13
04-04 12:05:18.632 864 864 E HtcPreference: Thread =Thread[main,5,main]
04-04 12:05:18.632 864 864 D WifiManagerWrapper: calculateSignalLevel called
04-04 12:05:18.632 864 864 E HtcPreference: [addPreference]:before size= 13
04-04 12:05:18.632 864 864 E HtcPreference: Thread =Thread[main,5,main]
04-04 12:05:18.632 864 864 E HtcPreference: [addPreference]:after size= 14
04-04 12:05:18.632 864 864 E HtcPreference: Thread =Thread[main,5,main]
04-04 12:05:18.632 864 864 D WifiManagerWrapper: calculateSignalLevel called
04-04 12:05:18.633 864 864 D WifiManagerWrapper: calculateSignalLevel called
04-04 12:05:18.633 864 864 D AccessPointPreference: summary : Internet-Box-krzysioSL2, Secured with WPA2 (WPS available)
04-04 12:05:18.633 864 864 E HtcPreference: [addPreference]:before size= 14
04-04 12:05:18.633 864 864 E HtcPreference: Thread =Thread[main,5,main]
04-04 12:05:18.633 864 864 E HtcPreference: [addPreference]:after size= 15
04-04 12:05:18.633 864 864 E HtcPreference: Thread =Thread[main,5,main]
04-04 12:05:18.633 864 864 D WifiManagerWrapper: calculateSignalLevel called
04-04 12:05:18.633 864 864 E HtcPreference: [addPreference]:before size= 15
04-04 12:05:18.633 864 864 E HtcPreference: Thread =Thread[main,5,main]
04-04 12:05:18.633 864 864 E HtcPreference: [addPreference]:after size= 16
04-04 12:05:18.633 864 864 E HtcPreference: Thread =Thread[main,5,main]
04-04 12:05:18.633 864 864 D WifiManagerWrapper: calculateSignalLevel called
04-04 12:05:18.633 864 864 E HtcPreference: [addPreference]:before size= 16
04-04 12:05:18.633 864 864 E HtcPreference: Thread =Thread[main,5,main]
04-04 12:05:18.633 864 864 E HtcPreference: [addPreference]:after size= 17
04-04 12:05:18.633 864 864 E HtcPreference: Thread =Thread[main,5,main]
04-04 12:05:18.633 864 864 D WifiManagerWrapper: calculateSignalLevel called
04-04 12:05:18.633 864 864 E HtcPreference: [addPreference]:before size= 17
04-04 12:05:18.633 864 864 E HtcPreference: Thread =Thread[main,5,main]
04-04 12:05:18.633 864 864 E HtcPreference: [addPreference]:after size= 18
04-04 12:05:18.633 864 864 E HtcPreference: Thread =Thread[main,5,main]
04-04 12:05:18.633 864 864 D WifiManagerWrapper: calculateSignalLevel called
04-04 12:05:18.633 864 864 E HtcPreference: [addPreference]:before size= 18
04-04 12:05:18.633 864 864 E HtcPreference: Thread =Thread[main,5,main]
04-04 12:05:18.634 864 864 E HtcPreference: [addPreference]:after size= 19
04-04 12:05:18.634 864 864 E HtcPreference: Thread =Thread[main,5,main]
04-04 12:05:18.634 864 864 D WifiManagerWrapper: calculateSignalLevel called
04-04 12:05:18.634 864 864 E HtcPreference: [addPreference]:before size= 19
04-04 12:05:18.634 864 864 E HtcPreference: Thread =Thread[main,5,main]
04-04 12:05:18.634 864 864 E HtcPreference: [addPreference]:after size= 20
04-04 12:05:18.634 864 864 E HtcPreference: Thread =Thread[main,5,main]
04-04 12:05:18.634 864 864 D WifiManagerWrapper: calculateSignalLevel called
04-04 12:05:18.634 864 864 E HtcPreference: [addPreference]:before size= 20
04-04 12:05:18.634 864 864 E HtcPreference: Thread =Thread[main,5,main]
04-04 12:05:18.634 864 864 E HtcPreference: [addPreference]:after size= 21
04-04 12:05:18.634 864 864 E HtcPreference: Thread =Thread[main,5,main]
04-04 12:05:18.634 864 864 D WifiManagerWrapper: calculateSignalLevel called
04-04 12:05:18.634 864 864 E HtcPreference: [addPreference]:before size= 21
04-04 12:05:18.634 864 864 E HtcPreference: Thread =Thread[main,5,main]
04-04 12:05:18.634 864 864 E HtcPreference: [addPreference]:after size= 22
04-04 12:05:18.634 864 864 E HtcPreference: Thread =Thread[main,5,main]
04-04 12:05:18.634 864 864 D WifiManagerWrapper: calculateSignalLevel called
04-04 12:05:18.634 864 864 E HtcPreference: [addPreference]:before size= 22
04-04 12:05:18.634 864 864 E HtcPreference: Thread =Thread[main,5,main]
04-04 12:05:18.634 864 864 E HtcPreference: [addPreference]:after size= 23
04-04 12:05:18.634 864 864 E HtcPreference: Thread =Thread[main,5,main]
04-04 12:05:18.634 864 864 D WifiManagerWrapper: calculateSignalLevel called
04-04 12:05:18.634 864 864 E HtcPreference: [addPreference]:before size= 23
04-04 12:05:18.634 864 864 E HtcPreference: Thread =Thread[main,5,main]
04-04 12:05:18.634 864 864 E HtcPreference: [addPreference]:after size= 24
04-04 12:05:18.634 864 864 E HtcPreference: Thread =Thread[main,5,main]
04-04 12:05:18.634 864 864 D WifiManagerWrapper: calculateSignalLevel called
04-04 12:05:18.634 864 864 E HtcPreference: [addPreference]:before size= 24
04-04 12:05:18.634 864 864 E HtcPreference: Thread =Thread[main,5,main]
04-04 12:05:18.634 864 864 E HtcPreference: [addPreference]:after size= 25
04-04 12:05:18.634 864 864 E HtcPreference: Thread =Thread[main,5,main]
04-04 12:05:18.634 864 864 D WifiManagerWrapper: calculateSignalLevel called
04-04 12:05:18.634 864 864 E HtcPreference: [addPreference]:before size= 25
04-04 12:05:18.634 864 864 E HtcPreference: Thread =Thread[main,5,main]
04-04 12:05:18.634 864 864 E HtcPreference: [addPreference]:after size= 26
04-04 12:05:18.635 864 864 E HtcPreference: Thread =Thread[main,5,main]
04-04 12:05:18.635 864 864 D WifiManagerWrapper: calculateSignalLevel called
04-04 12:05:18.635 864 864 E HtcPreference: [addPreference]:before size= 26
04-04 12:05:18.635 864 864 E HtcPreference: Thread =Thread[main,5,main]
04-04 12:05:18.635 864 864 E HtcPreference: [addPreference]:after size= 27
04-04 12:05:18.635 864 864 E HtcPreference: Thread =Thread[main,5,main]
04-04 12:05:18.635 864 864 D WifiManagerWrapper: calculateSignalLevel called
04-04 12:05:18.635 864 864 E HtcPreference: [addPreference]:before size= 27
04-04 12:05:18.635 864 864 E HtcPreference: Thread =Thread[main,5,main]
04-04 12:05:18.635 864 864 E HtcPreference: [addPreference]:after size= 28
04-04 12:05:18.635 864 864 E HtcPreference: Thread =Thread[main,5,main]
04-04 12:05:18.635 864 864 D WifiManagerWrapper: calculateSignalLevel called
04-04 12:05:18.635 864 864 E HtcPreference: [addPreference]:before size= 28
04-04 12:05:18.635 864 864 E HtcPreference: Thread =Thread[main,5,main]
04-04 12:05:18.635 864 864 E HtcPreference: [addPreference]:after size= 29
04-04 12:05:18.635 864 864 E HtcPreference: Thread =Thread[main,5,main]
04-04 12:05:18.635 864 864 D WifiManagerWrapper: calculateSignalLevel called
04-04 12:05:18.635 864 864 E HtcPreference: [addPreference]:before size= 29
04-04 12:05:18.635 864 864 E HtcPreference: Thread =Thread[main,5,main]
04-04 12:05:18.635 864 864 E HtcPreference: [addPreference]:after size= 30
04-04 12:05:18.635 864 864 E HtcPreference: Thread =Thread[main,5,main]
04-04 12:05:18.635 864 864 D WifiManagerWrapper: calculateSignalLevel called
04-04 12:05:18.635 864 864 E HtcPreference: [addPreference]:before size= 30
04-04 12:05:18.635 864 864 E HtcPreference: Thread =Thread[main,5,main]
04-04 12:05:18.635 864 864 E HtcPreference: [addPreference]:after size= 31
04-04 12:05:18.635 864 864 E HtcPreference: Thread =Thread[main,5,main]
04-04 12:05:18.635 864 864 D WifiManagerWrapper: calculateSignalLevel called
04-04 12:05:18.635 864 864 E HtcPreference: [addPreference]:before size= 31
04-04 12:05:18.635 864 864 E HtcPreference: Thread =Thread[main,5,main]
04-04 12:05:18.635 864 864 E HtcPreference: [addPreference]:after size= 32
04-04 12:05:18.635 864 864 E HtcPreference: Thread =Thread[main,5,main]
04-04 12:05:18.635 864 864 D WifiManagerWrapper: calculateSignalLevel called
04-04 12:05:18.636 864 864 E HtcPreference: [addPreference]:before size= 32
04-04 12:05:18.636 864 864 E HtcPreference: Thread =Thread[main,5,main]
04-04 12:05:18.636 864 864 E HtcPreference: [addPreference]:after size= 33
04-04 12:05:18.636 864 864 E HtcPreference: Thread =Thread[main,5,main]
04-04 12:05:18.636 864 864 D WifiManagerWrapper: calculateSignalLevel called
04-04 12:05:18.636 864 864 E HtcPreference: [addPreference]:before size= 33
04-04 12:05:18.636 864 864 E HtcPreference: Thread =Thread[main,5,main]
04-04 12:05:18.636 864 864 E HtcPreference: [addPreference]:after size= 34
04-04 12:05:18.636 864 864 E HtcPreference: Thread =Thread[main,5,main]
04-04 12:05:18.636 864 864 D WifiManagerWrapper: calculateSignalLevel called
04-04 12:05:18.636 864 864 E HtcPreference: [addPreference]:before size= 34
04-04 12:05:18.636 864 864 E HtcPreference: Thread =Thread[main,5,main]
04-04 12:05:18.636 864 864 E HtcPreference: [addPreference]:after size= 35
04-04 12:05:18.636 864 864 E HtcPreference: Thread =Thread[main,5,main]
04-04 12:05:18.636 864 864 D WifiManagerWrapper: calculateSignalLevel called
04-04 12:05:18.636 864 864 E HtcPreference: [addPreference]:before size= 35
04-04 12:05:18.636 864 864 E HtcPreference: Thread =Thread[main,5,main]
04-04 12:05:18.636 864 864 E HtcPreference: [addPreference]:after size= 36
04-04 12:05:18.636 864 864 E HtcPreference: Thread =Thread[main,5,main]
04-04 12:05:18.636 864 864 D WifiManagerWrapper: calculateSignalLevel called
04-04 12:05:18.636 864 864 E HtcPreference: [addPreference]:before size= 36
04-04 12:05:18.636 864 864 E HtcPreference: Thread =Thread[main,5,main]
04-04 12:05:18.636 864 864 E HtcPreference: [addPreference]:after size= 37
04-04 12:05:18.636 864 864 E HtcPreference: Thread =Thread[main,5,main]
04-04 12:05:18.636 864 864 D WifiManagerWrapper: calculateSignalLevel called
04-04 12:05:18.636 864 864 E HtcPreference: [addPreference]:before size= 37
04-04 12:05:18.636 864 864 E HtcPreference: Thread =Thread[main,5,main]
04-04 12:05:18.636 864 864 E HtcPreference: [addPreference]:after size= 38
04-04 12:05:18.636 864 864 E HtcPreference: Thread =Thread[main,5,main]
04-04 12:05:18.636 864 864 D WifiManagerWrapper: calculateSignalLevel called
04-04 12:05:18.636 864 864 E HtcPreference: [addPreference]:before size= 38
04-04 12:05:18.636 864 864 E HtcPreference: Thread =Thread[main,5,main]
04-04 12:05:18.636 864 864 E HtcPreference: [addPreference]:after size= 39
04-04 12:05:18.636 864 864 E HtcPreference: Thread =Thread[main,5,main]
04-04 12:05:18.637 864 864 D WifiManagerWrapper: calculateSignalLevel called
04-04 12:05:18.637 864 864 E HtcPreference: [addPreference]:before size= 39
04-04 12:05:18.637 864 864 E HtcPreference: Thread =Thread[main,5,main]
04-04 12:05:18.637 864 864 E HtcPreference: [addPreference]:after size= 40
04-04 12:05:18.637 864 864 E HtcPreference: Thread =Thread[main,5,main]
04-04 12:05:18.637 864 864 D WifiManagerWrapper: calculateSignalLevel called
04-04 12:05:18.637 864 864 E HtcPreference: [addPreference]:before size= 40
04-04 12:05:18.637 864 864 E HtcPreference: Thread =Thread[main,5,main]
04-04 12:05:18.637 864 864 E HtcPreference: [addPreference]:after size= 41
04-04 12:05:18.637 864 864 E HtcPreference: Thread =Thread[main,5,main]
04-04 12:05:18.637 864 864 D WifiManagerWrapper: calculateSignalLevel called
04-04 12:05:18.637 864 864 E HtcPreference: [addPreference]:before size= 41
04-04 12:05:18.637 864 864 E HtcPreference: Thread =Thread[main,5,main]
04-04 12:05:18.637 864 864 E HtcPreference: [addPreference]:after size= 42
04-04 12:05:18.637 864 864 E HtcPreference: Thread =Thread[main,5,main]
04-04 12:05:18.637 864 864 D WifiManagerWrapper: calculateSignalLevel called
04-04 12:05:18.637 864 864 E HtcPreference: [addPreference]:before size= 42
04-04 12:05:18.637 864 864 E HtcPreference: Thread =Thread[main,5,main]
04-04 12:05:18.637 864 864 E HtcPreference: [addPreference]:after size= 43
04-04 12:05:18.637 864 864 E HtcPreference: Thread =Thread[main,5,main]
04-04 12:05:18.637 864 864 D WifiManagerWrapper: calculateSignalLevel called
04-04 12:05:18.637 864 864 E HtcPreference: [addPreference]:before size= 43
04-04 12:05:18.637 864 864 E HtcPreference: Thread =Thread[main,5,main]
04-04 12:05:18.637 864 864 E HtcPreference: [addPreference]:after size= 44
04-04 12:05:18.637 864 864 E HtcPreference: Thread =Thread[main,5,main]
04-04 12:05:18.637 864 864 D WifiManagerWrapper: calculateSignalLevel called
04-04 12:05:18.637 864 864 E HtcPreference: [addPreference]:before size= 44
04-04 12:05:18.637 864 864 E HtcPreference: Thread =Thread[main,5,main]
04-04 12:05:18.637 864 864 E HtcPreference: [addPreference]:after size= 45
04-04 12:05:18.637 864 864 E HtcPreference: Thread =Thread[main,5,main]
04-04 12:05:18.899 638 717 I appium : channel read invoked!
04-04 12:05:18.899 638 717 I appium : channel read: GET /wd/hub/session/e42f59eb-4d3b-4a3e-969d-622e533298fb/screenshot
04-04 12:05:18.900 638 717 I appium : Capture screenshot command
04-04 12:05:19.156 1694 1761 E Finsky : [10968] fqv.a(20): Unable to build selector: /storage/emulated/0/Download/marketenvs.csv: open failed: ENOENT (No such file or directory)
04-04 12:05:19.157 600 612 I art : Background concurrent mark sweep GC freed 10041(888KB) AllocSpace objects, 1(20KB) LOS objects, 92% free, 320KB/4MB, paused 324us total 119.455ms
04-04 12:05:19.171 1694 1751 I Finsky : [10964] nun.b(1): Triggered update for experiment package com.google.android.finsky.regular.
04-04 12:05:19.171 638 648 I art : Background partial concurrent mark sweep GC freed 186741(8MB) AllocSpace objects, 24(832KB) LOS objects, 40% free, 17MB/29MB, paused 462us total 176.637ms
04-04 12:05:19.180 1694 1750 I ShortcutBadger: Checking if platform supports badge counters, attempt 1/3.
04-04 12:05:19.186 1694 1750 I ShortcutBadger: Badge counter is supported in this platform.
04-04 12:05:19.222 1694 1760 I Finsky : [10967] uii.f(3): Restoring notifications
04-04 12:05:19.227 1694 1761 I Finsky : [10968] vdx.a(11): Do not start WearSupportService due to Wear service optimization
04-04 12:05:19.228 1694 1730 I Finsky : [10951] dhi.run(7): Component class com.google.android.finsky.wear.WearSupportService disabled via PackageManager.
04-04 12:05:19.230 1694 1730 I Finsky : [10951] dhi.run(7): Component class com.google.android.finsky.wear.WearChangeListenerService disabled via PackageManager.
04-04 12:05:19.258 1694 1760 I Finsky : [10967] uii.f(8): Done restoring notifications
04-04 12:05:19.324 1694 1751 I Finsky : [10964] nug.a(36): Started reading experiment flags from file [v6B-2IolLQRBwrwPhscSaeg04As].
04-04 12:05:19.330 1694 1751 I Finsky : [10964] nug.a(37): Finished reading experiment flags from file [v6B-2IolLQRBwrwPhscSaeg04As].
04-04 12:05:19.359 1694 1751 I Finsky : [10964] nug.a(3): Started writing experiment flags into file [3iTZK60-XSU6ycLHV1Pe7j2ByDQ].
04-04 12:05:19.361 1694 1751 I Finsky : [10964] nug.a(21): Finished writing experiment flags into file [3iTZK60-XSU6ycLHV1Pe7j2ByDQ].
04-04 12:05:19.363 1694 1751 I Finsky : [10964] nun.b(357): Successfully applied new configurations for package com.google.android.finsky.regular.
04-04 12:05:19.363 1694 2030 I Finsky : [10994] nun.b(1): Triggered update for experiment package com.google.android.finsky.stable.
04-04 12:05:19.365 1278 2150 I AccountManagerService: getTypesVisibleToCaller: isPermitted? true
04-04 12:05:19.371 1278 2891 I AccountManagerService: getTypesVisibleToCaller: isPermitted? true
04-04 12:05:19.381 1694 2030 I Finsky : [10994] nun.b(131): Already at the latest configurations for experiment package com.google.android.finsky.stable.
04-04 12:05:19.381 1694 2031 I Finsky : [10995] nun.b(1): Triggered update for experiment package com.google.android.finsky.regular.
04-04 12:05:19.382 1278 1378 I AccountManagerService: getTypesVisibleToCaller: isPermitted? true
04-04 12:05:19.384 1278 2889 I AccountManagerService: getTypesVisibleToCaller: isPermitted? true
04-04 12:05:19.398 1278 1326 W SensorService: D/Accel(x, y, z, t) = ( -0.0, 0.1, 9.8, 579143842ms), calendar = 1554372319, sys_time = 579143850ms
04-04 12:05:19.409 1694 2031 I Finsky : [10995] nun.b(131): Already at the latest configurations for experiment package com.google.android.finsky.regular.
04-04 12:05:19.453 1694 2042 I Finsky : [11001] prq.(6): Resetting scheduler db
04-04 12:05:19.460 1694 1694 I Finsky : [1] qfe.run(4): Detected restoreservicev2://recovery not needed, will not run
04-04 12:05:19.484 638 717 I appium : AppiumResponse: {"sessionId":"e42f59eb-4d3b-4a3e-969d-622e533298fb","status":0,"value":"iVBORw0KGgoAAAANSUhEUgAABDgAAAeACAIAAACkA3BdAAAAA3NCSVQICAjb4U\/gAAAgAElEQVR4\nnOzdd0BT5\/oH8Dc7IYOw9xZUnDhBcdWtrdZdbe24bW\/n73bZ3va23u5129txb8fttNu6R917oyIq\nSwRk7x3CyM75\/REbDgmEAEk44PfzV3JyzskLxnCe877P87Bk935IAAAAAAAAmITd1wMAAAAAAACw\nhEAFAAAAAAAYB4EKAAAAAAAwDgIVAAAAAABgHAQqAAAAAADAOAhUAAAAAACAcRCoAAAAAAAA4yBQ\nAQAAAAAAxkGgAgAAAAAAjINABQAAAAAAGAeBCgAAAAAAMA4CFQAAAAAAYBwEKgAAAAAAwDgIVAAG\noAC55JnbJ8QGe3f3wMGBns\/cPmFokJczRgUAAwObxbJ\/Zw67GzsDANAhUAEYgNZMGfbq8ikrE4Z2\n53KCsFhkyYTBry6f8vyieKcNDQD6txBv2dUPHnzwtlH27PzSkkln37rP193N2aMCgAGJ29cD6PdY\nLBLm7R7hJxcLeO22ExZFKIunHW7s1iEURWqUrddKa5vVWqf8PDAg5FbUs1gkNsRbyOOptDo7jxLy\nuOMHBbJY5EZlg1OHBwDn3r5vWPfnPO2UVlQ95Z8\/O+PMQZ7SPS+uDPNx\/\/e9swQ87hcHU2zsvH5Z\n4rpFEwkhe19adcd7mysVLc4YEgAMYEwMVKQivvlxk4rRl+NcDvueKcP\/b\/64IE+piO+KX6aRohqa\n1edzy5749mBDi9oF7wj9UVJOGSEkNshbyOPYH6jwuZzhIT6EkLPZpU4cHAAQ4rwohRAyMszXSWfe\n8fzycB93QgiLRd5dM53HYX+6L7nDPV9fOeXphRNMj2MCPLevWzbplZ+cNCoAGKj6LFBhs1hcDpvD\nZsndhGIhz0Ms5HM5MjdBhzsrWzVavaGhRd2i1ilaNQajUW8wGimqw51daXxUwBurprp3MmxnYLNY\nXlLRwjGD\/J4Tz3zjN5e974AhEfI9JEIWIU0qraJV3ZsPkYjPFfK4zAwXa5StVwqq4iL8Aj0k9o9w\nfFSAv1ysNxjTi2ucOjwA6Kf+tSvp60cWmNNO3lg1lcdlf7j7gsVub9017f\/mjzM\/NRipD6z2AQDo\nkqsDFRaLiAV8T4lQLhZKhXwRn8vjcro8yhTAeMvcCCF6g7FVo2vW6BqaVQ0t6ma1tg8DlqcXTnBl\nlEI3wmk3zAawIE\/pm6umzhkVyWaxMkpqtl24vvlcVs8iDQ+x8NUVU8J8ZE9tOFxcq3T4UHtv16Wc\nuAi\/GcPDMktr7Txk8fgYQkhyXkV9s8qZQwOANu73\/duBZ2v88TkHns3a1vPXBTzO5w\/OM+e\/rV+W\nKOBy395+1vSUxSLv3T3j0dljzIcYjNSjX+\/fcTHbqQMDgAHJpYGKr7tblJ+HTCRgsQirW0m+NFwO\nW+YmkLkJAuRiiiJKlSa\/SlHV2DcrX6cODemT9yWE8DldB3hg4b27Z9wxNtr00ZsYHTh+UMBjc8Y8\nteHwyWvF3ToPj8N+Zdnk+6aPYBHW94\/fvvCdTRq9wSkj7oVdyTmvrZhyx7jozw60LSJ3E\/AifNzN\nTy1imHumDieE\/HEp12WDBIB+59fTmVw2+9MH5pj\/jL+wOJ7PZb+6+TSLRT5cO\/OhmaPNO1MU+b\/v\nD25OyuqbsQJAP+f0QIXFIhIh30siCvaSSkWOnHxgsVgsFpGLhWMi\/ZtUmtK6prpmlYsnWNxoCfTj\nX9yQU1HP47BXTYr966zRI8J8u1XAsTNKlWb3pdxP9ibnVtQTQpLfeyAmwJMQ4ohzdxuHzRIL+D4y\nt1AfWWyQd7ive6CHVC4WmvJz1Dq9okVdpWgpqFZkl9cXVCtqlK1KlcZg7PtFeiazRoTTf29sFivC\nV77j+eX7r+R9dyw1KafMnnQOuVj498XxD8wYZfr3HR8VsPHpO9d+trtFbW8qiLNx2KxAT2mwl6yu\nSRUfHfTOmunubgJfmZjP7bjKX5Na29Cs5nM5bBaLokhVY4u\/XFzbpNIbjC4eOQD0Cz+eTBfwuP+6\n5zbzN+rTCyfwuByxgHf\/9JHm3SiKPLXh0K+nM3v\/jsvjh1hv3Hr+eu\/PDABM5txAhcthDw7w9HEX\nOzvRXCoSDA0WqLT6msaW7Ir6PrzA0hmMv57JOJ5Z9NDMUU\/OG8e3Y2GbDWlF1a\/8fvLijXKVVu+o\nEfaYgMvxlYvHRPjPHBHuI3PLr1KkFVXvvpRb16Rq1egoQtz4XC+pKMRLNjTYe0J0oLJVezqr+FxO\nWXVjCxPGT9oHlmYcNuv2sYMShwSfyyl7c+uZazYXSkmE\/DdWTV07dbg5CjUYqZ3JOTo9U67px0b6\n3z52ULCXzLwocdrQ0NqmVhuHSIV8qZAf7CUjhKh1ursmx84aGVFYrdhz+UYGklUAXOXKvx6M9JP3\n4MC8qoYxL3zv8PHY9vWRKzwO+501081bnpg7lr4DRZF1Px\/98WS6iwcGTODsJYi94djFluBszoof\nuBy2r7s4NsjLnhQURxHxuaE+7gEekqyyuqrGlr4KVyiKlNU3vb7lzKHUgjfvmjY63I\/H6V6\/Gooi\ntU2tm85lvbvjHBPKELNZLJmbYFyk\/\/y4KD6Xcz637Gphda2yVaXVa3R6vfFmYQM2i8WtYqcWVR\/L\nKPKUCEeE+k6MDoyPCTqWUXQ6q0Sp0jD5Dr1cLFwQFzVzRPjXh6\/8cCItv0phXa3BTcB7YXH8PVPa\nopQmlfbljSd+YsZfYi6HfXfisEXjY7h\/5rkW1TZqdHo7E06qG1vkYmFlQzOPww6QiwPk4nFRAVuS\nsrZfyNYx+B8OYMDoWZRCCIny83DsSOz0+cEUHpfz+sopHb760m\/Hvz161cVDYoIgT2mknzxALlFp\n9eUNTZkltWpdT27V9fI8Eb7ycVEBIj63vL7p5LVifI33L6HesuEhPu5uApVOX6tUXS2sctLVoK+7\nW7S\/Z4CHRGcwViqas0rrlCqNM96oxxwfqLBYRO4mjPSTe0vd2H3Rj5bH5QwP8fGXi\/OrFL0s69RL\nSTllaz7duWTC4CfnjQv1ltl5FEWRPSm5nx9MOZ9bxoDCZoTDZgV4SBeNix4S6JlZWpuUU1ZSq2xS\na62jDgNFGYwGjd7QpNLWNrWWNzRnlNRMjA6cMSws0k++KzmnqKaROcvAOiTgcp6cN27hmEG7L+V+\nd+wqPUveQyx8feWUe6aOMJe7MRipN7ae2XSOKWuv75s2YvH4GIr2oVG2apSt9n7jaPWGjOJq+hYe\nh7104hCpSHBrXm0AQJc+2XtRyOO8tGSSxfaXN5748tDlPhlSL0mE\/DWJw+6cEDMqzDfokf\/af6Cb\ngLfujonzRkcODfamL\/xWqjQXb1R8dfjyodQC15wncUjwK8sSJ0YHmg9XtKh\/PZP56qZTLg5XmDZ3\n4cp5nmAv2dqpwxeOidLoDPbXaB0e6vPo7DHTY0ND2l80avSG7LK6nck53x9LdUitUSGP+9TC8Qvi\nooaH+HBpN9NVWv3VwqotSVnfHUvt8iSn31jr051ers\/8cGT\/lbzuDtXxgUqgh3SoaydSrLHZLF93\nsadElFVWV1rngIpM5g93fpUi7oXv7D+wurH1q8NX\/ki58cPjt48fFNBl1kp9s+qFX45vYUzeIZvF\nCvCQ3jNlmL9ccjC14Fx2qZ05JwYj1diqUao0ZfVN+VWK28cO+suMUV8fuVLe0MzkeRVCCItFIv3k\nTy8cv3bq8PWbTm48c81IUWwW66Ulk9ZOG2H+F9QbjI9+c4A5\/1JuAt6\/7511pbDS\/sjEHpF+8n\/f\nO\/O3M5mtGqZk4AAAc7BYx
04-04 12:05:19.552 1278 1382 D WirelessDisplayService: HANDLE_WIFI_DIS
04-04 12:05:19.561 1278 1382 D WirelessDisplayService: HANDLE_STOP_DIS
04-04 12:05:19.562 1278 1382 D WirelessDisplayService: clearDongleCache: Wivulist is already empty
04-04 12:05:19.562 1278 1382 D WirelessDisplayService: HANDLE_CHANGE_STATE previousState = 1, state=1 err=-1
04-04 12:05:19.892 638 718 I appium : channel read invoked!
04-04 12:05:19.892 638 718 I appium : channel read: GET /wd/hub/session/e42f59eb-4d3b-4a3e-969d-622e533298fb/window/current/size
04-04 12:05:19.893 638 718 I appium : Get window size of the device
04-04 12:05:19.894 638 718 I appium : AppiumResponse: {"sessionId":"e42f59eb-4d3b-4a3e-969d-622e533298fb","status":0,"value":{"height":1776,"width":1080}}
04-04 12:05:19.925 638 719 I appium : channel read invoked!
04-04 12:05:19.925 638 719 I appium : channel read: POST /wd/hub/session/e42f59eb-4d3b-4a3e-969d-622e533298fb/touch/perform
04-04 12:05:19.926 638 719 I appium : JSON Payload : {"startX":54,"startY":1243,"endX":54,"endY":355,"steps":28}
04-04 12:05:19.947 3023 3039 E MP-Decision: Update arg 2
04-04 12:05:19.971 1278 2863 D PMS : acquireHCC(8c354ef): CPU_MIN_FREQ AbsListViewScroll_5.0 0x2000 864 1000 null
04-04 12:05:19.972 3023 3039 E MP-Decision: Update arg 2
04-04 12:05:19.972 1278 1378 D PMS : acquireHCC(ee62bfc): CPU_MIN_NUM AbsListViewScroll_5.0 0x8000 864 1000 null
04-04 12:05:20.718 1278 1288 D PMS : releaseHCC(8c354ef): CPU_MIN_FREQ AbsListViewScroll_5.0 0x2000 null
04-04 12:05:20.718 1278 2890 D PMS : releaseHCC(ee62bfc): CPU_MIN_NUM AbsListViewScroll_5.0 0x8000 null
04-04 12:05:20.720 3023 3039 E MP-Decision: Update arg 1
04-04 12:05:21.217 638 719 I appium : AppiumResponse: {"sessionId":"e42f59eb-4d3b-4a3e-969d-622e533298fb","status":0,"value":true}
04-04 12:05:21.438 1278 1326 W SensorService: D/Accel(x, y, z, t) = ( -0.0, 0.1, 9.8, 579145882ms), calendar = 1554372321, sys_time = 579145890ms
04-04 12:05:21.901 638 817 I appium : channel read invoked!
04-04 12:05:21.901 638 817 I appium : channel read: GET /wd/hub/session/e42f59eb-4d3b-4a3e-969d-622e533298fb
04-04 12:05:21.903 638 817 I appium : AppiumResponse: {"sessionId":"e42f59eb-4d3b-4a3e-969d-622e533298fb","status":0,"value":{"lastScrollData":{"itemCount":45,"scrollY":-1,"scrollX":-1,"fromIndex":4,"maxScrollX":-1,"maxScrollY":-1,"toIndex":12}}}
04-04 12:05:21.925 638 818 I appium : channel read invoked!
04-04 12:05:21.925 638 818 I appium : channel read: POST /wd/hub/session/e42f59eb-4d3b-4a3e-969d-622e533298fb/element
04-04 12:05:21.926 638 818 I appium : Find element command
04-04 12:05:21.926 638 818 I appium : find element command using 'xpath' with selector '//android.widget.ListView'.
04-04 12:05:22.216 638 818 I appium : AppiumResponse: {"sessionId":"e42f59eb-4d3b-4a3e-969d-622e533298fb","status":0,"value":{"ELEMENT":"8cf41550-ff63-4922-8e9d-64733884200d"}}
04-04 12:05:22.313 638 819 I appium : channel read invoked!
04-04 12:05:22.313 638 819 I appium : channel read: GET /wd/hub/session/e42f59eb-4d3b-4a3e-969d-622e533298fb/element/8cf41550-ff63-4922-8e9d-64733884200d/attribute/displayed
04-04 12:05:22.313 638 819 I appium : get attribute of element command
04-04 12:05:22.315 638 819 I appium : AppiumResponse: {"sessionId":"e42f59eb-4d3b-4a3e-969d-622e533298fb","status":0,"value":"true"}
04-04 12:05:22.332 638 820 I appium : channel read invoked!
04-04 12:05:22.333 638 820 I appium : channel read: POST /wd/hub/session/e42f59eb-4d3b-4a3e-969d-622e533298fb/elements
04-04 12:05:22.333 638 820 I appium : Find elements command
04-04 12:05:22.333 638 820 I appium : find element command using 'id' with selector 'android:id/summary'.
04-04 12:05:22.358 638 820 I appium : AppiumResponse: {"sessionId":"e42f59eb-4d3b-4a3e-969d-622e533298fb","status":0,"value":[{"ELEMENT":"9dc68e6d-fc9c-4623-a1c8-c0a164845658"},{"ELEMENT":"8d00f4fb-c89a-4e14-8bcb-afccb47b3f7c"},{"ELEMENT":"a78b1ade-f4fc-4cb3-bcac-9f2c45a11f1f"},{"ELEMENT":"8f1b2038-471c-486c-8c38-e89d4e35025c"},{"ELEMENT":"8b2c4f00-5904-4a48-b74f-ad21485bfc1e"},{"ELEMENT":"0ae0b288-4ef8-4dc6-bd79-88e6672e7eaf"},{"ELEMENT":"8e121094-3233-41ba-9ca2-afa5229d32f4"},{"ELEMENT":"272652bb-5ae9-4ec3-a449-deae54626d55"},{"ELEMENT":"69706eff-5b6a-4ba1-8237-5ecadf3a751e"}]}
04-04 12:05:22.415 1278 1295 D DeviceIdleController: handleMessage(5)
04-04 12:05:22.415 1278 1295 D DeviceIdleController: Removing UID 10011 from temp whitelist
04-04 12:05:22.416 1278 1295 D DeviceIdleController: Setting wakelock temp whitelist to []
04-04 12:05:22.417 1278 1295 D NetworkManagement: oldRule = 0, newRule=0 for uid=10011
04-04 12:05:22.417 1278 1295 D NetworkManagement: !!!!! Skipping change
04-04 12:05:23.053 638 821 I appium : channel read invoked!
04-04 12:05:23.053 638 821 I appium : channel read: GET /wd/hub/session/e42f59eb-4d3b-4a3e-969d-622e533298fb/element/9dc68e6d-fc9c-4623-a1c8-c0a164845658/text
04-04 12:05:23.055 638 821 I appium : Get Text of element command
04-04 12:05:23.062 638 821 I appium : Get Text :Secured with WPA2 (WPS available)
04-04 12:05:23.063 638 821 I appium : AppiumResponse: {"sessionId":"e42f59eb-4d3b-4a3e-969d-622e533298fb","status":0,"value":"Secured with WPA2 (WPS available)"}
04-04 12:05:23.083 638 717 I appium : channel read invoked!
04-04 12:05:23.084 638 717 I appium : channel read: GET /wd/hub/session/e42f59eb-4d3b-4a3e-969d-622e533298fb/element/8d00f4fb-c89a-4e14-8bcb-afccb47b3f7c/text
04-04 12:05:23.084 638 717 I appium : Get Text of element command
04-04 12:05:23.088 638 717 I appium : Get Text :Secured with WPA2
04-04 12:05:23.088 638 717 I appium : AppiumResponse: {"sessionId":"e42f59eb-4d3b-4a3e-969d-622e533298fb","status":0,"value":"Secured with WPA2"}
04-04 12:05:23.108 638 718 I appium : channel read invoked!
04-04 12:05:23.108 638 718 I appium : channel read: GET /wd/hub/session/e42f59eb-4d3b-4a3e-969d-622e533298fb/element/a78b1ade-f4fc-4cb3-bcac-9f2c45a11f1f/text
04-04 12:05:23.109 638 718 I appium : Get Text of element command
04-04 12:05:23.114 638 718 I appium : Get Text :Secured with WPA2 (WPS available)
04-04 12:05:23.114 638 718 I appium : AppiumResponse: {"sessionId":"e42f59eb-4d3b-4a3e-969d-622e533298fb","status":0,"value":"Secured with WPA2 (WPS available)"}
04-04 12:05:23.135 638 719 I appium : channel read invoked!
04-04 12:05:23.135 638 719 I appium : channel read: GET /wd/hub/session/e42f59eb-4d3b-4a3e-969d-622e533298fb/element/8f1b2038-471c-486c-8c38-e89d4e35025c/text
04-04 12:05:23.136 638 719 I appium : Get Text of element command
04-04 12:05:23.140 638 719 I appium : Get Text :Secured with WPA2 (WPS available)
04-04 12:05:23.141 638 719 I appium : AppiumResponse: {"sessionId":"e42f59eb-4d3b-4a3e-969d-622e533298fb","status":0,"value":"Secured with WPA2 (WPS available)"}
04-04 12:05:23.164 638 817 I appium : channel read invoked!
04-04 12:05:23.165 638 817 I appium : channel read: GET /wd/hub/session/e42f59eb-4d3b-4a3e-969d-622e533298fb/element/8b2c4f00-5904-4a48-b74f-ad21485bfc1e/text
04-04 12:05:23.165 638 817 I appium : Get Text of element command
04-04 12:05:23.169 638 817 I appium : Get Text :Secured with WPA2 (WPS available)
04-04 12:05:23.170 638 817 I appium : AppiumResponse: {"sessionId":"e42f59eb-4d3b-4a3e-969d-622e533298fb","status":0,"value":"Secured with WPA2 (WPS available)"}
04-04 12:05:23.190 638 818 I appium : channel read invoked!
04-04 12:05:23.191 638 818 I appium : channel read: GET /wd/hub/session/e42f59eb-4d3b-4a3e-969d-622e533298fb/element/0ae0b288-4ef8-4dc6-bd79-88e6672e7eaf/text
04-04 12:05:23.191 638 818 I appium : Get Text of element command
04-04 12:05:23.195 638 818 I appium : Get Text :Secured with WPA2 (WPS available)
04-04 12:05:23.195 638 818 I appium : AppiumResponse: {"sessionId":"e42f59eb-4d3b-4a3e-969d-622e533298fb","status":0,"value":"Secured with WPA2 (WPS available)"}
04-04 12:05:23.223 638 819 I appium : channel read invoked!
04-04 12:05:23.224 638 819 I appium : channel read: GET /wd/hub/session/e42f59eb-4d3b-4a3e-969d-622e533298fb/element/8e121094-3233-41ba-9ca2-afa5229d32f4/text
04-04 12:05:23.224 638 819 I appium : Get Text of element command
04-04 12:05:23.230 638 819 I appium : Get Text :Secured with WPA2 (WPS available)
04-04 12:05:23.230 638 819 I appium : AppiumResponse: {"sessionId":"e42f59eb-4d3b-4a3e-969d-622e533298fb","status":0,"value":"Secured with WPA2 (WPS available)"}
04-04 12:05:23.250 638 820 I appium : channel read invoked!
04-04 12:05:23.250 638 820 I appium : channel read: GET /wd/hub/session/e42f59eb-4d3b-4a3e-969d-622e533298fb/element/272652bb-5ae9-4ec3-a449-deae54626d55/text
04-04 12:05:23.251 638 820 I appium : Get Text of element command
04-04 12:05:23.255 638 820 I appium : Get Text :Secured with WPA2 (WPS available)
04-04 12:05:23.255 638 820 I appium : AppiumResponse: {"sessionId":"e42f59eb-4d3b-4a3e-969d-622e533298fb","status":0,"value":"Secured with WPA2 (WPS available)"}
04-04 12:05:23.291 638 821 I appium : channel read invoked!
04-04 12:05:23.291 638 821 I appium : channel read: GET /wd/hub/session/e42f59eb-4d3b-4a3e-969d-622e533298fb/element/69706eff-5b6a-4ba1-8237-5ecadf3a751e/text
04-04 12:05:23.292 638 821 I appium : Get Text of element command
04-04 12:05:23.298 638 821 I appium : Get Text :Secured with WPA2 (WPS available)
04-04 12:05:23.299 638 821 I appium : AppiumResponse: {"sessionId":"e42f59eb-4d3b-4a3e-969d-622e533298fb","status":0,"value":"Secured with WPA2 (WPS available)"}
04-04 12:05:23.331 638 717 I appium : channel read invoked!
04-04 12:05:23.331 638 717 I appium : channel read: GET /wd/hub/session/e42f59eb-4d3b-4a3e-969d-622e533298fb
04-04 12:05:23.332 638 717 I appium : AppiumResponse: {"sessionId":"e42f59eb-4d3b-4a3e-969d-622e533298fb","status":0,"value":{"lastScrollData":{"itemCount":45,"scrollY":-1,"scrollX":-1,"fromIndex":4,"maxScrollX":-1,"maxScrollY":-1,"toIndex":12}}}
04-04 12:05:23.366 638 718 I appium : channel read invoked!
04-04 12:05:23.366 638 718 I appium : channel read: POST /wd/hub/session/e42f59eb-4d3b-4a3e-969d-622e533298fb/element
04-04 12:05:23.366 638 718 I appium : Find element command
04-04 12:05:23.367 638 718 I appium : find element command using 'xpath' with selector '//android.widget.ListView/android.widget.LinearLayout[last()]//android.widget.TextView'.
04-04 12:05:23.488 1278 1326 W SensorService: D/Accel(x, y, z, t) = ( -0.0, 0.1, 9.8, 579147932ms), calendar = 1554372323, sys_time = 579147940ms
04-04 12:05:23.650 638 718 I appium : AppiumResponse: {"sessionId":"e42f59eb-4d3b-4a3e-969d-622e533298fb","status":0,"value":{"ELEMENT":"72302610-ca02-4dbe-8555-459c66e7ad09"}}
04-04 12:05:23.740 638 719 I appium : channel read invoked!
04-04 12:05:23.740 638 719 I appium : channel read: GET /wd/hub/session/e42f59eb-4d3b-4a3e-969d-622e533298fb/element/72302610-ca02-4dbe-8555-459c66e7ad09/text
04-04 12:05:23.740 638 719 I appium : Get Text of element command
04-04 12:05:23.742 638 719 I appium : Get Text :Internet-Box-v3-5
04-04 12:05:23.743 638 719 I appium : AppiumResponse: {"sessionId":"e42f59eb-4d3b-4a3e-969d-622e533298fb","status":0,"value":"Internet-Box-v3-5"}
04-04 12:05:23.860 638 817 I appium : channel read invoked!
04-04 12:05:23.860 638 817 I appium : channel read: GET /wd/hub/session/e42f59eb-4d3b-4a3e-969d-622e533298fb/window/current/size
04-04 12:05:23.860 638 817 I appium : Get window size of the device
04-04 12:05:23.861 638 817 I appium : AppiumResponse: {"sessionId":"e42f59eb-4d3b-4a3e-969d-622e533298fb","status":0,"value":{"height":1776,"width":1080}}
04-04 12:05:23.885 638 818 I appium : channel read invoked!
04-04 12:05:23.885 638 818 I appium : channel read: POST /wd/hub/session/e42f59eb-4d3b-4a3e-969d-622e533298fb/touch/perform
04-04 12:05:23.886 638 818 I appium : JSON Payload : {"startX":54,"startY":1243,"endX":54,"endY":355,"steps":28}
04-04 12:05:23.893 3023 3039 E MP-Decision: Update arg 2
04-04 12:05:23.909 1278 1288 D PMS : acquireHCC(a4fb285): CPU_MIN_FREQ AbsListViewScroll_5.0 0x2000 864 1000 null
04-04 12:05:23.909 1278 2890 D PMS : acquireHCC(431b8da): CPU_MIN_NUM AbsListViewScroll_5.0 0x8000 864 1000 null
04-04 12:05:23.910 3023 3039 E MP-Decision: Update arg 2
04-04 12:05:24.759 1278 2890 D PMS : releaseHCC(a4fb285): CPU_MIN_FREQ AbsListViewScroll_5.0 0x2000 null
04-04 12:05:24.762 1278 2885 D PMS : releaseHCC(431b8da): CPU_MIN_NUM AbsListViewScroll_5.0 0x8000 null
04-04 12:05:24.763 3023 3039 E MP-Decision: Update arg 1
04-04 12:05:25.118 638 818 I appium : AppiumResponse: {"sessionId":"e42f59eb-4d3b-4a3e-969d-622e533298fb","status":0,"value":true}
04-04 12:05:25.530 1278 1326 W SensorService: D/Accel(x, y, z, t) = ( 0.0, 0.1, 9.8, 579149974ms), calendar = 1554372325, sys_time = 579149982ms
04-04 12:05:25.811 638 819 I appium : channel read invoked!
04-04 12:05:25.813 638 819 I appium : channel read: GET /wd/hub/session/e42f59eb-4d3b-4a3e-969d-622e533298fb
04-04 12:05:25.815 638 819 I appium : AppiumResponse: {"sessionId":"e42f59eb-4d3b-4a3e-969d-622e533298fb","status":0,"value":{"lastScrollData":{"itemCount":45,"scrollY":-1,"scrollX":-1,"fromIndex":10,"maxScrollX":-1,"maxScrollY":-1,"toIndex":18}}}
04-04 12:05:25.847 638 820 I appium : channel read invoked!
04-04 12:05:25.847 638 820 I appium : channel read: POST /wd/hub/session/e42f59eb-4d3b-4a3e-969d-622e533298fb/element
04-04 12:05:25.847 638 820 I appium : Find element command
04-04 12:05:25.848 638 820 I appium : find element command using 'xpath' with selector '//android.widget.ListView'.
04-04 12:05:26.136 638 820 I appium : AppiumResponse: {"sessionId":"e42f59eb-4d3b-4a3e-969d-622e533298fb","status":0,"value":{"ELEMENT":"50ceaeeb-0a37-414f-b538-6ef7ddb1c666"}}
04-04 12:05:26.229 638 821 I appium : channel read invoked!
04-04 12:05:26.229 638 821 I appium : channel read: GET /wd/hub/session/e42f59eb-4d3b-4a3e-969d-622e533298fb/element/50ceaeeb-0a37-414f-b538-6ef7ddb1c666/attribute/displayed
04-04 12:05:26.229 638 821 I appium : get attribute of element command
04-04 12:05:26.231 638 821 I appium : AppiumResponse: {"sessionId":"e42f59eb-4d3b-4a3e-969d-622e533298fb","status":0,"value":"true"}
04-04 12:05:26.248 638 717 I appium : channel read invoked!
04-04 12:05:26.248 638 717 I appium : channel read: POST /wd/hub/session/e42f59eb-4d3b-4a3e-969d-622e533298fb/elements
04-04 12:05:26.248 638 717 I appium : Find elements command
04-04 12:05:26.248 638 717 I appium : find element command using 'id' with selector 'android:id/summary'.
04-04 12:05:26.272 638 717 I appium : AppiumResponse: {"sessionId":"e42f59eb-4d3b-4a3e-969d-622e533298fb","status":0,"value":[{"ELEMENT":"6ad127a4-a2a4-429e-9a06-ccd95af90ab2"},{"ELEMENT":"0ef89377-67ed-4052-9ecf-40984c204441"},{"ELEMENT":"3acb1a54-fc67-4db7-b163-10281c3ff6a2"},{"ELEMENT":"00aee6ec-8868-45e0-b11e-980ebe879802"},{"ELEMENT":"a3d9575c-789b-4687-a9b6-f72758c95408"},{"ELEMENT":"1a8f3417-d427-4af1-bcef-3376d887877d"},{"ELEMENT":"e86c315e-1014-43a8-a5bc-54e5e06ca1db"},{"ELEMENT":"b9244892-14e9-435f-84b7-d96783d39518"}]}
04-04 12:05:26.569 1278 2006 D WifiDisplayAdapter: getWifiDisplayStatusLocked: result=WifiDisplayStatus{featureState=2, scanState=0, activeDisplayState=0, activeDisplay=null, displays=[], sessionInfo=WifiDisplaySessionInfo:
04-04 12:05:26.569 1278 2006 D WifiDisplayAdapter: Client/Owner: Client
04-04 12:05:26.569 1278 2006 D WifiDisplayAdapter: GroupId:
04-04 12:05:26.569 1278 2006 D WifiDisplayAdapter: Passphrase:
04-04 12:05:26.569 1278 2006 D WifiDisplayAdapter: SessionId: 0
04-04 12:05:26.569 1278 2006 D WifiDisplayAdapter: IP Address: }
04-04 12:05:26.569 1278 2006 D WirelessDisplayService: getMirrorDisplayStatus:falsecurState:1
04-04 12:05:26.570 10696 10696 D wpa_supplicant: wlan0: Control interface command 'SET pno 0'
04-04 12:05:26.570 10696 10696 D wpa_supplicant: CTRL_IFACE SET 'pno'='0'
04-04 12:05:26.572 10696 10696 D wpa_supplicant: wlan0: Control interface command 'SCAN TYPE=ONLY'
04-04 12:05:26.572 10696 10696 D wpa_supplicant: wlan0: Setting scan request: 0.000000 sec
04-04 12:05:26.572 10696 10696 I wpa_supplicant: wpa_supplicant_scan enter
04-04 12:05:26.572 10696 10696 D wpa_supplicant: wlan0: Starting AP scan for wildcard SSID
04-04 12:05:26.572 10696 10696 D wpa_supplicant: WPS: Building WPS IE for Probe Request
04-04 12:05:26.572 10696 10696 D wpa_supplicant: WPS: * Version (hardcoded 0x10)
04-04 12:05:26.572 10696 10696 D wpa_supplicant: WPS: * Request Type
04-04 12:05:26.572 10696 10696 D wpa_supplicant: WPS: * Config Methods (4288)
04-04 12:05:26.572 10696 10696 D wpa_supplicant: WPS: * UUID-E
04-04 12:05:26.572 10696 10696 D wpa_supplicant: WPS: * Primary Device Type
04-04 12:05:26.572 10696 10696 D wpa_supplicant: WPS: * RF Bands (3)
04-04 12:05:26.572 10696 10696 D wpa_supplicant: WPS: * Association State
04-04 12:05:26.572 10696 10696 D wpa_supplicant: WPS: * Configuration Error (0)
04-04 12:05:26.572 10696 10696 D wpa_supplicant: WPS: * Device Password ID (0)
04-04 12:05:26.572 10696 10696 D wpa_supplicant: WPS: * Manufacturer
04-04 12:05:26.572 10696 10696 D wpa_supplicant: WPS: * Model Name
04-04 12:05:26.572 10696 10696 D wpa_supplicant: WPS: * Model Number
04-04 12:05:26.572 10696 10696 D wpa_supplicant: WPS: * Device Name
04-04 12:05:26.572 10696 10696 D wpa_supplicant: WPS: * Version2 (0x20)
04-04 12:05:26.572 10696 10696 D wpa_supplicant: P2P: * P2P IE header
04-04 12:05:26.572 10696 10696 D wpa_supplicant: P2P: * Capability dev=25 group=00
04-04 12:05:26.572 10696 10696 D wpa_supplicant: P2P: * Listen Channel: Regulatory Class 81 Channel 11
04-04 12:05:26.572 10696 10696 D wpa_supplicant: wlan0: Add radio work 'scan'@0xb78b2ed8
04-04 12:05:26.572 10696 10696 D wpa_supplicant: wlan0: First radio work item in the queue - schedule start immediately
04-04 12:05:26.573 10696 10696 D wpa_supplicant: wlan0: Starting radio work 'scan'@0xb78b2ed8 after 0.000076 second wait
04-04 12:05:26.573 10696 10696 D wpa_supplicant: wlan0: nl80211: scan request
04-04 12:05:26.573 10696 10696 D wpa_supplicant: Scan requested (ret=0) - scan timeout 30 seconds
04-04 12:05:26.573 10696 10696 D wpa_supplicant: nl80211: Drv Event 33 (NL80211_CMD_TRIGGER_SCAN) received for wlan0
04-04 12:05:26.573 10696 10696 D wpa_supplicant: wlan0: nl80211: Scan trigger
04-04 12:05:26.573 10696 10696 D wpa_supplicant: wlan0: Event SCAN_STARTED (47) received
04-04 12:05:26.573 10696 10696 D wpa_supplicant: wlan0: Own scan request started a scan in 0.000156 seconds
04-04 12:05:27.105 638 718 I appium : channel read invoked!
04-04 12:05:27.105 638 718 I appium : channel read: GET /wd/hub/session/e42f59eb-4d3b-4a3e-969d-622e533298fb/element/6ad127a4-a2a4-429e-9a06-ccd95af90ab2/text
04-04 12:05:27.107 638 718 I appium : Get Text of element command
04-04 12:05:27.112 638 718 I appium : Get Text :Secured with WPA2 (WPS available)
04-04 12:05:27.113 638 718 I appium : AppiumResponse: {"sessionId":"e42f59eb-4d3b-4a3e-969d-622e533298fb","status":0,"value":"Secured with WPA2 (WPS available)"}
04-04 12:05:27.136 638 719 I appium : channel read invoked!
04-04 12:05:27.136 638 719 I appium : channel read: GET /wd/hub/session/e42f59eb-4d3b-4a3e-969d-622e533298fb/element/0ef89377-67ed-4052-9ecf-40984c204441/text
04-04 12:05:27.137 638 719 I appium : Get Text of element command
04-04 12:05:27.141 638 719 I appium : Get Text :Secured with WPA2 (WPS available)
04-04 12:05:27.142 638 719 I appium : AppiumResponse: {"sessionId":"e42f59eb-4d3b-4a3e-969d-622e533298fb","status":0,"value":"Secured with WPA2 (WPS available)"}
04-04 12:05:27.164 638 817 I appium : channel read invoked!
04-04 12:05:27.164 638 817 I appium : channel read: GET /wd/hub/session/e42f59eb-4d3b-4a3e-969d-622e533298fb/element/3acb1a54-fc67-4db7-b163-10281c3ff6a2/text
04-04 12:05:27.165 638 817 I appium : Get Text of element command
04-04 12:05:27.169 638 817 I appium : Get Text :Secured with WPA2 (WPS available)
04-04 12:05:27.170 638 817 I appium : AppiumResponse: {"sessionId":"e42f59eb-4d3b-4a3e-969d-622e533298fb","status":0,"value":"Secured with WPA2 (WPS available)"}
04-04 12:05:27.190 638 818 I appium : channel read invoked!
04-04 12:05:27.190 638 818 I appium : channel read: GET /wd/hub/session/e42f59eb-4d3b-4a3e-969d-622e533298fb/element/00aee6ec-8868-45e0-b11e-980ebe879802/text
04-04 12:05:27.190 638 818 I appium : Get Text of element command
04-04 12:05:27.194 638 818 I appium : Get Text :Secured with 802.1x
04-04 12:05:27.194 638 818 I appium : AppiumResponse: {"sessionId":"e42f59eb-4d3b-4a3e-969d-622e533298fb","status":0,"value":"Secured with 802.1x"}
04-04 12:05:27.220 638 819 I appium : channel read invoked!
04-04 12:05:27.220 638 819 I appium : channel read: GET /wd/hub/session/e42f59eb-4d3b-4a3e-969d-622e533298fb/element/a3d9575c-789b-4687-a9b6-f72758c95408/text
04-04 12:05:27.220 638 819 I appium : Get Text of element command
04-04 12:05:27.226 638 819 I appium : Get Text :Secured with WPA2 (WPS available)
04-04 12:05:27.226 638 819 I appium : AppiumResponse: {"sessionId":"e42f59eb-4d3b-4a3e-969d-622e533298fb","status":0,"value":"Secured with WPA2 (WPS available)"}
04-04 12:05:27.254 638 820 I appium : channel read invoked!
04-04 12:05:27.254 638 820 I appium : channel read: GET /wd/hub/session/e42f59eb-4d3b-4a3e-969d-622e533298fb/element/1a8f3417-d427-4af1-bcef-3376d887877d/text
04-04 12:05:27.255 638 820 I appium : Get Text of element command
04-04 12:05:27.261 638 820 I appium : Get Text :Secured with WPA2 (WPS available)
04-04 12:05:27.261 638 820 I appium : AppiumResponse: {"sessionId":"e42f59eb-4d3b-4a3e-969d-622e533298fb","status":0,"value":"Secured with WPA2 (WPS available)"}
04-04 12:05:27.287 638 821 I appium : channel read invoked!
04-04 12:05:27.287 638 821 I appium : channel read: GET /wd/hub/session/e42f59eb-4d3b-4a3e-969d-622e533298fb/element/e86c315e-1014-43a8-a5bc-54e5e06ca1db/text
04-04 12:05:27.288 638 821 I appium : Get Text of element command
04-04 12:05:27.294 638 821 I appium : Get Text :Secured with WPA2 (WPS available)
04-04 12:05:27.294 638 821 I appium : AppiumResponse: {"sessionId":"e42f59eb-4d3b-4a3e-969d-622e533298fb","status":0,"value":"Secured with WPA2 (WPS available)"}
04-04 12:05:27.321 638 717 I appium : channel read invoked!
04-04 12:05:27.321 638 717 I appium : channel read: GET /wd/hub/session/e42f59eb-4d3b-4a3e-969d-622e533298fb/element/b9244892-14e9-435f-84b7-d96783d39518/text
04-04 12:05:27.322 638 717 I appium : Get Text of element command
04-04 12:05:27.330 638 717 I appium : Get Text :Secured with 802.1x
04-04 12:05:27.330 638 717 I appium : AppiumResponse: {"sessionId":"e42f59eb-4d3b-4a3e-969d-622e533298fb","status":0,"value":"Secured with 802.1x"}
04-04 12:05:27.354 638 718 I appium : channel read invoked!
04-04 12:05:27.355 638 718 I appium : channel read: GET /wd/hub/session/e42f59eb-4d3b-4a3e-969d-622e533298fb
04-04 12:05:27.356 638 718 I appium : AppiumResponse: {"sessionId":"e42f59eb-4d3b-4a3e-969d-622e533298fb","status":0,"value":{"lastScrollData":{"itemCount":45,"scrollY":-1,"scrollX":-1,"fromIndex":10,"maxScrollX":-1,"maxScrollY":-1,"toIndex":18}}}
04-04 12:05:27.388 638 719 I appium : channel read invoked!
04-04 12:05:27.389 638 719 I appium : channel read: POST /wd/hub/session/e42f59eb-4d3b-4a3e-969d-622e533298fb/element
04-04 12:05:27.389 638 719 I appium : Find element command
04-04 12:05:27.390 638 719 I appium : find element command using 'xpath' with selector '//android.widget.ListView/android.widget.LinearLayout[last()]//android.widget.TextView'.
04-04 12:05:27.578 1278 1326 W SensorService: D/Accel(x, y, z, t) = ( -0.0, 0.1, 9.8, 579152022ms), calendar = 1554372327, sys_time = 579152030ms
04-04 12:05:27.685 638 719 I appium : AppiumResponse: {"sessionId":"e42f59eb-4d3b-4a3e-969d-622e533298fb","status":0,"value":{"ELEMENT":"66a9fe81-7725-4535-8c95-59b5f61f2ee2"}}
04-04 12:05:27.797 638 817 I appium : channel read invoked!
04-04 12:05:27.797 638 817 I appium : channel read: GET /wd/hub/session/e42f59eb-4d3b-4a3e-969d-622e533298fb/element/66a9fe81-7725-4535-8c95-59b5f61f2ee2/text
04-04 12:05:27.798 638 817 I appium : Get Text of element command
04-04 12:05:27.799 638 817 I appium : Get Text :Internet-Box-82451
04-04 12:05:27.800 638 817 I appium : AppiumResponse: {"sessionId":"e42f59eb-4d3b-4a3e-969d-622e533298fb","status":0,"value":"Internet-Box-82451"}
04-04 12:05:27.935 638 818 I appium : channel read invoked!
04-04 12:05:27.935 638 818 I appium : channel read: GET /wd/hub/session/e42f59eb-4d3b-4a3e-969d-622e533298fb/window/current/size
04-04 12:05:27.936 638 818 I appium : Get window size of the device
04-04 12:05:27.938 638 818 I appium : AppiumResponse: {"sessionId":"e42f59eb-4d3b-4a3e-969d-622e533298fb","status":0,"value":{"height":1776,"width":1080}}
04-04 12:05:27.963 638 819 I appium : channel read invoked!
04-04 12:05:27.963 638 819 I appium : channel read: POST /wd/hub/session/e42f59eb-4d3b-4a3e-969d-622e533298fb/touch/perform
04-04 12:05:27.964 638 819 I appium : JSON Payload : {"startX":54,"startY":1243,"endX":54,"endY":355,"steps":28}
04-04 12:05:27.972 3023 3039 E MP-Decision: Update arg 2
04-04 12:05:27.989 1278 1288 D PMS : acquireHCC(21a510b): CPU_MIN_FREQ AbsListViewScroll_5.0 0x2000 864 1000 null
04-04 12:05:27.989 1278 2885 D PMS : acquireHCC(3680be8): CPU_MIN_NUM AbsListViewScroll_5.0 0x8000 864 1000 null
04-04 12:05:27.990 3023 3039 E MP-Decision: Update arg 2
04-04 12:05:28.786 1278 1352 D WirelessDisplayService: getMirrorDisplayStatus:falsecurState:1
04-04 12:05:28.787 10696 10696 D wpa_supplicant: wlan0: Control interface command 'SET pno 0'
04-04 12:05:28.787 10696 10696 D wpa_supplicant: CTRL_IFACE SET 'pno'='0'
04-04 12:05:28.789 10696 10696 D wpa_supplicant: wlan0: Control interface command 'SCAN TYPE=ONLY'
04-04 12:05:28.789 10696 10696 D wpa_supplicant: Pending scan scheduled - reject new request
04-04 12:05:28.889 1278 1289 D PMS : releaseHCC(21a510b): CPU_MIN_FREQ AbsListViewScroll_5.0 0x2000 null
04-04 12:05:28.891 1278 2890 D PMS : releaseHCC(3680be8): CPU_MIN_NUM AbsListViewScroll_5.0 0x8000 null
04-04 12:05:28.892 3023 3039 E MP-Decision: Update arg 1
04-04 12:05:28.985 10696 10696 D wpa_supplicant: nl80211: Drv Event 34 (NL80211_CMD_NEW_SCAN_RESULTS) received for wlan0
04-04 12:05:28.985 10696 10696 D wpa_supplicant: wlan0: nl80211: New scan results available
