04-04 12:04:43.362 831 831 D MNSMapFileLoader: Parsing tag item name = 25701
04-04 12:04:43.362 831 831 D MNSMapFileLoader: Parsing tag item name = 25702
04-04 12:04:43.362 831 831 D MNSMapFileLoader: Parsing tag item name = 40101
04-04 12:04:43.362 831 831 D MNSMapFileLoader: Parsing tag item name = 40102
04-04 12:04:43.362 831 831 D MNSMapFileLoader: Parsing tag item name = 28305
04-04 12:04:43.362 831 831 D MNSMapFileLoader: Parsing tag item name = 28301
04-04 12:04:43.362 831 831 D MNSMapFileLoader: Parsing tag item name = 25039
04-04 12:04:43.362 831 831 D MNSMapFileLoader: Parsing tag item name = 218
04-04 12:04:43.362 831 831 D MNSMapFileLoader: Parsing tag item name = 278
04-04 12:04:43.362 831 831 D MNSMapFileLoader: Parsing tag item name = 297
04-04 12:04:43.362 831 831 D MNSMapFileLoader: Parsing tag item name = 294
04-04 12:04:43.363 831 831 D MNSMapFileLoader: Parsing tag item name = 276
04-04 12:04:43.363 831 831 D MNSMapFileLoader: Parsing tag item name = 257
04-04 12:04:43.363 831 831 D MNSMapFileLoader: Parsing tag item name = 420
04-04 12:04:43.363 831 831 D MNSMapFileLoader: Parsing tag item name = 424
04-04 12:04:43.363 831 831 D MNSMapFileLoader: Parsing tag item name = 65510
04-04 12:04:43.363 831 831 D MNSMapFileLoader: Parsing tag item name = 65501
04-04 12:04:43.363 831 831 D MNSMapFileLoader: Parsing tag item name = 65502
04-04 12:04:43.363 831 831 D MNSMapFileLoader: Parsing tag item name = 65507
04-04 12:04:43.363 831 831 D MNSMapFileLoader: Parsing tag item name = 286
04-04 12:04:43.363 831 831 D MNSMapFileLoader: Parsing tag item name = 255
04-04 12:04:43.363 831 831 D MNSMapFileLoader: Parsing tag item name = 425
04-04 12:04:43.363 831 831 D MNSMapFileLoader: Parsing tag item name = 63102
04-04 12:04:43.363 831 831 D MNSMapFileLoader: Parsing tag item name = 61603
04-04 12:04:43.363 831 831 D MNSMapFileLoader: Parsing tag item name = 61605
04-04 12:04:43.363 831 831 D MNSMapFileLoader: Parsing tag item name = 65201
04-04 12:04:43.364 831 831 D MNSMapFileLoader: Parsing tag item name = 65202
04-04 12:04:43.364 831 831 D MNSMapFileLoader: Parsing tag item name = 62401
04-04 12:04:43.364 831 831 D MNSMapFileLoader: Parsing tag item name = 62402
04-04 12:04:43.364 831 831 D MNSMapFileLoader: Parsing tag item name = 63901
04-04 12:04:43.364 831 831 D MNSMapFileLoader: Parsing tag item name = 63002
04-04 12:04:43.364 831 831 D MNSMapFileLoader: Parsing tag item name = 63089
04-04 12:04:43.364 831 831 D MNSMapFileLoader: Parsing tag item name = 62803
04-04 12:04:43.364 831 831 D MNSMapFileLoader: Parsing tag item name = 63902
04-04 12:04:43.364 831 831 D MNSMapFileLoader: Parsing tag item name = 63903
04-04 12:04:43.364 831 831 D MNSMapFileLoader: Parsing tag item name = 63905
04-04 12:04:43.364 831 831 D MNSMapFileLoader: Parsing tag item name = 65101
04-04 12:04:43.364 831 831 D MNSMapFileLoader: Parsing tag item name = 64601
04-04 12:04:43.364 831 831 D MNSMapFileLoader: Parsing tag item name = 64602
04-04 12:04:43.364 831 831 D MNSMapFileLoader: Parsing tag item name = 64603
04-04 12:04:43.364 831 831 D MNSMapFileLoader: Parsing tag item name = 65001
04-04 12:04:43.364 831 831 D MNSMapFileLoader: Parsing tag item name = 65010
04-04 12:04:43.365 831 831 D MNSMapFileLoader: Parsing tag item name = 61701
04-04 12:04:43.365 831 831 D MNSMapFileLoader: Parsing tag item name = 61710
04-04 12:04:43.365 831 831 D MNSMapFileLoader: Parsing tag item name = 64301
04-04 12:04:43.365 831 831 D MNSMapFileLoader: Parsing tag item name = 64304
04-04 12:04:43.365 831 831 D MNSMapFileLoader: Parsing tag item name = 64901
04-04 12:04:43.365 831 831 D MNSMapFileLoader: Parsing tag item name = 64903
04-04 12:04:43.365 831 831 D MNSMapFileLoader: Parsing tag item name = 62120
04-04 12:04:43.366 831 831 D MNSMapFileLoader: Parsing tag item name = 62130
04-04 12:04:43.366 831 831 D MNSMapFileLoader: Parsing tag item name = 62150
04-04 12:04:43.366 831 831 D MNSMapFileLoader: Parsing tag item name = 62160
04-04 12:04:43.366 831 831 D MNSMapFileLoader: Parsing tag item name = 62901
04-04 12:04:43.366 831 831 D MNSMapFileLoader: Parsing tag item name = 62907
04-04 12:04:43.366 831 831 D MNSMapFileLoader: Parsing tag item name = 62910
04-04 12:04:43.366 831 831 D MNSMapFileLoader: Parsing tag item name = 63510
04-04 12:04:43.366 831 831 D MNSMapFileLoader: Parsing tag item name = 63513
04-04 12:04:43.366 831 831 D MNSMapFileLoader: Parsing tag item name = 63301
04-04 12:04:43.366 831 831 D MNSMapFileLoader: Parsing tag item name = 63401
04-04 12:04:43.367 831 831 D MNSMapFileLoader: Parsing tag item name = 63402
04-04 12:04:43.367 831 831 D MNSMapFileLoader: Parsing tag item name = 65310
04-04 12:04:43.367 831 831 D MNSMapFileLoader: Parsing tag item name = 64002
04-04 12:04:43.367 831 831 D MNSMapFileLoader: Parsing tag item name = 64003
04-04 12:04:43.367 831 831 D MNSMapFileLoader: Parsing tag item name = 64004
04-04 12:04:43.367 831 831 D MNSMapFileLoader: Parsing tag item name = 64005
04-04 12:04:43.367 831 831 D MNSMapFileLoader: Parsing tag item name = 64101
04-04 12:04:43.368 831 831 D MNSMapFileLoader: Parsing tag item name = 64110
04-04 12:04:43.368 831 831 D MNSMapFileLoader: Parsing tag item name = 64111
04-04 12:04:43.368 831 831 D MNSMapFileLoader: Parsing tag item name = 64122
04-04 12:04:43.368 831 831 D MNSMapFileLoader: Parsing tag item name = 64501
04-04 12:04:43.368 831 831 D MNSMapFileLoader: Parsing tag item name = 64502
04-04 12:04:43.368 831 831 D MNSMapFileLoader: Parsing tag item name = 64804
04-04 12:04:43.368 831 831 D MNSMapFileLoader: Parsing tag item name = 62001
04-04 12:04:43.368 831 831 D MNSMapFileLoader: Parsing tag item name = 62002
04-04 12:04:43.369 831 831 D MNSMapFileLoader: Parsing tag item name = 62003
04-04 12:04:43.369 831 831 D MNSMapFileLoader: Parsing tag item name = 61202
04-04 12:04:43.369 831 831 D MNSMapFileLoader: Parsing tag item name = 61203
04-04 12:04:43.369 831 831 D MNSMapFileLoader: Parsing tag item name = 61203
04-04 12:04:43.369 831 831 D MNSMapFileLoader: Parsing tag item name = 61204
04-04 12:04:43.369 831 831 D MNSMapFileLoader: Parsing tag item name = 61205
04-04 12:04:43.369 831 831 D MNSMapFileLoader: Parsing tag item name = 61206
04-04 12:04:43.369 831 831 D MNSMapFileLoader: Parsing tag item name = 61701
04-04 12:04:43.369 831 831 D MNSMapFileLoader: Parsing tag item name = 61710
04-04 12:04:43.369 831 831 D MNSMapFileLoader: Parsing tag item name = 260
04-04 12:04:43.370 831 831 D MNSMapFileLoader: Parsing tag item name = 248
04-04 12:04:43.370 831 831 D MNSMapFileLoader: Parsing tag item name = 226
04-04 12:04:43.370 831 831 D MNSMapFileLoader: Parsing tag item name = 259
04-04 12:04:43.370 831 831 D MNSMapFileLoader: Parsing tag item name = 293
04-04 12:04:43.370 831 831 D MNSMapFileLoader: Parsing tag item name = 220
04-04 12:04:43.370 831 831 D MNSMapFileLoader: Parsing tag item name = 219
04-04 12:04:43.370 831 831 D MNSMapFileLoader: Parsing tag item name = 284
04-04 12:04:43.370 831 831 D MNSMapFileLoader: Parsing tag item name = 230
04-04 12:04:43.370 831 831 D MNSMapFileLoader: Parsing tag item name = 231
04-04 12:04:43.370 831 831 D MNSMapFileLoader: Parsing tag item name = 216
04-04 12:04:43.371 831 831 D MNSMapFileLoader: Parsing tag item name = 246
04-04 12:04:43.371 831 831 D MNSMapFileLoader: Parsing tag item name = 247
04-04 12:04:43.373 831 831 E BaseLoader: parseConfig error:java.io.FileNotFoundException: /system/customize/spn_map.xml: open failed: ENOENT (No such file or directory)
04-04 12:04:43.374 831 831 E BaseLoader: parseConfig error:java.lang.NullPointerException: Attempt to invoke virtual method 'boolean java.lang.String.equals(java.lang.Object)' on a null object reference
04-04 12:04:43.382 831 845 D CustomizationMNSLoader: full path : /system/customize/MNS/250.xml
04-04 12:04:43.382 831 845 D CustomizationMNSLoader: Parsing tag category name = system
04-04 12:04:43.383 831 845 D CustomizationMNSLoader: Parsing tag category name = application
04-04 12:04:43.396 831 845 D CustomizationMNSLoader: Parsing tag category name = ulog_policy
04-04 12:04:43.397 831 845 D CustomizationMNSLoader: Parsing tag category name = force_change
04-04 12:04:43.399 831 845 D CustomizationMNSLoader: full path : /system/customize/MNS/20601.xml
04-04 12:04:43.399 831 845 D CustomizationMNSLoader: Parsing tag category name = system
04-04 12:04:43.400 831 845 D CustomizationMNSLoader: Parsing tag category name = application
04-04 12:04:43.410 831 845 D CustomizationMNSLoader: Parsing tag category name = ulog_policy
04-04 12:04:43.410 831 845 D CustomizationMNSLoader: Parsing tag category name = force_change
04-04 12:04:43.412 831 845 D CustomizationMNSLoader: full path : /system/customize/MNS/63102.xml
04-04 12:04:43.412 831 845 D CustomizationMNSLoader: Parsing tag category name = system
04-04 12:04:43.412 831 845 D CustomizationMNSLoader: Parsing tag category name = application
04-04 12:04:43.423 831 845 D CustomizationMNSLoader: Parsing tag category name = ulog_policy
04-04 12:04:43.423 831 845 D CustomizationMNSLoader: Parsing tag category name = force_change
04-04 12:04:43.425 831 845 D CustomizationMNSLoader: full path : /system/customize/MNS/240.xml
04-04 12:04:43.425 831 845 D CustomizationMNSLoader: Parsing tag category name = system
04-04 12:04:43.426 831 845 D CustomizationMNSLoader: Parsing tag category name = application
04-04 12:04:43.436 831 845 D CustomizationMNSLoader: Parsing tag category name = ulog_policy
04-04 12:04:43.436 831 845 D CustomizationMNSLoader: Parsing tag category name = force_change
04-04 12:04:43.438 831 845 D CustomizationMNSLoader: full path : /system/customize/MNS/20810.xml
04-04 12:04:43.438 831 845 D CustomizationMNSLoader: Parsing tag category name = system
04-04 12:04:43.439 831 845 D CustomizationMNSLoader: Parsing tag category name = application
04-04 12:04:43.452 831 845 D CustomizationMNSLoader: Parsing tag category name = ulog_policy
04-04 12:04:43.452 831 845 D CustomizationMNSLoader: Parsing tag category name = force_change
04-04 12:04:43.454 831 845 D CustomizationMNSLoader: full path : /system/customize/MNS/268.xml
04-04 12:04:43.454 831 845 D CustomizationMNSLoader: Parsing tag category name = system
04-04 12:04:43.455 831 845 D CustomizationMNSLoader: Parsing tag category name = application
04-04 12:04:43.465 831 845 D CustomizationMNSLoader: Parsing tag category name = ulog_policy
04-04 12:04:43.465 831 845 D CustomizationMNSLoader: Parsing tag category name = force_change
04-04 12:04:43.467 831 845 D CustomizationMNSLoader: full path : /system/customize/MNS/238.xml
04-04 12:04:43.467 831 845 D CustomizationMNSLoader: Parsing tag category name = system
04-04 12:04:43.468 831 845 D CustomizationMNSLoader: Parsing tag category name = application
04-04 12:04:43.478 831 845 D CustomizationMNSLoader: Parsing tag category name = ulog_policy
04-04 12:04:43.478 831 845 D CustomizationMNSLoader: Parsing tag category name = force_change
04-04 12:04:43.479 831 845 D CustomizationMNSLoader: full path : /system/customize/MNS/260.xml
04-04 12:04:43.480 831 845 D CustomizationMNSLoader: Parsing tag category name = system
04-04 12:04:43.480 831 845 D CustomizationMNSLoader: Parsing tag category name = application
04-04 12:04:43.492 831 845 D CustomizationMNSLoader: Parsing tag category name = ulog_policy
04-04 12:04:43.492 831 845 D CustomizationMNSLoader: Parsing tag category name = force_change
04-04 12:04:43.493 831 845 D CustomizationMNSLoader: full path : /system/customize/MNS/218.xml
04-04 12:04:43.494 831 845 D CustomizationMNSLoader: Parsing tag category name = system
04-04 12:04:43.494 831 845 D CustomizationMNSLoader: Parsing tag category name = application
04-04 12:04:43.505 831 845 D CustomizationMNSLoader: Parsing tag category name = ulog_policy
04-04 12:04:43.505 831 845 D CustomizationMNSLoader: Parsing tag category name = force_change
04-04 12:04:43.507 831 845 D CustomizationMNSLoader: full path : /system/customize/MNS/22201.xml
04-04 12:04:43.507 831 845 D CustomizationMNSLoader: Parsing tag category name = system
04-04 12:04:43.508 831 845 D CustomizationMNSLoader: Parsing tag category name = application
04-04 12:04:43.519 831 845 D CustomizationMNSLoader: Parsing tag category name = ulog_policy
04-04 12:04:43.519 831 845 D CustomizationMNSLoader: Parsing tag category name = force_change
04-04 12:04:43.521 831 845 D CustomizationMNSLoader: full path : /system/customize/MNS/231.xml
04-04 12:04:43.521 831 845 D CustomizationMNSLoader: Parsing tag category name = system
04-04 12:04:43.522 831 845 D CustomizationMNSLoader: Parsing tag category name = application
04-04 12:04:43.533 831 845 D CustomizationMNSLoader: Parsing tag category name = ulog_policy
04-04 12:04:43.533 831 845 D CustomizationMNSLoader: Parsing tag category name = force_change
04-04 12:04:43.534 831 845 D CustomizationMNSLoader: full path : /system/customize/MNS/219.xml
04-04 12:04:43.535 831 845 D CustomizationMNSLoader: Parsing tag category name = system
04-04 12:04:43.535 831 845 D CustomizationMNSLoader: Parsing tag category name = application
04-04 12:04:43.546 831 845 D CustomizationMNSLoader: Parsing tag category name = ulog_policy
04-04 12:04:43.547 831 845 D CustomizationMNSLoader: Parsing tag category name = force_change
04-04 12:04:43.549 831 845 D CustomizationMNSLoader: full path : /system/customize/MNS/226.xml
04-04 12:04:43.549 831 845 D CustomizationMNSLoader: Parsing tag category name = system
04-04 12:04:43.550 831 845 D CustomizationMNSLoader: Parsing tag category name = application
04-04 12:04:43.560 831 845 D CustomizationMNSLoader: Parsing tag category name = ulog_policy
04-04 12:04:43.561 831 845 D CustomizationMNSLoader: Parsing tag category name = force_change
04-04 12:04:43.562 831 845 D CustomizationMNSLoader: full path : /system/customize/MNS/248.xml
04-04 12:04:43.563 831 845 D CustomizationMNSLoader: Parsing tag category name = system
04-04 12:04:43.563 831 845 D CustomizationMNSLoader: Parsing tag category name = application
04-04 12:04:43.574 831 845 D CustomizationMNSLoader: Parsing tag category name = ulog_policy
04-04 12:04:43.574 831 845 D CustomizationMNSLoader: Parsing tag category name = force_change
04-04 12:04:43.576 831 845 D CustomizationMNSLoader: full path : /system/customize/MNS/204.xml
04-04 12:04:43.576 831 845 D CustomizationMNSLoader: Parsing tag category name = system
04-04 12:04:43.577 831 845 D CustomizationMNSLoader: Parsing tag category name = application
04-04 12:04:43.587 831 845 D CustomizationMNSLoader: Parsing tag category name = ulog_policy
04-04 12:04:43.587 831 845 D CustomizationMNSLoader: Parsing tag category name = CustomAppInstaller
04-04 12:04:43.587 831 845 D CustomizationMNSLoader: Parsing tag category name = force_change
04-04 12:04:43.589 831 845 D CustomizationMNSLoader: full path : /system/customize/MNS/247.xml
04-04 12:04:43.589 831 845 D CustomizationMNSLoader: Parsing tag category name = system
04-04 12:04:43.590 831 845 D CustomizationMNSLoader: Parsing tag category name = application
04-04 12:04:43.601 831 845 D CustomizationMNSLoader: Parsing tag category name = ulog_policy
04-04 12:04:43.601 831 845 D CustomizationMNSLoader: Parsing tag category name = force_change
04-04 12:04:43.602 831 845 D CustomizationMNSLoader: full path : /system/customize/MNS/234.xml
04-04 12:04:43.603 831 845 D CustomizationMNSLoader: Parsing tag category name = system
04-04 12:04:43.603 831 845 D CustomizationMNSLoader: Parsing tag category name = application
04-04 12:04:43.614 831 845 D CustomizationMNSLoader: Parsing tag category name = ulog_policy
04-04 12:04:43.614 831 845 D CustomizationMNSLoader: Parsing tag category name = force_change
04-04 12:04:43.616 831 845 D CustomizationMNSLoader: full path : /system/customize/MNS/246.xml
04-04 12:04:43.616 831 845 D CustomizationMNSLoader: Parsing tag category name = system
04-04 12:04:43.616 831 845 D CustomizationMNSLoader: Parsing tag category name = application
04-04 12:04:43.627 831 845 D CustomizationMNSLoader: Parsing tag category name = ulog_policy
04-04 12:04:43.628 831 845 D CustomizationMNSLoader: Parsing tag category name = force_change
04-04 12:04:43.630 831 845 D CustomizationMNSLoader: full path : /system/customize/MNS/20201.xml
04-04 12:04:43.630 831 845 D CustomizationMNSLoader: Parsing tag category name = system
04-04 12:04:43.631 831 845 D CustomizationMNSLoader: Parsing tag category name = application
04-04 12:04:43.641 831 845 D CustomizationMNSLoader: Parsing tag category name = ulog_policy
04-04 12:04:43.641 831 845 D CustomizationMNSLoader: Parsing tag category name = force_change
04-04 12:04:43.643 831 845 D CustomizationMNSLoader: full path : /system/customize/MNS/262.xml
04-04 12:04:43.644 831 845 D CustomizationMNSLoader: Parsing tag category name = system
04-04 12:04:43.645 831 845 D CustomizationMNSLoader: Parsing tag category name = application
04-04 12:04:43.655 831 845 D CustomizationMNSLoader: Parsing tag category name = ulog_policy
04-04 12:04:43.655 831 845 D CustomizationMNSLoader: Parsing tag category name = force_change
04-04 12:04:43.657 831 845 D CustomizationMNSLoader: full path : /system/customize/MNS/228.xml
04-04 12:04:43.657 831 845 D CustomizationMNSLoader: Parsing tag category name = system
04-04 12:04:43.658 831 845 D CustomizationMNSLoader: Parsing tag category name = application
04-04 12:04:43.669 831 845 D CustomizationMNSLoader: Parsing tag category name = ulog_policy
04-04 12:04:43.669 831 845 D CustomizationMNSLoader: Parsing tag category name = force_change
04-04 12:04:43.671 831 845 D CustomizationMNSLoader: full path : /system/customize/MNS/420.xml
04-04 12:04:43.671 831 845 D CustomizationMNSLoader: Parsing tag category name = system
04-04 12:04:43.672 831 845 D CustomizationMNSLoader: Parsing tag category name = application
04-04 12:04:43.682 831 845 D CustomizationMNSLoader: Parsing tag category name = ulog_policy
04-04 12:04:43.682 831 845 D CustomizationMNSLoader: Parsing tag category name = force_change
04-04 12:04:43.684 831 845 D CustomizationMNSLoader: full path : /system/customize/MNS/20210.xml
04-04 12:04:43.684 831 845 D CustomizationMNSLoader: Parsing tag category name = system
04-04 12:04:43.685 831 845 D CustomizationMNSLoader: Parsing tag category name = application
04-04 12:04:43.695 831 845 D CustomizationMNSLoader: Parsing tag category name = ulog_policy
04-04 12:04:43.695 831 845 D CustomizationMNSLoader: Parsing tag category name = force_change
04-04 12:04:43.697 831 845 D CustomizationMNSLoader: full path : /system/customize/MNS/65507.xml
04-04 12:04:43.697 831 845 D CustomizationMNSLoader: Parsing tag category name = system
04-04 12:04:43.698 831 845 D CustomizationMNSLoader: Parsing tag category name = application
04-04 12:04:43.710 831 845 D CustomizationMNSLoader: Parsing tag category name = ulog_policy
04-04 12:04:43.710 831 845 D CustomizationMNSLoader: Parsing tag category name = force_change
04-04 12:04:43.711 831 845 D CustomizationMNSLoader: full path : /system/customize/MNS/242.xml
04-04 12:04:43.712 831 845 D CustomizationMNSLoader: Parsing tag category name = system
04-04 12:04:43.712 831 845 D CustomizationMNSLoader: Parsing tag category name = application
04-04 12:04:43.722 831 845 D CustomizationMNSLoader: Parsing tag category name = ulog_policy
04-04 12:04:43.722 831 845 D CustomizationMNSLoader: Parsing tag category name = force_change
04-04 12:04:43.724 831 845 D CustomizationMNSLoader: full path : /system/customize/MNS/65510.xml
04-04 12:04:43.724 831 845 D CustomizationMNSLoader: Parsing tag category name = system
04-04 12:04:43.725 831 845 D CustomizationMNSLoader: Parsing tag category name = application
04-04 12:04:43.734 831 845 D CustomizationMNSLoader: Parsing tag category name = ulog_policy
04-04 12:04:43.735 831 845 D CustomizationMNSLoader: Parsing tag category name = force_change
04-04 12:04:43.736 831 845 D CustomizationMNSLoader: full path : /system/customize/MNS/284.xml
04-04 12:04:43.737 831 845 D CustomizationMNSLoader: Parsing tag category name = system
04-04 12:04:43.737 831 845 D CustomizationMNSLoader: Parsing tag category name = application
04-04 12:04:43.748 831 845 D CustomizationMNSLoader: Parsing tag category name = ulog_policy
04-04 12:04:43.748 831 845 D CustomizationMNSLoader: Parsing tag category name = force_change
04-04 12:04:43.750 831 845 D CustomizationMNSLoader: full path : /system/customize/MNS/20205.xml
04-04 12:04:43.750 831 845 D CustomizationMNSLoader: Parsing tag category name = system
04-04 12:04:43.751 831 845 D CustomizationMNSLoader: Parsing tag category name = application
04-04 12:04:43.761 831 845 D CustomizationMNSLoader: Parsing tag category name = ulog_policy
04-04 12:04:43.761 831 845 D CustomizationMNSLoader: Parsing tag category name = force_change
04-04 12:04:43.763 831 845 D CustomizationMNSLoader: full path : /system/customize/MNS/280.xml
04-04 12:04:43.763 831 845 D CustomizationMNSLoader: Parsing tag category name = system
04-04 12:04:43.764 831 845 D CustomizationMNSLoader: Parsing tag category name = application
04-04 12:04:43.774 831 845 D CustomizationMNSLoader: Parsing tag category name = ulog_policy
04-04 12:04:43.774 831 845 D CustomizationMNSLoader: Parsing tag category name = force_change
04-04 12:04:43.776 831 845 D CustomizationMNSLoader: full path : /system/customize/MNS/220.xml
04-04 12:04:43.776 831 845 D CustomizationMNSLoader: Parsing tag category name = system
04-04 12:04:43.776 831 845 D CustomizationMNSLoader: Parsing tag category name = application
04-04 12:04:43.787 831 845 D CustomizationMNSLoader: Parsing tag category name = ulog_policy
04-04 12:04:43.787 831 845 D CustomizationMNSLoader: Parsing tag category name = force_change
04-04 12:04:43.789 831 845 D CustomizationMNSLoader: full path : /system/customize/MNS/286.xml
04-04 12:04:43.789 831 845 D CustomizationMNSLoader: Parsing tag category name = system
04-04 12:04:43.790 831 845 D CustomizationMNSLoader: Parsing tag category name = application
04-04 12:04:43.800 831 845 D CustomizationMNSLoader: Parsing tag category name = ulog_policy
04-04 12:04:43.800 831 845 D CustomizationMNSLoader: Parsing tag category name = force_change
04-04 12:04:43.801 1278 846 D HtcWifiDataStallTracker: mIsWifiConnected true mIsDhcpActive false supplicantStateCOMPLETED mOldWifiDisplayStatus 0mIsRoutingComplete true
04-04 12:04:43.803 831 845 D CustomizationMNSLoader: full path : /system/customize/MNS/65501.xml
04-04 12:04:43.803 831 845 D CustomizationMNSLoader: Parsing tag category name = system
04-04 12:04:43.804 831 845 D CustomizationMNSLoader: Parsing tag category name = application
04-04 12:04:43.816 831 845 D CustomizationMNSLoader: Parsing tag category name = ulog_policy
04-04 12:04:43.816 831 845 D CustomizationMNSLoader: Parsing tag category name = force_change
04-04 12:04:43.818 831 845 D CustomizationMNSLoader: full path : /system/customize/MNS/230.xml
04-04 12:04:43.818 831 845 D CustomizationMNSLoader: Parsing tag category name = system
04-04 12:04:43.819 831 845 D CustomizationMNSLoader: Parsing tag category name = application
04-04 12:04:43.830 831 845 D CustomizationMNSLoader: Parsing tag category name = ulog_policy
04-04 12:04:43.831 831 845 D CustomizationMNSLoader: Parsing tag category name = force_change
04-04 12:04:43.833 831 845 D CustomizationMNSLoader: full path : /system/customize/MNS/216.xml
04-04 12:04:43.833 831 845 D CustomizationMNSLoader: Parsing tag category name = system
04-04 12:04:43.833 831 845 D CustomizationMNSLoader: Parsing tag category name = application
04-04 12:04:43.844 831 845 D CustomizationMNSLoader: Parsing tag category name = ulog_policy
04-04 12:04:43.844 831 845 D CustomizationMNSLoader: Parsing tag category name = force_change
04-04 12:04:43.846 831 845 D CustomizationMNSLoader: full path : /system/customize/MNS/65502.xml
04-04 12:04:43.847 831 845 D CustomizationMNSLoader: Parsing tag category name = system
04-04 12:04:43.848 831 845 D CustomizationMNSLoader: Parsing tag category name = application
04-04 12:04:43.859 831 845 D CustomizationMNSLoader: Parsing tag category name = ulog_policy
04-04 12:04:43.859 831 845 D CustomizationMNSLoader: Parsing tag category name = force_change
04-04 12:04:43.860 831 845 D CustomizationMNSLoader: full path : /system/customize/MNS/22288.xml
04-04 12:04:43.861 831 845 D CustomizationMNSLoader: Parsing tag category name = system
04-04 12:04:43.861 831 845 D CustomizationMNSLoader: Parsing tag category name = application
04-04 12:04:43.872 831 845 D CustomizationMNSLoader: Parsing tag category name = ulog_policy
04-04 12:04:43.873 831 845 D CustomizationMNSLoader: Parsing tag category name = force_change
04-04 12:04:43.875 831 845 D CustomizationMNSLoader: full path : /system/customize/MNS/293.xml
04-04 12:04:43.875 831 845 D CustomizationMNSLoader: Parsing tag category name = system
04-04 12:04:43.876 831 845 D CustomizationMNSLoader: Parsing tag category name = application
04-04 12:04:43.887 831 845 D CustomizationMNSLoader: Parsing tag category name = ulog_policy
04-04 12:04:43.887 831 845 D CustomizationMNSLoader: Parsing tag category name = force_change
04-04 12:04:43.889 831 845 D CustomizationMNSLoader: full path : /system/customize/MNS/425.xml
04-04 12:04:43.889 831 845 D CustomizationMNSLoader: Parsing tag category name = system
04-04 12:04:43.890 831 845 D CustomizationMNSLoader: Parsing tag category name = application
04-04 12:04:43.904 831 845 D CustomizationMNSLoader: Parsing tag category name = ulog_policy
04-04 12:04:43.904 831 845 D CustomizationMNSLoader: Parsing tag category name = force_change
04-04 12:04:43.905 831 845 D CustomizationMNSLoader: full path : /system/customize/MNS/255.xml
04-04 12:04:43.905 831 845 D CustomizationMNSLoader: Parsing tag category name = system
04-04 12:04:43.906 831 845 D CustomizationMNSLoader: Parsing tag category name = application
04-04 12:04:43.917 831 845 D CustomizationMNSLoader: Parsing tag category name = ulog_policy
04-04 12:04:43.918 831 845 D CustomizationMNSLoader: Parsing tag category name = force_change
04-04 12:04:43.920 831 845 D CustomizationMNSLoader: full path : /system/customize/MNS/214.xml
04-04 12:04:43.920 831 845 D CustomizationMNSLoader: Parsing tag category name = system
04-04 12:04:43.921 831 845 D CustomizationMNSLoader: Parsing tag category name = application
04-04 12:04:43.931 831 845 D CustomizationMNSLoader: Parsing tag category name = ulog_policy
04-04 12:04:43.931 831 845 D CustomizationMNSLoader: Parsing tag category name = CustomAppInstaller
04-04 12:04:43.931 831 845 D CustomizationMNSLoader: Parsing tag category name = force_change
04-04 12:04:43.933 831 845 D CustomizationMNSLoader: full path : /system/customize/MNS/232.xml
04-04 12:04:43.934 831 845 D CustomizationMNSLoader: Parsing tag category name = system
04-04 12:04:43.934 831 845 D CustomizationMNSLoader: Parsing tag category name = application
04-04 12:04:43.948 831 845 D CustomizationMNSLoader: Parsing tag category name = ulog_policy
04-04 12:04:43.948 831 845 D CustomizationMNSLoader: Parsing tag category name = force_change
04-04 12:04:43.966 831 831 E ActTriggerJNI: open library fail.
04-04 12:04:43.984 1278 2891 I ActivityManager: Force stopping com.android.settings appid=1000 user=0: from pid 831
04-04 12:04:43.984 1278 2891 I ActivityManager: Killing 762:com.android.settings/1000 (adj 0): stop com.android.settings
04-04 12:04:43.984 1278 2891 D Process : killProcessQuiet, pid=762
04-04 12:04:43.984 1278 2891 D Process : com.android.server.am.ProcessRecord.kill:577 com.android.server.am.ActivityManagerService.removeProcessLocked:6300 com.android.server.am.ActivityManagerService.killPackageProcessesLocked:5956
04-04 12:04:43.999 1278 2863 I ActivityManager: Recipient 762
04-04 12:04:44.000 1278 2890 I WindowState: WIN DEATH: Window{25502cb u0 com.android.settings/com.android.settings.Settings}
04-04 12:04:44.000 1278 2150 D GraphicsStats: Buffer count: 4
04-04 12:04:44.001 1278 1366 D WifiService: Client connection lost with reason: 4
04-04 12:04:44.028 1278 2891 W ActivityManager: Force removing ActivityRecord{2699463 u0 com.android.settings/.Settings t551}: app died, no saved state
04-04 12:04:44.040 1278 2863 W ActivityManager: Spurious death for ProcessRecord{74541f2 0:com.android.settings/1000}, curProc for 762: null
04-04 12:04:44.042 2079 2079 D PhoneApp: -- PackageChangeBroadcastReceiver action = android.intent.action.PACKAGE_RESTARTED
04-04 12:04:44.082 2095 2095 W NotificationListenerClient: reconnect bound=true
04-04 12:04:44.082 2095 2095 W PrismDragLayer: performFitSystemWindowsIfNeed: null, ic: null
04-04 12:04:44.084 2095 2095 I ContextualWidget: onResume
04-04 12:04:44.084 2095 2095 I ContextualWidget: notifyWidgetActive location size=0 user consent location=false
04-04 12:04:44.084 2095 2095 I ContextualWidget: ignore uploadUsageData location=false usage data=false allowAutoUpload=true
04-04 12:04:44.084 2095 2095 I ContextualWidget: postSyncRecommendedApps, isReady=false allowAutoSync=true syncMode=1 isEnableRecommend=true
04-04 12:04:44.084 2095 10937 I ContextualWidget: handleMessage, what=1018 mode=GettingOut maxcount=8
04-04 12:04:44.085 2095 2095 I Launcher: LauncherPostResume
04-04 12:04:44.085 2095 2095 I FeedHostManagerProxy: setActivityPostResumed true
04-04 12:04:44.086 2095 10937 I PrismAccCustomizationU_: readDisableOOBEUserConsent: false
04-04 12:04:44.099 1278 1297 D StatusBarManagerService: setSystemUiVisibility(0x8700)
04-04 12:04:44.099 1278 1297 D StatusBarManagerService: disable:userId=0 what=0x0 which=0x1 pkg=Window{eb4872c u0 com.htc.launcher/com.htc.launcher.Launcher}
04-04 12:04:44.100 1278 1297 D StatusBarManagerService: hiding MENU key
04-04 12:04:44.101 1596 1596 I PhoneStatusBar: setSystemUiVisibility vis=8700 mask=ffffffff oldVal=8600 newVal=8700 diff=100
04-04 12:04:44.101 1596 1596 I PhoneStatusBar: updatePolicy(false,false,false,true)
04-04 12:04:44.101 1596 1596 I PhoneStatusBar: hiding the MENU button
04-04 12:04:44.109 1278 4783 W InputMethodManagerService: Got RemoteException sending setActive(false) notification to pid 762 uid 1000
04-04 12:04:44.109 1278 4783 D StatusBarManagerService: swetImeWindowStatus vis=0 backDisposition=0
04-04 12:04:44.109 1596 1596 I PhoneStatusBar: setImeWindowStatus(false,false)
04-04 12:04:44.119 2065 2065 D Nfc-Utils: isNxpCodebase: isNxp=true
04-04 12:04:44.119 2065 2065 D Nfc-Utils: isNxpCodebase: isNxp=true
04-04 12:04:44.119 2065 2065 D Nfc-Utils: isNxpCodebase: isNxp=true
04-04 12:04:44.119 2065 2065 D Nfc-Utils: isNxpCodebase: isNxp=true
04-04 12:04:44.119 2065 2065 D Nfc-Utils: isNxpCodebase: isNxp=true
04-04 12:04:44.119 2065 2065 D Nfc-Utils: isNxpCodebase: isNxp=true
04-04 12:04:44.119 2065 2065 D Nfc-Utils: isNxpCodebase: isNxp=true
04-04 12:04:44.119 2065 2065 D Nfc-Utils: isNxpCodebase: isNxp=true
04-04 12:04:44.120 2065 2065 D Nfc-Utils: isNxpCodebase: isNxp=true
04-04 12:04:44.120 2065 2065 D Nfc-Utils: isNxpCodebase: isNxp=true
04-04 12:04:44.120 2065 2065 D Nfc-Utils: isNxpCodebase: isNxp=true
04-04 12:04:44.120 2065 2065 D Nfc-Utils: isNxpCodebase: isNxp=true
04-04 12:04:44.120 2065 2065 D Nfc-Utils: isNxpCodebase: isNxp=true
04-04 12:04:44.120 2065 2065 D Nfc-Utils: isNxpCodebase: isNxp=true
04-04 12:04:44.120 2065 2065 D Nfc-Utils: isNxpCodebase: isNxp=true
04-04 12:04:44.121 2065 2065 D Nfc-Utils: isNxpCodebase: isNxp=true
04-04 12:04:44.121 2065 2065 D Nfc-Utils: isNxpCodebase: isNxp=true
04-04 12:04:44.121 2065 2065 D Nfc-Utils: isNxpCodebase: isNxp=true
04-04 12:04:44.122 2065 2065 D Nfc-Utils: isNxpCodebase: isNxp=true
04-04 12:04:44.122 2065 2065 D Nfc-Utils: isNxpCodebase: isNxp=true
04-04 12:04:44.122 2065 2065 D Nfc-Utils: isNxpCodebase: isNxp=true
04-04 12:04:44.122 2065 2065 D Nfc-Utils: isNxpCodebase: isNxp=true
04-04 12:04:44.122 2065 2065 D Nfc-Utils: isNxpCodebase: isNxp=true
04-04 12:04:44.123 2065 2065 D Nfc-Utils: isNxpCodebase: isNxp=true
04-04 12:04:44.123 2065 2065 D Nfc-Utils: isNxpCodebase: isNxp=true
04-04 12:04:44.123 2065 2065 D Nfc-Utils: isNxpCodebase: isNxp=true
04-04 12:04:44.123 2065 2065 D Nfc-Utils: isNxpCodebase: isNxp=true
04-04 12:04:44.124 2037 2037 D HTCIMEService: This created at onFinishInput()
04-04 12:04:44.320 3023 3039 E MP-Decision: Update arg 2
04-04 12:04:44.321 1278 1310 D PMS : acquireHCC(40eac9b): CPU_MIN_NUM ActivityManager-MultiCore-Num 0x8000 1278 1000 null
04-04 12:04:44.321 1278 1310 D PMS : acquireHCC(db8e838): CPU_MIN_FREQ ActivityManager-MultiCore-Freq 0x2000 1278 1000 null
04-04 12:04:44.322 1278 1289 I ActivityManager: START u0 {flg=0x10000000 cmp=com.android.settings/.Settings} from uid 2000 pid 831 on display 0
04-04 12:04:44.322 3023 3039 E MP-Decision: Update arg 4
04-04 12:04:44.325 1278 1289 D PMS : acquireWL(8a17777): PARTIAL_WAKE_LOCK *launch* 0x1 1278 1000 WorkSource{1000}
04-04 12:04:44.326 2095 2095 I FeedHostManagerProxy: setActivityPostResumed false
04-04 12:04:44.326 1278 1302 I AnimationUtil: isHTCRecent(Settings/Recent apps.)/0
04-04 12:04:44.330 2095 2095 I ContextualWidget: onPause
04-04 12:04:44.330 2095 2095 I ContextualWidget: notifyWidgetDeactive
04-04 12:04:44.344 1278 2891 I ActivityManager: Start proc 864:com.android.settings/1000 for activity com.android.settings/.Settings
04-04 12:04:44.353 2095 2095 D Launcher: setupWindowStyle, statusBarState = 101, navigationBarState = 101
04-04 12:04:44.354 1278 2151 W HtcSystemUPManager: HtcSystemUPHandler The policy is disabled. AppId: activity_history, category: launch
04-04 12:04:44.385 1278 1297 D StatusBarManagerService: setSystemUiVisibility(0x0)
04-04 12:04:44.385 1278 1297 D StatusBarManagerService: disable:userId=0 what=0x0 which=0x1 pkg=Window{bb9de6f u0 Starting com.android.settings}
04-04 12:04:44.385 1278 1297 D StatusBarManagerService: hiding MENU key
04-04 12:04:44.386 1596 1596 I PhoneStatusBar: setSystemUiVisibility vis=0 mask=ffffffff oldVal=8700 newVal=0 diff=8700
04-04 12:04:44.387 1596 1596 I PhoneStatusBar: mode(transparent:false light:false)
04-04 12:04:44.387 1596 1596 I PhoneStatusBar: updatePolicy(false,false,false,true)
04-04 12:04:44.387 1596 1596 I PhoneStatusBar: hiding the MENU button
04-04 12:04:44.392 2095 2697 E Surface : getSlotFromBufferLocked: unknown buffer: 0xb84a4c18
04-04 12:04:44.396 864 864 W System : ClassLoader referenced unknown path: /system/priv-app/Settings/lib/arm
04-04 12:04:44.412 864 864 V Settings:HtcSettingsApplication: [864/864] onCreate()
04-04 12:04:44.457 864 864 E Settings:###: onApplyThemeResource...
04-04 12:04:44.459 864 864 W ResourceType: Invalid package identifier when getting bag for resource number 0x00000000
04-04 12:04:44.465 864 864 D HtcThemeUtils: context=com.android.settings.Settings@209e523, category=0, byUser=false, userHandle=0
04-04 12:04:44.470 864 864 D HtcThemeUtils: [CC][checkIfNeedRecreate] mNeedRecreate=false, mCategoryRes=null, mCategoryTheme=null, sameDefRes=false
04-04 12:04:44.472 864 864 D HtcThemeUtils: context=com.android.settings.Settings@209e523, target=CBaseline.apk
04-04 12:04:44.472 864 864 D HtcThemeUtils: optionalPath=/data/user/0/com.htc.home.personalize/files/.htc_theme/
04-04 12:04:44.473 864 864 W asset : Asset path CBaseline.apk is neither a directory nor file (type=1).
04-04 12:04:44.473 864 864 D HtcThemeUtils: AssetMaanger addAssetPath CBaseline fail!
04-04 12:04:44.473 864 864 D HtcThemeUtils: context=com.android.settings.Settings@209e523, optional=/data/user/0/com.htc.home.personalize/files/.htc_theme/CBaseline.apk
04-04 12:04:44.473 864 864 W asset : Asset path /data/user/0/com.htc.home.personalize/files/.htc_theme/CBaseline.apk is neither a directory nor file (type=1).
04-04 12:04:44.473 864 864 D HtcThemeUtils: AssetMaanger addOptionalPath CBaseline fail!
04-04 12:04:44.474 864 878 D Settings:HtcWirelessFeatureFlags: id/is att sku: 118/false
04-04 12:04:44.477 864 864 D HtcThemeUtils: context=com.android.settings.Settings@209e523, target=CResources.apk
04-04 12:04:44.477 864 864 D HtcThemeUtils: optionalPath=/data/user/0/com.htc.home.personalize/files/.htc_theme/
04-04 12:04:44.478 864 864 W asset : Asset path CResources.apk is neither a directory nor file (type=1).
04-04 12:04:44.478 864 864 D HtcThemeUtils: AssetMaanger addAssetPath CResources fail!
04-04 12:04:44.478 864 864 D HtcThemeUtils: context=com.android.settings.Settings@209e523, optional=/data/user/0/com.htc.home.personalize/files/.htc_theme/CResources.apk
04-04 12:04:44.478 864 864 W asset : Asset path /data/user/0/com.htc.home.personalize/files/.htc_theme/CResources.apk is neither a directory nor file (type=1).
04-04 12:04:44.478 864 864 D HtcThemeUtils: AssetMaanger addOptionalPath CResources fail!
04-04 12:04:44.479 864 864 D HtcThemeUtils: init done
04-04 12:04:44.489 864 864 D Settings:HtcBluetoothWidgetEnabler: setIntentFilter
04-04 12:04:44.494 864 864 W SystemReader: Cannot find support_music_channel, use default value instead
04-04 12:04:44.494 864 864 E Settings:HtcUmcWidgetEnabler: isSupportMusicChannel(): false
04-04 12:04:44.508 864 864 W art : Before Android 4.1, method void com.htc.lib1.cc.widget.HtcListView.drawDivider(android.graphics.Canvas, android.graphics.Rect, int) would have incorrectly overridden the package-private method in android.widget.ListView
04-04 12:04:44.514 864 878 E Settings:HtcWrapHeaderInfo: no such activity!
04-04 12:04:44.525 864 864 D ListViewUtil: [ListViewUtil] setHtcScrollEnabled(int, boolean) in android.widget.AbsListView class is not found
04-04 12:04:44.525 864 864 D ListViewUtil: [ListViewUtil] setHtcScrollEnabled(boolean) in android.widget.AbsListView class is not found
04-04 12:04:44.530 864 877 W Settings:com.android.settings.framework.activity.HtcIEntryProvider$Stub: The wrap header doesn't exist in header list.
04-04 12:04:44.544 864 877 E Settings:HtcWrapHeaderInfo: updateDevelopment, showDev = false
04-04 12:04:44.549 864 877 W SystemReader: Cannot find support_music_channel, use default value instead
04-04 12:04:44.549 864 877 E Settings:HtcUmcWidgetEnabler: isSupportMusicChannel(): false
04-04 12:04:44.555 864 877 V Settings:HtcDisplayFeatureFlags: [supportRecentAppsButton]hasNavigationBar:true
04-04 12:04:44.555 864 877 V Settings:HtcDisplayFeatureFlags: [supportRecentAppsButton]hasRecentAppsKey:false
04-04 12:04:44.555 864 877 V Settings:HtcDisplayFeatureFlags: [supportRecentAppsButton]support :false
04-04 12:04:44.557 864 877 V Settings:HtcDisplayFeatureFlags: [supportHomeButton]hasNavigationBar:true
04-04 12:04:44.557 864 877 V Settings:HtcDisplayFeatureFlags: [supportHomeButton]hasMenuKey :false
04-04 12:04:44.557 864 877 V Settings:HtcDisplayFeatureFlags: [supportHomeButton]hasRecentAppKey :false
04-04 12:04:44.557 864 877 V Settings:HtcDisplayFeatureFlags: [supportHomeButton]hasBackKey :false
04-04 12:04:44.557 864 877 V Settings:HtcDisplayFeatureFlags: [supportHomeButton]hasHomeKey :false
04-04 12:04:44.557 864 877 V Settings:HtcDisplayFeatureFlags: [supportHomeButton]support :false
04-04 12:04:44.570 1278 2889 I ActivityManager: Cannot resolve ContentProvider=com.htc.vowifi
04-04 12:04:44.570 864 877 E ActivityThread: Failed to find provider info for com.htc.vowifi
04-04 12:04:44.570 864 877 E Settings:HtcVoWifiWidgetEnabler: isSupportVoWifi: null
04-04 12:04:44.572 864 864 W SystemReader: Cannot find support_music_channel, use default value instead
04-04 12:04:44.572 864 864 E Settings:HtcUmcWidgetEnabler: isSupportMusicChannel(): false
04-04 12:04:44.582 1278 1366 D WifiService: New client listening to asynchronous messages
04-04 12:04:44.586 864 876 D Settings:HtcWifiWidgetEnabler: get debug: AppiumPjonteczka , state=IDLE
04-04 12:04:44.588 1278 2006 I ActivityManager: Cannot resolve ContentProvider=com.htc.vowifi
04-04 12:04:44.588 864 876 E ActivityThread: Failed to find provider info for com.htc.vowifi
04-04 12:04:44.589 864 876 I Settings:HtcVoWifiWidgetEnabler: WFC state:-1
04-04 12:04:44.591 1278 1301 D BluetoothManagerService: Message: MESSAGE_REGISTER_ADAPTER
04-04 12:04:44.591 1278 1301 D BluetoothManagerService: Added callback: android.bluetooth.IBluetoothManagerCallback$Stub$Proxy@d85415f:true
04-04 12:04:44.598 1278 4514 D BluetoothManagerService: registerStateChangeCallback+
04-04 12:04:44.598 1278 1301 D BluetoothManagerService: Message: MESSAGE_REGISTER_STATE_CHANGE_CALLBACK
04-04 12:04:44.598 1278 1301 D BluetoothManagerService: Registered receivers: 9
04-04 12:04:44.599 864 864 D HtcThemeUtils: Register com.android.settings.framework.app.style.HtcThemeDecorator$1@8f61127 for type 0
04-04 12:04:44.599 864 864 D HtcThemeUtils: Register com.android.settings.framework.app.style.HtcThemeDecorator$1@8f61127 for type 1
04-04 12:04:44.602 1278 2891 D BluetoothManagerService: registerStateChangeCallback+
04-04 12:04:44.602 1278 1301 D BluetoothManagerService: Message: MESSAGE_REGISTER_STATE_CHANGE_CALLBACK
04-04 12:04:44.602 1278 1301 D BluetoothManagerService: Registered receivers: 10
04-04 12:04:44.608 864 876 D BluetoothMap: Create BluetoothMap proxy object
04-04 12:04:44.608 1278 1326 W SensorService: D/Accel(x, y, z, t) = ( -0.0, 0.1, 9.8, 579109052ms), calendar = 1554372284, sys_time = 579109060ms
04-04 12:04:44.609 1278 2150 D BluetoothManagerService: registerStateChangeCallback+
04-04 12:04:44.609 1278 1301 D BluetoothManagerService: Message: MESSAGE_REGISTER_STATE_CHANGE_CALLBACK
04-04 12:04:44.609 1278 1301 D BluetoothManagerService: Registered receivers: 11
04-04 12:04:44.609 864 876 E BluetoothMap: Could not bind to Bluetooth MAP Service with Intent { act=android.bluetooth.IBluetoothMap }
04-04 12:04:44.610 864 876 D BluetoothSap: Create BluetoothSap proxy object
04-04 12:04:44.610 1278 1378 D BluetoothManagerService: registerStateChangeCallback+
04-04 12:04:44.610 1278 1301 D BluetoothManagerService: Message: MESSAGE_REGISTER_STATE_CHANGE_CALLBACK
04-04 12:04:44.610 1278 1301 D BluetoothManagerService: Registered receivers: 12
04-04 12:04:44.615 1278 2889 D BluetoothManagerService: registerStateChangeCallback+
04-04 12:04:44.615 1278 1301 D BluetoothManagerService: Message: MESSAGE_REGISTER_STATE_CHANGE_CALLBACK
04-04 12:04:44.615 1278 1301 D BluetoothManagerService: Registered receivers: 13
04-04 12:04:44.618 864 876 D LocalBluetoothProfileManager:Settings: LocalBluetoothProfileManager construction complete
04-04 12:04:44.620 864 876 V Settings:HtcBoomSoundSrsWidgetEnabler: onHandleStateChangedInBackground(STATE_SYNC)
04-04 12:04:44.621 864 876 V Settings:HtcBoomSoundSrsWidgetEnabler: onHandleStateChangedInBackground(STATE_ON)
04-04 12:04:44.621 864 876 W SystemReader: Cannot find effect_notification_type, use default value instead
04-04 12:04:44.621 864 876 W Settings:HtcBoomSoundWidgetEnabler: getUiType(): [warning] No ACC flag 'effect_notification_type', use default value (0)
04-04 12:04:44.621 864 876 W Settings:HtcBoomSoundWidgetEnabler: getUiType(): sUiType==0
04-04 12:04:44.621 864 876 V Settings:HtcAirplaneModeWidgetEnabler: Enable not actived.
04-04 12:04:44.648 795 808 D MdUtils : default preferred slot 0
04-04 12:04:44.655 1278 1297 D StatusBarManagerService: setSystemUiVisibility(0x600)
04-04 12:04:44.655 1278 1297 D StatusBarManagerService: disable:userId=0 what=0x0 which=0x1 pkg=Window{9464db9 u0 com.android.settings/com.android.settings.Settings}
04-04 12:04:44.655 1278 1297 D StatusBarManagerService: hiding MENU key
04-04 12:04:44.655 1596 1596 I PhoneStatusBar: setSystemUiVisibility vis=600 mask=ffffffff oldVal=0 newVal=600 diff=600
04-04 12:04:44.655 1596 1596 I PhoneStatusBar: updatePolicy(false,false,false,true)
04-04 12:04:44.655 1596 1596 I PhoneStatusBar: hiding the MENU button
04-04 12:04:44.663 864 880 I Adreno-EGL: : EGL 1.4 QUALCOMM build: Nondeterministic_AU_msm8974_LA.BF.1.1.3__release_AU (I3fa967cfef)
04-04 12:04:44.663 864 880 I Adreno-EGL: OpenGL ES Shader Compiler Version: E031.28.00.02
04-04 12:04:44.663 864 880 I Adreno-EGL: Build Date: 09/29/15 Tue 04-04 12:04:44.663 864 880 I Adreno-EGL: Local Branch: mybranch14683032
04-04 12:04:44.663 864 880 I Adreno-EGL: Remote Branch: quic/master
04-04 12:04:44.663 864 880 I Adreno-EGL: Local Patches: NONE
04-04 12:04:44.663 864 880 I Adreno-EGL: Reconstruct Branch: NOTHING
04-04 12:04:44.670 795 808 D TelephonyManager: getDataEnabled: retVal=true
04-04 12:04:44.735 864 864 D NfcManager: getDefaultAdapter: mContext=com.android.settings.framework.app.HtcSettingsApplication@d35d641
04-04 12:04:44.736 864 864 D NfcManager: getDefaultAdapter: mAdapter=android.nfc.NfcAdapter@ae07d2e
04-04 12:04:44.737 864 864 V WirelessSettings: modelId: 0P6B10000
04-04 12:04:44.814 1278 1302 I ActivityManager: Displayed com.android.settings/.Settings: +482ms
04-04 12:04:44.815 1278 1297 D StatusBarManagerService: setSystemUiVisibility(0x8600)
04-04 12:04:44.815 1278 1297 D StatusBarManagerService: disable:userId=0 what=0x0 which=0x1 pkg=Window{9464db9 u0 com.android.settings/com.android.settings.Settings}
04-04 12:04:44.815 1278 1297 D StatusBarManagerService: hiding MENU key
04-04 12:04:44.815 1596 1596 I PhoneStatusBar: setSystemUiVisibility vis=8600 mask=ffffffff oldVal=600 newVal=8600 diff=8000
04-04 12:04:44.816 1596 1596 I PhoneStatusBar: mode(transparent:true light:false)
04-04 12:04:44.816 1596 1596 I PhoneStatusBar: updatePolicy(false,false,false,true)
04-04 12:04:44.816 1596 1596 I PhoneStatusBar: hiding the MENU button
04-04 12:04:44.818 1278 4785 D StatusBarManagerService: swetImeWindowStatus vis=0 backDisposition=0
04-04 12:04:44.820 2037 2037 D HTCIMEService: This created at onFinishInput()
04-04 12:04:44.830 1596 1596 I PhoneStatusBar: setImeWindowStatus(false,false)
04-04 12:04:44.840 864 864 W SystemReader: Cannot find support_music_channel, use default value instead
04-04 12:04:44.840 864 864 E Settings:HtcUmcWidgetEnabler: isSupportMusicChannel(): false
04-04 12:04:44.840 1278 2889 I ActivityManager: Cannot resolve ContentProvider=com.htc.vowifi
04-04 12:04:44.840 864 864 E ActivityThread: Failed to find provider info for com.htc.vowifi
04-04 12:04:44.840 864 876 V Settings:HtcAirplaneModeWidgetEnabler: syncState! flightMode: false
04-04 12:04:44.840 864 864 E Settings:HtcVoWifiWidgetEnabler: isSupportVoWifi: null
04-04 12:04:44.840 864 876 V Settings:HtcAirplaneModeWidgetEnabler: FlyModeBlockRecover: init gray out timestamp as -1
04-04 12:04:44.842 864 876 D Settings:HtcWifiWidgetEnabler: get debug: AppiumPjonteczka , state=IDLE
04-04 12:04:44.843 864 876 D Settings:HtcWifiWidgetEnabler: get debug: AppiumPjonteczka , state=IDLE
04-04 12:04:44.858 795 806 D TelephonyManager: getDataEnabled: retVal=true
04-04 12:04:44.871 864 876 V Settings:HtcBoomSoundSrsWidgetEnabler: onHandleStateChangedInBackground(STATE_INIT)
04-04 12:04:44.871 864 876 V Settings:HtcBoomSoundSrsWidgetEnabler: onHandleStateChangedInBackground(STATE_OFF)
04-04 12:04:44.871 864 876 W Settings:HtcBoomSoundWidgetEnabler: getUiType(): sUiType==0
04-04 12:04:44.871 864 876 V Settings:HtcBoomSoundSrsWidgetEnabler: onHandleStateChangedInBackground(STATE_SYNC)
04-04 12:04:44.871 864 876 V Settings:HtcBoomSoundSrsWidgetEnabler: onHandleStateChangedInBackground(STATE_ON)
04-04 12:04:44.871 864 876 W Settings:HtcBoomSoundWidgetEnabler: getUiType(): sUiType==0
04-04 12:04:44.873 864 876 D Settings:HtcWifiWidgetEnabler: get debug: AppiumPjonteczka , state=IDLE
04-04 12:04:44.875 864 876 D Settings:HtcWifiWidgetEnabler: get debug: AppiumPjonteczka , state=OBTAINING_IPADDR
04-04 12:04:44.878 864 876 D Settings:HtcWifiWidgetEnabler: get debug: AppiumPjonteczka , state=CONNECTED
04-04 12:04:44.908 1278 4784 D PMS : releaseWL(8a17777): PARTIAL_WAKE_LOCK *launch* 0x1 WorkSource{1000}
04-04 12:04:45.135 2095 2095 I TrimMemoryManager: [trimMemory] 20
04-04 12:04:45.154 638 717 I appium : channel read invoked!
04-04 12:04:45.154 638 717 I appium : channel read: GET /wd/hub/session/e42f59eb-4d3b-4a3e-969d-622e533298fb
04-04 12:04:45.155 638 717 I appium : AppiumResponse: {"sessionId":"e42f59eb-4d3b-4a3e-969d-622e533298fb","status":0,"value":{}}
04-04 12:04:45.173 638 718 I appium : channel read invoked!
04-04 12:04:45.173 638 718 I appium : channel read: GET /wd/hub/session/e42f59eb-4d3b-4a3e-969d-622e533298fb
04-04 12:04:45.173 638 718 I appium : AppiumResponse: {"sessionId":"e42f59eb-4d3b-4a3e-969d-622e533298fb","status":0,"value":{}}
04-04 12:04:45.467 638 719 I appium : channel read invoked!
04-04 12:04:45.467 638 719 I appium : channel read: GET /wd/hub/session/e42f59eb-4d3b-4a3e-969d-622e533298fb
04-04 12:04:45.467 638 719 I appium : AppiumResponse: {"sessionId":"e42f59eb-4d3b-4a3e-969d-622e533298fb","status":0,"value":{}}
04-04 12:04:45.482 638 817 I appium : channel read invoked!
04-04 12:04:45.482 638 817 I appium : channel read: GET /wd/hub/session/e42f59eb-4d3b-4a3e-969d-622e533298fb
04-04 12:04:45.483 638 817 I appium : AppiumResponse: {"sessionId":"e42f59eb-4d3b-4a3e-969d-622e533298fb","status":0,"value":{}}
04-04 12:04:45.551 638 818 I appium : channel read invoked!
04-04 12:04:45.551 638 818 I appium : channel read: GET /wd/hub/session/e42f59eb-4d3b-4a3e-969d-622e533298fb
04-04 12:04:45.551 638 818 I appium : AppiumResponse: {"sessionId":"e42f59eb-4d3b-4a3e-969d-622e533298fb","status":0,"value":{}}
04-04 12:04:45.598 638 819 I appium : channel read invoked!
04-04 12:04:45.598 638 819 I appium : channel read: POST /wd/hub/session/e42f59eb-4d3b-4a3e-969d-622e533298fb/element
04-04 12:04:45.598 638 819 I appium : Find element command
04-04 12:04:45.599 638 819 I appium : find element command using 'xpath' with selector '//android.widget.TextView[@text='Settings']'.
04-04 12:04:45.874 638 819 I appium : AppiumResponse: {"sessionId":"e42f59eb-4d3b-4a3e-969d-622e533298fb","status":0,"value":{"ELEMENT":"226a1db2-099d-4099-b1f3-195dd379ed0b"}}
04-04 12:04:46.077 2079 2329 D PhoneApp: EVENT_QUERY_MO_PACKAGES
04-04 12:04:46.079 2079 2329 D PhoneApp: -- N1 =3
04-04 12:04:46.079 2079 2329 D PhoneApp: -- N2 =0
04-04 12:04:46.079 2079 2329 D PhoneApp: -- N3 =0
04-04 12:04:46.132 638 820 I appium : channel read invoked!
